-- Table structure for table `pre3303_order_history`
--

CREATE TABLE `pre3303_order_history` (
  `id_order_history` int(10) unsigned NOT NULL AUTO_INCREMENT,
  `id_employee` int(10) unsigned NOT NULL,
  `id_order` int(10) unsigned NOT NULL,
  `id_order_state` int(10) unsigned NOT NULL,
  `date_add` datetime NOT NULL,
  PRIMARY KEY (`id_order_history`),
  KEY `order_history_order` (`id_order`),
  KEY `id_employee` (`id_employee`),
  KEY `id_order_state` (`id_order_state`)
) ENGINE=InnoDB AUTO_INCREMENT=683 DEFAULT CHARSET=utf8;

--
-- Dumping data for table `pre3303_order_history`
--

INSERT INTO `pre3303_order_history` VALUES (1,6,1,5,'2019-01-03 16:17:23'),(2,6,2,5,'2019-01-03 16:18:29'),(3,6,3,2,'2019-01-03 16:26:05'),(4,6,4,2,'2019-01-03 16:36:31'),(5,6,5,2,'2019-01-03 16:47:29'),(6,0,4,2,'2019-01-03 17:07:49'),(7,0,5,2,'2019-01-03 17:07:49'),(8,0,5,4,'2019-01-03 18:38:28'),(9,0,6,2,'2019-01-03 20:00:27'),(10,6,3,5,'2019-01-04 14:04:43'),(11,1,7,2,'2019-01-04 14:45:45'),(12,6,8,2,'2019-01-04 16:47:05'),(13,6,9,2,'2019-01-04 16:50:43'),(14,6,10,5,'2019-01-04 16:53:41'),(15,6,11,5,'2019-01-05 18:29:49'),(16,0,4,4,'2019-01-07 13:05:26'),(17,0,12,2,'2019-01-07 17:57:28'),(18,1,13,2,'2019-01-07 18:05:57'),(19,1,13,3,'2019-01-07 18:06:30'),(20,1,12,3,'2019-01-07 18:34:44'),(21,1,7,3,'2019-01-07 18:35:26'),(22,1,6,5,'2019-01-07 18:36:00'),(23,0,14,2,'2019-01-08 00:34:20'),(24,1,14,3,'2019-01-08 11:08:42'),(25,1,13,5,'2019-01-09 10:47:03'),(26,6,15,2,'2019-01-10 16:13:37'),(27,0,15,2,'2019-01-10 16:23:18'),(28,0,15,4,'2019-01-11 12:33:41'),(29,6,16,5,'2019-01-11 16:53:27'),(30,0,17,2,'2019-01-12 13:11:22'),(31,1,18,2,'2019-01-14 23:45:47'),(32,1,18,5,'2019-01-14 23:46:12'),(33,1,19,2,'2019-01-14 23:51:46'),(34,1,19,3,'2019-01-14 23:52:06'),(35,1,14,5,'2019-01-14 23:58:40'),(36,1,7,5,'2019-01-14 23:59:05'),(37,6,17,5,'2019-01-17 18:47:22'),(38,1,20,2,'2019-01-18 14:18:41'),(39,1,21,2,'2019-01-18 14:56:24'),(40,1,22,2,'2019-01-18 15:10:03'),(41,6,8,5,'2019-01-18 16:41:57'),(42,1,23,2,'2019-01-18 17:21:26'),(43,1,23,5,'2019-01-18 17:25:12'),(44,1,24,2,'2019-01-18 18:45:09'),(45,6,25,2,'2019-01-18 18:49:41'),(46,6,25,5,'2019-01-19 13:15:10'),(47,6,24,5,'2019-01-19 13:15:47'),(48,6,4,5,'2019-01-19 13:16:34'),(49,6,15,5,'2019-01-19 13:20:36'),(50,6,5,5,'2019-01-19 13:23:26'),(51,6,26,2,'2019-01-19 18:44:07'),(52,6,26,5,'2019-01-19 18:44:32'),(53,1,27,2,'2019-01-19 18:56:37'),(54,1,27,5,'2019-01-19 18:56:55'),(55,1,28,2,'2019-01-22 15:32:01'),(56,1,28,3,'2019-01-22 15:42:00'),(57,1,19,5,'2019-01-24 12:17:04'),(58,6,29,2,'2019-01-24 15:20:29'),(59,1,30,5,'2019-01-24 15:59:29'),(60,1,9,5,'2019-01-25 13:51:49'),(61,0,29,2,'2019-01-25 16:45:36'),(62,0,29,4,'2019-01-25 17:30:57'),(63,6,28,5,'2019-01-25 18:41:20'),(64,6,31,2,'2019-01-26 15:39:40'),(65,0,32,2,'2019-01-26 15:41:14'),(66,1,33,2,'2019-01-26 19:04:22'),(67,1,33,5,'2019-01-26 19:05:00'),(68,1,22,10,'2019-01-26 19:30:08'),(69,1,22,5,'2019-01-26 19:43:58'),(70,1,34,2,'2019-01-26 19:53:33'),(71,1,34,3,'2019-01-26 19:54:01'),(72,1,20,5,'2019-01-26 19:54:39'),(73,1,21,5,'2019-01-26 19:54:55'),(74,0,35,16,'2019-01-28 23:35:08'),(75,0,35,2,'2019-01-29 14:21:56'),(76,6,36,2,'2019-01-31 15:00:33'),(77,6,31,4,'2019-01-31 15:02:01'),(78,0,36,2,'2019-01-31 16:39:31'),(79,0,36,4,'2019-01-31 18:06:59'),(80,6,35,5,'2019-01-31 18:27:18'),(81,1,32,3,'2019-01-31 19:25:34'),(82,6,37,2,'2019-02-02 17:46:40'),(83,6,37,5,'2019-02-02 17:46:57'),(84,6,38,2,'2019-02-02 17:57:10'),(85,6,38,5,'2019-02-02 17:57:27'),(86,0,39,2,'2019-02-04 14:39:52'),(87,6,40,2,'2019-02-07 14:38:02'),(88,6,40,5,'2019-02-07 14:39:23'),(89,6,41,2,'2019-02-07 16:46:31'),(90,6,42,2,'2019-02-07 17:03:43'),(91,6,39,5,'2019-02-07 18:11:45'),(92,0,41,2,'2019-02-08 15:56:53'),(93,0,42,2,'2019-02-08 15:56:54'),(94,0,42,4,'2019-02-08 17:48:35'),(95,0,41,4,'2019-02-08 17:48:35'),(96,6,31,5,'2019-02-08 17:57:05'),(97,6,36,5,'2019-02-08 18:39:36'),(98,6,42,5,'2019-02-14 14:18:42'),(99,6,41,5,'2019-02-14 14:20:01'),(100,6,43,2,'2019-02-14 14:26:46'),(101,0,43,2,'2019-02-14 14:42:28'),(102,6,43,4,'2019-02-14 16:19:00'),(103,6,43,5,'2019-02-16 17:41:14'),(104,6,29,5,'2019-02-16 17:42:28'),(105,0,44,2,'2019-02-17 18:18:49'),(106,0,45,2,'2019-02-18 22:25:45'),(107,0,46,2,'2019-02-19 10:48:42'),(108,1,44,3,'2019-02-19 11:30:53'),(109,1,18,13,'2019-02-19 15:30:11'),(110,1,18,19,'2019-02-19 15:31:12'),(111,1,18,12,'2019-02-19 15:31:41'),(112,1,18,8,'2019-02-19 15:32:38'),(113,1,18,1,'2019-02-19 15:34:55'),(114,1,18,5,'2019-02-19 15:44:42'),(115,0,46,2,'2019-02-21 17:06:20'),(116,0,45,2,'2019-02-21 17:06:20'),(117,6,46,4,'2019-02-21 18:46:31'),(118,6,45,4,'2019-02-21 18:47:29'),(119,0,47,2,'2019-02-23 13:45:34'),(120,6,48,2,'2019-02-23 15:00:32'),(121,6,48,5,'2019-02-23 15:01:08'),(122,0,49,2,'2019-02-24 19:05:49'),(123,1,44,5,'2019-02-24 19:14:35'),(124,0,47,2,'2019-02-26 10:46:44'),(125,0,47,4,'2019-02-26 12:16:58'),(126,6,46,5,'2019-02-28 13:32:17'),(127,6,45,5,'2019-02-28 13:33:18'),(128,6,47,5,'2019-03-01 13:21:20'),(129,1,50,2,'2019-03-02 18:33:43'),(130,1,50,5,'2019-03-02 18:34:25'),(131,1,51,2,'2019-03-02 18:42:51'),(132,1,51,5,'2019-03-02 18:43:03'),(133,0,52,2,'2019-03-04 17:35:07'),(134,1,53,2,'2019-03-08 11:42:32'),(135,1,53,5,'2019-03-08 11:43:41'),(136,6,54,2,'2019-03-08 15:28:48'),(137,6,54,5,'2019-03-08 17:59:13'),(138,6,49,5,'2019-03-08 18:05:44'),(139,0,55,16,'2019-03-10 13:38:31'),(140,0,56,16,'2019-03-10 16:04:02'),(141,0,57,16,'2019-03-11 09:26:16'),(142,0,58,16,'2019-03-11 09:27:09'),(143,0,58,2,'2019-03-11 13:30:57'),(144,0,57,2,'2019-03-11 13:30:58'),(145,0,56,2,'2019-03-11 13:30:58'),(146,0,55,2,'2019-03-11 13:30:59'),(147,0,59,2,'2019-03-11 18:09:00'),(148,0,60,2,'2019-03-12 10:27:08'),(149,0,61,2,'2019-03-13 18:39:45'),(150,1,62,2,'2019-03-14 12:30:41'),(151,1,63,2,'2019-03-14 14:23:22'),(152,1,64,2,'2019-03-14 14:35:11'),(153,1,65,2,'2019-03-14 14:41:40'),(154,1,66,2,'2019-03-14 15:07:56'),(155,1,67,2,'2019-03-14 15:38:05'),(156,6,59,5,'2019-03-14 16:20:21'),(157,1,68,2,'2019-03-15 17:42:51'),(158,1,69,2,'2019-03-15 18:02:18'),(159,0,70,16,'2019-03-17 21:08:46'),(160,0,70,2,'2019-03-17 23:07:13'),(161,6,55,5,'2019-03-21 13:37:29'),(162,1,58,5,'2019-03-22 14:41:29'),(163,0,71,2,'2019-03-22 16:43:42'),(164,1,60,5,'2019-03-23 17:03:45'),(165,6,72,5,'2019-03-23 19:32:59'),(166,0,73,2,'2019-03-24 08:53:56'),(167,1,74,2,'2019-03-24 15:57:51'),(168,1,73,3,'2019-03-26 13:06:21'),(169,0,75,16,'2019-03-26 18:02:06'),(170,0,75,2,'2019-03-27 15:25:52'),(171,0,76,16,'2019-03-28 12:02:04'),(172,0,76,2,'2019-03-28 13:33:48'),(173,6,61,5,'2019-03-28 13:41:30'),(174,6,77,2,'2019-03-28 16:38:28'),(175,6,78,2,'2019-03-28 16:44:14'),(176,0,78,2,'2019-03-28 16:59:32'),(177,0,76,2,'2019-03-28 16:59:32'),(178,0,77,2,'2019-03-28 16:59:32'),(179,0,73,3,'2019-03-28 17:01:35'),(180,1,79,2,'2019-03-29 14:59:07'),(181,6,78,4,'2019-03-29 15:05:20'),(182,6,77,4,'2019-03-29 15:05:54'),(183,6,76,4,'2019-03-29 15:08:17'),(184,0,73,4,'2019-03-29 15:11:28'),(185,6,80,5,'2019-03-29 15:59:15'),(186,1,81,2,'2019-03-29 16:59:27'),(187,1,82,2,'2019-03-29 17:04:13'),(188,1,83,2,'2019-03-29 17:08:39'),(189,1,84,2,'2019-03-29 17:13:28'),(190,6,85,2,'2019-03-30 14:32:59'),(191,6,86,5,'2019-03-30 17:13:33'),(192,6,87,5,'2019-03-30 18:37:15'),(193,0,88,2,'2019-03-31 09:55:04'),(194,0,89,16,'2019-04-01 10:22:19'),(195,0,89,2,'2019-04-02 17:53:02'),(196,1,88,3,'2019-04-02 19:38:31'),(197,1,89,3,'2019-04-02 19:39:16'),(198,0,90,2,'2019-04-04 11:12:34'),(199,0,85,2,'2019-04-04 11:17:47'),(200,0,85,4,'2019-04-04 12:35:29'),(201,6,91,2,'2019-04-04 14:48:08'),(202,6,92,2,'2019-04-04 14:49:50'),(203,6,78,5,'2019-04-04 14:52:15'),(204,6,77,5,'2019-04-04 14:54:07'),(205,6,73,5,'2019-04-04 14:56:22'),(206,1,93,2,'2019-04-04 17:32:16'),(207,1,84,5,'2019-04-04 18:23:36'),(208,1,79,5,'2019-04-04 19:03:44'),(209,1,66,5,'2019-04-04 19:37:36'),(210,1,57,5,'2019-04-04 19:39:52'),(211,1,56,5,'2019-04-04 19:40:26'),(212,1,94,2,'2019-04-05 12:44:47'),(213,1,94,5,'2019-04-05 12:45:58'),(214,6,90,5,'2019-04-05 14:22:06'),(215,6,95,2,'2019-04-05 14:42:48'),(216,0,88,3,'2019-04-05 15:35:42'),(217,0,96,16,'2019-04-05 16:37:06'),(218,1,69,5,'2019-04-05 17:52:39'),(219,1,81,5,'2019-04-05 17:53:03'),(220,0,88,4,'2019-04-05 18:50:22'),(221,0,96,2,'2019-04-06 13:03:08'),(222,1,89,5,'2019-04-06 13:12:05'),(223,6,96,5,'2019-04-06 13:12:58'),(224,6,97,2,'2019-04-06 18:29:20'),(225,0,97,2,'2019-04-06 18:35:39'),(226,0,97,4,'2019-04-10 12:50:55'),(227,1,98,2,'2019-04-10 14:48:11'),(228,1,99,2,'2019-04-10 15:08:48'),(229,1,100,2,'2019-04-10 15:37:57'),(230,1,101,2,'2019-04-10 17:27:11'),(231,0,102,16,'2019-04-10 20:35:11'),(232,0,102,2,'2019-04-10 23:15:06'),(233,6,103,2,'2019-04-10 23:27:53'),(234,0,103,2,'2019-04-10 23:34:41'),(235,0,103,4,'2019-04-11 13:27:26'),(236,1,104,2,'2019-04-11 15:26:11'),(237,1,104,1,'2019-04-11 15:39:40'),(238,1,105,2,'2019-04-11 15:47:08'),(239,1,106,2,'2019-04-12 14:14:45'),(240,1,107,2,'2019-04-12 14:23:35'),(241,1,108,2,'2019-04-12 14:59:50'),(242,1,108,10,'2019-04-12 15:46:36'),(243,1,106,10,'2019-04-12 15:47:09'),(244,1,109,2,'2019-04-12 16:34:46'),(245,1,67,5,'2019-04-12 17:31:20'),(246,1,110,2,'2019-04-12 17:55:12'),(247,1,111,2,'2019-04-12 18:15:49'),(248,1,111,1,'2019-04-12 18:17:59'),(249,1,112,2,'2019-04-12 18:39:02'),(250,0,102,2,'2019-04-13 09:53:59'),(251,1,113,2,'2019-04-13 13:40:33'),(252,1,114,2,'2019-04-13 18:28:18'),(253,0,102,4,'2019-04-13 19:42:24'),(254,1,82,3,'2019-04-15 16:59:08'),(255,1,109,3,'2019-04-15 17:00:44'),(256,1,74,3,'2019-04-15 17:06:55'),(257,1,101,3,'2019-04-15 17:33:17'),(258,1,83,3,'2019-04-16 11:29:20'),(259,1,64,3,'2019-04-16 11:35:10'),(260,1,74,5,'2019-04-16 11:35:53'),(261,1,104,3,'2019-04-16 11:54:20'),(262,1,105,3,'2019-04-16 12:02:11'),(263,1,110,3,'2019-04-16 12:11:01'),(264,1,111,3,'2019-04-16 13:11:19'),(265,1,107,3,'2019-04-16 13:14:40'),(266,1,115,2,'2019-04-16 13:20:32'),(267,1,115,5,'2019-04-16 13:21:25'),(268,1,116,2,'2019-04-16 13:25:08'),(269,1,116,3,'2019-04-16 13:25:25'),(270,1,112,5,'2019-04-16 14:53:16'),(271,1,113,3,'2019-04-16 14:58:52'),(272,1,75,5,'2019-04-16 15:00:29'),(273,1,117,2,'2019-04-16 15:06:20'),(274,1,117,5,'2019-04-16 15:06:54'),(275,1,118,2,'2019-04-16 15:11:01'),(276,1,119,2,'2019-04-16 15:14:50'),(277,1,120,2,'2019-04-16 15:27:10'),(278,1,120,5,'2019-04-16 15:27:33'),(279,1,119,5,'2019-04-16 15:30:08'),(280,1,121,2,'2019-04-16 15:38:48'),(281,1,121,3,'2019-04-16 15:39:06'),(282,1,122,2,'2019-04-16 17:13:06'),(283,1,122,5,'2019-04-16 17:13:25'),(284,1,123,2,'2019-04-16 17:15:21'),(285,1,123,3,'2019-04-16 17:16:19'),(286,1,124,2,'2019-04-16 17:33:35'),(287,1,124,5,'2019-04-16 17:34:03'),(288,1,125,2,'2019-04-16 17:36:09'),(289,1,126,2,'2019-04-16 18:11:35'),(290,1,126,5,'2019-04-16 18:12:23'),(291,1,109,5,'2019-04-16 19:24:21'),(292,1,101,5,'2019-04-16 19:25:29'),(293,1,125,5,'2019-04-16 19:26:03'),(294,1,127,2,'2019-04-16 19:31:34'),(295,1,127,5,'2019-04-16 19:32:01'),(296,1,128,2,'2019-04-16 19:34:38'),(297,1,128,5,'2019-04-16 19:35:05'),(298,1,129,2,'2019-04-16 19:38:53'),(299,1,130,2,'2019-04-16 19:45:11'),(300,1,130,3,'2019-04-16 19:45:38'),(301,1,131,2,'2019-04-16 20:02:12'),(302,1,131,3,'2019-04-16 20:02:28'),(303,1,129,3,'2019-04-16 20:07:27'),(304,1,132,2,'2019-04-16 21:23:00'),(305,1,132,5,'2019-04-16 21:23:15'),(306,1,133,2,'2019-04-16 21:26:40'),(307,1,134,2,'2019-04-16 21:39:07'),(308,1,121,5,'2019-04-17 12:08:34'),(309,1,104,5,'2019-04-17 12:09:52'),(310,1,135,2,'2019-04-17 12:41:23'),(311,1,135,3,'2019-04-17 12:41:59'),(312,1,136,2,'2019-04-17 12:45:39'),(313,1,137,2,'2019-04-17 13:03:47'),(314,1,137,5,'2019-04-17 13:04:35'),(315,1,138,2,'2019-04-17 14:29:51'),(316,1,138,5,'2019-04-17 14:30:11'),(317,1,136,3,'2019-04-17 14:37:04'),(318,1,32,5,'2019-04-17 15:56:20'),(319,1,139,2,'2019-04-17 17:57:09'),(320,1,140,2,'2019-04-17 18:37:56'),(321,1,141,2,'2019-04-17 18:47:54'),(322,1,142,2,'2019-04-18 12:10:48'),(323,1,142,3,'2019-04-18 12:11:14'),(324,1,143,2,'2019-04-18 14:34:26'),(325,1,144,1,'2019-04-18 15:50:00'),(326,1,144,2,'2019-04-18 15:50:25'),(327,0,145,2,'2019-04-18 17:17:03'),(328,6,146,2,'2019-04-18 17:41:01'),(329,6,146,5,'2019-04-18 17:41:18'),(330,6,147,2,'2019-04-18 17:45:25'),(331,6,148,2,'2019-04-18 18:25:35'),(332,6,103,5,'2019-04-19 13:16:51'),(333,6,102,5,'2019-04-19 13:17:52'),(334,6,97,5,'2019-04-19 13:18:50'),(335,6,88,5,'2019-04-19 13:19:46'),(336,6,85,5,'2019-04-19 13:20:30'),(337,6,76,5,'2019-04-19 13:21:21'),(338,6,95,5,'2019-04-19 13:23:02'),(339,6,92,5,'2019-04-19 13:26:08'),(340,6,91,5,'2019-04-19 13:26:43'),(341,6,145,5,'2019-04-19 16:22:20'),(342,0,149,2,'2019-04-20 09:40:02'),(343,0,150,2,'2019-04-20 16:02:43'),(344,1,143,5,'2019-04-23 16:51:43'),(345,1,70,5,'2019-04-23 16:55:17'),(346,1,151,2,'2019-04-24 12:19:09'),(347,1,152,13,'2019-04-24 17:39:39'),(348,1,152,3,'2019-04-24 17:40:38'),(349,1,152,13,'2019-04-24 17:43:07'),(350,1,153,2,'2019-04-24 17:49:07'),(351,1,153,5,'2019-04-24 17:50:03'),(352,1,152,3,'2019-04-24 17:51:39'),(353,6,154,2,'2019-04-25 13:59:02'),(354,6,155,2,'2019-04-25 16:54:22'),(355,6,155,5,'2019-04-25 16:54:54'),(356,6,149,5,'2019-04-26 13:19:23'),(357,6,147,5,'2019-04-26 13:47:56'),(358,6,154,4,'2019-04-26 17:09:49'),(359,6,148,5,'2019-04-27 19:05:45'),(360,6,156,2,'2019-04-27 20:13:46'),(361,6,156,5,'2019-04-27 20:14:14'),(362,0,157,16,'2019-05-01 11:52:22'),(363,0,157,2,'2019-05-02 12:09:19'),(364,6,154,5,'2019-05-02 14:23:21'),(365,6,157,5,'2019-05-03 13:31:12'),(366,6,158,2,'2019-05-03 13:51:48'),(367,6,158,5,'2019-05-03 13:52:04'),(368,1,159,2,'2019-05-03 17:28:30'),(369,6,160,2,'2019-05-04 15:44:28'),(370,0,161,2,'2019-05-04 17:02:37'),(371,0,161,2,'2019-05-06 10:21:08'),(372,0,160,2,'2019-05-06 10:21:08'),(373,0,160,4,'2019-05-06 11:42:14'),(374,0,161,4,'2019-05-06 11:42:14'),(375,0,162,2,'2019-05-06 22:21:12'),(376,1,141,5,'2019-05-07 15:23:50'),(377,1,130,5,'2019-05-07 15:24:27'),(378,1,113,5,'2019-05-07 15:25:15'),(379,1,108,5,'2019-05-07 15:26:15'),(380,1,106,5,'2019-05-07 15:26:39'),(381,1,82,5,'2019-05-07 15:27:25'),(382,1,83,5,'2019-05-07 15:27:53'),(383,0,162,2,'2019-05-07 15:48:40'),(384,0,162,4,'2019-05-07 18:56:16'),(385,6,163,2,'2019-05-09 13:41:35'),(386,0,163,2,'2019-05-09 15:51:37'),(387,0,163,4,'2019-05-09 18:17:31'),(388,1,136,5,'2019-05-10 12:45:05'),(389,1,105,5,'2019-05-10 12:46:23'),(390,1,62,5,'2019-05-10 12:47:22'),(391,1,164,1,'2019-05-10 12:55:58'),(392,6,161,5,'2019-05-10 13:41:08'),(393,6,165,2,'2019-05-10 14:54:45'),(394,6,165,5,'2019-05-10 14:55:10'),(395,0,166,2,'2019-05-11 10:27:57'),(396,0,167,2,'2019-05-11 14:39:41'),(397,1,133,5,'2019-05-11 15:40:06'),(398,1,164,5,'2019-05-11 18:03:36'),(399,1,118,3,'2019-05-11 18:40:20'),(400,1,98,5,'2019-05-12 14:24:13'),(401,1,167,5,'2019-05-12 14:25:05'),(402,1,168,2,'2019-05-12 20:21:01'),(403,1,168,3,'2019-05-12 20:21:21'),(404,1,169,3,'2019-05-12 20:26:29'),(405,1,170,5,'2019-05-12 20:30:31'),(406,1,171,3,'2019-05-12 20:44:57'),(407,0,166,2,'2019-05-12 21:17:27'),(408,0,166,4,'2019-05-13 10:46:22'),(409,6,162,5,'2019-05-13 12:11:50'),(410,0,172,2,'2019-05-13 22:51:51'),(411,1,134,5,'2019-05-15 18:14:22'),(412,1,114,5,'2019-05-15 18:16:28'),(413,1,171,5,'2019-05-15 18:18:01'),(414,1,142,5,'2019-05-15 18:20:26'),(415,1,64,5,'2019-05-15 18:21:09'),(416,1,168,5,'2019-05-15 18:23:20'),(417,1,169,5,'2019-05-15 18:23:40'),(418,1,129,5,'2019-05-15 18:26:45'),(419,1,118,5,'2019-05-15 18:28:24'),(420,1,116,5,'2019-05-15 18:29:45'),(421,1,110,5,'2019-05-15 18:30:22'),(422,1,107,5,'2019-05-15 18:31:24'),(423,1,100,5,'2019-05-15 18:32:22'),(424,1,99,5,'2019-05-15 18:32:56'),(425,1,173,10,'2019-05-15 19:55:14'),(426,1,173,3,'2019-05-15 19:55:45'),(427,1,173,10,'2019-05-15 19:56:56'),(428,1,173,13,'2019-05-15 19:57:54'),(429,1,173,3,'2019-05-15 19:58:54'),(430,1,172,5,'2019-05-16 01:02:59'),(431,6,174,2,'2019-05-16 15:36:59'),(432,6,175,2,'2019-05-16 15:47:48'),(433,6,175,5,'2019-05-16 15:48:06'),(434,0,176,2,'2019-05-16 17:09:31'),(435,1,177,2,'2019-05-17 11:46:49'),(436,1,177,3,'2019-05-17 11:47:24'),(437,1,178,2,'2019-05-17 12:04:22'),(438,1,178,5,'2019-05-17 12:04:44'),(439,1,177,5,'2019-05-17 12:44:50'),(440,1,179,2,'2019-05-17 12:48:55'),(441,1,179,5,'2019-05-17 12:49:06'),(442,0,180,16,'2019-05-17 13:54:02'),(443,6,163,5,'2019-05-17 14:00:46'),(444,1,180,5,'2019-05-17 14:15:37'),(445,6,181,5,'2019-05-17 15:53:24'),(446,0,180,2,'2019-05-17 16:29:02'),(447,1,182,2,'2019-05-17 16:58:25'),(448,0,183,2,'2019-05-17 18:20:22'),(449,0,184,16,'2019-05-17 19:44:06'),(450,0,185,16,'2019-05-17 22:18:31'),(451,6,174,5,'2019-05-18 13:45:37'),(452,0,185,2,'2019-05-18 15:42:39'),(453,0,184,2,'2019-05-18 15:42:39'),(454,1,186,2,'2019-05-18 16:14:12'),(455,1,186,3,'2019-05-18 16:19:47'),(456,0,187,2,'2019-05-18 16:50:42'),(457,0,188,2,'2019-05-19 16:17:53'),(458,0,176,2,'2019-05-19 16:55:48'),(459,0,183,2,'2019-05-19 16:55:48'),(460,1,180,5,'2019-05-20 12:08:20'),(461,1,189,2,'2019-05-20 14:15:46'),(462,1,189,5,'2019-05-20 14:16:07'),(463,1,190,2,'2019-05-20 14:17:39'),(464,1,190,5,'2019-05-20 14:18:05'),(465,1,188,3,'2019-05-20 14:18:27'),(466,1,144,3,'2019-05-20 14:24:14'),(467,1,152,5,'2019-05-20 14:38:56'),(468,0,183,4,'2019-05-20 18:56:33'),(469,0,176,4,'2019-05-20 19:00:26'),(470,1,188,5,'2019-05-21 15:12:45'),(471,6,191,2,'2019-05-23 13:59:52'),(472,6,192,2,'2019-05-23 14:02:47'),(473,0,192,2,'2019-05-23 15:17:42'),(474,0,191,2,'2019-05-23 15:25:18'),(475,0,191,4,'2019-05-23 18:50:04'),(476,1,193,2,'2019-05-23 19:17:51'),(477,1,194,2,'2019-05-24 11:22:01'),(478,1,194,5,'2019-05-24 11:22:18'),(479,1,195,10,'2019-05-24 11:28:33'),(480,1,193,5,'2019-05-24 11:30:32'),(481,1,193,13,'2019-05-24 13:05:26'),(482,1,193,5,'2019-05-24 13:05:48'),(483,0,196,2,'2019-05-24 15:45:59'),(484,6,192,4,'2019-05-24 16:55:54'),(485,6,197,2,'2019-05-24 16:59:13'),(486,6,197,5,'2019-05-24 16:59:33'),(487,6,198,2,'2019-05-24 17:01:22'),(488,6,198,5,'2019-05-24 17:02:03'),(489,6,176,5,'2019-05-24 17:04:17'),(490,6,166,5,'2019-05-24 17:05:04'),(491,0,199,16,'2019-05-25 01:46:17'),(492,0,199,2,'2019-05-25 13:47:47'),(493,0,200,2,'2019-05-25 16:20:51'),(494,1,182,10,'2019-05-27 15:52:00'),(495,0,201,2,'2019-05-27 15:59:06'),(496,0,202,2,'2019-05-27 18:00:29'),(497,1,196,3,'2019-05-28 12:51:01'),(498,1,199,3,'2019-05-28 12:51:28'),(499,1,186,5,'2019-05-28 12:55:32'),(500,1,185,5,'2019-05-28 12:58:47'),(501,1,184,5,'2019-05-28 13:00:44'),(502,1,173,5,'2019-05-28 13:03:00'),(503,0,203,2,'2019-05-28 18:43:14'),(504,0,204,16,'2019-05-28 18:50:08'),(505,0,205,2,'2019-05-29 05:19:52'),(506,0,206,16,'2019-05-29 05:25:10'),(507,0,200,2,'2019-05-29 11:00:09'),(508,0,206,2,'2019-05-29 11:38:33'),(509,0,204,2,'2019-05-29 11:38:34'),(510,0,200,4,'2019-05-29 12:51:16'),(511,1,206,7,'2019-05-29 16:41:15'),(512,0,207,2,'2019-05-29 18:23:23'),(513,1,208,2,'2019-05-29 18:39:48'),(514,1,209,2,'2019-05-29 18:46:40'),(515,1,209,5,'2019-05-29 18:50:25'),(516,1,210,2,'2019-05-29 18:54:22'),(517,1,210,5,'2019-05-29 18:55:04'),(518,0,211,16,'2019-05-30 09:22:11'),(519,0,212,2,'2019-05-30 13:49:50'),(520,0,213,16,'2019-05-30 13:55:13'),(521,0,213,2,'2019-05-30 14:21:18'),(522,0,211,2,'2019-05-30 14:21:19'),(523,1,213,7,'2019-05-30 14:59:34'),(524,0,214,16,'2019-05-30 20:18:14'),(525,0,215,16,'2019-05-30 22:36:43'),(526,0,216,2,'2019-05-30 23:11:10'),(527,0,217,2,'2019-05-30 23:35:29'),(528,0,218,2,'2019-05-31 07:45:49'),(529,0,215,2,'2019-05-31 11:15:32'),(530,0,214,2,'2019-05-31 11:15:33'),(531,6,191,5,'2019-05-31 13:12:06'),(532,6,192,5,'2019-05-31 13:12:25'),(533,6,219,2,'2019-05-31 13:17:34'),(534,0,220,2,'2019-05-31 15:13:13'),(535,0,207,2,'2019-05-31 15:40:00'),(536,0,221,2,'2019-05-31 16:25:54'),(537,0,207,4,'2019-05-31 18:59:06'),(538,6,222,2,'2019-06-01 09:52:54'),(539,0,222,2,'2019-06-01 10:00:53'),(540,6,219,5,'2019-06-01 10:02:31'),(541,1,196,5,'2019-06-01 14:41:53'),(542,1,223,2,'2019-06-01 17:11:20'),(543,1,223,5,'2019-06-01 17:17:19'),(544,1,218,5,'2019-06-02 16:49:55'),(545,1,220,5,'2019-06-02 17:13:59'),(546,0,224,16,'2019-06-02 21:16:06'),(547,0,224,2,'2019-06-03 11:44:51'),(548,1,225,2,'2019-06-03 11:54:33'),(549,1,225,13,'2019-06-03 11:56:45'),(550,0,226,16,'2019-06-03 12:10:21'),(551,0,222,4,'2019-06-03 13:53:54'),(552,0,226,2,'2019-06-03 18:10:57'),(553,1,227,2,'2019-06-05 16:40:01'),(554,0,228,2,'2019-06-05 22:26:41'),(555,1,228,3,'2019-06-06 11:47:56'),(556,6,222,5,'2019-06-06 14:12:10'),(557,6,200,5,'2019-06-06 14:37:13'),(558,0,215,2,'2019-06-06 15:06:33'),(559,0,214,2,'2019-06-06 15:06:33'),(560,0,211,2,'2019-06-06 15:06:33'),(561,0,216,2,'2019-06-06 15:06:35'),(562,6,229,2,'2019-06-06 15:34:06'),(563,6,226,5,'2019-06-06 16:04:42'),(564,6,217,5,'2019-06-06 16:13:46'),(565,0,211,4,'2019-06-06 18:28:05'),(566,0,215,4,'2019-06-06 18:28:10'),(567,0,216,4,'2019-06-06 19:27:25'),(568,0,214,4,'2019-06-06 19:27:36'),(569,6,230,2,'2019-06-07 16:12:33'),(570,6,230,5,'2019-06-07 16:13:14'),(571,6,160,5,'2019-06-07 17:46:50'),(572,6,231,2,'2019-06-07 17:51:28'),(573,6,232,2,'2019-06-08 14:54:11'),(574,0,233,16,'2019-06-11 00:15:08'),(575,0,233,2,'2019-06-11 11:30:25'),(576,1,224,3,'2019-06-11 11:39:10'),(577,1,212,3,'2019-06-11 11:39:45'),(578,1,205,3,'2019-06-11 11:40:35'),(579,0,234,2,'2019-06-11 21:44:10'),(580,6,214,5,'2019-06-13 15:28:46'),(581,0,235,2,'2019-06-13 15:49:28'),(582,6,236,2,'2019-06-13 16:02:46'),(583,6,211,5,'2019-06-13 17:55:41'),(584,6,224,4,'2019-06-13 18:01:53'),(585,6,212,4,'2019-06-13 18:02:36'),(586,6,205,4,'2019-06-13 18:03:17'),(587,6,232,4,'2019-06-13 18:39:08'),(588,0,237,16,'2019-06-14 10:33:13'),(589,0,238,2,'2019-06-14 11:56:24'),(590,6,216,5,'2019-06-14 13:30:55'),(591,0,237,2,'2019-06-14 13:56:13'),(592,6,236,5,'2019-06-14 14:17:18'),(593,0,238,2,'2019-06-14 14:22:09'),(594,0,237,2,'2019-06-14 14:22:11'),(595,6,238,4,'2019-06-14 15:54:12'),(596,6,237,4,'2019-06-14 16:06:29'),(597,6,239,2,'2019-06-15 16:24:09'),(598,6,239,5,'2019-06-15 16:31:30'),(599,6,240,2,'2019-06-15 16:35:46'),(600,6,240,5,'2019-06-15 16:46:05'),(601,6,205,5,'2019-06-15 16:54:09'),(602,6,224,5,'2019-06-15 16:56:33'),(603,6,215,5,'2019-06-15 16:57:59'),(604,6,212,5,'2019-06-15 16:59:20'),(605,0,241,16,'2019-06-16 11:42:30'),(606,0,241,2,'2019-06-17 17:53:05'),(607,1,208,5,'2019-06-17 17:54:58'),(608,1,242,2,'2019-06-17 17:58:24'),(609,1,241,3,'2019-06-18 11:20:31'),(610,1,234,3,'2019-06-18 11:31:28'),(611,1,201,5,'2019-06-18 11:31:47'),(612,1,203,3,'2019-06-18 12:55:09'),(613,1,199,5,'2019-06-18 12:55:59'),(614,1,202,5,'2019-06-18 12:56:19'),(615,0,241,3,'2019-06-20 13:43:26'),(616,6,232,5,'2019-06-20 14:13:59'),(617,0,243,2,'2019-06-20 14:19:44'),(618,0,243,2,'2019-06-20 15:02:04'),(619,0,241,4,'2019-06-20 15:22:55'),(620,6,243,4,'2019-06-20 15:44:11'),(621,0,244,2,'2019-06-23 01:41:46'),(622,0,244,2,'2019-06-24 15:50:50'),(623,1,225,5,'2019-06-24 16:28:21'),(624,0,245,2,'2019-06-24 16:38:23'),(625,0,244,4,'2019-06-24 19:07:58'),(626,0,246,2,'2019-06-27 07:24:03'),(627,9,247,2,'2019-06-27 13:58:15'),(628,9,248,2,'2019-06-27 14:11:20'),(629,9,249,2,'2019-06-27 14:22:22'),(630,9,144,5,'2019-06-27 14:25:19'),(631,6,243,5,'2019-06-27 14:52:43'),(632,6,241,5,'2019-06-27 15:02:28'),(633,6,238,5,'2019-06-27 15:03:21'),(634,6,237,5,'2019-06-27 15:04:06'),(635,6,233,5,'2019-06-27 15:04:44'),(636,9,250,2,'2019-06-27 15:36:51'),(637,9,250,5,'2019-06-27 15:38:12'),(638,6,251,13,'2019-06-27 15:39:23'),(639,9,252,2,'2019-06-27 15:40:54'),(640,9,248,1,'2019-06-27 15:44:12'),(641,6,253,2,'2019-06-27 15:47:22'),(642,9,254,10,'2019-06-27 16:02:36'),(643,9,254,6,'2019-06-27 16:43:48'),(644,6,255,2,'2019-06-27 16:45:00'),(645,9,256,10,'2019-06-27 16:50:23'),(646,6,257,2,'2019-06-27 16:54:44'),(647,9,258,1,'2019-06-27 16:56:29'),(648,0,255,2,'2019-06-27 17:13:51'),(649,0,245,2,'2019-06-27 17:13:52'),(650,0,257,2,'2019-06-27 17:16:51'),(651,0,255,4,'2019-06-28 15:15:30'),(652,6,253,4,'2019-06-28 15:34:16'),(653,6,245,4,'2019-06-28 15:44:17'),(654,6,259,2,'2019-06-28 16:04:35'),(655,6,259,5,'2019-06-28 16:05:04'),(656,6,204,5,'2019-06-28 17:05:12'),(657,6,257,4,'2019-06-28 17:17:08'),(658,6,187,5,'2019-06-29 13:40:29'),(659,6,235,5,'2019-06-29 16:43:31'),(660,0,260,2,'2019-07-02 20:33:33'),(661,0,261,16,'2019-07-02 23:30:12'),(662,0,261,2,'2019-07-03 20:52:28'),(663,6,253,5,'2019-07-04 13:29:24'),(664,6,257,5,'2019-07-04 13:30:09'),(665,6,255,5,'2019-07-04 13:30:50'),(666,6,245,5,'2019-07-04 13:31:36'),(667,6,262,2,'2019-07-04 15:26:00'),(668,6,263,2,'2019-07-04 16:12:01'),(669,6,264,2,'2019-07-04 16:15:09'),(670,0,260,2,'2019-07-04 16:40:29'),(671,0,261,2,'2019-07-04 16:40:29'),(672,0,264,2,'2019-07-04 16:40:29'),(673,0,262,2,'2019-07-04 16:40:29'),(674,6,263,4,'2019-07-04 18:26:22'),(675,6,264,4,'2019-07-04 18:26:44'),(676,6,262,4,'2019-07-04 18:28:26'),(677,6,260,4,'2019-07-04 18:30:21'),(678,9,265,2,'2019-07-05 13:22:07'),(679,9,265,5,'2019-07-05 13:24:46'),(680,1,249,3,'2019-07-05 13:28:10'),(681,1,247,5,'2019-07-05 13:28:37'),(682,9,266,2,'2019-07-05 14:29:19');

--
-- Table structure for table `pre3303_order_invoice`
--

CREATE TABLE `pre3303_order_invoice` (
  `id_order_invoice` int(11) unsigned NOT NULL AUTO_INCREMENT,
  `id_order` int(11) NOT NULL,
  `number` int(11) NOT NULL,
  `delivery_number` int(11) NOT NULL,
  `delivery_date` datetime DEFAULT NULL,
  `total_discount_tax_excl` decimal(20,6) NOT NULL DEFAULT '0.000000',
  `total_discount_tax_incl` decimal(20,6) NOT NULL DEFAULT '0.000000',
  `total_paid_tax_excl` decimal(20,6) NOT NULL DEFAULT '0.000000',
  `total_paid_tax_incl` decimal(20,6) NOT NULL DEFAULT '0.000000',
  `total_products` decimal(20,6) NOT NULL DEFAULT '0.000000',
  `total_products_wt` decimal(20,6) NOT NULL DEFAULT '0.000000',
  `total_shipping_tax_excl` decimal(20,6) NOT NULL DEFAULT '0.000000',
  `total_shipping_tax_incl` decimal(20,6) NOT NULL DEFAULT '0.000000',
  `shipping_tax_computation_method` int(10) unsigned NOT NULL,
  `total_wrapping_tax_excl` decimal(20,6) NOT NULL DEFAULT '0.000000',
  `total_wrapping_tax_incl` decimal(20,6) NOT NULL DEFAULT '0.000000',
  `shop_address` text,
  `note` text,
  `date_add` datetime NOT NULL,
  PRIMARY KEY (`id_order_invoice`),
  KEY `id_order` (`id_order`)
) ENGINE=InnoDB AUTO_INCREMENT=267 DEFAULT CHARSET=utf8;

--
-- Dumping data for table `pre3303_order_invoice`
--

INSERT INTO `pre3303_order_invoice` VALUES (1,1,265,267,'2019-01-03 16:17:23',0.000000,0.000000,100.000000,120.000000,100.000000,120.000000,0.000000,0.000000,0,0.000000,0.000000,'Litho.Online<br />21 rue Véron<br />75018 PARIS<br />France<br />+33(0)781612157','','2019-01-03 16:17:23'),(2,2,266,268,'2019-01-03 16:18:29',0.000000,0.000000,133.330000,160.000000,133.330000,160.000000,0.000000,0.000000,0,0.000000,0.000000,'Litho.Online<br />21 rue Véron<br />75018 PARIS<br />France<br />+33(0)781612157','','2019-01-03 16:18:29'),(3,3,267,270,'2019-01-04 14:04:43',0.000000,0.000000,190.000000,228.000000,190.000000,228.000000,0.000000,0.000000,0,0.000000,0.000000,'Litho.Online<br />21 rue Véron<br />75018 PARIS<br />France<br />+33(0)781612157','','2019-01-03 16:26:05'),(4,4,268,273,'2019-01-07 13:05:26',0.000000,0.000000,90.000000,108.000000,90.000000,108.000000,0.000000,0.000000,0,0.000000,0.000000,'Litho.Online<br />21 rue Véron<br />75018 PARIS<br />France<br />+33(0)781612157','','2019-01-03 16:36:31'),(5,5,269,269,'2019-01-03 18:38:28',0.000000,0.000000,172.500000,207.000000,172.500000,207.000000,0.000000,0.000000,0,0.000000,0.000000,'Litho.Online<br />21 rue Véron<br />75018 PARIS<br />France<br />+33(0)781612157','','2019-01-03 16:47:29'),(6,6,211,247,'2019-01-07 18:36:00',0.000000,0.000000,1700.000000,1700.000000,1700.000000,1700.000000,0.000000,0.000000,0,0.000000,0.000000,'Galerie Joël Knafo<br />182 rue du Faubourg Saint-Honoré<br />75008 PARIS<br />France<br />33(0)7 81 61 21 57','','2019-01-03 20:00:27'),(7,7,212,246,'2019-01-07 18:35:26',0.000000,0.000000,2250.000000,2250.000000,2250.000000,2250.000000,0.000000,0.000000,0,0.000000,0.000000,'Galerie Joël Knafo<br />182 rue du Faubourg Saint-Honoré<br />75008 PARIS<br />France<br />33(0)7 81 61 21 57','','2019-01-04 14:45:45'),(8,8,270,277,'2019-01-18 16:41:57',0.000000,0.000000,162.500000,195.000000,162.500000,195.000000,0.000000,0.000000,0,0.000000,0.000000,'Litho.Online<br />21 rue Véron<br />75018 PARIS<br />France<br />+33(0)781612157','','2019-01-04 16:47:05'),(9,9,271,283,'2019-01-25 13:51:49',0.000000,0.000000,150.000000,180.000000,150.000000,180.000000,0.000000,0.000000,0,0.000000,0.000000,'Litho.Online<br />21 rue Véron<br />75018 PARIS<br />France<br />+33(0)781612157','','2019-01-04 16:50:42'),(10,10,272,271,'2019-01-04 16:53:41',0.000000,0.000000,416.660000,500.000000,416.660000,500.000000,0.000000,0.000000,0,0.000000,0.000000,'Litho.Online<br />21 rue Véron<br />75018 PARIS<br />France<br />+33(0)781612157','','2019-01-04 16:53:41'),(11,11,273,272,'2019-01-05 18:29:49',0.000000,0.000000,166.670000,200.000000,166.670000,200.000000,0.000000,0.000000,0,0.000000,0.000000,'Litho.Online<br />21 rue Véron<br />75018 PARIS<br />France<br />+33(0)781612157','','2019-01-05 18:29:49'),(12,12,213,245,'2019-01-07 18:34:44',0.000000,0.000000,900.000000,900.000000,900.000000,900.000000,0.000000,0.000000,0,0.000000,0.000000,'Galerie Joël Knafo<br />182 rue du Faubourg Saint-Honoré<br />75008 PARIS<br />France<br />33(0)7 81 61 21 57','','2019-01-07 17:57:28'),(13,13,214,244,'2019-01-07 18:06:30',0.000000,0.000000,2575.000000,2600.000000,2450.000000,2450.000000,125.000000,150.000000,0,0.000000,0.000000,'Galerie Joël Knafo<br />182 rue du Faubourg Saint-Honoré<br />75008 PARIS<br />France<br />33(0)7 81 61 21 57','','2019-01-07 18:05:57'),(14,14,215,248,'2019-01-08 11:08:42',0.000000,0.000000,2200.000000,2200.000000,2200.000000,2200.000000,0.000000,0.000000,0,0.000000,0.000000,'Galerie Joël Knafo<br />182 rue du Faubourg Saint-Honoré<br />75008 PARIS<br />France<br />33(0)7 81 61 21 57','','2019-01-08 00:34:20'),(15,15,274,274,'2019-01-11 12:33:41',0.000000,0.000000,29.170000,35.000000,29.170000,35.000000,0.000000,0.000000,0,0.000000,0.000000,'Litho.Online<br />21 rue Véron<br />75018 PARIS<br />France<br />+33(0)781612157','','2019-01-10 16:13:36'),(16,16,275,275,'2019-01-11 16:53:27',0.000000,0.000000,100.000000,120.000000,100.000000,120.000000,0.000000,0.000000,0,0.000000,0.000000,'Litho.Online<br />21 rue Véron<br />75018 PARIS<br />France<br />+33(0)7 81 61 21 57','','2019-01-11 16:53:27'),(17,17,276,276,'2019-01-17 18:47:22',0.000000,0.000000,162.500000,195.000000,162.500000,195.000000,0.000000,0.000000,0,0.000000,0.000000,'Litho.Online<br />21 rue Véron<br />75018 PARIS<br />France<br />+33(0)7 81 61 21 57','','2019-01-12 13:11:22'),(18,18,216,249,'2019-01-14 23:46:12',0.000000,0.000000,2700.000000,2700.000000,2700.000000,2700.000000,0.000000,0.000000,0,0.000000,0.000000,'Galerie Joël Knafo<br />182 rue du Faubourg Saint-Honoré<br />75008 PARIS<br />France<br />33(0)7 81 58 06 07','','2019-01-14 23:45:47'),(19,19,217,250,'2019-01-14 23:52:06',150.000000,180.000000,4500.000000,4500.000000,4500.000000,4500.000000,150.000000,180.000000,0,0.000000,0.000000,'Galerie Joël Knafo<br />182 rue du Faubourg Saint-Honoré<br />75008 PARIS<br />France<br />33(0)7 81 58 06 07','','2019-01-14 23:51:46'),(20,20,218,255,'2019-01-26 19:54:39',0.000000,0.000000,900.000000,900.000000,900.000000,900.000000,0.000000,0.000000,0,0.000000,0.000000,'Galerie Joël Knafo<br />182 rue du Faubourg Saint-Honoré<br />75008 PARIS<br />France<br />33(0)7 81 58 06 07','','2019-01-18 14:18:41'),(21,21,277,286,'2019-01-26 19:54:55',0.000000,0.000000,150.000000,180.000000,150.000000,180.000000,0.000000,0.000000,0,0.000000,0.000000,'Litho.Online<br />21 rue Véron<br />75018 PARIS<br />France<br />+33(0)7 81 61 21 57','','2019-01-18 14:56:23'),(22,22,219,253,'2019-01-26 19:43:58',0.000000,0.000000,300.000000,300.000000,300.000000,300.000000,0.000000,0.000000,0,0.000000,0.000000,'Galerie Joël Knafo<br />182 rue du Faubourg Saint-Honoré<br />75008 PARIS<br />France<br />33(0)7 81 58 06 07','','2019-01-18 15:10:03'),(23,23,220,251,'2019-01-18 17:25:12',0.000000,0.000000,6000.000000,6000.000000,6000.000000,6000.000000,0.000000,0.000000,0,0.000000,0.000000,'Galerie Joël Knafo<br />182 rue du Faubourg Saint-Honoré<br />75008 PARIS<br />France<br />33(0)7 81 58 06 07','','2019-01-18 17:21:26'),(24,24,278,279,'2019-01-19 13:15:47',0.000000,0.000000,59.250000,62.500000,59.250000,62.500000,0.000000,0.000000,0,0.000000,0.000000,'Litho.Online<br />21 rue Véron<br />75018 PARIS<br />France<br />+33(0)7 81 61 21 57','','2019-01-18 18:45:09'),(25,25,279,278,'2019-01-19 13:15:10',0.000000,0.000000,1333.330000,1600.000000,1333.330000,1600.000000,0.000000,0.000000,0,0.000000,0.000000,'Litho.Online<br />21 rue Véron<br />75018 PARIS<br />France<br />+33(0)7 81 61 21 57','','2019-01-18 18:49:41'),(26,26,280,280,'2019-01-19 18:44:32',0.000000,0.000000,1250.000000,1500.000000,1250.000000,1500.000000,0.000000,0.000000,0,0.000000,0.000000,'Litho.Online<br />21 rue Véron<br />75018 PARIS<br />France<br />+33(0)7 81 61 21 57','','2019-01-19 18:44:07'),(27,27,221,252,'2019-01-19 18:56:55',0.000000,0.000000,4000.000000,4000.000000,4000.000000,4000.000000,0.000000,0.000000,0,0.000000,0.000000,'Galerie Joël Knafo<br />182 rue du Faubourg Saint-Honoré<br />75008 PARIS<br />France<br />33(0)7 81 58 06 07','','2019-01-19 18:56:37'),(28,28,281,281,'2019-01-22 15:42:00',12.500000,15.000000,283.330000,340.000000,283.330000,340.000000,12.500000,15.000000,0,0.000000,0.000000,'Litho.Online<br />21 rue Véron<br />75018 PARIS<br />France<br />+33(0)7 81 61 21 57','','2019-01-22 15:32:01'),(29,29,282,284,'2019-01-25 17:30:57',0.000000,0.000000,758.330000,910.000000,758.330000,910.000000,0.000000,0.000000,0,0.000000,0.000000,'Litho.Online<br />21 rue Véron<br />75018 PARIS<br />France<br />+33(0)7 81 61 21 57','','2019-01-24 15:20:29'),(30,30,283,282,'2019-01-24 15:59:29',0.000000,0.000000,162.500000,195.000000,162.500000,195.000000,0.000000,0.000000,0,0.000000,0.000000,'Litho.Online<br />21 rue Véron<br />75018 PARIS<br />France<br />+33(0)7 81 61 21 57','','2019-01-24 15:59:29'),(31,31,284,287,'2019-01-31 15:02:01',0.000000,0.000000,191.670000,230.000000,191.670000,230.000000,0.000000,0.000000,0,0.000000,0.000000,'Litho.Online<br />21 rue Véron<br />75018 PARIS<br />France<br />+33(0)7 81 61 21 57','','2019-01-26 15:39:40'),(32,32,222,256,'2019-01-31 19:25:34',150.000000,150.000000,2000.000000,2000.000000,2150.000000,2150.000000,0.000000,0.000000,0,0.000000,0.000000,'Galerie Joël Knafo<br />182 rue du Faubourg Saint-Honoré<br />75008 PARIS<br />France<br />33(0)7 81 58 06 07','','2019-01-26 15:41:14'),(33,33,285,285,'2019-01-26 19:05:00',0.000000,0.000000,150.000000,180.000000,150.000000,180.000000,0.000000,0.000000,0,0.000000,0.000000,'Litho.Online<br />21 rue Véron<br />75018 PARIS<br />France<br />+33(0)7 81 61 21 57','','2019-01-26 19:04:22'),(34,34,223,254,'2019-01-26 19:54:01',0.000000,0.000000,2000.000000,2000.000000,2000.000000,2000.000000,0.000000,0.000000,0,0.000000,0.000000,'Galerie Joël Knafo<br />182 rue du Faubourg Saint-Honoré<br />75008 PARIS<br />France<br />33(0)7 81 58 06 07','','2019-01-26 19:53:32'),(35,35,286,289,'2019-01-31 18:27:18',83.330000,100.000000,762.500000,915.000000,833.330000,1000.000000,12.500000,15.000000,0,0.000000,0.000000,'Litho.Online<br />21 rue Véron<br />75018 PARIS<br />France<br />+33(0)7 81 61 21 57','','2019-01-29 14:21:56'),(36,36,287,288,'2019-01-31 18:06:59',0.000000,0.000000,183.330000,220.000000,183.330000,220.000000,0.000000,0.000000,0,0.000000,0.000000,'Litho.Online<br />21 rue Véron<br />75018 PARIS<br />France<br />+33(0)7 81 61 21 57','','2019-01-31 15:00:33'),(37,37,288,290,'2019-02-02 17:46:57',0.000000,0.000000,500.000000,600.000000,500.000000,600.000000,0.000000,0.000000,0,0.000000,0.000000,'Litho.Online<br />21 rue Véron<br />75018 PARIS<br />France<br />+33(0)7 81 61 21 57','','2019-02-02 17:46:40'),(38,38,289,291,'2019-02-02 17:57:27',0.000000,0.000000,1500.000000,1500.000000,1500.000000,1500.000000,0.000000,0.000000,0,0.000000,0.000000,'Litho.Online<br />21 rue Véron<br />75018 PARIS<br />France<br />+33(0)7 81 61 21 57','','2019-02-02 17:57:10'),(39,39,290,293,'2019-02-07 18:11:45',0.000000,0.000000,537.510000,645.000000,537.510000,645.000000,0.000000,0.000000,0,0.000000,0.000000,'Litho.Online<br />21 rue Véron<br />75018 PARIS<br />France<br />+33(0)7 81 61 21 57','','2019-02-04 14:39:51'),(40,40,291,292,'2019-02-07 14:39:23',0.000000,0.000000,316.670000,380.000000,316.670000,380.000000,0.000000,0.000000,0,0.000000,0.000000,'Litho.Online<br />21 rue Véron<br />75018 PARIS<br />France<br />+33(0)7 81 61 21 57','','2019-02-07 14:38:02'),(41,41,292,294,'2019-02-08 17:48:35',0.000000,0.000000,183.330000,220.000000,183.330000,220.000000,0.000000,0.000000,0,0.000000,0.000000,'Litho.Online<br />21 rue Véron<br />75018 PARIS<br />France<br />+33(0)7 81 61 21 57','','2019-02-07 16:46:31'),(42,42,293,294,'2019-02-08 17:48:35',0.000000,0.000000,180.840000,217.000000,180.840000,217.000000,0.000000,0.000000,0,0.000000,0.000000,'Litho.Online<br />21 rue Véron<br />75018 PARIS<br />France<br />+33(0)7 81 61 21 57','','2019-02-07 17:03:43'),(43,43,294,295,'2019-02-14 16:19:00',0.000000,0.000000,90.000000,108.000000,90.000000,108.000000,0.000000,0.000000,0,0.000000,0.000000,'Litho.Online<br />21 rue Véron<br />75018 PARIS<br />France<br />+33(0)7 81 61 21 57','','2019-02-14 14:26:46'),(44,44,224,257,'2019-02-19 11:30:53',0.000000,0.000000,2400.000000,2400.000000,2400.000000,2400.000000,0.000000,0.000000,0,0.000000,0.000000,'Galerie Joël Knafo<br />182 rue du Faubourg Saint-Honoré<br />75008 PARIS<br />France<br />33(0)7 81 58 06 07','','2019-02-17 18:18:49'),(45,45,295,297,'2019-02-21 18:47:29',0.000000,0.000000,704.170000,845.000000,691.670000,830.000000,12.500000,15.000000,0,0.000000,0.000000,'Litho.Online<br />21 rue Véron<br />75018 PARIS<br />France<br />+33(0)7 81 61 21 57','','2019-02-18 22:25:45'),(46,46,296,296,'2019-02-21 18:46:31',0.000000,0.000000,175.000000,210.000000,162.500000,195.000000,12.500000,15.000000,0,0.000000,0.000000,'Litho.Online<br />21 rue Véron<br />75018 PARIS<br />France<br />+33(0)7 81 61 21 57','','2019-02-19 10:48:42'),(47,47,297,299,'2019-02-26 12:16:58',0.000000,0.000000,112.500000,135.000000,100.000000,120.000000,12.500000,15.000000,0,0.000000,0.000000,'Litho.Online<br />21 rue Véron<br />75018 PARIS<br />France<br />+33(0)7 81 61 21 57','','2019-02-23 13:45:34'),(48,48,298,298,'2019-02-23 15:01:08',0.000000,0.000000,100.000000,120.000000,100.000000,120.000000,0.000000,0.000000,0,0.000000,0.000000,'Litho.Online<br />21 rue Véron<br />75018 PARIS<br />France<br />+33(0)7 81 61 21 57','','2019-02-23 15:00:32'),(49,49,299,303,'2019-03-08 18:05:44',0.000000,0.000000,162.500000,195.000000,162.500000,195.000000,0.000000,0.000000,0,0.000000,0.000000,'Litho.Online<br />21 rue Véron<br />75018 PARIS<br />France<br />+33(0)7 81 61 21 57','','2019-02-24 19:05:49'),(50,50,300,300,'2019-03-02 18:34:25',0.000000,0.000000,833.330000,1000.000000,833.330000,1000.000000,0.000000,0.000000,0,0.000000,0.000000,'Litho.Online<br />21 rue Véron<br />75018 PARIS<br />France<br />+33(0)7 81 61 21 57','','2019-03-02 18:33:43'),(51,51,301,301,'2019-03-02 18:43:03',0.000000,0.000000,94.790000,100.000000,94.790000,100.000000,0.000000,0.000000,0,0.000000,0.000000,'Litho.Online<br />21 rue Véron<br />75018 PARIS<br />France<br />+33(0)7 81 61 21 57','','2019-03-02 18:42:51'),(52,52,302,0,'0000-00-00 00:00:00',0.000000,0.000000,333.330000,400.000000,333.330000,400.000000,0.000000,0.000000,0,0.000000,0.000000,'Litho.Online<br />21 rue Véron<br />75018 PARIS<br />France<br />+33(0)7 81 61 21 57','','2019-03-04 17:35:07'),(53,53,225,258,'2019-03-08 11:43:41',0.000000,0.000000,1500.000000,1500.000000,1500.000000,1500.000000,0.000000,0.000000,0,0.000000,0.000000,'Galerie Joël Knafo<br />182 rue du Faubourg Saint-Honoré<br />75008 PARIS<br />France<br />33(0)7 81 58 06 07','','2019-03-08 11:42:32'),(54,54,303,302,'2019-03-08 17:59:12',0.000000,0.000000,162.500000,195.000000,162.500000,195.000000,0.000000,0.000000,0,0.000000,0.000000,'Litho.Online<br />21 rue Véron<br />75018 PARIS<br />France<br />+33(0)7 81 61 21 57','','2019-03-08 15:28:48'),(55,58,304,306,'2019-03-22 14:41:29',0.000000,0.000000,33.330000,40.000000,33.330000,40.000000,0.000000,0.000000,0,0.000000,0.000000,'Litho.Online<br />21 rue Véron<br />75018 PARIS<br />France<br />+33(0)7 81 61 21 57','','2019-03-11 13:30:56'),(56,57,226,261,'2019-04-04 19:39:51',0.000000,0.000000,100.000000,120.000000,100.000000,120.000000,0.000000,0.000000,0,0.000000,0.000000,'Galerie Joël Knafo<br />182 rue du Faubourg Saint-Honoré<br />75008 PARIS<br />France<br />33(0)7 81 58 06 07','','2019-03-11 13:30:58'),(57,56,305,321,'2019-04-04 19:40:26',0.000000,0.000000,200.000000,240.000000,200.000000,240.000000,0.000000,0.000000,0,0.000000,0.000000,'Litho.Online<br />21 rue Véron<br />75018 PARIS<br />France<br />+33(0)7 81 61 21 57','','2019-03-11 13:30:58'),(58,55,306,305,'2019-03-21 13:37:29',0.000000,0.000000,612.500000,735.000000,600.000000,720.000000,12.500000,15.000000,0,0.000000,0.000000,'Litho.Online<br />21 rue Véron<br />75018 PARIS<br />France<br />+33(0)7 81 61 21 57','','2019-03-11 13:30:59'),(59,59,307,304,'2019-03-14 16:20:21',0.000000,0.000000,100.000000,120.000000,100.000000,120.000000,0.000000,0.000000,0,0.000000,0.000000,'Litho.Online<br />21 rue Véron<br />75018 PARIS<br />France<br />+33(0)7 81 61 21 57','','2019-03-11 18:09:00'),(60,60,308,307,'2019-03-23 17:03:45',0.000000,0.000000,100.000000,120.000000,100.000000,120.000000,0.000000,0.000000,0,0.000000,0.000000,'Litho.Online<br />21 rue Véron<br />75018 PARIS<br />France<br />+33(0)7 81 61 21 57','','2019-03-12 10:27:08'),(61,61,309,310,'2019-03-28 13:41:30',0.000000,0.000000,62.500000,75.000000,62.500000,75.000000,0.000000,0.000000,0,0.000000,0.000000,'Litho.Online<br />21 rue Véron<br />75018 PARIS<br />France<br />+33(0)7 81 61 21 57','','2019-03-13 18:39:45'),(62,62,310,352,'2019-05-10 12:47:22',0.000000,0.000000,13450.000000,13500.000000,13450.000000,13500.000000,0.000000,0.000000,0,0.000000,0.000000,'Litho.Online<br />21 rue Véron<br />75018 PARIS<br />France<br />+33(0)7 81 61 21 57','','2019-03-14 12:30:41'),(63,63,227,0,'0000-00-00 00:00:00',0.000000,0.000000,2500.000000,2500.000000,2500.000000,2500.000000,0.000000,0.000000,0,0.000000,0.000000,'Galerie Joël Knafo<br />182 rue du Faubourg Saint-Honoré<br />75008 PARIS<br />France<br />33(0)7 81 58 06 07','','2019-03-14 14:23:22'),(64,64,228,271,'2019-04-16 11:35:10',0.000000,0.000000,1600.000000,1600.000000,1600.000000,1600.000000,0.000000,0.000000,0,0.000000,0.000000,'Galerie Joël Knafo<br />182 rue du Faubourg Saint-Honoré<br />75008 PARIS<br />France<br />33(0)7 81 58 06 07','','2019-03-14 14:35:11'),(65,65,229,0,'0000-00-00 00:00:00',0.000000,0.000000,1600.000000,1600.000000,1600.000000,1600.000000,0.000000,0.000000,0,0.000000,0.000000,'Galerie Joël Knafo<br />182 rue du Faubourg Saint-Honoré<br />75008 PARIS<br />France<br />33(0)7 81 58 06 07','','2019-03-14 14:41:40'),(66,66,311,320,'2019-04-04 19:37:36',0.000000,0.000000,1800.000000,1800.000000,1800.000000,1800.000000,0.000000,0.000000,0,0.000000,0.000000,'Litho.Online<br />21 rue Véron<br />75018 PARIS<br />France<br />+33(0)7 81 61 21 57','','2019-03-14 15:07:56'),(67,67,230,265,'2019-04-12 17:31:20',0.000000,0.000000,3600.000000,3600.000000,3600.000000,3600.000000,0.000000,0.000000,0,0.000000,0.000000,'Galerie Joël Knafo<br />182 rue du Faubourg Saint-Honoré<br />75008 PARIS<br />France<br />33(0)7 81 58 06 07','','2019-03-14 15:38:05'),(68,68,312,0,'0000-00-00 00:00:00',0.000000,0.000000,1514.030000,1810.010000,1514.030000,1810.010000,0.000000,0.000000,0,0.000000,0.000000,'Litho.Online<br />21 rue Véron<br />75018 PARIS<br />France<br />+33(0)7 81 61 21 57','','2019-03-15 17:42:51'),(69,69,231,263,'2019-04-05 17:52:39',0.000000,0.000000,3200.000000,3200.000000,3200.000000,3200.000000,0.000000,0.000000,0,0.000000,0.000000,'Galerie Joël Knafo<br />182 rue du Faubourg Saint-Honoré<br />75008 PARIS<br />France<br />33(0)7 81 58 06 07','','2019-03-15 18:02:17'),(70,70,313,340,'2019-04-23 16:55:17',0.000000,0.000000,33.330000,40.000000,33.330000,40.000000,0.000000,0.000000,0,0.000000,0.000000,'Litho.Online<br />21 rue Véron<br />75018 PARIS<br />France<br />+33(0)7 81 61 21 57','','2019-03-17 23:07:13'),(71,71,314,0,'0000-00-00 00:00:00',0.000000,0.000000,150.000000,180.000000,150.000000,180.000000,0.000000,0.000000,0,0.000000,0.000000,'Litho.Online<br />21 rue Véron<br />75018 PARIS<br />France<br />+33(0)7 81 61 21 57','','2019-03-22 16:43:42'),(72,72,315,308,'2019-03-23 19:32:59',0.000000,0.000000,558.330000,670.000000,558.330000,670.000000,0.000000,0.000000,0,0.000000,0.000000,'Litho.Online<br />21 rue Véron<br />75018 PARIS<br />France<br />+33(0)7 81 61 21 57','','2019-03-23 19:32:59'),(73,73,316,309,'2019-03-26 13:06:21',0.000000,0.000000,512.500000,615.000000,500.000000,600.000000,12.500000,15.000000,0,0.000000,0.000000,'Litho.Online<br />21 rue Véron<br />75018 PARIS<br />France<br />+33(0)7 81 61 21 57','','2019-03-24 08:53:56'),(74,74,232,268,'2019-04-15 17:06:55',0.000000,0.000000,7000.000000,7000.000000,7000.000000,7000.000000,0.000000,0.000000,0,0.000000,0.000000,'Galerie Joël Knafo<br />182 rue du Faubourg Saint-Honoré<br />75008 PARIS<br />France<br />33(0)7 81 58 06 07','','2019-03-24 15:57:51'),(75,75,317,327,'2019-04-16 15:00:29',0.000000,0.000000,100.000000,120.000000,100.000000,120.000000,0.000000,0.000000,0,0.000000,0.000000,'Litho.Online<br />21 rue Véron<br />75018 PARIS<br />France<br />+33(0)7 81 61 21 57','','2019-03-27 15:25:52'),(76,76,318,313,'2019-03-29 15:08:17',0.000000,0.000000,345.840000,415.000000,333.340000,400.000000,12.500000,15.000000,0,0.000000,0.000000,'Litho.Online<br />21 rue Véron<br />75018 PARIS<br />France<br />+33(0)7 81 61 21 57','','2019-03-28 13:33:48'),(77,77,319,312,'2019-03-29 15:05:54',0.000000,0.000000,120.830000,145.000000,120.830000,145.000000,0.000000,0.000000,0,0.000000,0.000000,'Litho.Online<br />21 rue Véron<br />75018 PARIS<br />France<br />+33(0)7 81 61 21 57','','2019-03-28 16:38:27'),(78,78,320,311,'2019-03-29 15:05:20',0.000000,0.000000,90.000000,108.000000,90.000000,108.000000,0.000000,0.000000,0,0.000000,0.000000,'Litho.Online<br />21 rue Véron<br />75018 PARIS<br />France<br />+33(0)7 81 61 21 57','','2019-03-28 16:44:14'),(79,79,233,260,'2019-04-04 19:03:44',0.000000,0.000000,1600.000000,1600.000000,1600.000000,1600.000000,0.000000,0.000000,0,0.000000,0.000000,'Galerie Joël Knafo<br />182 rue du Faubourg Saint-Honoré<br />75008 PARIS<br />France<br />33(0)7 81 58 06 07','','2019-03-29 14:59:07'),(80,80,321,314,'2019-03-29 15:59:15',0.000000,0.000000,333.330000,400.000000,333.330000,400.000000,0.000000,0.000000,0,0.000000,0.000000,'Litho.Online<br />21 rue Véron<br />75018 PARIS<br />France<br />+33(0)7 81 61 21 57','','2019-03-29 15:59:15'),(81,81,234,264,'2019-04-05 17:53:03',0.000000,0.000000,3200.000000,3200.000000,3200.000000,3200.000000,0.000000,0.000000,0,0.000000,0.000000,'Galerie Joël Knafo<br />182 rue du Faubourg Saint-Honoré<br />75008 PARIS<br />France<br />33(0)7 81 58 06 07','','2019-03-29 16:59:27'),(82,82,235,266,'2019-04-15 16:59:08',0.000000,0.000000,4000.000000,4000.000000,4000.000000,4000.000000,0.000000,0.000000,0,0.000000,0.000000,'Galerie Joël Knafo<br />182 rue du Faubourg Saint-Honoré<br />75008 PARIS<br />France<br />33(0)7 81 58 06 07','','2019-03-29 17:04:13'),(83,83,236,270,'2019-04-16 11:29:20',125.000000,150.000000,1700.000000,1720.000000,1700.000000,1720.000000,125.000000,150.000000,0,0.000000,0.000000,'Galerie Joël Knafo<br />182 rue du Faubourg Saint-Honoré<br />75008 PARIS<br />France<br />33(0)7 81 58 06 07','','2019-03-29 17:08:38'),(84,84,237,259,'2019-04-04 18:23:36',0.000000,0.000000,2700.000000,2700.000000,2700.000000,2700.000000,0.000000,0.000000,0,0.000000,0.000000,'Galerie Joël Knafo<br />182 rue du Faubourg Saint-Honoré<br />75008 PARIS<br />France<br />33(0)7 81 58 06 07','','2019-03-29 17:13:28'),(85,85,322,319,'2019-04-04 12:35:28',0.000000,0.000000,120.830000,145.000000,120.830000,145.000000,0.000000,0.000000,0,0.000000,0.000000,'Litho.Online<br />21 rue Véron<br />75018 PARIS<br />France<br />+33(0)7 81 61 21 57','','2019-03-30 14:32:59'),(86,86,323,315,'2019-03-30 17:13:33',0.000000,0.000000,195.830000,235.000000,195.830000,235.000000,0.000000,0.000000,0,0.000000,0.000000,'Litho.Online<br />21 rue Véron<br />75018 PARIS<br />France<br />+33(0)7 81 61 21 57','','2019-03-30 17:13:33'),(87,87,324,316,'2019-03-30 18:37:15',0.000000,0.000000,208.330000,250.000000,208.330000,250.000000,0.000000,0.000000,0,0.000000,0.000000,'Litho.Online<br />21 rue Véron<br />75018 PARIS<br />France<br />+33(0)7 81 61 21 57','','2019-03-30 18:37:15'),(88,88,325,317,'2019-04-02 19:38:31',0.000000,0.000000,87.500000,105.000000,75.000000,90.000000,12.500000,15.000000,0,0.000000,0.000000,'Litho.Online<br />21 rue Véron<br />75018 PARIS<br />France<br />+33(0)7 81 61 21 57','','2019-03-31 09:55:04'),(89,89,326,318,'2019-04-02 19:39:16',0.000000,0.000000,50.000000,60.000000,50.000000,60.000000,0.000000,0.000000,0,0.000000,0.000000,'Litho.Online<br />21 rue Véron<br />75018 PARIS<br />France<br />+33(0)7 81 61 21 57','','2019-04-02 17:53:02'),(90,90,327,322,'2019-04-05 14:22:06',0.000000,0.000000,208.330000,250.000000,208.330000,250.000000,0.000000,0.000000,0,0.000000,0.000000,'Litho.Online<br />21 rue Véron<br />75018 PARIS<br />France<br />+33(0)7 81 61 21 57','','2019-04-04 11:12:34'),(91,91,328,338,'2019-04-19 13:26:43',0.000000,0.000000,208.330000,250.000000,208.330000,250.000000,0.000000,0.000000,0,0.000000,0.000000,'Litho.Online<br />21 rue Véron<br />75018 PARIS<br />France<br />+33(0)7 81 61 21 57','','2019-04-04 14:48:08'),(92,92,329,337,'2019-04-19 13:26:08',0.000000,0.000000,208.330000,250.000000,208.330000,250.000000,0.000000,0.000000,0,0.000000,0.000000,'Litho.Online<br />21 rue Véron<br />75018 PARIS<br />France<br />+33(0)7 81 61 21 57','','2019-04-04 14:49:50'),(93,93,330,0,'0000-00-00 00:00:00',0.000000,0.000000,42.810000,50.000000,42.810000,50.000000,0.000000,0.000000,0,0.000000,0.000000,'Litho.Online<br />21 rue Véron<br />75018 PARIS<br />France<br />+33(0)7 81 61 21 57','','2019-04-04 17:32:16'),(94,94,238,262,'2019-04-05 12:45:58',0.000000,0.000000,6900.000000,6960.000000,6900.000000,6960.000000,0.000000,0.000000,0,0.000000,0.000000,'Galerie Joël Knafo<br />182 rue du Faubourg Saint-Honoré<br />75008 PARIS<br />France<br />33(0)7 81 58 06 07','','2019-04-05 12:44:46'),(95,95,331,336,'2019-04-19 13:23:02',0.000000,0.000000,183.330000,220.000000,183.330000,220.000000,0.000000,0.000000,0,0.000000,0.000000,'Litho.Online<br />21 rue Véron<br />75018 PARIS<br />France<br />+33(0)7 81 61 21 57','','2019-04-05 14:42:48'),(96,96,332,323,'2019-04-06 13:12:58',0.000000,0.000000,220.830000,265.000000,208.330000,250.000000,12.500000,15.000000,0,0.000000,0.000000,'Litho.Online<br />21 rue Véron<br />75018 PARIS<br />France<br />+33(0)7 81 61 21 57','','2019-04-06 13:03:08'),(97,97,333,324,'2019-04-10 12:50:55',0.000000,0.000000,154.160000,185.000000,154.160000,185.000000,0.000000,0.000000,0,0.000000,0.000000,'Litho.Online<br />21 rue Véron<br />75018 PARIS<br />France<br />+33(0)7 81 61 21 57','','2019-04-06 18:29:20'),(98,98,239,303,'2019-05-12 14:24:13',0.000000,0.000000,800.000000,800.000000,800.000000,800.000000,0.000000,0.000000,0,0.000000,0.000000,'Galerie Joël Knafo<br />182 rue du Faubourg Saint-Honoré<br />75008 PARIS<br />France<br />33(0)7 81 58 06 07','','2019-04-10 14:48:11'),(99,99,240,312,'2019-05-15 18:32:56',0.000000,0.000000,1700.000000,1700.000000,1700.000000,1700.000000,0.000000,0.000000,0,0.000000,0.000000,'Galerie Joël Knafo<br />182 rue du Faubourg Saint-Honoré<br />75008 PARIS<br />France<br />33(0)7 81 58 06 07','','2019-04-10 15:08:48'),(100,100,241,311,'2019-05-15 18:32:22',0.000000,0.000000,1700.000000,1700.000000,1700.000000,1700.000000,0.000000,0.000000,0,0.000000,0.000000,'Galerie Joël Knafo<br />182 rue du Faubourg Saint-Honoré<br />75008 PARIS<br />France<br />33(0)7 81 58 06 07','','2019-04-10 15:37:57'),(101,101,242,269,'2019-04-15 17:33:17',0.000000,0.000000,6500.000000,6500.000000,6500.000000,6500.000000,0.000000,0.000000,0,0.000000,0.000000,'Galerie Joël Knafo<br />182 rue du Faubourg Saint-Honoré<br />75008 PARIS<br />France<br />33(0)7 81 58 06 07','','2019-04-10 17:27:11'),(102,102,334,326,'2019-04-13 19:42:24',0.000000,0.000000,220.830000,265.000000,208.330000,250.000000,12.500000,15.000000,0,0.000000,0.000000,'Litho.Online<br />21 rue Véron<br />75018 PARIS<br />France<br />+33(0)7 81 61 21 57','','2019-04-10 23:15:05'),(103,103,335,325,'2019-04-11 13:27:26',0.000000,0.000000,93.330000,112.000000,93.330000,112.000000,0.000000,0.000000,0,0.000000,0.000000,'Litho.Online<br />21 rue Véron<br />75018 PARIS<br />France<br />+33(0)7 81 61 21 57','','2019-04-10 23:27:52'),(104,104,243,272,'2019-04-16 11:54:20',0.000000,0.000000,4800.000000,4800.000000,4800.000000,4800.000000,0.000000,0.000000,0,0.000000,0.000000,'Galerie Joël Knafo<br />182 rue du Faubourg Saint-Honoré<br />75008 PARIS<br />France<br />33(0)7 81 58 06 07','Acompte CB 2000 euros\r\nchèque 2800 euros','2019-04-11 15:26:11'),(105,105,244,273,'2019-04-16 12:02:11',0.000000,0.000000,1200.000000,1200.000000,1200.000000,1200.000000,0.000000,0.000000,0,0.000000,0.000000,'Galerie Joël Knafo<br />182 rue du Faubourg Saint-Honoré<br />75008 PARIS<br />France<br />33(0)7 81 58 06 07','','2019-04-11 15:47:08'),(106,106,245,299,'2019-05-07 15:26:39',0.000000,0.000000,6300.000000,6300.000000,6300.000000,6300.000000,0.000000,0.000000,0,0.000000,0.000000,'Galerie Joël Knafo<br />182 rue du Faubourg Saint-Honoré<br />75008 PARIS<br />France<br />33(0)7 81 58 06 07','','2019-04-12 14:14:44'),(107,107,246,276,'2019-04-16 13:14:40',0.000000,0.000000,750.000000,750.000000,750.000000,750.000000,0.000000,0.000000,0,0.000000,0.000000,'Galerie Joël Knafo<br />182 rue du Faubourg Saint-Honoré<br />75008 PARIS<br />France<br />33(0)7 81 58 06 07','','2019-04-12 14:23:35'),(108,108,247,298,'2019-05-07 15:26:15',0.000000,0.000000,2000.000000,2000.000000,2000.000000,2000.000000,0.000000,0.000000,0,0.000000,0.000000,'Galerie Joël Knafo<br />182 rue du Faubourg Saint-Honoré<br />75008 PARIS<br />France<br />33(0)7 81 58 06 07','','2019-04-12 14:59:50'),(109,109,248,267,'2019-04-15 17:00:44',0.000000,0.000000,3200.000000,3200.000000,3200.000000,3200.000000,0.000000,0.000000,0,0.000000,0.000000,'Galerie Joël Knafo<br />182 rue du Faubourg Saint-Honoré<br />75008 PARIS<br />France<br />33(0)7 81 58 06 07','','2019-04-12 16:34:46'),(110,110,249,274,'2019-04-16 12:11:01',0.000000,0.000000,22000.000000,22000.000000,22000.000000,22000.000000,0.000000,0.000000,0,0.000000,0.000000,'Galerie Joël Knafo<br />182 rue du Faubourg Saint-Honoré<br />75008 PARIS<br />France<br />33(0)7 81 58 06 07','','2019-04-12 17:55:12'),(111,111,250,275,'2019-04-16 13:11:19',0.000000,0.000000,2900.000000,2900.000000,2900.000000,2900.000000,0.000000,0.000000,0,0.000000,0.000000,'Galerie Joël Knafo<br />182 rue du Faubourg Saint-Honoré<br />75008 PARIS<br />France<br />33(0)7 81 58 06 07','1500 réglé en CB\r\n1400 à régler','2019-04-12 18:15:49'),(112,112,251,279,'2019-04-16 14:53:15',0.000000,0.000000,1000.000000,1000.000000,1000.000000,1000.000000,0.000000,0.000000,0,0.000000,0.000000,'Galerie Joël Knafo<br />182 rue du Faubourg Saint-Honoré<br />75008 PARIS<br />France<br />33(0)7 81 58 06 07','','2019-04-12 18:39:02'),(113,113,252,280,'2019-04-16 14:58:52',0.000000,0.000000,800.000000,800.000000,800.000000,800.000000,0.000000,0.000000,0,0.000000,0.000000,'Galerie Joël Knafo<br />182 rue du Faubourg Saint-Honoré<br />75008 PARIS<br />France<br />33(0)7 81 58 06 07','','2019-04-13 13:40:33'),(114,114,253,310,'2019-05-15 18:16:28',0.000000,0.000000,6400.000000,6400.000000,6400.000000,6400.000000,0.000000,0.000000,0,0.000000,0.000000,'Galerie Joël Knafo<br />182 rue du Faubourg Saint-Honoré<br />75008 PARIS<br />France<br />33(0)7 81 58 06 07','','2019-04-13 18:28:18'),(115,115,254,277,'2019-04-16 13:21:25',0.000000,0.000000,1400.000000,1400.000000,1400.000000,1400.000000,0.000000,0.000000,0,0.000000,0.000000,'Galerie Joël Knafo<br />182 rue du Faubourg Saint-Honoré<br />75008 PARIS<br />France<br />33(0)7 81 58 06 07','','2019-04-16 13:20:32'),(116,116,255,278,'2019-04-16 13:25:25',150.000000,180.000000,5800.000000,5800.000000,5800.000000,5800.000000,150.000000,180.000000,0,0.000000,0.000000,'Galerie Joël Knafo<br />182 rue du Faubourg Saint-Honoré<br />75008 PARIS<br />France<br />33(0)7 81 58 06 07','','2019-04-16 13:25:08'),(117,117,256,281,'2019-04-16 15:06:54',0.000000,0.000000,3600.000000,3600.000000,3600.000000,3600.000000,0.000000,0.000000,0,0.000000,0.000000,'Galerie Joël Knafo<br />182 rue du Faubourg Saint-Honoré<br />75008 PARIS<br />France<br />33(0)7 81 58 06 07','','2019-04-16 15:06:20'),(118,118,257,302,'2019-05-11 18:40:20',0.000000,0.000000,3400.000000,3400.000000,3400.000000,3400.000000,0.000000,0.000000,0,0.000000,0.000000,'Galerie Joël Knafo<br />182 rue du Faubourg Saint-Honoré<br />75008 PARIS<br />France<br />33(0)7 81 58 06 07','','2019-04-16 15:11:01'),(119,119,258,283,'2019-04-16 15:30:08',0.000000,0.000000,900.000000,900.000000,900.000000,900.000000,0.000000,0.000000,0,0.000000,0.000000,'Galerie Joël Knafo<br />182 rue du Faubourg Saint-Honoré<br />75008 PARIS<br />France<br />33(0)7 81 58 06 07','','2019-04-16 15:14:50'),(120,120,259,282,'2019-04-16 15:27:33',0.000000,0.000000,2300.000000,2300.000000,2300.000000,2300.000000,0.000000,0.000000,0,0.000000,0.000000,'Galerie Joël Knafo<br />182 rue du Faubourg Saint-Honoré<br />75008 PARIS<br />France<br />33(0)7 81 58 06 07','','2019-04-16 15:27:10'),(121,121,260,284,'2019-04-16 15:39:06',125.000000,150.000000,1800.000000,1800.000000,1800.000000,1800.000000,125.000000,150.000000,0,0.000000,0.000000,'Galerie Joël Knafo<br />182 rue du Faubourg Saint-Honoré<br />75008 PARIS<br />France<br />33(0)7 81 58 06 07','','2019-04-16 15:38:48'),(122,122,336,328,'2019-04-16 17:13:25',0.000000,0.000000,1833.330000,2200.000000,1833.330000,2200.000000,0.000000,0.000000,0,0.000000,0.000000,'Litho.Online<br />21 rue Véron<br />75018 PARIS<br />France<br />+33(0)7 81 61 21 57','','2019-04-16 17:13:06'),(123,123,261,285,'2019-04-16 17:16:19',0.000000,0.000000,3066.670000,3200.000000,3066.670000,3200.000000,0.000000,0.000000,0,0.000000,0.000000,'Galerie Joël Knafo<br />182 rue du Faubourg Saint-Honoré<br />75008 PARIS<br />France<br />33(0)7 81 58 06 07','','2019-04-16 17:15:21'),(124,124,262,286,'2019-04-16 17:34:03',0.000000,0.000000,800.000000,800.000000,800.000000,800.000000,0.000000,0.000000,0,0.000000,0.000000,'Galerie Joël Knafo<br />182 rue du Faubourg Saint-Honoré<br />75008 PARIS<br />France<br />33(0)7 81 58 06 07','','2019-04-16 17:33:35'),(125,125,337,330,'2019-04-16 19:26:03',0.000000,0.000000,1500.000000,1500.000000,1500.000000,1500.000000,0.000000,0.000000,0,0.000000,0.000000,'Litho.Online<br />21 rue Véron<br />75018 PARIS<br />France<br />+33(0)7 81 61 21 57','','2019-04-16 17:36:08'),(126,126,338,329,'2019-04-16 18:12:23',0.000000,0.000000,666.670000,800.000000,666.670000,800.000000,0.000000,0.000000,0,0.000000,0.000000,'Litho.Online<br />21 rue Véron<br />75018 PARIS<br />France<br />+33(0)7 81 61 21 57','','2019-04-16 18:11:35'),(127,127,263,287,'2019-04-16 19:32:01',0.000000,0.000000,1400.000000,1400.000000,1400.000000,1400.000000,0.000000,0.000000,0,0.000000,0.000000,'Galerie Joël Knafo<br />182 rue du Faubourg Saint-Honoré<br />75008 PARIS<br />France<br />33(0)7 81 58 06 07','','2019-04-16 19:31:34'),(128,128,339,331,'2019-04-16 19:35:05',0.000000,0.000000,500.000000,600.000000,500.000000,600.000000,0.000000,0.000000,0,0.000000,0.000000,'Litho.Online<br />21 rue Véron<br />75018 PARIS<br />France<br />+33(0)7 81 61 21 57','','2019-04-16 19:34:38'),(129,129,340,332,'2019-04-16 20:07:27',0.000000,0.000000,700.000000,840.000000,700.000000,840.000000,0.000000,0.000000,0,0.000000,0.000000,'Litho.Online<br />21 rue Véron<br />75018 PARIS<br />France<br />+33(0)7 81 61 21 57','','2019-04-16 19:38:53'),(130,130,264,288,'2019-04-16 19:45:38',0.000000,0.000000,1500.000000,1500.000000,1500.000000,1500.000000,0.000000,0.000000,0,0.000000,0.000000,'Galerie Joël Knafo<br />182 rue du Faubourg Saint-Honoré<br />75008 PARIS<br />France<br />33(0)7 81 58 06 07','','2019-04-16 19:45:11'),(131,131,265,289,'2019-04-16 20:02:28',0.000000,0.000000,2000.000000,2000.000000,2000.000000,2000.000000,0.000000,0.000000,0,0.000000,0.000000,'Galerie Joël Knafo<br />182 rue du Faubourg Saint-Honoré<br />75008 PARIS<br />France<br />33(0)7 81 58 06 07','','2019-04-16 20:02:12'),(132,132,266,290,'2019-04-16 21:23:15',0.000000,0.000000,100.000000,120.000000,100.000000,120.000000,0.000000,0.000000,0,0.000000,0.000000,'Galerie Joël Knafo<br />182 rue du Faubourg Saint-Honoré<br />75008 PARIS<br />France<br />33(0)7 81 58 06 07','','2019-04-16 21:23:00'),(133,133,267,300,'2019-05-11 15:40:06',0.000000,0.000000,900.000000,900.000000,900.000000,900.000000,0.000000,0.000000,0,0.000000,0.000000,'Galerie Joël Knafo<br />182 rue du Faubourg Saint-Honoré<br />75008 PARIS<br />France<br />33(0)7 81 58 06 07','','2019-04-16 21:26:40'),(134,134,268,309,'2019-05-15 18:14:22',0.000000,0.000000,3500.000000,3500.000000,3500.000000,3500.000000,0.000000,0.000000,0,0.000000,0.000000,'Galerie Joël Knafo<br />182 rue du Faubourg Saint-Honoré<br />75008 PARIS<br />France<br />33(0)7 81 58 06 07','','2019-04-16 21:39:07'),(135,135,269,291,'2019-04-17 12:41:59',0.000000,0.000000,750.000000,750.000000,750.000000,750.000000,0.000000,0.000000,0,0.000000,0.000000,'Galerie Joël Knafo<br />182 rue du Faubourg Saint-Honoré<br />75008 PARIS<br />France<br />33(0)7 81 58 06 07','','2019-04-17 12:41:23'),(136,136,270,293,'2019-04-17 14:37:04',0.000000,0.000000,750.000000,750.000000,750.000000,750.000000,0.000000,0.000000,0,0.000000,0.000000,'Galerie Joël Knafo<br />182 rue du Faubourg Saint-Honoré<br />75008 PARIS<br />France<br />33(0)7 81 58 06 07','','2019-04-17 12:45:39'),(137,137,341,333,'2019-04-17 13:04:34',0.000000,0.000000,500.000000,600.000000,500.000000,600.000000,0.000000,0.000000,0,0.000000,0.000000,'Litho.Online<br />21 rue Véron<br />75018 PARIS<br />France<br />+33(0)7 81 61 21 57','','2019-04-17 13:03:47'),(138,138,271,292,'2019-04-17 14:30:11',0.000000,0.000000,1700.000000,1700.000000,1700.000000,1700.000000,0.000000,0.000000,0,0.000000,0.000000,'Galerie Joël Knafo<br />182 rue du Faubourg Saint-Honoré<br />75008 PARIS<br />France<br />33(0)7 81 58 06 07','','2019-04-17 14:29:50'),(139,139,342,0,'0000-00-00 00:00:00',0.000000,0.000000,7460.620000,8892.000000,7460.620000,8892.000000,0.000000,0.000000,0,0.000000,0.000000,'Litho.Online<br />21 rue Véron<br />75018 PARIS<br />France<br />+33(0)7 81 61 21 57','','2019-04-17 17:57:09'),(140,140,343,0,'0000-00-00 00:00:00',0.000000,0.000000,1200.000000,1440.000000,1200.000000,1440.000000,0.000000,0.000000,0,0.000000,0.000000,'Litho.Online<br />21 rue Véron<br />75018 PARIS<br />France<br />+33(0)7 81 61 21 57','','2019-04-17 18:37:56'),(141,141,272,297,'2019-05-07 15:23:50',0.000000,0.000000,4000.000000,4000.000000,4000.000000,4000.000000,0.000000,0.000000,0,0.000000,0.000000,'Galerie Joël Knafo<br />182 rue du Faubourg Saint-Honoré<br />75008 PARIS<br />France<br />33(0)7 81 58 06 07','','2019-04-17 18:47:53'),(142,142,344,334,'2019-04-18 12:11:14',0.000000,0.000000,1700.000000,1700.000000,1700.000000,1700.000000,0.000000,0.000000,0,0.000000,0.000000,'Litho.Online<br />21 rue Véron<br />75018 PARIS<br />France<br />+33(0)7 81 61 21 57','Paiement en plusieurs chèques','2019-04-18 12:10:48'),(143,143,273,294,'2019-04-23 16:51:43',0.000000,0.000000,750.000000,750.000000,750.000000,750.000000,0.000000,0.000000,0,0.000000,0.000000,'Galerie Joël Knafo<br />182 rue du Faubourg Saint-Honoré<br />75008 PARIS<br />France<br />33(0)7 81 58 06 07','','2019-04-18 14:34:26'),(144,144,274,321,'2019-05-20 14:24:14',0.000000,0.000000,2500.000000,2500.000000,2500.000000,2500.000000,0.000000,0.000000,0,0.000000,0.000000,'Galerie Joël Knafo<br />182 rue du Faubourg Saint-Honoré<br />75008 PARIS<br />France<br />33(0)7 81 58 06 07','','2019-04-18 15:50:25'),(145,145,345,339,'2019-04-19 16:22:20',0.000000,0.000000,316.670000,380.000000,316.670000,380.000000,0.000000,0.000000,0,0.000000,0.000000,'Litho.Online<br />21 rue Véron<br />75018 PARIS<br />France<br />+33(0)7 81 61 21 57','','2019-04-18 17:17:03'),(146,146,346,335,'2019-04-18 17:41:18',0.000000,0.000000,100.000000,120.000000,100.000000,120.000000,0.000000,0.000000,0,0.000000,0.000000,'Litho.Online<br />21 rue Véron<br />75018 PARIS<br />France<br />+33(0)7 81 61 21 57','','2019-04-18 17:41:01'),(147,147,347,343,'2019-04-26 13:47:56',0.000000,0.000000,383.330000,460.000000,383.330000,460.000000,0.000000,0.000000,0,0.000000,0.000000,'Litho.Online<br />21 rue Véron<br />75018 PARIS<br />France<br />+33(0)7 81 61 21 57','','2019-04-18 17:45:25'),(148,148,348,345,'2019-04-27 19:05:45',0.000000,0.000000,500.000000,600.000000,500.000000,600.000000,0.000000,0.000000,0,0.000000,0.000000,'Litho.Online<br />21 rue Véron<br />75018 PARIS<br />France<br />+33(0)7 81 61 21 57','','2019-04-18 18:25:35'),(149,149,349,342,'2019-04-26 13:19:23',0.000000,0.000000,208.330000,250.000000,208.330000,250.000000,0.000000,0.000000,0,0.000000,0.000000,'Litho.Online<br />21 rue Véron<br />75018 PARIS<br />France<br />+33(0)7 81 61 21 57','','2019-04-20 09:40:02'),(150,150,350,0,'0000-00-00 00:00:00',0.000000,0.000000,333.330000,400.000000,333.330000,400.000000,0.000000,0.000000,0,0.000000,0.000000,'Litho.Online<br />21 rue Véron<br />75018 PARIS<br />France<br />+33(0)7 81 61 21 57','','2019-04-20 16:02:43'),(151,151,275,0,'0000-00-00 00:00:00',0.000000,0.000000,2300.000000,2300.000000,2300.000000,2300.000000,0.000000,0.000000,0,0.000000,0.000000,'Galerie Joël Knafo<br />182 rue du Faubourg Saint-Honoré<br />75008 PARIS<br />France<br />33(0)7 81 58 06 07','','2019-04-24 12:19:09'),(152,152,276,295,'2019-04-24 17:40:38',0.000000,0.000000,3600.000000,3600.000000,3600.000000,3600.000000,0.000000,0.000000,0,0.000000,0.000000,'Galerie Joël Knafo<br />182 rue du Faubourg Saint-Honoré<br />75008 PARIS<br />France<br />33(0)7 81 58 06 07','','2019-04-24 17:40:38'),(153,153,277,296,'2019-04-24 17:50:03',0.000000,0.000000,300.000000,300.000000,300.000000,300.000000,0.000000,0.000000,0,0.000000,0.000000,'Galerie Joël Knafo<br />182 rue du Faubourg Saint-Honoré<br />75008 PARIS<br />France<br />33(0)7 81 58 06 07','','2019-04-24 17:49:07'),(154,154,351,344,'2019-04-26 17:09:49',0.000000,0.000000,758.330000,910.000000,758.330000,910.000000,0.000000,0.000000,0,0.000000,0.000000,'Litho.Online<br />21 rue Véron<br />75018 PARIS<br />France<br />+33(0)7 81 61 21 57','','2019-04-25 13:59:02'),(155,155,352,341,'2019-04-25 16:54:54',0.000000,0.000000,337.500000,405.000000,337.500000,405.000000,0.000000,0.000000,0,0.000000,0.000000,'Litho.Online<br />21 rue Véron<br />75018 PARIS<br />France<br />+33(0)7 81 61 21 57','','2019-04-25 16:54:22'),(156,156,353,346,'2019-04-27 20:14:14',0.000000,0.000000,1511.250000,1813.500000,1511.250000,1813.500000,0.000000,0.000000,0,0.000000,0.000000,'Litho.Online<br />21 rue Véron<br />75018 PARIS<br />France<br />+33(0)7 81 61 21 57','','2019-04-27 20:13:46'),(157,157,354,347,'2019-05-03 13:31:12',0.000000,0.000000,162.500000,195.000000,162.500000,195.000000,0.000000,0.000000,0,0.000000,0.000000,'Litho.Online<br />21 rue Véron<br />75018 PARIS<br />France<br />+33(0)7 81 61 21 57','','2019-05-02 12:09:18'),(158,158,355,348,'2019-05-03 13:52:04',0.000000,0.000000,208.330000,250.000000,208.330000,250.000000,0.000000,0.000000,0,0.000000,0.000000,'Litho.Online<br />21 rue Véron<br />75018 PARIS<br />France<br />+33(0)7 81 61 21 57','','2019-05-03 13:51:48'),(159,159,356,0,'0000-00-00 00:00:00',0.000000,0.000000,585.410000,675.000000,585.410000,675.000000,0.000000,0.000000,0,0.000000,0.000000,'Litho.Online<br />21 rue Véron<br />75018 PARIS<br />France<br />+33(0)7 81 61 21 57','','2019-05-03 17:28:30'),(160,160,357,349,'2019-05-06 11:42:14',0.000000,0.000000,183.330000,220.000000,183.330000,220.000000,0.000000,0.000000,0,0.000000,0.000000,'Litho.Online<br />21 rue Véron<br />75018 PARIS<br />France<br />+33(0)7 81 61 21 57','','2019-05-04 15:44:28'),(161,161,358,349,'2019-05-06 11:42:14',0.000000,0.000000,175.000000,210.000000,162.500000,195.000000,12.500000,15.000000,0,0.000000,0.000000,'Litho.Online<br />21 rue Véron<br />75018 PARIS<br />France<br />+33(0)7 81 61 21 57','','2019-05-04 17:02:36'),(162,162,359,350,'2019-05-07 18:56:16',0.000000,0.000000,112.500000,135.000000,100.000000,120.000000,12.500000,15.000000,0,0.000000,0.000000,'Litho.Online<br />21 rue Véron<br />75018 PARIS<br />France<br />+33(0)7 81 61 21 57','','2019-05-06 22:21:12'),(163,163,360,351,'2019-05-09 18:17:31',0.000000,0.000000,180.840000,217.000000,180.840000,217.000000,0.000000,0.000000,0,0.000000,0.000000,'Litho.Online<br />21 rue Véron<br />75018 PARIS<br />France<br />+33(0)7 81 61 21 57','','2019-05-09 13:41:35'),(164,165,361,353,'2019-05-10 14:55:10',0.000000,0.000000,1083.330000,1300.000000,1083.330000,1300.000000,0.000000,0.000000,0,0.000000,0.000000,'Litho.Online<br />21 rue Véron<br />75018 PARIS<br />France<br />+33(0)7 81 61 21 57','','2019-05-10 14:54:45'),(165,166,362,354,'2019-05-13 10:46:22',0.000000,0.000000,70.800000,70.800000,50.000000,50.000000,20.800000,20.800000,0,0.000000,0.000000,'Litho.Online<br />21 rue Véron<br />75018 PARIS<br />France<br />+33(0)7 81 61 21 57','','2019-05-11 10:27:57'),(166,167,278,304,'2019-05-12 14:25:05',0.000000,0.000000,50.000000,60.000000,50.000000,60.000000,0.000000,0.000000,0,0.000000,0.000000,'Galerie Joël Knafo<br />182 rue du Faubourg Saint-Honoré<br />75008 PARIS<br />France<br />33(0)7 81 58 06 07','','2019-05-11 14:39:41'),(167,164,279,301,'2019-05-11 18:03:36',0.000000,0.000000,800.000000,800.000000,800.000000,800.000000,0.000000,0.000000,0,0.000000,0.000000,'Galerie Joël Knafo<br />182 rue du Faubourg Saint-Honoré<br />75008 PARIS<br />France<br />33(0)7 81 58 06 07','','2019-05-11 18:03:36'),(168,168,280,305,'2019-05-12 20:21:21',0.000000,0.000000,1400.000000,1400.000000,1400.000000,1400.000000,0.000000,0.000000,0,0.000000,0.000000,'Galerie Joël Knafo<br />182 rue du Faubourg Saint-Honoré<br />75008 PARIS<br />France<br />33(0)7 81 58 06 07','','2019-05-12 20:21:00'),(169,169,281,306,'2019-05-12 20:26:29',0.000000,0.000000,700.000000,700.000000,700.000000,700.000000,0.000000,0.000000,0,0.000000,0.000000,'Galerie Joël Knafo<br />182 rue du Faubourg Saint-Honoré<br />75008 PARIS<br />France<br />33(0)7 81 58 06 07','','2019-05-12 20:26:29'),(170,170,282,307,'2019-05-12 20:30:31',0.000000,0.000000,800.000000,810.000000,800.000000,810.000000,0.000000,0.000000,0,0.000000,0.000000,'Galerie Joël Knafo<br />182 rue du Faubourg Saint-Honoré<br />75008 PARIS<br />France<br />33(0)7 81 58 06 07','','2019-05-12 20:30:31'),(171,171,283,308,'2019-05-12 20:44:57',0.000000,0.000000,4800.000000,4800.000000,4800.000000,4800.000000,0.000000,0.000000,0,0.000000,0.000000,'Galerie Joël Knafo<br />182 rue du Faubourg Saint-Honoré<br />75008 PARIS<br />France<br />33(0)7 81 58 06 07','','2019-05-12 20:44:57'),(172,172,284,314,'2019-05-16 01:02:59',0.000000,0.000000,200.000000,240.000000,200.000000,240.000000,0.000000,0.000000,0,0.000000,0.000000,'Galerie Joël Knafo<br />182 rue du Faubourg Saint-Honoré<br />75008 PARIS<br />France<br />33(0)7 81 58 06 07','','2019-05-13 22:51:51'),(173,173,285,313,'2019-05-15 19:55:45',0.000000,0.000000,2800.000000,2800.000000,2800.000000,2800.000000,0.000000,0.000000,0,0.000000,0.000000,'Galerie Joël Knafo<br />182 rue du Faubourg Saint-Honoré<br />75008 PARIS<br />France<br />33(0)7 81 58 06 07','','2019-05-15 19:55:44'),(174,174,363,359,'2019-05-18 13:45:37',0.000000,0.000000,90.000000,108.000000,90.000000,108.000000,0.000000,0.000000,0,0.000000,0.000000,'Litho.Online<br />21 rue Véron<br />75018 PARIS<br />France<br />+33(0)7 81 61 21 57','','2019-05-16 15:36:59'),(175,175,364,355,'2019-05-16 15:48:06',0.000000,0.000000,119.170000,143.000000,119.170000,143.000000,0.000000,0.000000,0,0.000000,0.000000,'Litho.Online<br />21 rue Véron<br />75018 PARIS<br />France<br />+33(0)7 81 61 21 57','','2019-05-16 15:47:48'),(176,176,365,360,'2019-05-20 19:00:26',0.000000,0.000000,112.500000,135.000000,100.000000,120.000000,12.500000,15.000000,0,0.000000,0.000000,'Litho.Online<br />21 rue Véron<br />75018 PARIS<br />France<br />+33(0)7 81 61 21 57','','2019-05-16 17:09:31'),(177,177,286,315,'2019-05-17 11:47:24',0.000000,0.000000,900.000000,900.000000,900.000000,900.000000,0.000000,0.000000,0,0.000000,0.000000,'Galerie Joël Knafo<br />182 rue du Faubourg Saint-Honoré<br />75008 PARIS<br />France<br />33(0)7 81 58 06 07','','2019-05-17 11:46:49'),(178,178,366,356,'2019-05-17 12:04:44',0.000000,0.000000,1000.000000,1200.000000,1000.000000,1200.000000,0.000000,0.000000,0,0.000000,0.000000,'Litho.Online<br />21 rue Véron<br />75018 PARIS<br />France<br />+33(0)7 81 61 21 57','','2019-05-17 12:04:22'),(179,179,287,316,'2019-05-17 12:49:06',0.000000,0.000000,566.670000,680.000000,566.670000,680.000000,0.000000,0.000000,0,0.000000,0.000000,'Galerie Joël Knafo<br />182 rue du Faubourg Saint-Honoré<br />75008 PARIS<br />France<br />33(0)7 81 58 06 07','','2019-05-17 12:48:55'),(180,180,367,357,'2019-05-17 14:15:37',0.000000,0.000000,100.000000,120.000000,100.000000,120.000000,0.000000,0.000000,0,0.000000,0.000000,'Litho.Online<br />21 rue Véron<br />75018 PARIS<br />France<br />+33(0)7 81 61 21 57','','2019-05-17 14:15:37'),(181,181,368,358,'2019-05-17 15:53:24',0.000000,0.000000,166.670000,200.000000,166.670000,200.000000,0.000000,0.000000,0,0.000000,0.000000,'Litho.Online<br />21 rue Véron<br />75018 PARIS<br />France<br />+33(0)7 81 61 21 57','','2019-05-17 15:53:24'),(182,182,288,0,'0000-00-00 00:00:00',0.000000,0.000000,900.000000,900.000000,900.000000,900.000000,0.000000,0.000000,0,0.000000,0.000000,'Galerie Joël Knafo<br />182 rue du Faubourg Saint-Honoré<br />75008 PARIS<br />France<br />33(0)7 81 58 06 07','','2019-05-17 16:58:25'),(183,183,289,322,'2019-05-20 18:56:33',0.000000,0.000000,120.000000,140.000000,100.000000,120.000000,20.000000,20.000000,0,0.000000,0.000000,'Galerie Joël Knafo<br />182 rue du Faubourg Saint-Honoré<br />75008 PARIS<br />France<br />33(0)7 81 58 06 07','','2019-05-17 18:20:22'),(184,185,290,328,'2019-05-28 12:58:47',0.000000,0.000000,666.670000,666.670000,666.670000,666.670000,0.000000,0.000000,0,0.000000,0.000000,'Galerie Joël Knafo<br />182 rue du Faubourg Saint-Honoré<br />75008 PARIS<br />France<br />33(0)7 81 58 06 07','','2019-05-18 15:42:39'),(185,184,291,329,'2019-05-28 13:00:44',0.000000,0.000000,100.000000,120.000000,100.000000,120.000000,0.000000,0.000000,0,0.000000,0.000000,'Galerie Joël Knafo<br />182 rue du Faubourg Saint-Honoré<br />75008 PARIS<br />France<br />33(0)7 81 58 06 07','','2019-05-18 15:42:39'),(186,186,292,317,'2019-05-18 16:19:47',0.000000,0.000000,3900.000000,3900.000000,3500.000000,3500.000000,400.000000,400.000000,0,0.000000,0.000000,'Galerie Joël Knafo<br />182 rue du Faubourg Saint-Honoré<br />75008 PARIS<br />France<br />33(0)7 81 58 06 07','','2019-05-18 16:14:12'),(187,187,369,397,'2019-06-29 13:40:29',0.000000,0.000000,333.330000,400.000000,333.330000,400.000000,0.000000,0.000000,0,0.000000,0.000000,'Litho.Online<br />21 rue Véron<br />75018 PARIS<br />France<br />+33(0)7 81 61 21 57','','2019-05-18 16:50:42'),(188,188,293,320,'2019-05-20 14:18:27',0.000000,0.000000,200.000000,240.000000,200.000000,240.000000,0.000000,0.000000,0,0.000000,0.000000,'Galerie Joël Knafo<br />182 rue du Faubourg Saint-Honoré<br />75008 PARIS<br />France<br />33(0)7 81 58 06 07','','2019-05-19 16:17:53'),(189,189,294,318,'2019-05-20 14:16:07',0.000000,0.000000,300.000000,360.000000,300.000000,360.000000,0.000000,0.000000,0,0.000000,0.000000,'Galerie Joël Knafo<br />182 rue du Faubourg Saint-Honoré<br />75008 PARIS<br />France<br />33(0)7 81 58 06 07','','2019-05-20 14:15:46'),(190,190,295,319,'2019-05-20 14:18:05',0.000000,0.000000,300.000000,360.000000,300.000000,360.000000,0.000000,0.000000,0,0.000000,0.000000,'Galerie Joël Knafo<br />182 rue du Faubourg Saint-Honoré<br />75008 PARIS<br />France<br />33(0)7 81 58 06 07','','2019-05-20 14:17:39'),(191,191,370,361,'2019-05-23 18:50:03',0.000000,0.000000,90.000000,108.000000,90.000000,108.000000,0.000000,0.000000,0,0.000000,0.000000,'Litho.Online<br />21 rue Véron<br />75018 PARIS<br />France<br />+33(0)7 81 61 21 57','','2019-05-23 13:59:52'),(192,192,371,362,'2019-05-24 16:55:54',0.000000,0.000000,90.000000,108.000000,90.000000,108.000000,0.000000,0.000000,0,0.000000,0.000000,'Litho.Online<br />21 rue Véron<br />75018 PARIS<br />France<br />+33(0)7 81 61 21 57','','2019-05-23 14:02:47'),(193,193,296,324,'2019-05-24 11:30:32',0.000000,0.000000,300.000000,360.000000,300.000000,360.000000,0.000000,0.000000,0,0.000000,0.000000,'Galerie Joël Knafo<br />182 rue du Faubourg Saint-Honoré<br />75008 PARIS<br />France<br />33(0)7 81 58 06 07','','2019-05-23 19:17:51'),(194,194,297,323,'2019-05-24 11:22:18',0.000000,0.000000,666.670000,800.000000,666.670000,800.000000,0.000000,0.000000,0,0.000000,0.000000,'Galerie Joël Knafo<br />182 rue du Faubourg Saint-Honoré<br />75008 PARIS<br />France<br />33(0)7 81 58 06 07','','2019-05-24 11:22:01'),(195,195,298,0,'0000-00-00 00:00:00',0.000000,0.000000,6500.000000,6500.000000,6500.000000,6500.000000,0.000000,0.000000,0,0.000000,0.000000,'Galerie Joël Knafo<br />182 rue du Faubourg Saint-Honoré<br />75008 PARIS<br />France<br />33(0)7 81 58 06 07','','2019-05-24 11:29:16'),(196,196,299,326,'2019-05-28 12:51:01',0.000000,0.000000,100.000000,120.000000,100.000000,120.000000,0.000000,0.000000,0,0.000000,0.000000,'Galerie Joël Knafo<br />182 rue du Faubourg Saint-Honoré<br />75008 PARIS<br />France<br />33(0)7 81 58 06 07','','2019-05-24 15:45:58'),(197,197,300,325,'2019-05-24 16:59:33',0.000000,0.000000,108.330000,130.000000,108.330000,130.000000,0.000000,0.000000,0,0.000000,0.000000,'Galerie Joël Knafo<br />182 rue du Faubourg Saint-Honoré<br />75008 PARIS<br />France<br />33(0)7 81 58 06 07','','2019-05-24 16:59:13'),(198,198,372,363,'2019-05-24 17:02:03',0.000000,0.000000,108.330000,130.000000,108.330000,130.000000,0.000000,0.000000,0,0.000000,0.000000,'Litho.Online<br />21 rue Véron<br />75018 PARIS<br />France<br />+33(0)7 81 61 21 57','','2019-05-24 17:01:22'),(199,199,301,327,'2019-05-28 12:51:28',0.000000,0.000000,100.000000,100.000000,100.000000,100.000000,0.000000,0.000000,0,0.000000,0.000000,'Galerie Joël Knafo<br />182 rue du Faubourg Saint-Honoré<br />75008 PARIS<br />France<br />33(0)7 81 58 06 07','','2019-05-25 13:47:47'),(200,200,373,364,'2019-05-29 12:51:16',12.500000,15.000000,183.330000,220.000000,183.330000,220.000000,12.500000,15.000000,0,0.000000,0.000000,'Litho.Online<br />21 rue Véron<br />75018 PARIS<br />France<br />+33(0)7 81 61 21 57','','2019-05-25 16:20:50'),(201,201,302,336,'2019-06-18 11:31:47',0.000000,0.000000,45.000000,45.000000,45.000000,45.000000,0.000000,0.000000,0,0.000000,0.000000,'Galerie Joël Knafo<br />182 rue du Faubourg Saint-Honoré<br />75008 PARIS<br />France<br />33(0)7 81 58 06 07','','2019-05-27 15:59:06'),(202,202,303,337,'2019-06-18 12:56:19',0.000000,0.000000,16.670000,20.000000,16.670000,20.000000,0.000000,0.000000,0,0.000000,0.000000,'Galerie Joël Knafo<br />182 rue du Faubourg Saint-Honoré<br />75008 PARIS<br />France<br />33(0)7 81 58 06 07','','2019-05-27 18:00:29'),(203,203,374,387,'2019-06-18 12:55:09',0.000000,0.000000,208.330000,250.000000,208.330000,250.000000,0.000000,0.000000,0,0.000000,0.000000,'Litho.Online<br />21 rue Véron<br />75018 PARIS<br />France<br />+33(0)7 81 61 21 57','','2019-05-28 18:43:14'),(204,205,375,379,'2019-06-11 11:40:35',0.000000,0.000000,242.630000,242.630000,208.330000,208.330000,34.300000,34.300000,0,0.000000,0.000000,'Litho.Online<br />21 rue Véron<br />75018 PARIS<br />France<br />+33(0)7 81 61 21 57','','2019-05-29 05:19:52'),(205,206,376,0,'0000-00-00 00:00:00',0.000000,0.000000,242.630000,242.630000,208.330000,208.330000,34.300000,34.300000,0,0.000000,0.000000,'Litho.Online<br />21 rue Véron<br />75018 PARIS<br />France<br />+33(0)7 81 61 21 57','','2019-05-29 11:38:33'),(206,204,377,395,'2019-06-28 17:05:12',0.000000,0.000000,208.330000,250.000000,208.330000,250.000000,0.000000,0.000000,0,0.000000,0.000000,'Litho.Online<br />21 rue Véron<br />75018 PARIS<br />France<br />+33(0)7 81 61 21 57','','2019-05-29 11:38:34'),(207,207,304,331,'2019-05-31 18:59:06',0.000000,0.000000,120.000000,140.000000,100.000000,120.000000,20.000000,20.000000,0,0.000000,0.000000,'Galerie Joël Knafo<br />182 rue du Faubourg Saint-Honoré<br />75008 PARIS<br />France<br />33(0)7 81 58 06 07','','2019-05-29 18:23:23'),(208,208,305,334,'2019-06-17 17:54:58',0.000000,0.000000,2000.000000,2000.000000,2000.000000,2000.000000,0.000000,0.000000,0,0.000000,0.000000,'Galerie Joël Knafo<br />182 rue du Faubourg Saint-Honoré<br />75008 PARIS<br />France<br />33(0)7 81 58 06 07','','2019-05-29 18:39:48'),(209,209,306,330,'2019-05-29 18:50:25',0.000000,0.000000,300.000000,360.000000,300.000000,360.000000,0.000000,0.000000,0,0.000000,0.000000,'Galerie Joël Knafo<br />182 rue du Faubourg Saint-Honoré<br />75008 PARIS<br />France<br />33(0)7 81 58 06 07','','2019-05-29 18:46:40'),(210,210,378,365,'2019-05-29 18:55:04',0.000000,0.000000,162.500000,195.000000,162.500000,195.000000,0.000000,0.000000,0,0.000000,0.000000,'Litho.Online<br />21 rue Véron<br />75018 PARIS<br />France<br />+33(0)7 81 61 21 57','','2019-05-29 18:54:22'),(211,212,379,378,'2019-06-11 11:39:45',0.000000,0.000000,242.630000,291.160000,208.330000,250.000000,34.300000,41.160000,0,0.000000,0.000000,'Litho.Online<br />21 rue Véron<br />75018 PARIS<br />France<br />+33(0)7 81 61 21 57','','2019-05-30 13:49:50'),(212,213,380,0,'0000-00-00 00:00:00',0.000000,0.000000,242.630000,291.160000,208.330000,250.000000,34.300000,41.160000,0,0.000000,0.000000,'Litho.Online<br />21 rue Véron<br />75018 PARIS<br />France<br />+33(0)7 81 61 21 57','','2019-05-30 14:21:18'),(213,211,381,372,'2019-06-06 18:28:05',0.000000,0.000000,220.830000,265.000000,208.330000,250.000000,12.500000,15.000000,0,0.000000,0.000000,'Litho.Online<br />21 rue Véron<br />75018 PARIS<br />France<br />+33(0)7 81 61 21 57','','2019-05-30 14:21:19'),(214,216,382,374,'2019-06-06 19:27:25',0.000000,0.000000,220.830000,265.000000,208.330000,250.000000,12.500000,15.000000,0,0.000000,0.000000,'Litho.Online<br />21 rue Véron<br />75018 PARIS<br />France<br />+33(0)7 81 61 21 57','','2019-05-30 23:11:10'),(215,217,383,371,'2019-06-06 16:13:46',0.000000,0.000000,208.330000,250.000000,208.330000,250.000000,0.000000,0.000000,0,0.000000,0.000000,'Litho.Online<br />21 rue Véron<br />75018 PARIS<br />France<br />+33(0)7 81 61 21 57','','2019-05-30 23:35:29'),(216,218,384,367,'2019-06-02 16:49:55',0.000000,0.000000,208.330000,250.000000,208.330000,250.000000,0.000000,0.000000,0,0.000000,0.000000,'Litho.Online<br />21 rue Véron<br />75018 PARIS<br />France<br />+33(0)7 81 61 21 57','','2019-05-31 07:45:49'),(217,215,385,373,'2019-06-06 18:28:10',0.000000,0.000000,220.830000,265.000000,208.330000,250.000000,12.500000,15.000000,0,0.000000,0.000000,'Litho.Online<br />21 rue Véron<br />75018 PARIS<br />France<br />+33(0)7 81 61 21 57','','2019-05-31 11:15:32'),(218,214,386,375,'2019-06-06 19:27:35',0.000000,0.000000,429.170000,515.000000,416.670000,500.000000,12.500000,15.000000,0,0.000000,0.000000,'Litho.Online<br />21 rue Véron<br />75018 PARIS<br />France<br />+33(0)7 81 61 21 57','','2019-05-31 11:15:33'),(219,219,387,366,'2019-06-01 10:02:31',0.000000,0.000000,83.330000,100.000000,83.330000,100.000000,0.000000,0.000000,0,0.000000,0.000000,'Litho.Online<br />21 rue Véron<br />75018 PARIS<br />France<br />+33(0)7 81 61 21 57','','2019-05-31 13:17:34'),(220,220,388,368,'2019-06-02 17:13:59',0.000000,0.000000,208.330000,250.000000,208.330000,250.000000,0.000000,0.000000,0,0.000000,0.000000,'Litho.Online<br />21 rue Véron<br />75018 PARIS<br />France<br />+33(0)7 81 61 21 57','','2019-05-31 15:13:13'),(221,221,389,0,'0000-00-00 00:00:00',0.000000,0.000000,208.330000,250.000000,208.330000,250.000000,0.000000,0.000000,0,0.000000,0.000000,'Litho.Online<br />21 rue Véron<br />75018 PARIS<br />France<br />+33(0)7 81 61 21 57','','2019-05-31 16:25:54'),(222,222,390,369,'2019-06-03 13:53:54',0.000000,0.000000,170.830000,205.000000,170.830000,205.000000,0.000000,0.000000,0,0.000000,0.000000,'Litho.Online<br />21 rue Véron<br />75018 PARIS<br />France<br />+33(0)7 81 61 21 57','','2019-06-01 09:52:54'),(223,223,307,332,'2019-06-01 17:17:19',0.000000,0.000000,400.000000,480.000000,400.000000,480.000000,0.000000,0.000000,0,0.000000,0.000000,'Galerie Joël Knafo<br />182 rue du Faubourg Saint-Honoré<br />75008 PARIS<br />France<br />33(0)7 81 58 06 07','','2019-06-01 17:11:20'),(224,224,391,377,'2019-06-11 11:39:10',0.000000,0.000000,220.830000,265.000000,208.330000,250.000000,12.500000,15.000000,0,0.000000,0.000000,'Litho.Online<br />21 rue Véron<br />75018 PARIS<br />France<br />+33(0)7 81 61 21 57','','2019-06-03 11:44:51'),(225,225,392,389,'2019-06-24 16:28:21',0.000000,0.000000,1780.000000,1780.000000,1780.000000,1780.000000,0.000000,0.000000,0,0.000000,0.000000,'Litho.Online<br />21 rue Véron<br />75018 PARIS<br />France<br />+33(0)7 81 61 21 57','','2019-06-03 11:54:33'),(226,226,393,370,'2019-06-06 16:04:42',0.000000,0.000000,208.330000,250.000000,208.330000,250.000000,0.000000,0.000000,0,0.000000,0.000000,'Litho.Online<br />21 rue Véron<br />75018 PARIS<br />France<br />+33(0)7 81 61 21 57','','2019-06-03 18:10:56'),(227,227,394,0,'0000-00-00 00:00:00',0.000000,0.000000,640.940000,765.000000,640.940000,765.000000,0.000000,0.000000,0,0.000000,0.000000,'Litho.Online<br />21 rue Véron<br />75018 PARIS<br />France<br />+33(0)7 81 61 21 57','','2019-06-05 16:40:01'),(228,228,308,333,'2019-06-06 11:47:56',0.000000,0.000000,100.000000,120.000000,100.000000,120.000000,0.000000,0.000000,0,0.000000,0.000000,'Galerie Joël Knafo<br />182 rue du Faubourg Saint-Honoré<br />75008 PARIS<br />France<br />33(0)7 81 58 06 07','','2019-06-05 22:26:41'),(229,229,395,0,'0000-00-00 00:00:00',0.000000,0.000000,416.670000,500.000000,416.670000,500.000000,0.000000,0.000000,0,0.000000,0.000000,'Litho.Online<br />21 rue Véron<br />75018 PARIS<br />France<br />+33(0)7 81 61 21 57','','2019-06-06 15:34:06'),(230,230,396,376,'2019-06-07 16:13:14',0.000000,0.000000,16.670000,20.000000,16.670000,20.000000,0.000000,0.000000,0,0.000000,0.000000,'Litho.Online<br />21 rue Véron<br />75018 PARIS<br />France<br />+33(0)7 81 61 21 57','','2019-06-07 16:12:33'),(231,231,397,0,'0000-00-00 00:00:00',0.000000,0.000000,416.670000,500.000000,416.670000,500.000000,0.000000,0.000000,0,0.000000,0.000000,'Litho.Online<br />21 rue Véron<br />75018 PARIS<br />France<br />+33(0)7 81 61 21 57','','2019-06-07 17:51:28'),(232,232,398,380,'2019-06-13 18:39:08',0.000000,0.000000,179.170000,215.000000,179.170000,215.000000,0.000000,0.000000,0,0.000000,0.000000,'Litho.Online<br />21 rue Véron<br />75018 PARIS<br />France<br />+33(0)7 81 61 21 57','','2019-06-08 14:54:11'),(233,233,399,390,'2019-06-27 15:04:44',0.000000,0.000000,30.000000,30.000000,30.000000,30.000000,0.000000,0.000000,0,0.000000,0.000000,'Litho.Online<br />21 rue Véron<br />75018 PARIS<br />France<br />+33(0)7 81 61 21 57','','2019-06-11 11:30:25'),(234,234,309,335,'2019-06-18 11:31:28',0.000000,0.000000,170.000000,170.000000,170.000000,170.000000,0.000000,0.000000,0,0.000000,0.000000,'Galerie Joël Knafo<br />182 rue du Faubourg Saint-Honoré<br />75008 PARIS<br />France<br />33(0)7 81 58 06 07','','2019-06-11 21:44:10'),(235,235,400,398,'2019-06-29 16:43:31',0.000000,0.000000,100.000000,120.000000,100.000000,120.000000,0.000000,0.000000,0,0.000000,0.000000,'Litho.Online<br />21 rue Véron<br />75018 PARIS<br />France<br />+33(0)7 81 61 21 57','','2019-06-13 15:49:28'),(236,236,401,381,'2019-06-14 14:17:18',0.000000,0.000000,226.660000,272.000000,226.660000,272.000000,0.000000,0.000000,0,0.000000,0.000000,'Litho.Online<br />21 rue Véron<br />75018 PARIS<br />France<br />+33(0)7 81 61 21 57','','2019-06-13 16:02:46'),(237,238,402,382,'2019-06-14 15:54:12',0.000000,0.000000,220.830000,265.000000,208.330000,250.000000,12.500000,15.000000,0,0.000000,0.000000,'Litho.Online<br />21 rue Véron<br />75018 PARIS<br />France<br />+33(0)7 81 61 21 57','','2019-06-14 11:56:24'),(238,237,403,383,'2019-06-14 16:06:28',0.000000,0.000000,112.500000,135.000000,100.000000,120.000000,12.500000,15.000000,0,0.000000,0.000000,'Litho.Online<br />21 rue Véron<br />75018 PARIS<br />France<br />+33(0)7 81 61 21 57','','2019-06-14 13:56:13'),(239,239,404,384,'2019-06-15 16:31:30',0.000000,0.000000,166.670000,200.000000,166.670000,200.000000,0.000000,0.000000,0,0.000000,0.000000,'Litho.Online<br />21 rue Véron<br />75018 PARIS<br />France<br />+33(0)7 81 61 21 57','','2019-06-15 16:24:09'),(240,240,405,385,'2019-06-15 16:46:05',0.000000,0.000000,16.660000,20.000000,16.660000,20.000000,0.000000,0.000000,0,0.000000,0.000000,'Litho.Online<br />21 rue Véron<br />75018 PARIS<br />France<br />+33(0)7 81 61 21 57','','2019-06-15 16:35:46'),(241,241,406,386,'2019-06-18 11:20:31',0.000000,0.000000,287.500000,345.000000,275.000000,330.000000,12.500000,15.000000,0,0.000000,0.000000,'Litho.Online<br />21 rue Véron<br />75018 PARIS<br />France<br />+33(0)7 81 61 21 57','','2019-06-17 17:53:05'),(242,242,310,0,'0000-00-00 00:00:00',0.000000,0.000000,1600.000000,1600.000000,1600.000000,1600.000000,0.000000,0.000000,0,0.000000,0.000000,'Galerie Joël Knafo<br />182 rue du Faubourg Saint-Honoré<br />75008 PARIS<br />France<br />33(0)7 81 58 06 07','','2019-06-17 17:58:24'),(243,243,407,388,'2019-06-20 15:44:11',0.000000,0.000000,175.000000,210.000000,162.500000,195.000000,12.500000,15.000000,0,0.000000,0.000000,'Litho.Online<br />21 rue Véron<br />75018 PARIS<br />France<br />+33(0)7 81 61 21 57','','2019-06-20 14:19:44'),(244,244,311,338,'2019-06-24 19:07:58',0.000000,0.000000,70.000000,80.000000,50.000000,60.000000,20.000000,20.000000,0,0.000000,0.000000,'Galerie Joël Knafo<br />182 rue du Faubourg Saint-Honoré<br />75008 PARIS<br />France<br />33(0)7 81 58 06 07','','2019-06-23 01:41:45'),(245,245,408,393,'2019-06-28 15:44:17',0.000000,0.000000,429.160000,515.000000,416.660000,500.000000,12.500000,15.000000,0,0.000000,0.000000,'Litho.Online<br />21 rue Véron<br />75018 PARIS<br />France<br />+33(0)7 81 61 21 57','','2019-06-24 16:38:23'),(246,246,409,0,'0000-00-00 00:00:00',0.000000,0.000000,400.000000,480.000000,400.000000,480.000000,0.000000,0.000000,0,0.000000,0.000000,'Litho.Online<br />21 rue Véron<br />75018 PARIS<br />France<br />+33(0)7 81 61 21 57','','2019-06-27 07:24:03'),(247,247,312,341,'2019-07-05 13:28:37',0.000000,0.000000,2800.000000,2800.000000,2800.000000,2800.000000,0.000000,0.000000,0,0.000000,0.000000,'Galerie Joël Knafo<br />182 rue du Faubourg Saint-Honoré<br />75008 PARIS<br />France<br />33(0)7 81 58 06 07','','2019-06-27 13:58:15'),(248,248,313,0,'0000-00-00 00:00:00',0.000000,0.000000,2800.000000,2800.000000,2800.000000,2800.000000,0.000000,0.000000,0,0.000000,0.000000,'Galerie Joël Knafo<br />182 rue du Faubourg Saint-Honoré<br />75008 PARIS<br />France<br />33(0)7 81 58 06 07','','2019-06-27 14:11:20'),(249,249,314,340,'2019-07-05 13:28:10',0.000000,0.000000,2500.000000,2500.000000,2500.000000,2500.000000,0.000000,0.000000,0,0.000000,0.000000,'Galerie Joël Knafo<br />182 rue du Faubourg Saint-Honoré<br />75008 PARIS<br />France<br />33(0)7 81 58 06 07','','2019-06-27 14:22:22'),(250,250,315,339,'2019-06-27 15:38:12',0.000000,0.000000,6700.000000,6700.000000,6700.000000,6700.000000,0.000000,0.000000,0,0.000000,0.000000,'Galerie Joël Knafo<br />182 rue du Faubourg Saint-Honoré<br />75008 PARIS<br />France<br />33(0)7 81 58 06 07','','2019-06-27 15:36:51'),(251,252,316,0,'0000-00-00 00:00:00',0.000000,0.000000,1600.000000,1600.000000,1600.000000,1600.000000,0.000000,0.000000,0,0.000000,0.000000,'Galerie Joël Knafo<br />182 rue du Faubourg Saint-Honoré<br />75008 PARIS<br />France<br />33(0)7 81 58 06 07','','2019-06-27 15:40:54'),(252,253,410,392,'2019-06-28 15:34:16',0.000000,0.000000,144.160000,173.000000,144.160000,173.000000,0.000000,0.000000,0,0.000000,0.000000,'Litho.Online<br />21 rue Véron<br />75018 PARIS<br />France<br />+33(0)7 81 61 21 57','','2019-06-27 15:47:22'),(253,254,317,0,'0000-00-00 00:00:00',0.000000,0.000000,1700.000000,1700.000000,1700.000000,1700.000000,0.000000,0.000000,0,0.000000,0.000000,'Galerie Joël Knafo<br />182 rue du Faubourg Saint-Honoré<br />75008 PARIS<br />France<br />33(0)7 81 58 06 07','','2019-06-27 16:03:38'),(254,255,411,391,'2019-06-28 15:15:30',0.000000,0.000000,56.670000,68.000000,56.670000,68.000000,0.000000,0.000000,0,0.000000,0.000000,'Litho.Online<br />21 rue Véron<br />75018 PARIS<br />France<br />+33(0)7 81 61 21 57','','2019-06-27 16:45:00'),(255,256,318,0,'0000-00-00 00:00:00',0.000000,0.000000,1700.000000,1700.000000,1700.000000,1700.000000,0.000000,0.000000,0,0.000000,0.000000,'Galerie Joël Knafo<br />182 rue du Faubourg Saint-Honoré<br />75008 PARIS<br />France<br />33(0)7 81 58 06 07','','2019-06-27 16:50:49'),(256,257,412,396,'2019-06-28 17:17:08',0.000000,0.000000,429.160000,515.000000,429.160000,515.000000,0.000000,0.000000,0,0.000000,0.000000,'Litho.Online<br />21 rue Véron<br />75018 PARIS<br />France<br />+33(0)7 81 61 21 57','','2019-06-27 16:54:44'),(257,258,319,0,'0000-00-00 00:00:00',0.000000,0.000000,1700.000000,1700.000000,1700.000000,1700.000000,0.000000,0.000000,0,0.000000,0.000000,'Galerie Joël Knafo<br />182 rue du Faubourg Saint-Honoré<br />75008 PARIS<br />France<br />33(0)7 81 58 06 07','','2019-06-27 16:56:35'),(258,259,413,394,'2019-06-28 16:05:04',0.000000,0.000000,208.330000,250.000000,208.330000,250.000000,0.000000,0.000000,0,0.000000,0.000000,'Litho.Online<br />21 rue Véron<br />75018 PARIS<br />France<br />+33(0)7 81 61 21 57','','2019-06-28 16:04:35'),(259,260,414,402,'2019-07-04 18:30:21',0.000000,0.000000,175.000000,210.000000,162.500000,195.000000,12.500000,15.000000,0,0.000000,0.000000,'Litho.Online<br />21 rue Véron<br />75018 PARIS<br />France<br />+33(0)7 81 61 21 57','','2019-07-02 20:33:33'),(260,261,415,0,'0000-00-00 00:00:00',0.000000,0.000000,275.000000,330.000000,262.500000,315.000000,12.500000,15.000000,0,0.000000,0.000000,'Litho.Online<br />21 rue Véron<br />75018 PARIS<br />France<br />+33(0)7 81 61 21 57','','2019-07-03 20:52:28'),(261,262,416,401,'2019-07-04 18:28:26',0.000000,0.000000,144.160000,173.000000,144.160000,173.000000,0.000000,0.000000,0,0.000000,0.000000,'Litho.Online<br />21 rue Véron<br />75018 PARIS<br />France<br />+33(0)7 81 61 21 57','','2019-07-04 15:26:00'),(262,263,417,399,'2019-07-04 18:26:22',0.000000,0.000000,62.500000,75.000000,62.500000,75.000000,0.000000,0.000000,0,0.000000,0.000000,'Litho.Online<br />21 rue Véron<br />75018 PARIS<br />France<br />+33(0)7 81 61 21 57','','2019-07-04 16:12:01'),(263,264,418,400,'2019-07-04 18:26:44',0.000000,0.000000,62.500000,75.000000,62.500000,75.000000,0.000000,0.000000,0,0.000000,0.000000,'Litho.Online<br />21 rue Véron<br />75018 PARIS<br />France<br />+33(0)7 81 61 21 57','','2019-07-04 16:15:09'),(264,265,419,403,'2019-07-05 13:24:46',0.000000,0.000000,382.700000,440.000000,382.700000,440.000000,0.000000,0.000000,0,0.000000,0.000000,'Litho.Online<br />21 rue Véron<br />75018 PARIS<br />France<br />+33(0)7 81 61 21 57','','2019-07-05 13:22:07'),(265,266,420,0,'0000-00-00 00:00:00',0.000000,0.000000,250.000000,300.000000,250.000000,300.000000,0.000000,0.000000,0,0.000000,0.000000,'Litho.Online<br />21 rue Véron<br />75018 PARIS<br />France<br />+33(0)7 81 61 21 57','','2019-07-05 14:29:19'),(266,251,421,0,'0000-00-00 00:00:00',0.000000,0.000000,416.670000,500.000000,416.670000,500.000000,0.000000,0.000000,0,0.000000,0.000000,'Litho.Online<br />21 rue Véron<br />75018 PARIS<br />France<br />+33(0)7 81 61 21 57','','2019-07-05 14:39:27');

--
-- Table structure for table `pre3303_order_invoice_payment`
--

CREATE TABLE `pre3303_order_invoice_payment` (
  `id_order_invoice` int(11) unsigned NOT NULL,
  `id_order_payment` int(11) unsigned NOT NULL,
  `id_order` int(11) unsigned NOT NULL,
  PRIMARY KEY (`id_order_invoice`,`id_order_payment`),
  KEY `order_payment` (`id_order_payment`),
  KEY `id_order` (`id_order`)
) ENGINE=InnoDB DEFAULT CHARSET=utf8;

--
-- Dumping data for table `pre3303_order_invoice_payment`
--

INSERT INTO `pre3303_order_invoice_payment` VALUES (1,1,1),(2,2,2),(3,3,3),(4,4,4),(5,5,5),(6,6,6),(7,7,7),(8,8,8),(9,9,9),(10,10,10),(11,11,11),(12,12,12),(13,13,13),(14,14,14),(15,15,15),(16,16,16),(17,17,17),(18,18,18),(19,19,19),(20,20,20),(21,21,21),(22,22,22),(23,23,23),(24,24,24),(25,25,25),(26,26,26),(27,27,27),(28,28,28),(29,29,29),(30,30,30),(31,31,31),(32,32,32),(33,33,33),(34,34,34),(35,35,35),(36,36,36),(37,37,37),(38,38,38),(39,39,39),(40,40,40),(41,41,41),(42,42,42),(43,43,43),(44,44,44),(45,45,45),(46,46,46),(47,47,47),(48,48,48),(49,49,49),(50,50,50),(51,51,51),(52,52,52),(53,53,53),(54,54,54),(58,58,55),(57,57,56),(56,56,57),(55,55,58),(59,59,59),(60,60,60),(61,61,61),(62,62,62),(63,63,63),(64,64,64),(65,65,65),(66,66,66),(67,67,67),(68,68,68),(69,69,69),(70,70,70),(71,71,71),(72,72,72),(73,73,73),(74,74,74),(75,75,75),(76,76,76),(77,77,77),(78,78,78),(79,79,79),(80,80,80),(81,81,81),(82,82,82),(83,83,83),(84,84,84),(85,85,85),(86,86,86),(87,87,87),(88,88,88),(89,89,89),(90,90,90),(91,91,91),(92,92,92),(93,93,93),(94,94,94),(95,95,95),(96,96,96),(97,97,97),(98,98,98),(99,99,99),(100,100,100),(101,101,101),(102,102,102),(103,103,103),(104,104,104),(105,105,105),(106,106,106),(107,107,107),(108,108,108),(109,109,109),(110,110,110),(111,111,111),(112,112,112),(113,113,113),(113,117,113),(114,114,114),(115,115,115),(116,116,116),(117,118,117),(118,119,118),(119,120,119),(120,121,120),(121,122,121),(122,123,122),(123,124,123),(124,125,124),(125,126,125),(126,127,126),(127,128,127),(128,129,128),(129,130,129),(130,131,130),(131,132,131),(132,133,132),(133,134,133),(134,135,134),(135,136,135),(136,137,136),(137,138,137),(138,139,138),(139,140,139),(140,141,140),(141,142,141),(142,143,142),(143,144,143),(144,145,144),(145,146,145),(146,147,146),(147,148,147),(148,149,148),(149,150,149),(150,151,150),(151,152,151),(152,153,152),(153,154,153),(154,155,154),(155,156,155),(156,157,156),(157,158,157),(158,159,158),(159,160,159),(160,161,160),(161,162,161),(162,163,162),(163,164,163),(167,168,164),(164,165,165),(165,166,166),(166,167,167),(168,169,168),(169,170,169),(170,171,170),(171,172,171),(172,173,172),(173,174,173),(174,175,174),(175,176,175),(176,177,176),(177,178,177),(178,179,178),(179,180,179),(180,181,180),(181,182,181),(182,183,182),(183,184,183),(185,186,184),(184,185,185),(186,187,186),(186,188,186),(187,189,187),(188,190,188),(189,191,189),(190,192,190),(191,193,191),(192,194,192),(193,195,193),(194,196,194),(196,197,196),(197,198,197),(198,199,198),(199,200,199),(200,201,200),(201,202,201),(202,203,202),(203,204,203),(206,207,204),(204,205,205),(205,206,206),(207,208,207),(208,209,208),(209,210,209),(210,211,210),(213,214,211),(211,212,212),(212,213,213),(218,219,214),(217,218,215),(214,215,216),(215,216,217),(216,217,218),(219,220,219),(220,221,220),(221,222,221),(222,223,222),(223,224,223),(224,225,224),(225,226,225),(226,227,226),(227,228,227),(228,229,228),(229,230,229),(230,231,230),(231,232,231),(232,233,232),(233,234,233),(234,235,234),(235,236,235),(236,237,236),(238,239,237),(237,238,238),(239,240,239),(240,241,240),(241,242,241),(242,243,242),(243,244,243),(244,245,244),(245,246,245),(246,247,246),(247,248,247),(248,249,248),(249,250,249),(250,251,250),(251,252,252),(252,253,253),(254,254,255),(256,255,257),(258,256,259),(259,257,260),(260,258,261),(261,259,262),(262,260,263),(263,261,264),(263,262,264),(264,263,265),(265,264,266);

--
-- Table structure for table `pre3303_order_invoice_tax`
--

CREATE TABLE `pre3303_order_invoice_tax` (
  `id_order_invoice` int(11) NOT NULL,
  `type` varchar(15) NOT NULL,
  `id_tax` int(11) NOT NULL,
  `amount` decimal(10,6) NOT NULL DEFAULT '0.000000',
  KEY `id_tax` (`id_tax`)
) ENGINE=InnoDB DEFAULT CHARSET=utf8;

--
-- Dumping data for table `pre3303_order_invoice_tax`
--

INSERT INTO `pre3303_order_invoice_tax` VALUES (1,'shipping',1,0.000000),(2,'shipping',1,0.000000),(3,'shipping',1,0.000000),(4,'shipping',1,0.000000),(5,'shipping',1,0.000000),(6,'shipping',1,0.000000),(7,'shipping',1,0.000000),(8,'shipping',1,0.000000),(9,'shipping',1,0.000000),(10,'shipping',1,0.000000),(11,'shipping',1,0.000000),(12,'shipping',1,0.000000),(13,'shipping',1,25.000000),(14,'shipping',1,0.000000),(15,'shipping',1,0.000000),(16,'shipping',1,0.000000),(17,'shipping',1,0.000000),(18,'shipping',1,0.000000),(19,'shipping',1,30.000000),(20,'shipping',1,0.000000),(21,'shipping',1,0.000000),(22,'shipping',1,0.000000),(23,'shipping',1,0.000000),(24,'shipping',1,0.000000),(25,'shipping',1,0.000000),(26,'shipping',1,0.000000),(27,'shipping',1,0.000000),(28,'shipping',1,2.500000),(29,'shipping',1,0.000000),(30,'shipping',1,0.000000),(31,'shipping',1,0.000000),(32,'shipping',1,0.000000),(33,'shipping',1,0.000000),(34,'shipping',1,0.000000),(35,'shipping',1,2.500000),(36,'shipping',1,0.000000),(37,'shipping',1,0.000000),(38,'shipping',1,0.000000),(39,'shipping',1,0.000000),(40,'shipping',1,0.000000),(41,'shipping',1,0.000000),(42,'shipping',1,0.000000),(43,'shipping',1,0.000000),(44,'shipping',1,0.000000),(45,'shipping',1,2.500000),(46,'shipping',1,2.500000),(47,'shipping',1,2.500000),(48,'shipping',1,0.000000),(49,'shipping',1,0.000000),(50,'shipping',1,0.000000),(51,'shipping',1,0.000000),(52,'shipping',1,0.000000),(53,'shipping',1,0.000000),(54,'shipping',1,0.000000),(55,'shipping',1,0.000000),(56,'shipping',1,0.000000),(57,'shipping',1,0.000000),(58,'shipping',1,2.500000),(59,'shipping',1,0.000000),(60,'shipping',1,0.000000),(61,'shipping',1,0.000000),(62,'shipping',1,0.000000),(63,'shipping',1,0.000000),(64,'shipping',1,0.000000),(65,'shipping',1,0.000000),(66,'shipping',1,0.000000),(67,'shipping',1,0.000000),(68,'shipping',1,0.000000),(69,'shipping',1,0.000000),(70,'shipping',1,0.000000),(71,'shipping',1,0.000000),(72,'shipping',1,0.000000),(73,'shipping',1,2.500000),(74,'shipping',1,0.000000),(75,'shipping',1,0.000000),(76,'shipping',1,2.500000),(77,'shipping',1,0.000000),(78,'shipping',1,0.000000),(79,'shipping',1,0.000000),(80,'shipping',1,0.000000),(81,'shipping',1,0.000000),(82,'shipping',1,0.000000),(83,'shipping',1,25.000000),(84,'shipping',1,0.000000),(85,'shipping',1,0.000000),(86,'shipping',1,0.000000),(87,'shipping',1,0.000000),(88,'shipping',1,2.500000),(89,'shipping',1,0.000000),(90,'shipping',1,0.000000),(91,'shipping',1,0.000000),(92,'shipping',1,0.000000),(93,'shipping',1,0.000000),(94,'shipping',1,0.000000),(95,'shipping',1,0.000000),(96,'shipping',1,2.500000),(97,'shipping',1,0.000000),(98,'shipping',1,0.000000),(99,'shipping',1,0.000000),(100,'shipping',1,0.000000),(101,'shipping',1,0.000000),(102,'shipping',1,2.500000),(103,'shipping',1,0.000000),(104,'shipping',1,0.000000),(105,'shipping',1,0.000000),(106,'shipping',1,0.000000),(107,'shipping',1,0.000000),(108,'shipping',1,0.000000),(109,'shipping',1,0.000000),(110,'shipping',1,0.000000),(111,'shipping',1,0.000000),(112,'shipping',1,0.000000),(113,'shipping',1,0.000000),(114,'shipping',1,0.000000),(115,'shipping',1,0.000000),(116,'shipping',1,30.000000),(117,'shipping',1,0.000000),(118,'shipping',1,0.000000),(119,'shipping',1,0.000000),(120,'shipping',1,0.000000),(121,'shipping',1,25.000000),(122,'shipping',1,0.000000),(123,'shipping',1,0.000000),(124,'shipping',1,0.000000),(125,'shipping',1,0.000000),(126,'shipping',1,0.000000),(127,'shipping',1,0.000000),(128,'shipping',1,0.000000),(129,'shipping',1,0.000000),(130,'shipping',1,0.000000),(131,'shipping',1,0.000000),(132,'shipping',1,0.000000),(133,'shipping',1,0.000000),(134,'shipping',1,0.000000),(135,'shipping',1,0.000000),(136,'shipping',1,0.000000),(137,'shipping',1,0.000000),(138,'shipping',1,0.000000),(139,'shipping',1,0.000000),(140,'shipping',1,0.000000),(141,'shipping',1,0.000000),(142,'shipping',1,0.000000),(143,'shipping',1,0.000000),(144,'shipping',1,0.000000),(145,'shipping',1,0.000000),(146,'shipping',1,0.000000),(147,'shipping',1,0.000000),(148,'shipping',1,0.000000),(149,'shipping',1,0.000000),(150,'shipping',1,0.000000),(151,'shipping',1,0.000000),(152,'shipping',1,0.000000),(153,'shipping',1,0.000000),(154,'shipping',1,0.000000),(155,'shipping',1,0.000000),(156,'shipping',1,0.000000),(157,'shipping',1,0.000000),(158,'shipping',1,0.000000),(159,'shipping',1,0.000000),(160,'shipping',1,0.000000),(161,'shipping',1,2.500000),(162,'shipping',1,2.500000),(163,'shipping',1,0.000000),(164,'shipping',1,0.000000),(166,'shipping',1,0.000000),(167,'shipping',1,0.000000),(168,'shipping',1,0.000000),(169,'shipping',1,0.000000),(170,'shipping',1,0.000000),(171,'shipping',1,0.000000),(172,'shipping',1,0.000000),(173,'shipping',1,0.000000),(174,'shipping',1,0.000000),(175,'shipping',1,0.000000),(176,'shipping',1,2.500000),(177,'shipping',1,0.000000),(178,'shipping',1,0.000000),(179,'shipping',1,0.000000),(180,'shipping',1,0.000000),(181,'shipping',1,0.000000),(182,'shipping',1,0.000000),(185,'shipping',1,0.000000),(187,'shipping',1,0.000000),(188,'shipping',1,0.000000),(189,'shipping',1,0.000000),(190,'shipping',1,0.000000),(191,'shipping',1,0.000000),(192,'shipping',1,0.000000),(193,'shipping',1,0.000000),(194,'shipping',1,0.000000),(195,'shipping',1,0.000000),(196,'shipping',1,0.000000),(197,'shipping',1,0.000000),(198,'shipping',1,0.000000),(200,'shipping',1,2.500000),(203,'shipping',1,0.000000),(206,'shipping',1,0.000000),(208,'shipping',1,0.000000),(209,'shipping',1,0.000000),(210,'shipping',1,0.000000),(211,'shipping',1,6.860000),(212,'shipping',1,6.860000),(213,'shipping',1,2.500000),(214,'shipping',1,2.500000),(215,'shipping',1,0.000000),(216,'shipping',1,0.000000),(217,'shipping',1,2.500000),(218,'shipping',1,2.500000),(219,'shipping',1,0.000000),(220,'shipping',1,0.000000),(221,'shipping',1,0.000000),(222,'shipping',1,0.000000),(223,'shipping',1,0.000000),(224,'shipping',1,2.500000),(225,'shipping',1,0.000000),(226,'shipping',1,0.000000),(227,'shipping',1,0.000000),(228,'shipping',1,0.000000),(229,'shipping',1,0.000000),(230,'shipping',1,0.000000),(231,'shipping',1,0.000000),(232,'shipping',1,0.000000),(235,'shipping',1,0.000000),(236,'shipping',1,0.000000),(237,'shipping',1,2.500000),(238,'shipping',1,2.500000),(239,'shipping',1,0.000000),(240,'shipping',1,0.000000),(241,'shipping',1,2.500000),(242,'shipping',1,0.000000),(243,'shipping',1,2.500000),(245,'shipping',1,2.500000),(246,'shipping',1,0.000000),(247,'shipping',1,0.000000),(248,'shipping',1,0.000000),(249,'shipping',1,0.000000),(250,'shipping',1,0.000000),(251,'shipping',1,0.000000),(252,'shipping',1,0.000000),(253,'shipping',1,0.000000),(254,'shipping',1,0.000000),(255,'shipping',1,0.000000),(256,'shipping',1,0.000000),(257,'shipping',1,0.000000),(258,'shipping',1,0.000000),(259,'shipping',1,2.500000),(260,'shipping',1,2.500000),(261,'shipping',1,0.000000),(262,'shipping',1,0.000000),(263,'shipping',1,0.000000),(264,'shipping',1,0.000000),(265,'shipping',1,0.000000),(266,'shipping',1,0.000000);

--
-- Table structure for table `pre3303_order_message`
--

CREATE TABLE `pre3303_order_message` (
  `id_order_message` int(10) unsigned NOT NULL AUTO_INCREMENT,
  `date_add` datetime NOT NULL,
  PRIMARY KEY (`id_order_message`)
) ENGINE=InnoDB DEFAULT CHARSET=utf8;

--
-- Dumping data for table `pre3303_order_message`
--


--
-- Table structure for table `pre3303_order_message_lang`
--

CREATE TABLE `pre3303_order_message_lang` (
  `id_order_message` int(10) unsigned NOT NULL,
  `id_lang` int(10) unsigned NOT NULL,
  `name` varchar(128) NOT NULL,
  `message` text NOT NULL,
  PRIMARY KEY (`id_order_message`,`id_lang`)
) ENGINE=InnoDB DEFAULT CHARSET=utf8;

--
-- Dumping data for table `pre3303_order_message_lang`
--


--
-- Table structure for table `pre3303_order_payment`
--

CREATE TABLE `pre3303_order_payment` (
  `id_order_payment` int(11) NOT NULL AUTO_INCREMENT,
  `order_reference` varchar(9) DEFAULT NULL,
  `id_currency` int(10) unsigned NOT NULL,
  `amount` decimal(10,2) NOT NULL,
  `payment_method` varchar(255) NOT NULL,
  `conversion_rate` decimal(13,6) NOT NULL DEFAULT '1.000000',
  `transaction_id` varchar(254) DEFAULT NULL,
  `card_number` varchar(254) DEFAULT NULL,
  `card_brand` varchar(254) DEFAULT NULL,
  `card_expiration` char(7) DEFAULT NULL,
  `card_holder` varchar(254) DEFAULT NULL,
  `date_add` datetime NOT NULL,
  PRIMARY KEY (`id_order_payment`),
  KEY `order_reference` (`order_reference`)
) ENGINE=InnoDB AUTO_INCREMENT=265 DEFAULT CHARSET=utf8;

--
-- Dumping data for table `pre3303_order_payment`
--

INSERT INTO `pre3303_order_payment` VALUES (1,'BLNJYINTJ',1,120.00,'PayPal / CB',1.000000,'','','','','','2019-01-03 16:17:23'),(2,'PQFETDLCB',1,160.00,'PayPal / CB',1.000000,'','','','','','2019-01-03 16:18:29'),(3,'KPNUFFZJL',1,228.00,'PayPal / CB',1.000000,'','','','','','2019-01-03 16:26:05'),(4,'VLDSMNMBG',1,108.00,'PayPal / CB',1.000000,'','','','','','2019-01-03 16:36:31'),(5,'CJBFNDSGH',1,207.00,'PayPal / CB',1.000000,'','','','','','2019-01-03 16:47:29'),(6,'PUJBERMEI',1,1700.00,'Braintree',1.000000,'c3hzmx85','','','','','2019-01-03 20:00:26'),(7,'HBJQKQVQY',1,2250.00,'PayPal / CB',1.000000,'','','','','','2019-01-04 14:45:45'),(8,'XPTMXNPUR',1,195.00,'PayPal / CB',1.000000,'','','','','','2019-01-04 16:47:05'),(9,'ZMOVODPWQ',1,180.00,'PayPal / CB',1.000000,'','','','','','2019-01-04 16:50:42'),(10,'LJRFKBIZF',1,500.00,'PayPal / CB',1.000000,'','','','','','2019-01-04 16:53:41'),(11,'QEMEGMCCM',1,200.00,'PayPal / CB',1.000000,'','','','','','2019-01-05 18:29:49'),(12,'QPHIHWLIO',1,900.00,'Braintree',1.000000,'dpjb77f1','','','','','2019-01-07 17:57:28'),(13,'ZFDQQEFRG',1,2600.00,'PayPal / CB',1.000000,'','','','','','2019-01-07 18:05:57'),(14,'EXLOOGNAY',1,2200.00,'Braintree',1.000000,'f8w1zyht','','','','','2019-01-08 00:34:19'),(15,'HCVSHWLOK',1,35.00,'PayPal / CB',1.000000,'','','','','','2019-01-10 16:13:36'),(16,'OHSXNPRHZ',1,120.00,'PayPal / CB',1.000000,'','','','','','2019-01-11 16:53:27'),(17,'JAJISBFCE',1,195.00,'Braintree',1.000000,'ej7819mh','','','','','2019-01-12 13:11:21'),(18,'AIIWLTYVT',1,2700.00,'PayPal / CB',1.000000,'','','','','','2019-01-14 23:45:46'),(19,'PUJGHYBVV',1,4500.00,'Chèque',1.000000,'','','','','','2019-01-14 23:51:46'),(20,'GMBOHNACS',1,900.00,'PayPal / CB',1.000000,'','','','','','2019-01-18 14:18:40'),(21,'RFAXRLYTF',1,180.00,'PayPal / CB',1.000000,'','','','','','2019-01-18 14:56:21'),(22,'SYREQYKKO',1,1300.00,'PayPal / CB',1.000000,'','','','','','2019-01-18 15:10:02'),(23,'AQQDAQDQF',1,6000.00,'Chèque',1.000000,'','','','','','2019-01-18 17:21:26'),(24,'WGLDIXCBL',1,62.50,'PayPal / CB',1.000000,'','','','','','2019-01-18 18:45:05'),(25,'LVQKEREZC',1,1600.00,'PayPal / CB',1.000000,'','','','','','2019-01-18 18:49:41'),(26,'OISLHFHAA',1,1500.00,'PayPal / CB',1.000000,'','','','','','2019-01-19 18:44:07'),(27,'PUMQQDQIT',1,4000.00,'Chèque',1.000000,'','','','','','2019-01-19 18:56:36'),(28,'GJUIXKIPG',1,340.00,'PayPal / CB',1.000000,'','','','','','2019-01-22 15:31:58'),(29,'WOHBPUPFN',1,910.00,'PayPal / CB',1.000000,'','','','','','2019-01-24 15:20:29'),(30,'LTYKTTHBH',1,195.00,'PayPal / CB',1.000000,'','','','','','2019-01-24 15:59:27'),(31,'IJQGTPXES',1,230.00,'PayPal / CB',1.000000,'','','','','','2019-01-26 15:39:40'),(32,'VUWJQDPWZ',1,2000.00,'Braintree',1.000000,'md7nekhe','','','','','2019-01-26 15:41:14'),(33,'PSNDNFFZH',1,180.00,'PayPal / CB',1.000000,'','','','','','2019-01-26 19:04:19'),(34,'UVOVSYGFG',1,2000.00,'PayPal / CB',1.000000,'','','','','','2019-01-26 19:53:32'),(35,'PJBPBAIPC',1,915.00,'PayPal / CB',1.000000,'0g777ajx','','','','','2019-01-29 14:21:56'),(36,'YCIBXLMHA',1,220.00,'PayPal / CB',1.000000,'','','','','','2019-01-31 15:00:32'),(37,'BAIXPMTLE',1,600.00,'PayPal / CB',1.000000,'','','','','','2019-02-02 17:46:40'),(38,'HKKRSUTRB',1,1500.00,'PayPal / CB',1.000000,'','','','','','2019-02-02 17:57:10'),(39,'FPIGSDSYL',1,645.00,'Braintree',1.000000,'jzz2x1rm','','','','','2019-02-04 14:39:47'),(40,'VQSBAVRRI',1,380.00,'PayPal / CB',1.000000,'','','','','','2019-02-07 14:38:02'),(41,'URWSGIRFW',1,220.00,'PayPal / CB',1.000000,'','','','','','2019-02-07 16:46:30'),(42,'PMTUKONYA',1,217.00,'PayPal / CB',1.000000,'','','','','','2019-02-07 17:03:43'),(43,'VJCKECYMK',1,108.00,'PayPal / CB',1.000000,'','','','','','2019-02-14 14:26:46'),(44,'DFWICCWJJ',1,2400.00,'Braintree',1.000000,'m3yz4q68','','','','','2019-02-17 18:18:49'),(45,'VKQBCDVTI',1,845.00,'Braintree',1.000000,'61t37th8','','','','','2019-02-18 22:25:43'),(46,'LOQPKAWJC',1,210.00,'Braintree',1.000000,'102agbxs','','','','','2019-02-19 10:48:40'),(47,'TTZPOMKHV',1,135.00,'Braintree',1.000000,'e2hc37es','','','','','2019-02-23 13:45:32'),(48,'HJUFMHWGR',1,120.00,'PayPal / CB',1.000000,'','','','','','2019-02-23 15:00:32'),(49,'BQYVGGLIX',1,195.00,'Braintree',1.000000,'56fh5txp','','','','','2019-02-24 19:05:48'),(50,'JNSNAYGNQ',1,1000.00,'PayPal / CB',1.000000,'','','','','','2019-03-02 18:33:41'),(51,'ROPGKYBVR',1,100.00,'PayPal / CB',1.000000,'','','','','','2019-03-02 18:42:50'),(52,'GWJEJWGDD',1,400.00,'Braintree',1.000000,'ehp11c1t','','','','','2019-03-04 17:35:05'),(53,'GTVVZZSCO',1,1500.00,'Chèque',1.000000,'','','','','','2019-03-08 11:42:32'),(54,'RYJSPPVFU',1,195.00,'PayPal / CB',1.000000,'','','','','','2019-03-08 15:28:48'),(55,'XEDUOKJSH',1,40.00,'PayPal / CB',1.000000,'6vfvwcza','','','','','2019-03-11 13:30:56'),(56,'XSZWZWOWU',1,120.00,'PayPal / CB',1.000000,'10qyf5e6','','','','','2019-03-11 13:30:58'),(57,'GLANSDFEW',1,240.00,'PayPal / CB',1.000000,'34dcgh9m','','','','','2019-03-11 13:30:58'),(58,'BMPRKVKKE',1,735.00,'PayPal / CB',1.000000,'h22y0jeb','','','','','2019-03-11 13:30:59'),(59,'CKXLKHLSM',1,120.00,'Braintree',1.000000,'en09eptk','','','','','2019-03-11 18:08:59'),(60,'BBRONLXNZ',1,120.00,'Braintree',1.000000,'ar006p4w','','','','','2019-03-12 10:27:06'),(61,'NEJXYLWYN',1,75.00,'Braintree',1.000000,'rpvb9r44','','','','','2019-03-13 18:39:44'),(62,'TFRCFLGRO',1,13500.00,'PayPal / CB',1.000000,'','','','','','2019-03-14 12:30:39'),(63,'PUHDJLHCV',1,2500.00,'Chèque',1.000000,'','','','','','2019-03-14 14:23:22'),(64,'SOLMRBLFK',1,1600.00,'PayPal / CB',1.000000,'','','','','','2019-03-14 14:35:11'),(65,'JQVRVSAAM',1,1600.00,'Chèque',1.000000,'','','','','','2019-03-14 14:41:39'),(66,'VTEIEVNGO',1,1800.00,'PayPal / CB',1.000000,'','','','','','2019-03-14 15:07:56'),(67,'NOAJHZCOT',1,3600.00,'Transfert bancaire',1.000000,'','','','','','2019-03-14 15:38:04'),(68,'WCDOPEWGW',1,620.00,'PayPal / CB',1.000000,'','','','','','2019-03-15 17:42:48'),(69,'FEVZPKOWW',1,3200.00,'Chèque',1.000000,'','','','','','2019-03-15 18:02:17'),(70,'PMOECCDGF',1,40.00,'PayPal / CB',1.000000,'5cdpek27','','','','','2019-03-17 23:07:13'),(71,'KQPAMJWMD',1,180.00,'Braintree',1.000000,'dhn1egvg','','','','','2019-03-22 16:43:40'),(72,'LBFTQWDSA',1,670.00,'PayPal / CB',1.000000,'','','','','','2019-03-23 19:32:58'),(73,'APIDXKYUH',1,615.00,'Braintree',1.000000,'bczdvd2g','','','','','2019-03-24 08:53:55'),(74,'XAIKUIGNU',1,7000.00,'Chèque',1.000000,'','','','','','2019-03-24 15:57:51'),(75,'IRWZDNUFV',1,120.00,'PayPal / CB',1.000000,'drnk2pxt','','','','','2019-03-27 15:25:52'),(76,'KWQNKKNTE',1,415.00,'PayPal / CB',1.000000,'9mfzqwkb','','','','','2019-03-28 13:33:48'),(77,'QQNHFPKEB',1,145.00,'Chèque',1.000000,'','','','','','2019-03-28 16:38:27'),(78,'TWDOVSADM',1,108.00,'PayPal / CB',1.000000,'','','','','','2019-03-28 16:44:14'),(79,'MSBFVWOPG',1,1600.00,'PayPal / CB',1.000000,'','','','','','2019-03-29 14:59:07'),(80,'SPJQHLKTM',1,400.00,'PayPal / CB',1.000000,'','','','','','2019-03-29 15:59:15'),(81,'PTHVCDJLV',1,3200.00,'Transfert bancaire',1.000000,'','','','','','2019-03-29 16:59:27'),(82,'XNRDFZYTE',1,4000.00,'PayPal / CB',1.000000,'','','','','','2019-03-29 17:04:13'),(83,'EMCNVKYOL',1,1720.00,'PayPal / CB',1.000000,'','','','','','2019-03-29 17:08:38'),(84,'LWJCNVKRP',1,2700.00,'PayPal / CB',1.000000,'','','','','','2019-03-29 17:13:28'),(85,'ZFAYYBIMZ',1,145.00,'PayPal / CB',1.000000,'','','','','','2019-03-30 14:32:59'),(86,'ZDUEFVJRM',1,235.00,'PayPal / CB',1.000000,'','','','','','2019-03-30 17:13:33'),(87,'QLGLZDBHM',1,250.00,'PayPal / CB',1.000000,'','','','','','2019-03-30 18:37:15'),(88,'GXIVDRRUJ',1,105.00,'Braintree',1.000000,'3n87s4dd','','','','','2019-03-31 09:55:02'),(89,'KUJRTBBDC',1,60.00,'PayPal / CB',1.000000,'jjdvhg6a','','','','','2019-04-02 17:53:02'),(90,'BODEEVMLL',1,250.00,'Braintree',1.000000,'053md967','','','','','2019-04-04 11:12:33'),(91,'FYFBFLBZE',1,250.00,'PayPal / CB',1.000000,'','','','','','2019-04-04 14:48:08'),(92,'CIJTZCCKM',1,250.00,'PayPal / CB',1.000000,'','','','','','2019-04-04 14:49:50'),(93,'RXJCVLTUC',1,633.50,'PayPal / CB',1.000000,'','','','','','2019-04-04 17:32:14'),(94,'QAKRWNSOY',1,6960.00,'Chèque',1.000000,'','','','','','2019-04-05 12:44:46'),(95,'RCLZXPXDT',1,220.00,'PayPal / CB',1.000000,'','','','','','2019-04-05 14:42:47'),(96,'MSSCOGADV',1,265.00,'PayPal / CB',1.000000,'e0c3sbdg','','','','','2019-04-06 13:03:08'),(97,'TDUPKBWXQ',1,185.00,'PayPal / CB',1.000000,'','','','','','2019-04-06 18:29:20'),(98,'CDKSVTVLJ',1,800.00,'Chèque',1.000000,'','','','','','2019-04-10 14:48:11'),(99,'AJGQGKHNH',1,1700.00,'Chèque',1.000000,'','','','','','2019-04-10 15:08:47'),(100,'CRHXFYHPW',1,1700.00,'PayPal / CB',1.000000,'','','','','','2019-04-10 15:37:57'),(101,'XOPICUTBP',1,6500.00,'Transfert bancaire',1.000000,'','','','','','2019-04-10 17:27:11'),(102,'QTAARQXAQ',1,265.00,'PayPal / CB',1.000000,'frjr44at','','','','','2019-04-10 23:15:05'),(103,'XSISOASRP',1,112.00,'PayPal / CB',1.000000,'','','','','','2019-04-10 23:27:52'),(104,'ZLWCZKPBO',1,5400.00,'Chèque',1.000000,'','','','','','2019-04-11 15:26:10'),(105,'OVVCIPVBN',1,1200.00,'Chèque',1.000000,'','','','','','2019-04-11 15:47:08'),(106,'WQIHTXGOS',1,6300.00,'PayPal / CB',1.000000,'','','','','','2019-04-12 14:14:44'),(107,'WEIDDCPHQ',1,750.00,'PayPal / CB',1.000000,'','','','','','2019-04-12 14:23:35'),(108,'TRKMWCEPB',1,2000.00,'PayPal / CB',1.000000,'','','','','','2019-04-12 14:59:50'),(109,'RAECBYQYS',1,3200.00,'PayPal / CB',1.000000,'','','','','','2019-04-12 16:34:46'),(110,'UTRBDOXKH',1,22000.00,'PayPal / CB',1.000000,'','','','','','2019-04-12 17:55:12'),(111,'BVQYQTPBD',1,2950.00,'PayPal / CB',1.000000,'','','','','','2019-04-12 18:15:49'),(112,'UTZCXGGJX',1,1000.00,'Chèque',1.000000,'','','','','','2019-04-12 18:39:02'),(113,'AQQFEBEEN',1,700.00,'Chèque',1.000000,'','','','','','2019-04-13 13:40:33'),(114,'FGMBISAII',1,6400.00,'Chèque',1.000000,'','','','','','2019-04-13 18:28:18'),(115,'MCHRWCYUM',1,1400.00,'Chèque',1.000000,'','','','','','2019-04-16 13:20:31'),(116,'JNRKZNYNF',1,5800.00,'PayPal / CB',1.000000,'','','','','','2019-04-16 13:25:08'),(117,'AQQFEBEEN',1,100.00,'Chèque',1.000000,'','','','','','2019-04-16 14:58:52'),(118,'GBBZSZVIU',1,3600.00,'PayPal / CB',1.000000,'','','','','','2019-04-16 15:06:19'),(119,'NKLUZJUHX',1,3400.00,'Chèque',1.000000,'','','','','','2019-04-16 15:11:01'),(120,'GLXPBNOUP',1,1700.00,'PayPal / CB',1.000000,'','','','','','2019-04-16 15:14:49'),(121,'WXRMJXTZV',1,2300.00,'PayPal / CB',1.000000,'','','','','','2019-04-16 15:27:10'),(122,'IWDYHTZVS',1,1800.00,'PayPal / CB',1.000000,'','','','','','2019-04-16 15:38:47'),(123,'INRUBOGVO',1,2200.00,'PayPal / CB',1.000000,'','','','','','2019-04-16 17:13:04'),(124,'KPRYFEYDK',1,3200.00,'Chèque',1.000000,'','','','','','2019-04-16 17:15:21'),(125,'CQFOXHNQN',1,800.00,'PayPal / CB',1.000000,'','','','','','2019-04-16 17:33:35'),(126,'RCWINPIVN',1,1500.00,'PayPal / CB',1.000000,'','','','','','2019-04-16 17:36:07'),(127,'RJZMCCCZM',1,800.00,'Chèque',1.000000,'','','','','','2019-04-16 18:11:33'),(128,'KEBDCYHBB',1,1400.00,'PayPal / CB',1.000000,'','','','','','2019-04-16 19:31:34'),(129,'HGCRJGMJY',1,600.00,'PayPal / CB',1.000000,'','','','','','2019-04-16 19:34:36'),(130,'LKZDSYMUY',1,840.00,'PayPal / CB',1.000000,'','','','','','2019-04-16 19:38:49'),(131,'KASDLKVSJ',1,1500.00,'Transfert bancaire',1.000000,'','','','','','2019-04-16 19:45:11'),(132,'YKVSXEIWU',1,2000.00,'Chèque',1.000000,'','','','','','2019-04-16 20:02:11'),(133,'KGFIYYTPV',1,120.00,'Chèque',1.000000,'','','','','','2019-04-16 21:22:59'),(134,'VWYTGAPUP',1,900.00,'Chèque',1.000000,'','','','','','2019-04-16 21:26:40'),(135,'FJZNQCNXA',1,3500.00,'Chèque',1.000000,'','','','','','2019-04-16 21:39:06'),(136,'PEZVXBTHQ',1,750.00,'Chèque',1.000000,'','','','','','2019-04-17 12:41:23'),(137,'NDZATADVZ',1,750.00,'PayPal / CB',1.000000,'','','','','','2019-04-17 12:45:39'),(138,'TTTSWTJRM',1,600.00,'PayPal / CB',1.000000,'','','','','','2019-04-17 13:03:45'),(139,'DHIAUNNOU',1,1700.00,'PayPal / CB',1.000000,'','','','','','2019-04-17 14:29:50'),(140,'TOZRZAFXZ',1,8892.00,'PayPal / CB',1.000000,'','','','','','2019-04-17 17:57:03'),(141,'JTUDDDLUV',1,1440.00,'PayPal / CB',1.000000,'','','','','','2019-04-17 18:37:54'),(142,'GSEXLEAAS',1,4000.00,'Chèque',1.000000,'','','','','','2019-04-17 18:47:53'),(143,'UDIFPCAGX',1,1700.00,'Chèque',1.000000,'','','','','','2019-04-18 12:10:47'),(144,'BLRVZMUNP',1,750.00,'PayPal / CB',1.000000,'','','','','','2019-04-18 14:34:25'),(145,'UBZBWLKZZ',1,2500.00,'Chèque',1.000000,'','','','','','2019-04-18 15:50:25'),(146,'PCIINMMMR',1,380.00,'Braintree',1.000000,'1379cmfv','','','','','2019-04-18 17:17:01'),(147,'VKDVQBWEJ',1,120.00,'PayPal / CB',1.000000,'','','','','','2019-04-18 17:41:01'),(148,'IHVUPXCAL',1,460.00,'PayPal / CB',1.000000,'','','','','','2019-04-18 17:45:25'),(149,'TLOMLOOFB',1,600.00,'PayPal / CB',1.000000,'','','','','','2019-04-18 18:25:35'),(150,'KEQQQCYWZ',1,250.00,'Braintree',1.000000,'g0ktjxb6','','','','','2019-04-20 09:40:00'),(151,'LPRJBWTPY',1,400.00,'Braintree',1.000000,'md9nsdh7','','','','','2019-04-20 16:02:41'),(152,'SBSALLYEX',1,2300.00,'Chèque',1.000000,'','','','','','2019-04-24 12:19:08'),(153,'IFKSVLHIC',1,3600.00,'Chèque',1.000000,'','','','','','2019-04-24 17:40:38'),(154,'VAOGJXQMK',1,300.00,'PayPal / CB',1.000000,'','','','','','2019-04-24 17:49:07'),(155,'XKQPSKVGG',1,910.00,'PayPal / CB',1.000000,'','','','','','2019-04-25 13:59:02'),(156,'DUQHZYULU',1,405.00,'PayPal / CB',1.000000,'','','','','','2019-04-25 16:54:22'),(157,'EBLGKDUGB',1,1813.50,'PayPal / CB',1.000000,'','','','','','2019-04-27 20:13:46'),(158,'OAZGJKLBH',1,195.00,'PayPal / CB',1.000000,'f1cg89kz','','','','','2019-05-02 12:09:18'),(159,'XLWRCSVVC',1,250.00,'PayPal / CB',1.000000,'','','','','','2019-05-03 13:51:48'),(160,'WVLTFPYAD',1,675.00,'PayPal / CB',1.000000,'','','','','','2019-05-03 17:28:28'),(161,'PXVXSNVFV',1,220.00,'PayPal / CB',1.000000,'','','','','','2019-05-04 15:44:28'),(162,'JGEARQYGK',1,210.00,'Braintree',1.000000,'kpp592s7','','','','','2019-05-04 17:02:35'),(163,'LDKKQOQEF',1,135.00,'Braintree',1.000000,'bn5pzbkp','','','','','2019-05-06 22:21:10'),(164,'EBTGXDRPX',1,217.00,'PayPal / CB',1.000000,'','','','','','2019-05-09 13:41:35'),(165,'CPAQIVLYD',1,1300.00,'PayPal / CB',1.000000,'','','','','','2019-05-10 14:54:45'),(166,'JLXUVGMZD',1,70.80,'Braintree',1.000000,'75zvzdm8','','','','','2019-05-11 10:27:56'),(167,'QUZOTRURI',1,60.00,'Braintree',1.000000,'nvy5npjx','','','','','2019-05-11 14:39:40'),(168,'TYNWPZTDM',1,800.00,'Chèque',1.000000,'','','','','','2019-05-11 18:03:36'),(169,'ZRSIIKXPS',1,1400.00,'Transfert bancaire',1.000000,'','','','','','2019-05-12 20:21:00'),(170,'GMAMBGWDY',1,700.00,'Transfert bancaire',1.000000,'','','','','','2019-05-12 20:26:28'),(171,'JNNZUHIBJ',1,810.00,'PayPal / CB',1.000000,'','','','','','2019-05-12 20:30:30'),(172,'XVGESGIJI',1,4800.00,'PayPal / CB',1.000000,'','','','','','2019-05-12 20:44:57'),(173,'VJBHBPQRB',1,240.00,'Braintree',1.000000,'72jt3tbj','','','','','2019-05-13 22:51:50'),(174,'YMGJKQGOA',1,2800.00,'PayPal / CB',1.000000,'','','','','','2019-05-15 19:55:45'),(175,'RKAIJGJYI',1,108.00,'PayPal / CB',1.000000,'','','','','','2019-05-16 15:36:58'),(176,'TCOCGLRBE',1,143.00,'PayPal / CB',1.000000,'','','','','','2019-05-16 15:47:48'),(177,'PWSHFZFZD',1,135.00,'Braintree',1.000000,'a82bkf78','','','','','2019-05-16 17:09:30'),(178,'IXJBAQUDP',1,900.00,'Chèque',1.000000,'','','','','','2019-05-17 11:46:49'),(179,'QIYXZIHOI',1,1200.00,'PayPal / CB',1.000000,'','','','','','2019-05-17 12:04:22'),(180,'CSJBBLQAW',1,680.00,'Chèque',1.000000,'','','','','','2019-05-17 12:48:55'),(181,'OYWBUDTOW',1,120.00,'PayPal / CB',1.000000,'cwyym958','','','','','2019-05-17 14:15:37'),(182,'QZOJFPXBK',1,200.00,'PayPal / CB',1.000000,'','','','','','2019-05-17 15:53:24'),(183,'OVYGQUAUT',1,900.00,'Transfert bancaire',1.000000,'','','','','','2019-05-17 16:58:25'),(184,'EZGIGUZTN',1,140.00,'Braintree',1.000000,'0d8tyste','','','','','2019-05-17 18:20:22'),(185,'XXKYGSRVG',1,666.67,'PayPal / CB',1.000000,'1sxdqmjd','','','','','2019-05-18 15:42:39'),(186,'EHCQDZCNF',1,120.00,'PayPal / CB',1.000000,'823r2je9','','','','','2019-05-18 15:42:39'),(187,'RVJXXJCIR',1,3500.00,'Transfert bancaire',1.000000,'','','','','','2019-05-18 16:14:12'),(188,'RVJXXJCIR',1,400.00,'Transfert bancaire',1.000000,'','','','','','2019-05-18 16:19:47'),(189,'NMEQDHUIS',1,400.00,'Braintree',1.000000,'mz5ca3ge','','','','','2019-05-18 16:50:41'),(190,'TDALCYHXO',1,240.00,'Braintree',1.000000,'nhr21vh2','','','','','2019-05-19 16:17:52'),(191,'YGUVMSJDS',1,360.00,'Chèque',1.000000,'','','','','','2019-05-20 14:15:46'),(192,'VKPXLMXZP',1,360.00,'PayPal / CB',1.000000,'','','','','','2019-05-20 14:17:39'),(193,'XTQJELAVP',1,108.00,'PayPal / CB',1.000000,'','','','','','2019-05-23 13:59:52'),(194,'MGQUCETFC',1,108.00,'PayPal / CB',1.000000,'','','','','','2019-05-23 14:02:47'),(195,'HOUSSCNHP',1,360.00,'Chèque',1.000000,'','','','','','2019-05-23 19:17:50'),(196,'SDTQLMZEX',1,800.00,'PayPal / CB',1.000000,'','','','','','2019-05-24 11:22:00'),(197,'UKMJQTRSJ',1,120.00,'Braintree',1.000000,'ds15mpk6','','','','','2019-05-24 15:45:58'),(198,'HBBBWVUHR',1,130.00,'PayPal / CB',1.000000,'','','','','','2019-05-24 16:59:13'),(199,'VPEVZBINC',1,130.00,'PayPal / CB',1.000000,'','','','','','2019-05-24 17:01:22'),(200,'GBRFVZQYB',1,100.00,'PayPal / CB',1.000000,'kp8yeehj','','','','','2019-05-25 13:47:47'),(201,'EMDETZWQZ',1,220.00,'Braintree',1.000000,'12e5m052','','','','','2019-05-25 16:20:48'),(202,'UVPQJUMRM',1,45.00,'Braintree',1.000000,'7jp1y6gb','','','','','2019-05-27 15:59:06'),(203,'OJKHHCBPC',1,20.00,'Braintree',1.000000,'cppm2skm','','','','','2019-05-27 18:00:29'),(204,'VNPFRXYUS',1,250.00,'Braintree',1.000000,'7sbdcqzm','','','','','2019-05-28 18:43:13'),(205,'GTLVGZYFA',1,242.63,'Braintree',1.000000,'jm54dbay','','','','','2019-05-29 05:19:50'),(206,'NAWXCTACQ',1,242.63,'PayPal / CB',1.000000,'mbtmtzhp','','','','','2019-05-29 11:38:33'),(207,'WGBPGUSJU',1,250.00,'PayPal / CB',1.000000,'6z7hc2jj','','','','','2019-05-29 11:38:34'),(208,'ZLKPWUNOR',1,140.00,'Braintree',1.000000,'qk8bwh50','','','','','2019-05-29 18:23:23'),(209,'ONMGVBSEH',1,2000.00,'PayPal / CB',1.000000,'','','','','','2019-05-29 18:39:48'),(210,'OBKYAYJBR',1,360.00,'PayPal / CB',1.000000,'','','','','','2019-05-29 18:46:40'),(211,'MFMECCUNP',1,195.00,'PayPal / CB',1.000000,'','','','','','2019-05-29 18:54:20'),(212,'JIYMAIBIT',1,291.16,'Braintree',1.000000,'0n3gjxae','','','','','2019-05-30 13:49:49'),(213,'XKLQKKJSP',1,291.16,'PayPal / CB',1.000000,'ehpw6wgb','','','','','2019-05-30 14:21:18'),(214,'PVULPHWXV',1,265.00,'PayPal / CB',1.000000,'mervp89j','','','','','2019-05-30 14:21:19'),(215,'SWLEGIQMT',1,265.00,'Braintree',1.000000,'jmkav3e0','','','','','2019-05-30 23:11:08'),(216,'MVNBSAUGH',1,250.00,'Braintree',1.000000,'0dhtps62','','','','','2019-05-30 23:35:27'),(217,'VKJPQILDW',1,250.00,'Braintree',1.000000,'fav04n4y','','','','','2019-05-31 07:45:48'),(218,'MCJSXEXAZ',1,265.00,'PayPal / CB',1.000000,'phw3859k','','','','','2019-05-31 11:15:32'),(219,'YZSNPYWCB',1,515.00,'PayPal / CB',1.000000,'ackqknpg','','','','','2019-05-31 11:15:33'),(220,'HURVEMMUM',1,100.00,'PayPal / CB',1.000000,'','','','','','2019-05-31 13:17:34'),(221,'GSMAIBDMT',1,250.00,'Braintree',1.000000,'b235js79','','','','','2019-05-31 15:13:12'),(222,'FJGSOOHOI',1,250.00,'Braintree',1.000000,'7z1x7bn4','','','','','2019-05-31 16:25:52'),(223,'AJXCIAUCE',1,205.00,'PayPal / CB',1.000000,'','','','','','2019-06-01 09:52:54'),(224,'UGBKUPOUG',1,480.00,'PayPal / CB',1.000000,'','','','','','2019-06-01 17:11:20'),(225,'TMDOUGJQR',1,265.00,'PayPal / CB',1.000000,'j478se7w','','','','','2019-06-03 11:44:51'),(226,'VOVRYYELI',1,1780.00,'PayPal / CB',1.000000,'','','','','','2019-06-03 11:54:32'),(227,'BBJSDRFXC',1,250.00,'PayPal / CB',1.000000,'r7jae07z','','','','','2019-06-03 18:10:57'),(228,'WTEFHTDGA',1,765.00,'PayPal / CB',1.000000,'','','','','','2019-06-05 16:39:58'),(229,'TYQDBHOYR',1,120.00,'Braintree',1.000000,'qvy7efzt','','','','','2019-06-05 22:26:41'),(230,'GXENGXEMU',1,500.00,'PayPal / CB',1.000000,'','','','','','2019-06-06 15:34:05'),(231,'VMFCXHEAN',1,20.00,'PayPal / CB',1.000000,'','','','','','2019-06-07 16:12:32'),(232,'GKMBATPJY',1,500.00,'Chèque',1.000000,'','','','','','2019-06-07 17:51:28'),(233,'PCJZLFZDI',1,215.00,'PayPal / CB',1.000000,'','','','','','2019-06-08 14:54:11'),(234,'OUOAHDJRS',1,30.00,'PayPal / CB',1.000000,'87h0n2g9','','','','','2019-06-11 11:30:25'),(235,'HPKMSMFDM',1,170.00,'Braintree',1.000000,'qekbvvqx','','','','','2019-06-11 21:44:10'),(236,'YTLTSNKTS',1,120.00,'Braintree',1.000000,'ge22jx1x','','','','','2019-06-13 15:49:27'),(237,'HIPPCYGIH',1,272.00,'PayPal / CB',1.000000,'','','','','','2019-06-13 16:02:46'),(238,'ZINHEMNXE',1,265.00,'Braintree',1.000000,'j70bynea','','','','','2019-06-14 11:56:22'),(239,'UCVLJCYUH',1,135.00,'PayPal / CB',1.000000,'ga6seeh9','','','','','2019-06-14 13:56:13'),(240,'NQAAHAYDO',1,200.00,'PayPal / CB',1.000000,'','','','','','2019-06-15 16:24:08'),(241,'SPPRSNMCB',1,27.00,'PayPal / CB',1.000000,'','','','','','2019-06-15 16:35:46'),(242,'HGPBOTZGZ',1,345.00,'PayPal / CB',1.000000,'0kq58xv0','','','','','2019-06-17 17:53:05'),(243,'FNJVLSGAS',1,1600.00,'Chèque',1.000000,'','','','','','2019-06-17 17:58:23'),(244,'WZSBILWIX',1,210.00,'Braintree',1.000000,'et96fnaa','','','','','2019-06-20 14:19:43'),(245,'ZVNFJPUGQ',1,80.00,'Braintree',1.000000,'c6tw7pqj','','','','','2019-06-23 01:41:45'),(246,'IFOGKTZLD',1,515.00,'Braintree',1.000000,'037th2q2','','','','','2019-06-24 16:38:21'),(247,'OOHLEHCNE',1,480.00,'Braintree',1.000000,'r3z2zwe9','','','','','2019-06-27 07:24:01'),(248,'RVVPIWDWF',1,2800.00,'PayPal / CB',1.000000,'','','','','','2019-06-27 13:58:15'),(249,'PUXEZPDYP',1,2800.00,'Chèque',1.000000,'','','','','','2019-06-27 14:11:20'),(250,'BGXAUGIEH',1,2500.00,'Chèque',1.000000,'','','','','','2019-06-27 14:22:22'),(251,'ALXYWTCJY',1,6700.00,'PayPal / CB',1.000000,'','','','','','2019-06-27 15:36:50'),(252,'BFDMGKMXU',1,1600.00,'PayPal / CB',1.000000,'','','','','','2019-06-27 15:40:54'),(253,'PCTMLTXNN',1,173.00,'PayPal / CB',1.000000,'','','','','','2019-06-27 15:47:22'),(254,'IHUBIKNRL',1,68.00,'PayPal / CB',1.000000,'','','','','','2019-06-27 16:45:00'),(255,'NAUPRFPIQ',1,515.00,'PayPal / CB',1.000000,'','','','','','2019-06-27 16:54:44'),(256,'ERVLDLGIH',1,250.00,'PayPal / CB',1.000000,'','','','','','2019-06-28 16:04:35'),(257,'OATDPXFVO',1,210.00,'Braintree',1.000000,'gd3dkp0s','','','','','2019-07-02 20:32:15'),(258,'RRABGWGZF',1,330.00,'PayPal / CB',1.000000,'hn9hm8h2','','','','','2019-07-03 20:52:28'),(259,'UMQWNMWRI',1,173.00,'PayPal / CB',1.000000,'','','','','','2019-07-04 15:26:00'),(260,'VHNJEVUYH',1,75.00,'PayPal / CB',1.000000,'','','','','','2019-07-04 16:12:01'),(261,'QEQWGSZRI',1,65.00,'PayPal / CB',1.000000,'','','','','','2019-07-04 16:15:09'),(262,'QEQWGSZRI',1,10.00,'PayPal / CB',1.000000,'','','','','','2019-07-04 16:40:29'),(263,'EOCEFNVZP',1,440.00,'PayPal / CB',1.000000,'','','','','','2019-07-05 13:22:05'),(264,'FYYYBKSRM',1,300.00,'PayPal / CB',1.000000,'','','','','','2019-07-05 14:29:17');

--
-- Table structure for table `pre3303_order_return`
--

CREATE TABLE `pre3303_order_return` (
  `id_order_return` int(10) unsigned NOT NULL AUTO_INCREMENT,
  `id_customer` int(10) unsigned NOT NULL,
  `id_order` int(10) unsigned NOT NULL,
  `state` tinyint(1) unsigned NOT NULL DEFAULT '1',
  `question` text NOT NULL,
  `date_add` datetime NOT NULL,
  `date_upd` datetime NOT NULL,
  PRIMARY KEY (`id_order_return`),
  KEY `order_return_customer` (`id_customer`),
  KEY `id_order` (`id_order`)
) ENGINE=InnoDB DEFAULT CHARSET=utf8;

--
-- Dumping data for table `pre3303_order_return`
--


--
-- Table structure for table `pre3303_order_return_detail`
--

CREATE TABLE `pre3303_order_return_detail` (
  `id_order_return` int(10) unsigned NOT NULL,
  `id_order_detail` int(10) unsigned NOT NULL,
  `id_customization` int(10) unsigned NOT NULL DEFAULT '0',
  `product_quantity` int(10) unsigned NOT NULL DEFAULT '0',
  PRIMARY KEY (`id_order_return`,`id_order_detail`,`id_customization`)
) ENGINE=InnoDB DEFAULT CHARSET=utf8;

--
-- Dumping data for table `pre3303_order_return_detail`
--


--
-- Table structure for table `pre3303_order_return_state`
--

CREATE TABLE `pre3303_order_return_state` (
  `id_order_return_state` int(10) unsigned NOT NULL AUTO_INCREMENT,
  `color` varchar(32) DEFAULT NULL,
  PRIMARY KEY (`id_order_return_state`)
) ENGINE=InnoDB AUTO_INCREMENT=6 DEFAULT CHARSET=utf8;

--
-- Dumping data for table `pre3303_order_return_state`
--

INSERT INTO `pre3303_order_return_state` VALUES (1,'#4169E1'),(2,'#8A2BE2'),(3,'#32CD32'),(4,'#DC143C'),(5,'#108510');

--
-- Table structure for table `pre3303_order_return_state_lang`
--

CREATE TABLE `pre3303_order_return_state_lang` (
  `id_order_return_state` int(10) unsigned NOT NULL,
  `id_lang` int(10) unsigned NOT NULL,
  `name` varchar(64) NOT NULL,
  PRIMARY KEY (`id_order_return_state`,`id_lang`)
) ENGINE=InnoDB DEFAULT CHARSET=utf8;

--
-- Dumping data for table `pre3303_order_return_state_lang`
--

INSERT INTO `pre3303_order_return_state_lang` VALUES (1,1,'En attente de confirmation'),(1,2,'Waiting for confirmation'),(2,1,'En attente du colis'),(2,2,'Waiting for package'),(3,1,'Colis reçu'),(3,2,'Package received'),(4,1,'Retour refusé'),(4,2,'Return denied'),(5,1,'Retour terminé'),(5,2,'Return completed');

--
-- Table structure for table `pre3303_order_slip`
--

CREATE TABLE `pre3303_order_slip` (
  `id_order_slip` int(10) unsigned NOT NULL AUTO_INCREMENT,
  `conversion_rate` decimal(13,6) NOT NULL DEFAULT '1.000000',
  `id_customer` int(10) unsigned NOT NULL,
  `id_order` int(10) unsigned NOT NULL,
  `total_products_tax_excl` decimal(20,6) DEFAULT NULL,
  `total_products_tax_incl` decimal(20,6) DEFAULT NULL,
  `total_shipping_tax_excl` decimal(20,6) DEFAULT NULL,
  `total_shipping_tax_incl` decimal(20,6) DEFAULT NULL,
  `shipping_cost` tinyint(3) unsigned NOT NULL DEFAULT '0',
  `amount` decimal(10,2) NOT NULL,
  `shipping_cost_amount` decimal(10,2) NOT NULL,
  `partial` tinyint(1) NOT NULL,
  `order_slip_type` tinyint(1) unsigned NOT NULL DEFAULT '0',
  `date_add` datetime NOT NULL,
  `date_upd` datetime NOT NULL,
  PRIMARY KEY (`id_order_slip`),
  KEY `order_slip_customer` (`id_customer`),
  KEY `id_order` (`id_order`)
) ENGINE=InnoDB AUTO_INCREMENT=2 DEFAULT CHARSET=utf8;

--
-- Dumping data for table `pre3303_order_slip`
--

INSERT INTO `pre3303_order_slip` VALUES (1,1.000000,6250,254,1700.000000,1700.000000,0.000000,0.000000,0,1700.00,0.00,0,0,'2019-06-27 16:41:13','2019-06-27 16:41:13');

--
-- Table structure for table `pre3303_order_slip_detail`
--

CREATE TABLE `pre3303_order_slip_detail` (
  `id_order_slip` int(10) unsigned NOT NULL,
  `id_order_detail` int(10) unsigned NOT NULL,
  `product_quantity` int(10) unsigned NOT NULL DEFAULT '0',
  `unit_price_tax_excl` decimal(20,6) DEFAULT NULL,
  `unit_price_tax_incl` decimal(20,6) DEFAULT NULL,
  `total_price_tax_excl` decimal(20,6) DEFAULT NULL,
  `total_price_tax_incl` decimal(20,6) DEFAULT NULL,
  `amount_tax_excl` decimal(20,6) DEFAULT NULL,
  `amount_tax_incl` decimal(20,6) DEFAULT NULL,
  PRIMARY KEY (`id_order_slip`,`id_order_detail`)
) ENGINE=InnoDB DEFAULT CHARSET=utf8;

--
-- Dumping data for table `pre3303_order_slip_detail`
--

INSERT INTO `pre3303_order_slip_detail` VALUES (1,384,1,1700.000000,1700.000000,1700.000000,1700.000000,1700.000000,1700.000000);

--
-- Table structure for table `pre3303_order_slip_detail_tax`
--

CREATE TABLE `pre3303_order_slip_detail_tax` (
  `id_order_slip_detail` int(11) unsigned NOT NULL,
  `id_tax` int(11) unsigned NOT NULL,
  `unit_amount` decimal(16,6) NOT NULL DEFAULT '0.000000',
  `total_amount` decimal(16,6) NOT NULL DEFAULT '0.000000',
  KEY `id_order_slip_detail` (`id_order_slip_detail`),
  KEY `id_tax` (`id_tax`)
) ENGINE=InnoDB DEFAULT CHARSET=utf8;

--
-- Dumping data for table `pre3303_order_slip_detail_tax`
--


--
-- Table structure for table `pre3303_order_state`
--

CREATE TABLE `pre3303_order_state` (
  `id_order_state` int(10) unsigned NOT NULL AUTO_INCREMENT,
  `invoice` tinyint(1) unsigned DEFAULT '0',
  `send_email` tinyint(1) unsigned NOT NULL DEFAULT '0',
  `module_name` varchar(255) DEFAULT NULL,
  `color` varchar(32) DEFAULT NULL,
  `unremovable` tinyint(1) unsigned NOT NULL,
  `hidden` tinyint(1) unsigned NOT NULL DEFAULT '0',
  `logable` tinyint(1) NOT NULL DEFAULT '0',
  `delivery` tinyint(1) unsigned NOT NULL DEFAULT '0',
  `shipped` tinyint(1) unsigned NOT NULL DEFAULT '0',
  `paid` tinyint(1) unsigned NOT NULL DEFAULT '0',
  `pdf_invoice` tinyint(1) unsigned NOT NULL DEFAULT '0',
  `pdf_delivery` tinyint(1) unsigned NOT NULL DEFAULT '0',
  `deleted` tinyint(1) unsigned NOT NULL DEFAULT '0',
  PRIMARY KEY (`id_order_state`),
  KEY `module_name` (`module_name`)
) ENGINE=InnoDB AUTO_INCREMENT=20 DEFAULT CHARSET=utf8;

--
-- Dumping data for table `pre3303_order_state`
--

INSERT INTO `pre3303_order_state` VALUES (1,0,1,'cheque','#4169E1',1,0,0,0,0,0,0,0,0),(2,1,1,'','#32CD32',1,0,1,0,0,1,1,0,0),(3,1,1,'','#FF8C00',1,0,1,1,0,1,0,0,0),(4,1,1,'','#8A2BE2',1,0,1,1,1,1,0,0,0),(5,1,0,'','#108510',1,0,1,1,1,1,0,0,0),(6,0,1,'','#DC143C',1,0,0,0,0,0,0,0,0),(7,1,1,'','#ec2e15',1,0,0,0,0,0,0,0,0),(8,0,1,'','#8f0621',1,0,0,0,0,0,0,0,0),(9,1,0,'','#FF69B4',1,0,0,0,0,1,0,0,0),(10,0,1,'bankwire','#4169E1',1,0,0,0,0,0,0,0,0),(11,1,1,'','#32CD32',1,0,1,0,0,1,0,0,0),(12,0,1,'','#FF69B4',1,0,0,0,0,0,0,0,0),(13,0,0,'cashondelivery','#4169E1',1,0,0,0,0,0,0,0,0),(14,0,0,'','#4169E1',0,0,0,0,0,0,0,0,0),(15,0,0,'','#4169E1',0,0,0,0,0,0,0,0,0),(16,0,0,'','#4169E1',0,0,0,0,0,0,0,0,0),(19,0,0,'everpsshoppayment','#9c7240',0,0,0,0,0,0,0,0,0);

--
-- Table structure for table `pre3303_order_state_lang`
--

CREATE TABLE `pre3303_order_state_lang` (
  `id_order_state` int(10) unsigned NOT NULL,
  `id_lang` int(10) unsigned NOT NULL,
  `name` varchar(64) NOT NULL,
  `template` varchar(64) NOT NULL,
  PRIMARY KEY (`id_order_state`,`id_lang`)
) ENGINE=InnoDB DEFAULT CHARSET=utf8;

--
-- Dumping data for table `pre3303_order_state_lang`
--

INSERT INTO `pre3303_order_state_lang` VALUES (1,1,'En attente de paiement par chèque','cheque'),(1,2,'En attente de paiement par chèque','cheque'),(2,1,'Paiement accepté','payment'),(2,2,'Payment accepted','payment'),(3,1,'En cours de préparation','preparation'),(3,2,'Processing in progress','preparation'),(4,1,'Expédié','shipped'),(4,2,'Shipped','shipped'),(5,1,'Livré',''),(5,2,'Delivered',''),(6,1,'Annulé','order_canceled'),(6,2,'Canceled','order_canceled'),(7,1,'Remboursé','refund'),(7,2,'Refunded','refund'),(8,1,'Erreur de paiement','payment_error'),(8,2,'Payment error','payment_error'),(9,1,'En attente de réapprovisionnement (payé)',''),(9,2,'On backorder (paid)',''),(10,1,'En attente de virement bancaire','bankwire'),(10,2,'Awaiting bank wire payment','bankwire'),(11,1,'Paiement à distance accepté','payment'),(11,2,'Remote payment accepted','payment'),(12,1,'En attente de réapprovisionnement (non payé)','outofstock'),(12,2,'On backorder (not paid)','outofstock'),(13,1,'En attente de paiement à la livraison','cashondelivery'),(13,2,'Awaiting Cash On Delivery validation','cashondelivery'),(14,1,'En attente de paiement PayPal',''),(14,2,'Awaiting for PayPal payment',''),(15,1,'En attente de paiement Braintree',''),(15,2,'Awaiting for Braintree payment',''),(16,1,'En attente de validation Braintree',''),(16,2,'Awaiting for Braintree validation',''),(19,1,'Paiement en galerie',''),(19,2,'Paiement en galerie','');

--
-- Table structure for table `pre3303_orders`
--

CREATE TABLE `pre3303_orders` (
  `id_order` int(10) unsigned NOT NULL AUTO_INCREMENT,
  `reference` varchar(9) DEFAULT NULL,
  `id_shop_group` int(11) unsigned NOT NULL DEFAULT '1',
  `id_shop` int(11) unsigned NOT NULL DEFAULT '1',
  `id_carrier` int(10) unsigned NOT NULL,
  `id_lang` int(10) unsigned NOT NULL,
  `id_customer` int(10) unsigned NOT NULL,
  `id_cart` int(10) unsigned NOT NULL,
  `id_currency` int(10) unsigned NOT NULL,
  `id_address_delivery` int(10) unsigned NOT NULL,
  `id_address_invoice` int(10) unsigned NOT NULL,
  `current_state` int(10) unsigned NOT NULL,
  `secure_key` varchar(32) NOT NULL DEFAULT '-1',
  `payment` varchar(255) NOT NULL,
  `conversion_rate` decimal(13,6) NOT NULL DEFAULT '1.000000',
  `module` varchar(255) DEFAULT NULL,
  `recyclable` tinyint(1) unsigned NOT NULL DEFAULT '0',
  `gift` tinyint(1) unsigned NOT NULL DEFAULT '0',
  `gift_message` text,
  `mobile_theme` tinyint(1) NOT NULL DEFAULT '0',
  `shipping_number` varchar(64) DEFAULT NULL,
  `total_discounts` decimal(20,6) NOT NULL DEFAULT '0.000000',
  `total_discounts_tax_incl` decimal(20,6) NOT NULL DEFAULT '0.000000',
  `total_discounts_tax_excl` decimal(20,6) NOT NULL DEFAULT '0.000000',
  `total_paid` decimal(20,6) NOT NULL DEFAULT '0.000000',
  `total_paid_tax_incl` decimal(20,6) NOT NULL DEFAULT '0.000000',
  `total_paid_tax_excl` decimal(20,6) NOT NULL DEFAULT '0.000000',
  `total_paid_real` decimal(20,6) NOT NULL DEFAULT '0.000000',
  `total_products` decimal(20,6) NOT NULL DEFAULT '0.000000',
  `total_products_wt` decimal(20,6) NOT NULL DEFAULT '0.000000',
  `total_shipping` decimal(20,6) NOT NULL DEFAULT '0.000000',
  `total_shipping_tax_incl` decimal(20,6) NOT NULL DEFAULT '0.000000',
  `total_shipping_tax_excl` decimal(20,6) NOT NULL DEFAULT '0.000000',
  `carrier_tax_rate` decimal(10,3) NOT NULL DEFAULT '0.000',
  `total_wrapping` decimal(20,6) NOT NULL DEFAULT '0.000000',
  `total_wrapping_tax_incl` decimal(20,6) NOT NULL DEFAULT '0.000000',
  `total_wrapping_tax_excl` decimal(20,6) NOT NULL DEFAULT '0.000000',
  `round_mode` tinyint(1) NOT NULL DEFAULT '2',
  `round_type` tinyint(1) NOT NULL DEFAULT '1',
  `invoice_number` int(10) unsigned NOT NULL DEFAULT '0',
  `delivery_number` int(10) unsigned NOT NULL DEFAULT '0',
  `invoice_date` datetime NOT NULL,
  `delivery_date` datetime NOT NULL,
  `valid` int(1) unsigned NOT NULL DEFAULT '0',
  `date_add` datetime NOT NULL,
  `date_upd` datetime NOT NULL,
  PRIMARY KEY (`id_order`),
  KEY `reference` (`reference`),
  KEY `id_customer` (`id_customer`),
  KEY `id_cart` (`id_cart`),
  KEY `invoice_number` (`invoice_number`),
  KEY `id_carrier` (`id_carrier`),
  KEY `id_lang` (`id_lang`),
  KEY `id_currency` (`id_currency`),
  KEY `id_address_delivery` (`id_address_delivery`),
  KEY `id_address_invoice` (`id_address_invoice`),
  KEY `id_shop_group` (`id_shop_group`),
  KEY `current_state` (`current_state`),
  KEY `id_shop` (`id_shop`),
  KEY `date_add` (`date_add`)
) ENGINE=InnoDB AUTO_INCREMENT=267 DEFAULT CHARSET=utf8;

--
-- Dumping data for table `pre3303_orders`
--

INSERT INTO `pre3303_orders` VALUES (1,'BLNJYINTJ',1,4,36,1,6272,4,1,6181,6181,5,'7a449f3e441c6415453a3228bbee5b6b','PayPal / CB',1.000000,'paypal',0,0,'',0,'',0.000000,0.000000,0.000000,120.000000,120.000000,100.000000,120.000000,100.000000,120.000000,0.000000,0.000000,0.000000,20.000,0.000000,0.000000,0.000000,2,2,265,267,'2019-01-03 16:17:23','2019-01-03 16:17:23',1,'2019-01-03 16:17:22','2019-01-03 16:17:23'),(2,'PQFETDLCB',1,4,36,1,6272,5,1,6181,6181,5,'7a449f3e441c6415453a3228bbee5b6b','PayPal / CB',1.000000,'paypal',0,0,'',0,'',0.000000,0.000000,0.000000,160.000000,160.000000,133.330000,160.000000,133.330000,160.000000,0.000000,0.000000,0.000000,20.000,0.000000,0.000000,0.000000,2,2,266,268,'2019-01-03 16:18:29','2019-01-03 16:18:29',1,'2019-01-03 16:18:29','2019-01-03 16:18:30'),(3,'KPNUFFZJL',1,4,36,1,6362,6,1,6280,6280,5,'103d48da0e2b4de9348182d4e5eb7053','PayPal / CB',1.000000,'paypal',0,0,'',0,'',0.000000,0.000000,0.000000,228.000000,228.000000,190.000000,228.000000,190.000000,228.000000,0.000000,0.000000,0.000000,20.000,0.000000,0.000000,0.000000,2,2,267,270,'2019-01-03 16:26:05','2019-01-04 14:04:43',1,'2019-01-03 16:26:05','2019-01-04 14:04:43'),(4,'VLDSMNMBG',1,4,36,1,6363,7,1,6281,6281,5,'51e777bafc63ecab830be3bd3dacfd3e','PayPal / CB',1.000000,'paypal',0,0,'',0,'',0.000000,0.000000,0.000000,108.000000,108.000000,90.000000,108.000000,90.000000,108.000000,0.000000,0.000000,0.000000,20.000,0.000000,0.000000,0.000000,2,2,268,0,'2019-01-03 16:36:31','2019-01-19 13:16:34',1,'2019-01-03 16:36:31','2019-01-19 13:16:34'),(5,'CJBFNDSGH',1,4,36,1,6364,8,1,6282,6282,5,'3e49e998d9e4a61b9ab51079372fb0b2','PayPal / CB',1.000000,'paypal',0,0,'',0,'',0.000000,0.000000,0.000000,207.000000,207.000000,172.500000,207.000000,172.500000,207.000000,0.000000,0.000000,0.000000,20.000,0.000000,0.000000,0.000000,2,2,269,0,'2019-01-03 16:47:29','2019-01-19 13:23:26',1,'2019-01-03 16:47:28','2019-01-19 13:23:26'),(6,'PUJBERMEI',1,2,36,1,3621,12,1,5780,5780,5,'2d7c114a9a3d0f38bc8ecca2cf1aae54','Braintree',1.000000,'paypal',0,0,'',0,'',0.000000,0.000000,0.000000,1700.000000,1700.000000,1700.000000,1700.000000,1700.000000,1700.000000,0.000000,0.000000,0.000000,20.000,0.000000,0.000000,0.000000,2,2,211,247,'2019-01-03 20:00:27','2019-01-07 18:36:00',1,'2019-01-03 20:00:26','2019-01-07 18:36:00'),(7,'HBJQKQVQY',1,2,36,1,6366,15,1,6283,6283,5,'779d6594e0914fa1522f1beddeedb1d7','PayPal / CB',1.000000,'paypal',0,0,'',0,'',0.000000,0.000000,0.000000,2250.000000,2250.000000,2250.000000,2250.000000,2250.000000,2250.000000,0.000000,0.000000,0.000000,20.000,0.000000,0.000000,0.000000,2,2,212,246,'2019-01-04 14:45:45','2019-01-14 23:59:05',1,'2019-01-04 14:45:45','2019-01-14 23:59:05'),(8,'XPTMXNPUR',1,4,36,1,6365,13,1,6284,6284,5,'bca4aafffe638de179188ee7eb936fc3','PayPal / CB',1.000000,'paypal',0,0,'',0,'',0.000000,0.000000,0.000000,195.000000,195.000000,162.500000,195.000000,162.500000,195.000000,0.000000,0.000000,0.000000,20.000,0.000000,0.000000,0.000000,2,2,270,277,'2019-01-04 16:47:05','2019-01-18 16:41:57',1,'2019-01-04 16:47:04','2019-01-18 16:41:57'),(9,'ZMOVODPWQ',1,4,36,1,6367,22,1,6285,6285,5,'7da9d0f483b9c150f055260cb1aad70a','PayPal / CB',1.000000,'paypal',0,0,'',0,'',0.000000,0.000000,0.000000,180.000000,180.000000,150.000000,180.000000,150.000000,180.000000,0.000000,0.000000,0.000000,20.000,0.000000,0.000000,0.000000,2,2,271,283,'2019-01-04 16:50:42','2019-01-25 13:51:49',1,'2019-01-04 16:50:42','2019-01-25 13:51:49'),(10,'LJRFKBIZF',1,4,36,1,6354,23,1,6273,6273,5,'0acf4b1ebad12a95ddba1c54473be23c','PayPal / CB',1.000000,'paypal',0,0,'',0,'',0.000000,0.000000,0.000000,500.000000,500.000000,416.660000,500.000000,416.660000,500.000000,0.000000,0.000000,0.000000,20.000,0.000000,0.000000,0.000000,2,2,272,271,'2019-01-04 16:53:41','2019-01-04 16:53:41',1,'2019-01-04 16:53:40','2019-01-04 16:53:41'),(11,'QEMEGMCCM',1,4,36,1,6272,45,1,6181,6181,5,'7a449f3e441c6415453a3228bbee5b6b','PayPal / CB',1.000000,'paypal',0,0,'',0,'',0.000000,0.000000,0.000000,200.000000,200.000000,166.670000,200.000000,166.670000,200.000000,0.000000,0.000000,0.000000,20.000,0.000000,0.000000,0.000000,2,2,273,272,'2019-01-05 18:29:49','2019-01-05 18:29:49',1,'2019-01-05 18:29:49','2019-01-05 18:29:49'),(12,'QPHIHWLIO',1,2,36,1,6368,63,1,6286,6286,3,'51648a9d3c2aab371461b6f051690e3f','Braintree',1.000000,'paypal',0,0,'',0,'',0.000000,0.000000,0.000000,900.000000,900.000000,900.000000,900.000000,900.000000,900.000000,0.000000,0.000000,0.000000,20.000,0.000000,0.000000,0.000000,2,2,213,245,'2019-01-07 17:57:28','2019-01-07 18:34:44',1,'2019-01-07 17:57:28','2019-01-07 18:34:44'),(13,'ZFDQQEFRG',1,2,44,1,6369,64,1,6287,6287,5,'583a94d5f6b516afb574b9d76c4d7785','PayPal / CB',1.000000,'paypal',0,0,'',0,'',0.000000,0.000000,0.000000,2600.000000,2600.000000,2575.000000,2600.000000,2450.000000,2450.000000,150.000000,150.000000,125.000000,20.000,0.000000,0.000000,0.000000,2,2,214,244,'2019-01-07 18:05:57','2019-01-09 10:47:03',1,'2019-01-07 18:05:56','2019-01-09 10:47:03'),(14,'EXLOOGNAY',1,2,36,1,6370,67,1,6288,6288,5,'2cc61a6b7d26bc5ca51d44aa716bb728','Braintree',1.000000,'paypal',0,0,'',0,'',0.000000,0.000000,0.000000,2200.000000,2200.000000,2200.000000,2200.000000,2200.000000,2200.000000,0.000000,0.000000,0.000000,20.000,0.000000,0.000000,0.000000,2,2,215,248,'2019-01-08 00:34:20','2019-01-14 23:58:40',1,'2019-01-08 00:34:19','2019-01-14 23:58:40'),(15,'HCVSHWLOK',1,4,45,1,6372,185,1,6289,6289,5,'9dbe55711be307728c3dce9f28ff45bb','PayPal / CB',1.000000,'paypal',0,0,'',0,'',0.000000,0.000000,0.000000,35.000000,35.000000,29.170000,35.000000,29.170000,35.000000,0.000000,0.000000,0.000000,20.000,0.000000,0.000000,0.000000,2,2,274,0,'2019-01-10 16:13:36','2019-01-19 13:20:36',1,'2019-01-10 16:13:36','2019-01-19 13:20:36'),(16,'OHSXNPRHZ',1,4,45,1,6272,187,1,6181,6181,5,'7a449f3e441c6415453a3228bbee5b6b','PayPal / CB',1.000000,'paypal',0,0,'',0,'',0.000000,0.000000,0.000000,120.000000,120.000000,100.000000,120.000000,100.000000,120.000000,0.000000,0.000000,0.000000,20.000,0.000000,0.000000,0.000000,2,2,275,275,'2019-01-11 16:53:27','2019-01-11 16:53:27',1,'2019-01-11 16:53:26','2019-01-11 16:53:27'),(17,'JAJISBFCE',1,4,45,1,6373,188,1,6290,6290,5,'0cc0e7227526a6482eb11bb476ddb3b1','Braintree',1.000000,'paypal',0,0,'',0,'',0.000000,0.000000,0.000000,195.000000,195.000000,162.500000,195.000000,162.500000,195.000000,0.000000,0.000000,0.000000,20.000,0.000000,0.000000,0.000000,2,2,276,276,'2019-01-12 13:11:22','2019-01-17 18:47:22',1,'2019-01-12 13:11:20','2019-01-17 18:47:22'),(18,'AIIWLTYVT',1,2,45,1,6263,191,1,6173,6173,5,'af97ddf4db9639dfc6a85ce95ae28f3f','PayPal / CB',1.000000,'paypal',0,0,'',0,'',0.000000,0.000000,0.000000,2700.000000,2700.000000,2700.000000,2700.000000,2700.000000,2700.000000,0.000000,0.000000,0.000000,20.000,0.000000,0.000000,0.000000,2,2,216,249,'2019-01-14 23:45:47','2019-02-19 15:44:42',1,'2019-01-14 23:45:46','2019-02-19 15:44:42'),(19,'PUJGHYBVV',1,2,44,1,6374,192,1,6291,6291,5,'f76825cb05ddedb5bef0ff83ec89b6b3','Chèque',1.000000,'ps_checkpayment',0,0,'',0,'',180.000000,180.000000,150.000000,4500.000000,4500.000000,4500.000000,4500.000000,4500.000000,4500.000000,180.000000,180.000000,150.000000,20.000,0.000000,0.000000,0.000000,2,2,217,250,'2019-01-14 23:51:46','2019-01-24 12:17:04',1,'2019-01-14 23:51:46','2019-01-24 12:17:04'),(20,'GMBOHNACS',1,2,45,1,6375,194,1,6292,6292,5,'785df77206728fb5a53ef831a709c76c','PayPal / CB',1.000000,'paypal',0,0,'',0,'',0.000000,0.000000,0.000000,900.000000,900.000000,900.000000,900.000000,900.000000,900.000000,0.000000,0.000000,0.000000,20.000,0.000000,0.000000,0.000000,2,2,218,255,'2019-01-18 14:18:41','2019-01-26 19:54:39',1,'2019-01-18 14:18:40','2019-01-26 19:54:39'),(21,'RFAXRLYTF',1,4,45,1,6375,195,1,6292,6292,5,'785df77206728fb5a53ef831a709c76c','PayPal / CB',1.000000,'paypal',0,0,'',0,'',0.000000,0.000000,0.000000,180.000000,180.000000,150.000000,180.000000,150.000000,180.000000,0.000000,0.000000,0.000000,20.000,0.000000,0.000000,0.000000,2,2,277,286,'2019-01-18 14:56:23','2019-01-26 19:54:55',1,'2019-01-18 14:56:21','2019-01-26 19:54:55'),(22,'SYREQYKKO',1,2,45,1,6376,196,1,6293,6293,5,'164935fd23bbbeb312dfa2513fae0180','PayPal / CB',1.000000,'paypal',0,0,'',0,'',0.000000,0.000000,0.000000,300.000000,300.000000,300.000000,1300.000000,300.000000,300.000000,0.000000,0.000000,0.000000,20.000,0.000000,0.000000,0.000000,2,2,219,253,'2019-01-18 15:10:03','2019-01-26 19:43:58',1,'2019-01-18 15:10:02','2019-01-26 19:43:58'),(23,'AQQDAQDQF',1,2,45,1,6377,197,1,6294,6294,5,'80f4df3d7d048a15a18fc51ae3cd5722','Chèque',1.000000,'ps_checkpayment',0,0,'',0,'',0.000000,0.000000,0.000000,6000.000000,6000.000000,6000.000000,6000.000000,6000.000000,6000.000000,0.000000,0.000000,0.000000,20.000,0.000000,0.000000,0.000000,2,2,220,251,'2019-01-18 17:21:26','2019-01-18 17:25:12',1,'2019-01-18 17:21:25','2019-01-18 17:25:12'),(24,'WGLDIXCBL',1,4,45,1,6224,199,1,6134,6134,5,'530d9cbe8daa6cbe376864c8cd5254be','PayPal / CB',1.000000,'paypal',0,0,'',0,'',0.000000,0.000000,0.000000,62.500000,62.500000,59.250000,62.500000,59.250000,62.500000,0.000000,0.000000,0.000000,20.000,0.000000,0.000000,0.000000,2,2,278,279,'2019-01-18 18:45:09','2019-01-19 13:15:47',1,'2019-01-18 18:45:05','2019-01-19 13:15:47'),(25,'LVQKEREZC',1,4,45,1,6378,200,1,6295,6295,5,'5253358d485faeb9e948af6f06d5b3a1','PayPal / CB',1.000000,'paypal',0,0,'',0,'',0.000000,0.000000,0.000000,1600.000000,1600.000000,1333.330000,1600.000000,1333.330000,1600.000000,0.000000,0.000000,0.000000,20.000,0.000000,0.000000,0.000000,2,2,279,278,'2019-01-18 18:49:41','2019-01-19 13:15:10',1,'2019-01-18 18:49:41','2019-01-19 13:15:10'),(26,'OISLHFHAA',1,4,45,1,6274,203,1,6182,6182,5,'0578fda48f0e05f6adb73b1b2d3bbede','PayPal / CB',1.000000,'paypal',0,0,'',0,'',0.000000,0.000000,0.000000,1500.000000,1500.000000,1250.000000,1500.000000,1250.000000,1500.000000,0.000000,0.000000,0.000000,20.000,0.000000,0.000000,0.000000,2,2,280,280,'2019-01-19 18:44:07','2019-01-19 18:44:32',1,'2019-01-19 18:44:07','2019-01-19 18:44:32'),(27,'PUMQQDQIT',1,2,45,1,6379,204,1,6296,6296,5,'aa878e37585462a49311d0d12e2724f5','Chèque',1.000000,'ps_checkpayment',0,0,'',0,'',0.000000,0.000000,0.000000,4000.000000,4000.000000,4000.000000,4000.000000,4000.000000,4000.000000,0.000000,0.000000,0.000000,20.000,0.000000,0.000000,0.000000,2,2,221,252,'2019-01-19 18:56:37','2019-01-19 18:56:55',1,'2019-01-19 18:56:36','2019-01-19 18:56:55'),(28,'GJUIXKIPG',1,4,40,1,6381,209,1,6297,6297,5,'92ef54d3a6cef94d8216498f52819846','PayPal / CB',1.000000,'paypal',0,0,'',0,'',15.000000,15.000000,12.500000,340.000000,340.000000,283.330000,340.000000,283.330000,340.000000,15.000000,15.000000,12.500000,20.000,0.000000,0.000000,0.000000,2,2,281,281,'2019-01-22 15:32:01','2019-01-25 18:41:20',1,'2019-01-22 15:31:57','2019-01-25 18:41:20'),(29,'WOHBPUPFN',1,4,45,1,6382,211,1,6298,6298,5,'0f0f83ca03ef87373d94ee7f4ebba287','PayPal / CB',1.000000,'paypal',0,0,'',0,'',0.000000,0.000000,0.000000,910.000000,910.000000,758.330000,910.000000,758.330000,910.000000,0.000000,0.000000,0.000000,20.000,0.000000,0.000000,0.000000,2,2,282,0,'2019-01-24 15:20:29','2019-02-16 17:42:28',1,'2019-01-24 15:20:29','2019-02-16 17:42:28'),(30,'LTYKTTHBH',1,4,45,1,6383,213,1,6299,6299,5,'11b6c47780b3c3690e4aa6c1128744c4','PayPal / CB',1.000000,'paypal',0,0,'',0,'',0.000000,0.000000,0.000000,195.000000,195.000000,162.500000,195.000000,162.500000,195.000000,0.000000,0.000000,0.000000,20.000,0.000000,0.000000,0.000000,2,2,283,282,'2019-01-24 15:59:29','2019-01-24 15:59:29',1,'2019-01-24 15:59:27','2019-01-24 15:59:29'),(31,'IJQGTPXES',1,4,45,1,6384,214,1,6300,6300,5,'5c42b1fc5bc814c7ce996e8f95e100af','PayPal / CB',1.000000,'paypal',0,0,'',0,'',0.000000,0.000000,0.000000,230.000000,230.000000,191.670000,230.000000,191.670000,230.000000,0.000000,0.000000,0.000000,20.000,0.000000,0.000000,0.000000,2,2,284,287,'2019-01-26 15:39:40','2019-02-08 17:57:05',1,'2019-01-26 15:39:39','2019-02-08 17:57:05'),(32,'VUWJQDPWZ',1,2,45,1,6385,215,1,6301,6301,5,'32e0beba696aff5ce404d9a92e7181da','Braintree',1.000000,'paypal',0,0,'',0,'',150.000000,150.000000,150.000000,2000.000000,2000.000000,2000.000000,2000.000000,2150.000000,2150.000000,0.000000,0.000000,0.000000,20.000,0.000000,0.000000,0.000000,2,2,222,256,'2019-01-26 15:41:14','2019-04-17 15:56:20',1,'2019-01-26 15:41:13','2019-04-17 15:56:20'),(33,'PSNDNFFZH',1,4,45,1,3461,217,1,4115,4115,5,'0d64524d731a52f8d48fffac19095171','PayPal / CB',1.000000,'paypal',0,0,'',0,'',0.000000,0.000000,0.000000,180.000000,180.000000,150.000000,180.000000,150.000000,180.000000,0.000000,0.000000,0.000000,20.000,0.000000,0.000000,0.000000,2,2,285,285,'2019-01-26 19:04:22','2019-01-26 19:05:00',1,'2019-01-26 19:04:19','2019-01-26 19:05:00'),(34,'UVOVSYGFG',1,2,45,1,6386,219,1,6302,6302,3,'20c2fd0808fde760ad160e80671629ab','PayPal / CB',1.000000,'paypal',0,0,'',0,'',0.000000,0.000000,0.000000,2000.000000,2000.000000,2000.000000,2000.000000,2000.000000,2000.000000,0.000000,0.000000,0.000000,20.000,0.000000,0.000000,0.000000,2,2,223,254,'2019-01-26 19:53:32','2019-01-26 19:54:01',1,'2019-01-26 19:53:32','2019-01-26 19:54:01'),(35,'PJBPBAIPC',1,4,40,1,6387,221,1,6303,6304,5,'f18dcfd11e085f246949c1439f1b56c4','Braintree',1.000000,'paypal',0,0,'',0,'',100.000000,100.000000,83.330000,915.000000,915.000000,762.500000,915.000000,833.330000,1000.000000,15.000000,15.000000,12.500000,20.000,0.000000,0.000000,0.000000,2,2,286,289,'2019-01-29 14:21:56','2019-01-31 18:27:18',1,'2019-01-28 23:35:05','2019-01-31 18:27:18'),(36,'YCIBXLMHA',1,4,45,1,6388,225,1,6305,6305,5,'61db89ee11872f9fe8b34cf4894bbe8e','PayPal / CB',1.000000,'paypal',0,0,'',0,'',0.000000,0.000000,0.000000,220.000000,220.000000,183.330000,220.000000,183.330000,220.000000,0.000000,0.000000,0.000000,20.000,0.000000,0.000000,0.000000,2,2,287,0,'2019-01-31 15:00:33','2019-02-08 18:39:36',1,'2019-01-31 15:00:32','2019-02-08 18:39:36'),(37,'BAIXPMTLE',1,4,45,1,6274,230,1,6182,6182,5,'0578fda48f0e05f6adb73b1b2d3bbede','PayPal / CB',1.000000,'paypal',0,0,'',0,'',0.000000,0.000000,0.000000,600.000000,600.000000,500.000000,600.000000,500.000000,600.000000,0.000000,0.000000,0.000000,20.000,0.000000,0.000000,0.000000,2,2,288,290,'2019-02-02 17:46:40','2019-02-02 17:46:57',1,'2019-02-02 17:46:40','2019-02-02 17:46:57'),(38,'HKKRSUTRB',1,4,45,1,6389,231,1,6306,6306,5,'f019d0542a7d9e8f24adbc1b5e7340fa','PayPal / CB',1.000000,'paypal',0,0,'',0,'',0.000000,0.000000,0.000000,1500.000000,1500.000000,1500.000000,1500.000000,1500.000000,1500.000000,0.000000,0.000000,0.000000,20.000,0.000000,0.000000,0.000000,2,2,289,291,'2019-02-02 17:57:10','2019-02-02 17:57:27',1,'2019-02-02 17:57:10','2019-02-02 17:57:27'),(39,'FPIGSDSYL',1,4,45,1,6390,210,1,6307,6307,5,'e2844ec70828e3d9b0939fc881ae421f','Braintree',1.000000,'paypal',0,0,'',0,'',0.000000,0.000000,0.000000,645.000000,645.000000,537.510000,645.000000,537.510000,645.000000,0.000000,0.000000,0.000000,20.000,0.000000,0.000000,0.000000,2,2,290,293,'2019-02-04 14:39:51','2019-02-07 18:11:45',1,'2019-02-04 14:39:46','2019-02-07 18:11:45'),(40,'VQSBAVRRI',1,4,45,1,6394,243,1,6311,6311,5,'360b913db45ba21f0fb65fc04cb8b6f2','PayPal / CB',1.000000,'paypal',0,0,'',0,'',0.000000,0.000000,0.000000,380.000000,380.000000,316.670000,380.000000,316.670000,380.000000,0.000000,0.000000,0.000000,20.000,0.000000,0.000000,0.000000,2,2,291,292,'2019-02-07 14:38:02','2019-02-07 14:39:23',1,'2019-02-07 14:38:02','2019-02-07 14:39:23'),(41,'URWSGIRFW',1,4,45,1,6395,244,1,6312,6312,5,'d16468f1ceb818a64c91d9a72609bef2','PayPal / CB',1.000000,'paypal',0,0,'',0,'',0.000000,0.000000,0.000000,220.000000,220.000000,183.330000,220.000000,183.330000,220.000000,0.000000,0.000000,0.000000,20.000,0.000000,0.000000,0.000000,2,2,292,0,'2019-02-07 16:46:31','2019-02-14 14:20:01',1,'2019-02-07 16:46:30','2019-02-14 14:20:01'),(42,'PMTUKONYA',1,4,45,1,6396,246,1,6313,6313,5,'067c16c08ebc92628f642938806c5549','PayPal / CB',1.000000,'paypal',0,0,'',0,'',0.000000,0.000000,0.000000,217.000000,217.000000,180.840000,217.000000,180.840000,217.000000,0.000000,0.000000,0.000000,20.000,0.000000,0.000000,0.000000,2,2,293,0,'2019-02-07 17:03:43','2019-02-14 14:18:42',1,'2019-02-07 17:03:43','2019-02-14 14:18:42'),(43,'VJCKECYMK',1,4,45,1,6397,252,1,6314,6314,5,'f89fad9d20f992750d5c9b0835415e4e','PayPal / CB',1.000000,'paypal',0,0,'',0,'',0.000000,0.000000,0.000000,108.000000,108.000000,90.000000,108.000000,90.000000,108.000000,0.000000,0.000000,0.000000,20.000,0.000000,0.000000,0.000000,2,2,294,295,'2019-02-14 14:26:46','2019-02-16 17:41:14',1,'2019-02-14 14:26:46','2019-02-16 17:41:14'),(44,'DFWICCWJJ',1,2,45,1,6398,256,1,6315,6315,5,'15a11eaadf6788a208911ffc80812db7','Braintree',1.000000,'paypal',0,0,'',0,'',0.000000,0.000000,0.000000,2400.000000,2400.000000,2400.000000,2400.000000,2400.000000,2400.000000,0.000000,0.000000,0.000000,20.000,0.000000,0.000000,0.000000,2,2,224,257,'2019-02-17 18:18:49','2019-02-24 19:14:35',1,'2019-02-17 18:18:48','2019-02-24 19:14:35'),(45,'VKQBCDVTI',1,4,40,1,6400,259,1,6316,6316,5,'e98fdcf7e47da1c0a37fdfa1cdc88e75','Braintree',1.000000,'paypal',0,0,'',0,'',0.000000,0.000000,0.000000,845.000000,845.000000,704.170000,845.000000,691.670000,830.000000,15.000000,15.000000,12.500000,20.000,0.000000,0.000000,0.000000,2,2,295,297,'2019-02-18 22:25:45','2019-02-28 13:33:18',1,'2019-02-18 22:25:42','2019-02-28 13:33:18'),(46,'LOQPKAWJC',1,4,40,1,6401,260,1,6317,6317,5,'e4ce6c364aa63c6ffc7a7c33f1495fb5','Braintree',1.000000,'paypal',0,0,'',0,'',0.000000,0.000000,0.000000,210.000000,210.000000,175.000000,210.000000,162.500000,195.000000,15.000000,15.000000,12.500000,20.000,0.000000,0.000000,0.000000,2,2,296,296,'2019-02-19 10:48:42','2019-02-28 13:32:17',1,'2019-02-19 10:48:40','2019-02-28 13:32:17'),(47,'TTZPOMKHV',1,4,40,1,6402,266,1,6318,6318,5,'d7f69deaca4c14663e821b93e6e79934','Braintree',1.000000,'paypal',0,0,'',0,'',0.000000,0.000000,0.000000,135.000000,135.000000,112.500000,135.000000,100.000000,120.000000,15.000000,15.000000,12.500000,20.000,0.000000,0.000000,0.000000,2,2,297,0,'2019-02-23 13:45:34','2019-03-01 13:21:20',1,'2019-02-23 13:45:32','2019-03-01 13:21:20'),(48,'HJUFMHWGR',1,4,45,1,6272,267,1,6181,6181,5,'7a449f3e441c6415453a3228bbee5b6b','PayPal / CB',1.000000,'paypal',0,0,'',0,'',0.000000,0.000000,0.000000,120.000000,120.000000,100.000000,120.000000,100.000000,120.000000,0.000000,0.000000,0.000000,20.000,0.000000,0.000000,0.000000,2,2,298,298,'2019-02-23 15:00:32','2019-02-23 15:01:08',1,'2019-02-23 15:00:32','2019-02-23 15:01:08'),(49,'BQYVGGLIX',1,4,45,1,6403,269,1,6319,6319,5,'c4b16b9b7d3bb083cc8d50050554aec0','Braintree',1.000000,'paypal',0,0,'',0,'',0.000000,0.000000,0.000000,195.000000,195.000000,162.500000,195.000000,162.500000,195.000000,0.000000,0.000000,0.000000,20.000,0.000000,0.000000,0.000000,2,2,299,303,'2019-02-24 19:05:49','2019-03-08 18:05:44',1,'2019-02-24 19:05:47','2019-03-08 18:05:44'),(50,'JNSNAYGNQ',1,4,45,1,6263,277,1,6173,6173,5,'af97ddf4db9639dfc6a85ce95ae28f3f','PayPal / CB',1.000000,'paypal',0,0,'',0,'',0.000000,0.000000,0.000000,1000.000000,1000.000000,833.330000,1000.000000,833.330000,1000.000000,0.000000,0.000000,0.000000,20.000,0.000000,0.000000,0.000000,2,2,300,300,'2019-03-02 18:33:43','2019-03-02 18:34:25',1,'2019-03-02 18:33:41','2019-03-02 18:34:25'),(51,'ROPGKYBVR',1,4,45,1,6272,278,1,6181,6181,5,'7a449f3e441c6415453a3228bbee5b6b','PayPal / CB',1.000000,'paypal',0,0,'',0,'',0.000000,0.000000,0.000000,100.000000,100.000000,94.790000,100.000000,94.790000,100.000000,0.000000,0.000000,0.000000,20.000,0.000000,0.000000,0.000000,2,2,301,301,'2019-03-02 18:42:51','2019-03-02 18:43:03',1,'2019-03-02 18:42:49','2019-03-02 18:43:03'),(52,'GWJEJWGDD',1,4,45,1,6035,282,1,6320,6320,2,'91cf5985e802e7bffce28bc6fe323eee','Braintree',1.000000,'paypal',0,0,'',0,'',0.000000,0.000000,0.000000,400.000000,400.000000,333.330000,400.000000,333.330000,400.000000,0.000000,0.000000,0.000000,20.000,0.000000,0.000000,0.000000,2,2,302,0,'2019-03-04 17:35:07','0000-00-00 00:00:00',1,'2019-03-04 17:35:05','2019-03-04 17:35:07'),(53,'GTVVZZSCO',1,2,45,1,3429,287,1,1060,1060,5,'e58b4892411edbc9e94096eef98d8246','Chèque',1.000000,'ps_checkpayment',0,0,'',0,'',0.000000,0.000000,0.000000,1500.000000,1500.000000,1500.000000,1500.000000,1500.000000,1500.000000,0.000000,0.000000,0.000000,20.000,0.000000,0.000000,0.000000,2,2,225,258,'2019-03-08 11:42:32','2019-03-08 11:43:41',1,'2019-03-08 11:42:32','2019-03-08 11:43:41'),(54,'RYJSPPVFU',1,4,45,1,6404,288,1,6321,6321,5,'83d85a3eed9fe2e62b58397ad69ea1c6','PayPal / CB',1.000000,'paypal',0,0,'',0,'',0.000000,0.000000,0.000000,195.000000,195.000000,162.500000,195.000000,162.500000,195.000000,0.000000,0.000000,0.000000,20.000,0.000000,0.000000,0.000000,2,2,303,302,'2019-03-08 15:28:48','2019-03-08 17:59:12',1,'2019-03-08 15:28:48','2019-03-08 17:59:13'),(55,'BMPRKVKKE',1,4,40,1,6406,292,1,6322,6322,5,'fe5f857f9a4387ba4f4cad8fb3de01a0','Braintree',1.000000,'paypal',0,0,'',0,'',0.000000,0.000000,0.000000,735.000000,735.000000,612.500000,735.000000,600.000000,720.000000,15.000000,15.000000,12.500000,20.000,0.000000,0.000000,0.000000,2,2,306,305,'2019-03-11 13:30:59','2019-03-21 13:37:29',1,'2019-03-10 13:38:29','2019-03-21 13:37:29'),(56,'GLANSDFEW',1,4,45,1,2950,295,1,3734,3734,5,'035b48bd1f98422061d4f7accdb2dae5','Braintree',1.000000,'paypal',0,0,'',0,'',0.000000,0.000000,0.000000,240.000000,240.000000,200.000000,240.000000,200.000000,240.000000,0.000000,0.000000,0.000000,20.000,0.000000,0.000000,0.000000,2,2,305,321,'2019-03-11 13:30:58','2019-04-04 19:40:26',1,'2019-03-10 16:04:00','2019-04-04 19:40:26'),(57,'XSZWZWOWU',1,2,45,1,6409,301,1,6324,6324,5,'910005db3d0d9d6866ff10526b382a61','Braintree',1.000000,'paypal',0,0,'',0,'',0.000000,0.000000,0.000000,120.000000,120.000000,100.000000,120.000000,100.000000,120.000000,0.000000,0.000000,0.000000,20.000,0.000000,0.000000,0.000000,2,2,226,261,'2019-03-11 13:30:58','2019-04-04 19:39:51',1,'2019-03-11 09:26:15','2019-04-04 19:39:52'),(58,'XEDUOKJSH',1,4,45,1,6410,302,1,6325,6325,5,'45e90d14450f6a64642e147970c7ea41','Braintree',1.000000,'paypal',0,0,'',0,'',0.000000,0.000000,0.000000,40.000000,40.000000,33.330000,40.000000,33.330000,40.000000,0.000000,0.000000,0.000000,20.000,0.000000,0.000000,0.000000,2,2,304,306,'2019-03-11 13:30:56','2019-03-22 14:41:29',1,'2019-03-11 09:27:07','2019-03-22 14:41:29'),(59,'CKXLKHLSM',1,4,45,1,6411,303,1,6326,6326,5,'57be20815e45be571e206e4cf16441f2','Braintree',1.000000,'paypal',0,0,'',0,'',0.000000,0.000000,0.000000,120.000000,120.000000,100.000000,120.000000,100.000000,120.000000,0.000000,0.000000,0.000000,20.000,0.000000,0.000000,0.000000,2,2,307,304,'2019-03-11 18:09:00','2019-03-14 16:20:21',1,'2019-03-11 18:08:58','2019-03-14 16:20:21'),(60,'BBRONLXNZ',1,4,45,1,6412,306,1,6327,6327,5,'1f9fafb94887d90b269975ae94e00b93','Braintree',1.000000,'paypal',0,0,'',0,'',0.000000,0.000000,0.000000,120.000000,120.000000,100.000000,120.000000,100.000000,120.000000,0.000000,0.000000,0.000000,20.000,0.000000,0.000000,0.000000,2,2,308,307,'2019-03-12 10:27:08','2019-03-23 17:03:45',1,'2019-03-12 10:27:06','2019-03-23 17:03:45'),(61,'NEJXYLWYN',1,4,45,1,6415,311,1,6329,6329,5,'41be6ae9d75b5d69827d818410f51da3','Braintree',1.000000,'paypal',0,0,'',0,'',0.000000,0.000000,0.000000,75.000000,75.000000,62.500000,75.000000,62.500000,75.000000,0.000000,0.000000,0.000000,20.000,0.000000,0.000000,0.000000,2,2,309,310,'2019-03-13 18:39:45','2019-03-28 13:41:30',1,'2019-03-13 18:39:43','2019-03-28 13:41:30'),(62,'TFRCFLGRO',1,4,45,1,6416,317,1,6332,6332,5,'b2f2f1bf9a26b03a71df8a5cc739854d','PayPal / CB',1.000000,'paypal',0,0,'',0,'',0.000000,0.000000,0.000000,13500.000000,13500.000000,13450.000000,13500.000000,13450.000000,13500.000000,0.000000,0.000000,0.000000,20.000,0.000000,0.000000,0.000000,2,2,310,352,'2019-03-14 12:30:41','2019-05-10 12:47:22',1,'2019-03-14 12:30:39','2019-05-10 12:47:22'),(63,'PUHDJLHCV',1,2,45,1,6417,319,1,6333,6333,2,'5590816851a175321d48bb6649b1ed42','Chèque',1.000000,'ps_checkpayment',0,0,'',0,'',0.000000,0.000000,0.000000,2500.000000,2500.000000,2500.000000,2500.000000,2500.000000,2500.000000,0.000000,0.000000,0.000000,20.000,0.000000,0.000000,0.000000,2,2,227,0,'2019-03-14 14:23:22','0000-00-00 00:00:00',1,'2019-03-14 14:23:21','2019-03-14 14:23:22'),(64,'SOLMRBLFK',1,2,45,1,6257,321,1,6165,6165,5,'9bb41582e3704f235294ed1ea58637e0','PayPal / CB',1.000000,'paypal',0,0,'',0,'',0.000000,0.000000,0.000000,1600.000000,1600.000000,1600.000000,1600.000000,1600.000000,1600.000000,0.000000,0.000000,0.000000,20.000,0.000000,0.000000,0.000000,2,2,228,271,'2019-03-14 14:35:11','2019-05-15 18:21:09',1,'2019-03-14 14:35:10','2019-05-15 18:21:09'),(65,'JQVRVSAAM',1,2,45,1,6418,322,1,6334,6334,2,'0490ba4a7cbe79d481563f966ba22136','Chèque',1.000000,'ps_checkpayment',0,0,'',0,'',0.000000,0.000000,0.000000,1600.000000,1600.000000,1600.000000,1600.000000,1600.000000,1600.000000,0.000000,0.000000,0.000000,20.000,0.000000,0.000000,0.000000,2,2,229,0,'2019-03-14 14:41:40','0000-00-00 00:00:00',1,'2019-03-14 14:41:39','2019-03-14 14:41:40'),(66,'VTEIEVNGO',1,4,45,1,2950,296,1,3734,3734,5,'035b48bd1f98422061d4f7accdb2dae5','PayPal / CB',1.000000,'paypal',0,0,'',0,'',0.000000,0.000000,0.000000,1800.000000,1800.000000,1800.000000,1800.000000,1800.000000,1800.000000,0.000000,0.000000,0.000000,20.000,0.000000,0.000000,0.000000,2,2,311,320,'2019-03-14 15:07:56','2019-04-04 19:37:36',1,'2019-03-14 15:07:56','2019-04-04 19:37:36'),(67,'NOAJHZCOT',1,2,45,1,2951,324,1,5231,5231,5,'0057a01fc19574e8ded46f1279806943','Transfert bancaire',1.000000,'ps_wirepayment',0,0,'',0,'',0.000000,0.000000,0.000000,3600.000000,3600.000000,3600.000000,3600.000000,3600.000000,3600.000000,0.000000,0.000000,0.000000,20.000,0.000000,0.000000,0.000000,2,2,230,265,'2019-03-14 15:38:05','2019-04-12 17:31:20',1,'2019-03-14 15:38:04','2019-04-12 17:31:20'),(68,'WCDOPEWGW',1,4,45,1,6272,325,1,6181,6181,2,'7a449f3e441c6415453a3228bbee5b6b','PayPal / CB',1.000000,'paypal',0,0,'',0,'',0.000000,0.000000,0.000000,1810.010000,1810.010000,1514.030000,620.000000,1514.030000,1810.010000,0.000000,0.000000,0.000000,20.000,0.000000,0.000000,0.000000,2,2,312,0,'2019-03-15 17:42:51','0000-00-00 00:00:00',1,'2019-03-15 17:42:47','2019-04-04 19:26:43'),(69,'FEVZPKOWW',1,2,45,1,6419,327,1,6335,6335,5,'d3927933ff14043b7661b1cd2285f94e','Chèque',1.000000,'ps_checkpayment',0,0,'',0,'',0.000000,0.000000,0.000000,3200.000000,3200.000000,3200.000000,3200.000000,3200.000000,3200.000000,0.000000,0.000000,0.000000,20.000,0.000000,0.000000,0.000000,2,2,231,263,'2019-03-15 18:02:17','2019-04-05 17:52:39',1,'2019-03-15 18:02:17','2019-04-05 17:52:39'),(70,'PMOECCDGF',1,4,45,1,6420,333,1,6336,6336,5,'267b847381b8b67c655a9275f824b285','Braintree',1.000000,'paypal',0,0,'',0,'',0.000000,0.000000,0.000000,40.000000,40.000000,33.330000,40.000000,33.330000,40.000000,0.000000,0.000000,0.000000,20.000,0.000000,0.000000,0.000000,2,2,313,340,'2019-03-17 23:07:13','2019-04-23 16:55:17',1,'2019-03-17 21:08:43','2019-04-23 16:55:17'),(71,'KQPAMJWMD',1,4,45,1,4098,338,1,5786,5786,2,'5be2c13441e1bcf0f777dcfaf71f002b','Braintree',1.000000,'paypal',0,0,'',0,'',0.000000,0.000000,0.000000,180.000000,180.000000,150.000000,180.000000,150.000000,180.000000,0.000000,0.000000,0.000000,20.000,0.000000,0.000000,0.000000,2,2,314,0,'2019-03-22 16:43:42','0000-00-00 00:00:00',1,'2019-03-22 16:43:40','2019-03-22 16:43:42'),(72,'LBFTQWDSA',1,4,45,1,6423,340,1,6338,6338,5,'6fd5540184c6f930002d1bb3d2664896','PayPal / CB',1.000000,'paypal',0,0,'',0,'',0.000000,0.000000,0.000000,670.000000,670.000000,558.330000,670.000000,558.330000,670.000000,0.000000,0.000000,0.000000,20.000,0.000000,0.000000,0.000000,2,2,315,308,'2019-03-23 19:32:59','2019-03-23 19:32:59',1,'2019-03-23 19:32:58','2019-03-23 19:32:59'),(73,'APIDXKYUH',1,4,40,1,6424,343,1,6339,6339,5,'b2f48f7e7422e547bb1ff07fc12e2d2e','Braintree',1.000000,'paypal',0,0,'',0,'',0.000000,0.000000,0.000000,615.000000,615.000000,512.500000,615.000000,500.000000,600.000000,15.000000,15.000000,12.500000,20.000,0.000000,0.000000,0.000000,2,2,316,309,'2019-03-24 08:53:56','2019-04-04 14:56:22',1,'2019-03-24 08:53:55','2019-04-04 14:56:22'),(74,'XAIKUIGNU',1,2,45,1,6425,345,1,6340,6340,5,'358d9dcbe27a2710ee26b36f0c145731','Chèque',1.000000,'ps_checkpayment',0,0,'',0,'',0.000000,0.000000,0.000000,7000.000000,7000.000000,7000.000000,7000.000000,7000.000000,7000.000000,0.000000,0.000000,0.000000,20.000,0.000000,0.000000,0.000000,2,2,232,268,'2019-03-24 15:57:51','2019-04-16 11:35:53',1,'2019-03-24 15:57:50','2019-04-16 11:35:53'),(75,'IRWZDNUFV',1,4,45,1,4696,305,1,4620,4620,5,'80c92d1640e12a53d2bfc0d3243f86b7','Braintree',1.000000,'paypal',0,0,'',0,'',0.000000,0.000000,0.000000,120.000000,120.000000,100.000000,120.000000,100.000000,120.000000,0.000000,0.000000,0.000000,20.000,0.000000,0.000000,0.000000,2,2,317,327,'2019-03-27 15:25:52','2019-04-16 15:00:29',1,'2019-03-26 18:02:04','2019-04-16 15:00:29'),(76,'KWQNKKNTE',1,4,40,1,6427,348,1,6341,6341,5,'8d09bef3db61acdb28ac94ba546e4f14','Braintree',1.000000,'paypal',0,0,'',0,'',0.000000,0.000000,0.000000,415.000000,415.000000,345.840000,415.000000,333.340000,400.000000,15.000000,15.000000,12.500000,20.000,0.000000,0.000000,0.000000,2,2,318,313,'2019-03-28 13:33:48','2019-04-19 13:21:21',1,'2019-03-28 12:02:02','2019-04-19 13:21:21'),(77,'QQNHFPKEB',1,4,45,1,6428,352,1,6342,6342,5,'01604f13962b9045388425f2192e5cb3','Chèque',1.000000,'ps_checkpayment',0,0,'',0,'',0.000000,0.000000,0.000000,145.000000,145.000000,120.830000,145.000000,120.830000,145.000000,0.000000,0.000000,0.000000,20.000,0.000000,0.000000,0.000000,2,2,319,312,'2019-03-28 16:38:27','2019-04-04 14:54:07',1,'2019-03-28 16:38:27','2019-04-04 14:54:07'),(78,'TWDOVSADM',1,4,45,1,6429,353,1,6343,6343,5,'dc5878d67c4f82e095077c75f9ecd85f','PayPal / CB',1.000000,'paypal',0,0,'',0,'',0.000000,0.000000,0.000000,108.000000,108.000000,90.000000,108.000000,90.000000,108.000000,0.000000,0.000000,0.000000,20.000,0.000000,0.000000,0.000000,2,2,320,311,'2019-03-28 16:44:14','2019-04-04 14:52:15',1,'2019-03-28 16:44:14','2019-04-04 14:52:15'),(79,'MSBFVWOPG',1,2,45,1,6430,357,1,6344,6344,5,'30de0bd36f23c659345208281dc95aa5','PayPal / CB',1.000000,'paypal',0,0,'',0,'',0.000000,0.000000,0.000000,1600.000000,1600.000000,1600.000000,1600.000000,1600.000000,1600.000000,0.000000,0.000000,0.000000,20.000,0.000000,0.000000,0.000000,2,2,233,260,'2019-03-29 14:59:07','2019-04-04 19:03:44',1,'2019-03-29 14:59:07','2019-04-04 19:03:44'),(80,'SPJQHLKTM',1,4,45,1,6422,339,1,6345,6345,5,'95b18ed5da3ed3699e3ad735f5860211','PayPal / CB',1.000000,'paypal',0,0,'',0,'',0.000000,0.000000,0.000000,400.000000,400.000000,333.330000,400.000000,333.330000,400.000000,0.000000,0.000000,0.000000,20.000,0.000000,0.000000,0.000000,2,2,321,314,'2019-03-29 15:59:15','2019-03-29 15:59:15',1,'2019-03-29 15:59:15','2019-03-29 15:59:16'),(81,'PTHVCDJLV',1,2,45,1,6431,358,1,6360,6346,5,'1b6532878d5fde9ee277e1638ffdbf7a','Transfert bancaire',1.000000,'ps_wirepayment',0,0,'',0,'',0.000000,0.000000,0.000000,3200.000000,3200.000000,3200.000000,3200.000000,3200.000000,3200.000000,0.000000,0.000000,0.000000,20.000,0.000000,0.000000,0.000000,2,2,234,264,'2019-03-29 16:59:27','2019-04-05 17:53:03',1,'2019-03-29 16:59:27','2019-04-05 17:53:03'),(82,'XNRDFZYTE',1,2,45,1,6432,359,1,6347,6347,5,'331935b487da49ef5faa9d0ca40413df','PayPal / CB',1.000000,'paypal',0,0,'',0,'',0.000000,0.000000,0.000000,4000.000000,4000.000000,4000.000000,4000.000000,4000.000000,4000.000000,0.000000,0.000000,0.000000,20.000,0.000000,0.000000,0.000000,2,2,235,266,'2019-03-29 17:04:13','2019-05-07 15:27:25',1,'2019-03-29 17:04:13','2019-05-07 15:27:25'),(83,'EMCNVKYOL',1,2,44,1,6083,360,1,6062,6062,5,'511ffdeeb4ceaaa25b5c3def71435e8a','PayPal / CB',1.000000,'paypal',0,0,'',0,'',150.000000,150.000000,125.000000,1720.000000,1720.000000,1700.000000,1720.000000,1700.000000,1720.000000,150.000000,150.000000,125.000000,20.000,0.000000,0.000000,0.000000,2,2,236,270,'2019-03-29 17:08:38','2019-05-07 15:27:53',1,'2019-03-29 17:08:38','2019-05-07 15:27:53'),(84,'LWJCNVKRP',1,2,45,1,6375,355,1,6292,6292,5,'785df77206728fb5a53ef831a709c76c','PayPal / CB',1.000000,'paypal',0,0,'',0,'',0.000000,0.000000,0.000000,2700.000000,2700.000000,2700.000000,2700.000000,2700.000000,2700.000000,0.000000,0.000000,0.000000,20.000,0.000000,0.000000,0.000000,2,2,237,259,'2019-03-29 17:13:28','2019-04-04 18:23:36',1,'2019-03-29 17:13:28','2019-04-04 18:23:36'),(85,'ZFAYYBIMZ',1,4,45,1,6433,363,1,6348,6348,5,'dbadc4c81fbc6adafe047e364bfdf25b','PayPal / CB',1.000000,'paypal',0,0,'',0,'',0.000000,0.000000,0.000000,145.000000,145.000000,120.830000,145.000000,120.830000,145.000000,0.000000,0.000000,0.000000,20.000,0.000000,0.000000,0.000000,2,2,322,0,'2019-03-30 14:32:59','2019-04-19 13:20:30',1,'2019-03-30 14:32:58','2019-04-19 13:20:30'),(86,'ZDUEFVJRM',1,4,45,1,6434,365,1,6349,6349,5,'e0fdece62e2e6cde6fa8e12e0653d232','PayPal / CB',1.000000,'paypal',0,0,'',0,'',0.000000,0.000000,0.000000,235.000000,235.000000,195.830000,235.000000,195.830000,235.000000,0.000000,0.000000,0.000000,20.000,0.000000,0.000000,0.000000,2,2,323,315,'2019-03-30 17:13:33','2019-03-30 17:13:33',1,'2019-03-30 17:13:33','2019-03-30 17:13:33'),(87,'QLGLZDBHM',1,4,45,1,6435,367,1,6350,6350,5,'d2e34a03235b185a934ce00eac3f06a7','PayPal / CB',1.000000,'paypal',0,0,'',0,'',0.000000,0.000000,0.000000,250.000000,250.000000,208.330000,250.000000,208.330000,250.000000,0.000000,0.000000,0.000000,20.000,0.000000,0.000000,0.000000,2,2,324,316,'2019-03-30 18:37:15','2019-03-30 18:37:15',1,'2019-03-30 18:37:15','2019-03-30 18:37:15'),(88,'GXIVDRRUJ',1,4,40,1,6436,368,1,6351,6352,5,'e2dbc593e7d4c60677d3d4e6e29f6d5e','Braintree',1.000000,'paypal',0,0,'',0,'',0.000000,0.000000,0.000000,105.000000,105.000000,87.500000,105.000000,75.000000,90.000000,15.000000,15.000000,12.500000,20.000,0.000000,0.000000,0.000000,2,2,325,317,'2019-03-31 09:55:04','2019-04-19 13:19:46',1,'2019-03-31 09:55:02','2019-04-19 13:19:46'),(89,'KUJRTBBDC',1,4,45,1,6420,372,1,6353,6353,5,'267b847381b8b67c655a9275f824b285','Braintree',1.000000,'paypal',0,0,'',0,'',0.000000,0.000000,0.000000,60.000000,60.000000,50.000000,60.000000,50.000000,60.000000,0.000000,0.000000,0.000000,20.000,0.000000,0.000000,0.000000,2,2,326,318,'2019-04-02 17:53:02','2019-04-06 13:12:05',1,'2019-04-01 10:22:17','2019-04-06 13:12:05'),(90,'BODEEVMLL',1,4,45,1,6438,395,1,6354,6354,5,'6dfac29f1e0bd1de04ef6ab6ab93014f','Braintree',1.000000,'paypal',0,0,'',0,'',0.000000,0.000000,0.000000,250.000000,250.000000,208.330000,250.000000,208.330000,250.000000,0.000000,0.000000,0.000000,20.000,0.000000,0.000000,0.000000,2,2,327,322,'2019-04-04 11:12:34','2019-04-05 14:22:06',1,'2019-04-04 11:12:32','2019-04-05 14:22:06'),(91,'FYFBFLBZE',1,4,45,1,6439,397,1,6355,6355,5,'05f7526725a79bd1991765178a812731','PayPal / CB',1.000000,'paypal',0,0,'',0,'',0.000000,0.000000,0.000000,250.000000,250.000000,208.330000,250.000000,208.330000,250.000000,0.000000,0.000000,0.000000,20.000,0.000000,0.000000,0.000000,2,2,328,338,'2019-04-04 14:48:08','2019-04-19 13:26:43',1,'2019-04-04 14:48:08','2019-04-19 13:26:43'),(92,'CIJTZCCKM',1,4,45,1,6439,398,1,6355,6355,5,'05f7526725a79bd1991765178a812731','PayPal / CB',1.000000,'paypal',0,0,'',0,'',0.000000,0.000000,0.000000,250.000000,250.000000,208.330000,250.000000,208.330000,250.000000,0.000000,0.000000,0.000000,20.000,0.000000,0.000000,0.000000,2,2,329,337,'2019-04-04 14:49:50','2019-04-19 13:26:08',1,'2019-04-04 14:49:50','2019-04-19 13:26:08'),(93,'RXJCVLTUC',1,4,45,1,6272,402,1,6181,6181,2,'7a449f3e441c6415453a3228bbee5b6b','PayPal / CB',1.000000,'paypal',0,0,'',0,'',0.000000,0.000000,0.000000,50.000000,50.000000,42.810000,633.500000,42.810000,50.000000,0.000000,0.000000,0.000000,20.000,0.000000,0.000000,0.000000,2,2,330,0,'2019-04-04 17:32:16','0000-00-00 00:00:00',1,'2019-04-04 17:32:13','2019-04-04 18:50:25'),(94,'QAKRWNSOY',1,2,45,1,6440,432,1,6356,6356,5,'e547b61963a33b8629dccf7d34fa33e6','Chèque',1.000000,'ps_checkpayment',0,0,'',0,'',0.000000,0.000000,0.000000,6960.000000,6960.000000,6900.000000,6960.000000,6900.000000,6960.000000,0.000000,0.000000,0.000000,20.000,0.000000,0.000000,0.000000,2,2,238,262,'2019-04-05 12:44:46','2019-04-05 12:45:58',1,'2019-04-05 12:44:46','2019-04-05 12:45:58'),(95,'RCLZXPXDT',1,4,45,1,6441,433,1,6358,6358,5,'1d6886f2fcb8813d77cc4198c7cf3c04','PayPal / CB',1.000000,'paypal',0,0,'',0,'',0.000000,0.000000,0.000000,220.000000,220.000000,183.330000,220.000000,183.330000,220.000000,0.000000,0.000000,0.000000,20.000,0.000000,0.000000,0.000000,2,2,331,336,'2019-04-05 14:42:48','2019-04-19 13:23:02',1,'2019-04-05 14:42:47','2019-04-19 13:23:02'),(96,'MSSCOGADV',1,4,40,1,6442,434,1,6359,6359,5,'85b01cc46ade0a79df0c4e3b7f76aae8','Braintree',1.000000,'paypal',0,0,'',0,'',0.000000,0.000000,0.000000,265.000000,265.000000,220.830000,265.000000,208.330000,250.000000,15.000000,15.000000,12.500000,20.000,0.000000,0.000000,0.000000,2,2,332,323,'2019-04-06 13:03:08','2019-04-06 13:12:58',1,'2019-04-05 16:37:04','2019-04-06 13:12:58'),(97,'TDUPKBWXQ',1,4,45,1,6444,437,1,6361,6361,5,'ea7a41f440fa9731bb9b18f13f5122f8','PayPal / CB',1.000000,'paypal',0,0,'',0,'',0.000000,0.000000,0.000000,185.000000,185.000000,154.160000,185.000000,154.160000,185.000000,0.000000,0.000000,0.000000,20.000,0.000000,0.000000,0.000000,2,2,333,0,'2019-04-06 18:29:20','2019-04-19 13:18:50',1,'2019-04-06 18:29:20','2019-04-19 13:18:50'),(98,'CDKSVTVLJ',1,2,45,1,4507,444,1,1152,1152,5,'31f582905f31d1a4c93ab883cf27d876','Chèque',1.000000,'ps_checkpayment',0,0,'',0,'',0.000000,0.000000,0.000000,800.000000,800.000000,800.000000,800.000000,800.000000,800.000000,0.000000,0.000000,0.000000,20.000,0.000000,0.000000,0.000000,2,2,239,303,'2019-04-10 14:48:11','2019-05-12 14:24:13',1,'2019-04-10 14:48:11','2019-05-12 14:24:13'),(99,'AJGQGKHNH',1,2,45,1,6446,445,1,6363,6363,5,'38494d85913fa166e095d014e0337022','Chèque',1.000000,'ps_checkpayment',0,0,'',0,'',0.000000,0.000000,0.000000,1700.000000,1700.000000,1700.000000,1700.000000,1700.000000,1700.000000,0.000000,0.000000,0.000000,20.000,0.000000,0.000000,0.000000,2,2,240,312,'2019-04-10 15:08:48','2019-05-15 18:32:56',1,'2019-04-10 15:08:47','2019-05-15 18:32:56'),(100,'CRHXFYHPW',1,2,45,1,4637,450,1,5080,5080,5,'bdc9e5b43c0fa9f259bb92e8b0493617','PayPal / CB',1.000000,'paypal',0,0,'',0,'',0.000000,0.000000,0.000000,1700.000000,1700.000000,1700.000000,1700.000000,1700.000000,1700.000000,0.000000,0.000000,0.000000,20.000,0.000000,0.000000,0.000000,2,2,241,311,'2019-04-10 15:37:57','2019-05-15 18:32:22',1,'2019-04-10 15:37:57','2019-05-15 18:32:22'),(101,'XOPICUTBP',1,2,45,1,6447,454,1,6365,6365,5,'ac5fc51d3842dd7df96d876b12929961','Transfert bancaire',1.000000,'ps_wirepayment',0,0,'',0,'',0.000000,0.000000,0.000000,6500.000000,6500.000000,6500.000000,6500.000000,6500.000000,6500.000000,0.000000,0.000000,0.000000,20.000,0.000000,0.000000,0.000000,2,2,242,269,'2019-04-10 17:27:11','2019-04-16 19:25:29',1,'2019-04-10 17:27:11','2019-04-16 19:25:29'),(102,'QTAARQXAQ',1,4,40,1,6448,456,1,6369,6366,5,'fdfa98f64df2266bb54b6d2ca056a6d4','Braintree',1.000000,'paypal',0,0,'',0,'',0.000000,0.000000,0.000000,265.000000,265.000000,220.830000,265.000000,208.330000,250.000000,15.000000,15.000000,12.500000,20.000,0.000000,0.000000,0.000000,2,2,334,0,'2019-04-10 23:15:05','2019-04-19 13:17:52',1,'2019-04-10 20:35:09','2019-04-19 13:17:52'),(103,'XSISOASRP',1,4,45,1,6449,457,1,6367,6367,5,'52b94433e08c473722a22885f0198ab4','PayPal / CB',1.000000,'paypal',0,0,'',0,'',0.000000,0.000000,0.000000,112.000000,112.000000,93.330000,112.000000,93.330000,112.000000,0.000000,0.000000,0.000000,20.000,0.000000,0.000000,0.000000,2,2,335,0,'2019-04-10 23:27:52','2019-04-19 13:16:51',1,'2019-04-10 23:27:52','2019-04-19 13:16:51'),(104,'ZLWCZKPBO',1,2,45,1,6450,458,1,6368,6368,5,'e51e19ee329a1e08d1843485ef7c90a6','Chèque',1.000000,'ps_checkpayment',0,0,'',0,'',0.000000,0.000000,0.000000,4800.000000,4800.000000,4800.000000,5400.000000,4800.000000,4800.000000,0.000000,0.000000,0.000000,20.000,0.000000,0.000000,0.000000,2,2,243,272,'2019-04-11 15:26:11','2019-04-17 12:09:52',1,'2019-04-11 15:26:09','2019-04-17 12:09:52'),(105,'OVVCIPVBN',1,2,45,1,5768,460,1,5819,5819,5,'5c9ce90cf2fddad1c15a7d52339a0438','Chèque',1.000000,'ps_checkpayment',0,0,'',0,'',0.000000,0.000000,0.000000,1200.000000,1200.000000,1200.000000,1200.000000,1200.000000,1200.000000,0.000000,0.000000,0.000000,20.000,0.000000,0.000000,0.000000,2,2,244,273,'2019-04-11 15:47:08','2019-05-10 12:46:23',1,'2019-04-11 15:47:07','2019-05-10 12:46:23'),(106,'WQIHTXGOS',1,2,45,1,6246,464,1,6154,6154,5,'d60cb8251f07fa637eb6aa111c1e1d7e','PayPal / CB',1.000000,'paypal',0,0,'',0,'',0.000000,0.000000,0.000000,6300.000000,6300.000000,6300.000000,6300.000000,6300.000000,6300.000000,0.000000,0.000000,0.000000,20.000,0.000000,0.000000,0.000000,2,2,245,299,'2019-04-12 14:14:44','2019-05-07 15:26:39',1,'2019-04-12 14:14:44','2019-05-07 15:26:39'),(107,'WEIDDCPHQ',1,2,45,1,6452,467,1,6371,6371,5,'f0c4a20fc75236f7d6ac2e9d69bcde62','PayPal / CB',1.000000,'paypal',0,0,'',0,'',0.000000,0.000000,0.000000,750.000000,750.000000,750.000000,750.000000,750.000000,750.000000,0.000000,0.000000,0.000000,20.000,0.000000,0.000000,0.000000,2,2,246,276,'2019-04-12 14:23:35','2019-05-15 18:31:23',1,'2019-04-12 14:23:35','2019-05-15 18:31:24'),(108,'TRKMWCEPB',1,2,45,1,6453,468,1,6372,6372,5,'8afa5dfa23134b7d7ca83c819768689d','PayPal / CB',1.000000,'paypal',0,0,'',0,'',0.000000,0.000000,0.000000,2000.000000,2000.000000,2000.000000,2000.000000,2000.000000,2000.000000,0.000000,0.000000,0.000000,20.000,0.000000,0.000000,0.000000,2,2,247,298,'2019-04-12 14:59:50','2019-05-07 15:26:15',1,'2019-04-12 14:59:49','2019-05-07 15:26:15'),(109,'RAECBYQYS',1,2,45,1,6443,436,1,6373,6373,5,'bdba050b66a81faea794423034b62c27','PayPal / CB',1.000000,'paypal',0,0,'',0,'',0.000000,0.000000,0.000000,3200.000000,3200.000000,3200.000000,3200.000000,3200.000000,3200.000000,0.000000,0.000000,0.000000,20.000,0.000000,0.000000,0.000000,2,2,248,267,'2019-04-12 16:34:46','2019-04-16 19:24:21',1,'2019-04-12 16:34:46','2019-04-16 19:24:21'),(110,'UTRBDOXKH',1,2,45,1,6454,469,1,6374,6374,5,'023175528ee08b91762e706dcdeae0e9','PayPal / CB',1.000000,'paypal',0,0,'',0,'',0.000000,0.000000,0.000000,22000.000000,22000.000000,22000.000000,22000.000000,22000.000000,22000.000000,0.000000,0.000000,0.000000,20.000,0.000000,0.000000,0.000000,2,2,249,274,'2019-04-12 17:55:12','2019-05-15 18:30:22',1,'2019-04-12 17:55:11','2019-05-15 18:30:22'),(111,'BVQYQTPBD',1,2,45,1,6244,470,1,6152,6152,3,'e76fe595473cd838700ef7ce6db7659d','PayPal / CB',1.000000,'paypal',0,0,'',0,'',0.000000,0.000000,0.000000,2900.000000,2900.000000,2900.000000,2950.000000,2900.000000,2900.000000,0.000000,0.000000,0.000000,20.000,0.000000,0.000000,0.000000,2,2,250,275,'2019-04-12 18:15:49','2019-04-16 13:11:19',1,'2019-04-12 18:15:49','2019-04-16 13:11:19'),(112,'UTZCXGGJX',1,2,45,1,6456,475,1,6376,6376,5,'2c7af8b381f4ec43914fe2bf349928b9','Chèque',1.000000,'ps_checkpayment',0,0,'',0,'',0.000000,0.000000,0.000000,1000.000000,1000.000000,1000.000000,1000.000000,1000.000000,1000.000000,0.000000,0.000000,0.000000,20.000,0.000000,0.000000,0.000000,2,2,251,279,'2019-04-12 18:39:02','2019-04-16 14:53:16',1,'2019-04-12 18:39:02','2019-04-16 14:53:16'),(113,'AQQFEBEEN',1,2,45,1,3672,453,1,6364,6364,5,'6d517db1201164705956981e47228c5c','Chèque',1.000000,'ps_checkpayment',0,0,'',0,'',0.000000,0.000000,0.000000,800.000000,800.000000,800.000000,800.000000,800.000000,800.000000,0.000000,0.000000,0.000000,20.000,0.000000,0.000000,0.000000,2,2,252,280,'2019-04-13 13:40:33','2019-05-07 15:25:15',1,'2019-04-13 13:40:32','2019-05-07 15:25:15'),(114,'FGMBISAII',1,2,45,1,6457,477,1,6377,6377,5,'3c4a6ea22e0e11b3e682ad832490a8fa','Chèque',1.000000,'ps_checkpayment',0,0,'',0,'',0.000000,0.000000,0.000000,6400.000000,6400.000000,6400.000000,6400.000000,6400.000000,6400.000000,0.000000,0.000000,0.000000,20.000,0.000000,0.000000,0.000000,2,2,253,310,'2019-04-13 18:28:18','2019-05-15 18:16:28',1,'2019-04-13 18:28:17','2019-05-15 18:16:28'),(115,'MCHRWCYUM',1,2,45,1,3461,472,1,4115,4115,5,'0d64524d731a52f8d48fffac19095171','Chèque',1.000000,'ps_checkpayment',0,0,'',0,'',0.000000,0.000000,0.000000,1400.000000,1400.000000,1400.000000,1400.000000,1400.000000,1400.000000,0.000000,0.000000,0.000000,20.000,0.000000,0.000000,0.000000,2,2,254,277,'2019-04-16 13:20:32','2019-04-16 13:21:25',1,'2019-04-16 13:20:31','2019-04-16 13:21:25'),(116,'JNRKZNYNF',1,2,44,1,6455,474,1,6375,6375,5,'04995ae3ec04b67a74d2f0eabfb7672a','PayPal / CB',1.000000,'paypal',0,0,'',0,'',180.000000,180.000000,150.000000,5800.000000,5800.000000,5800.000000,5800.000000,5800.000000,5800.000000,180.000000,180.000000,150.000000,20.000,0.000000,0.000000,0.000000,2,2,255,278,'2019-04-16 13:25:08','2019-05-15 18:29:45',1,'2019-04-16 13:25:07','2019-05-15 18:29:45'),(117,'GBBZSZVIU',1,2,45,1,6459,490,1,6379,6379,5,'520365346a7b1abece517b4dc5f5b649','PayPal / CB',1.000000,'paypal',0,0,'',0,'',0.000000,0.000000,0.000000,3600.000000,3600.000000,3600.000000,3600.000000,3600.000000,3600.000000,0.000000,0.000000,0.000000,20.000,0.000000,0.000000,0.000000,2,2,256,281,'2019-04-16 15:06:20','2019-04-16 15:06:54',1,'2019-04-16 15:06:19','2019-04-16 15:06:54'),(118,'NKLUZJUHX',1,2,45,1,6460,492,1,6380,6380,5,'502524297aa8b89b96f31973a7ea763f','Chèque',1.000000,'ps_checkpayment',0,0,'',0,'',0.000000,0.000000,0.000000,3400.000000,3400.000000,3400.000000,3400.000000,3400.000000,3400.000000,0.000000,0.000000,0.000000,20.000,0.000000,0.000000,0.000000,2,2,257,302,'2019-04-16 15:11:01','2019-05-15 18:28:24',1,'2019-04-16 15:11:01','2019-05-15 18:28:24'),(119,'GLXPBNOUP',1,2,45,1,6461,493,1,6381,6381,5,'00315fe9d8e7c4d86929160cffbb88ea','PayPal / CB',1.000000,'paypal',0,0,'',0,'',0.000000,0.000000,0.000000,900.000000,900.000000,900.000000,1700.000000,900.000000,900.000000,0.000000,0.000000,0.000000,20.000,0.000000,0.000000,0.000000,2,2,258,283,'2019-04-16 15:14:50','2019-04-16 15:30:08',1,'2019-04-16 15:14:49','2019-04-16 15:30:08'),(120,'WXRMJXTZV',1,2,45,1,6462,495,1,6382,6382,5,'5d16f1182d0bcfc2f7da19609c8c7735','PayPal / CB',1.000000,'paypal',0,0,'',0,'',0.000000,0.000000,0.000000,2300.000000,2300.000000,2300.000000,2300.000000,2300.000000,2300.000000,0.000000,0.000000,0.000000,20.000,0.000000,0.000000,0.000000,2,2,259,282,'2019-04-16 15:27:10','2019-04-16 15:27:33',1,'2019-04-16 15:27:10','2019-04-16 15:27:33'),(121,'IWDYHTZVS',1,2,44,1,6463,496,1,6383,6383,5,'28f22229035d3d242dcded31c93e2866','PayPal / CB',1.000000,'paypal',0,0,'',0,'',150.000000,150.000000,125.000000,1800.000000,1800.000000,1800.000000,1800.000000,1800.000000,1800.000000,150.000000,150.000000,125.000000,20.000,0.000000,0.000000,0.000000,2,2,260,284,'2019-04-16 15:38:48','2019-04-17 12:08:34',1,'2019-04-16 15:38:47','2019-04-17 12:08:34'),(122,'INRUBOGVO',1,4,45,1,6465,498,1,6385,6385,5,'dae1e91447e42745f83f41fdc3e76d3c','PayPal / CB',1.000000,'paypal',0,0,'',0,'',0.000000,0.000000,0.000000,2200.000000,2200.000000,1833.330000,2200.000000,1833.330000,2200.000000,0.000000,0.000000,0.000000,20.000,0.000000,0.000000,0.000000,2,2,336,328,'2019-04-16 17:13:06','2019-04-16 17:13:25',1,'2019-04-16 17:13:04','2019-04-16 17:13:25'),(123,'KPRYFEYDK',1,2,45,1,6464,497,1,6384,6384,3,'36a2cc28a8242820d60f63d20b543493','Chèque',1.000000,'ps_checkpayment',0,0,'',0,'',0.000000,0.000000,0.000000,3200.000000,3200.000000,3066.670000,3200.000000,3066.670000,3200.000000,0.000000,0.000000,0.000000,20.000,0.000000,0.000000,0.000000,2,2,261,285,'2019-04-16 17:15:21','2019-04-16 17:16:19',1,'2019-04-16 17:15:21','2019-04-16 17:16:19'),(124,'CQFOXHNQN',1,2,45,1,4696,500,1,4620,4620,5,'80c92d1640e12a53d2bfc0d3243f86b7','PayPal / CB',1.000000,'paypal',0,0,'',0,'',0.000000,0.000000,0.000000,800.000000,800.000000,800.000000,800.000000,800.000000,800.000000,0.000000,0.000000,0.000000,20.000,0.000000,0.000000,0.000000,2,2,262,286,'2019-04-16 17:33:35','2019-04-16 17:34:03',1,'2019-04-16 17:33:34','2019-04-16 17:34:03'),(125,'RCWINPIVN',1,4,45,1,6466,499,1,6386,6386,5,'0d83e5b9c77e9c3df35cc50bb213da8c','PayPal / CB',1.000000,'paypal',0,0,'',0,'',0.000000,0.000000,0.000000,1500.000000,1500.000000,1500.000000,1500.000000,1500.000000,1500.000000,0.000000,0.000000,0.000000,20.000,0.000000,0.000000,0.000000,2,2,337,330,'2019-04-16 17:36:08','2019-04-16 19:26:03',1,'2019-04-16 17:36:07','2019-04-16 19:26:03'),(126,'RJZMCCCZM',1,4,45,1,4696,502,1,4620,4620,5,'80c92d1640e12a53d2bfc0d3243f86b7','Chèque',1.000000,'ps_checkpayment',0,0,'',0,'',0.000000,0.000000,0.000000,800.000000,800.000000,666.670000,800.000000,666.670000,800.000000,0.000000,0.000000,0.000000,20.000,0.000000,0.000000,0.000000,2,2,338,329,'2019-04-16 18:11:35','2019-04-16 18:12:23',1,'2019-04-16 18:11:33','2019-04-16 18:12:23'),(127,'KEBDCYHBB',1,2,45,1,6468,504,1,6388,6388,5,'298b2aa14b451745c3eea75382d118bb','PayPal / CB',1.000000,'paypal',0,0,'',0,'',0.000000,0.000000,0.000000,1400.000000,1400.000000,1400.000000,1400.000000,1400.000000,1400.000000,0.000000,0.000000,0.000000,20.000,0.000000,0.000000,0.000000,2,2,263,287,'2019-04-16 19:31:34','2019-04-16 19:32:01',1,'2019-04-16 19:31:34','2019-04-16 19:32:01'),(128,'HGCRJGMJY',1,4,45,1,6468,505,1,6388,6388,5,'298b2aa14b451745c3eea75382d118bb','PayPal / CB',1.000000,'paypal',0,0,'',0,'',0.000000,0.000000,0.000000,600.000000,600.000000,500.000000,600.000000,500.000000,600.000000,0.000000,0.000000,0.000000,20.000,0.000000,0.000000,0.000000,2,2,339,331,'2019-04-16 19:34:38','2019-04-16 19:35:05',1,'2019-04-16 19:34:36','2019-04-16 19:35:05'),(129,'LKZDSYMUY',1,4,45,1,6469,506,1,6389,6389,5,'4236c40f9e0ef5301272e8b735460969','PayPal / CB',1.000000,'paypal',0,0,'',0,'',0.000000,0.000000,0.000000,840.000000,840.000000,700.000000,840.000000,700.000000,840.000000,0.000000,0.000000,0.000000,20.000,0.000000,0.000000,0.000000,2,2,340,332,'2019-04-16 19:38:53','2019-05-15 18:26:45',1,'2019-04-16 19:38:49','2019-05-15 18:26:45'),(130,'KASDLKVSJ',1,2,45,1,1193,507,1,6076,6076,5,'82566308b9486e5517417e8a31d992b7','Transfert bancaire',1.000000,'ps_wirepayment',0,0,'',0,'',0.000000,0.000000,0.000000,1500.000000,1500.000000,1500.000000,1500.000000,1500.000000,1500.000000,0.000000,0.000000,0.000000,20.000,0.000000,0.000000,0.000000,2,2,264,288,'2019-04-16 19:45:11','2019-05-07 15:24:27',1,'2019-04-16 19:45:11','2019-05-07 15:24:27'),(131,'YKVSXEIWU',1,2,45,1,5816,455,1,3471,3471,3,'8c775ceec1228e5bff64a986d07729b9','Chèque',1.000000,'ps_checkpayment',0,0,'',0,'',0.000000,0.000000,0.000000,2000.000000,2000.000000,2000.000000,2000.000000,2000.000000,2000.000000,0.000000,0.000000,0.000000,20.000,0.000000,0.000000,0.000000,2,2,265,289,'2019-04-16 20:02:12','2019-04-16 20:02:28',1,'2019-04-16 20:02:11','2019-04-16 20:02:28'),(132,'KGFIYYTPV',1,2,45,1,6419,510,1,6335,6335,5,'d3927933ff14043b7661b1cd2285f94e','Chèque',1.000000,'ps_checkpayment',0,0,'',0,'',0.000000,0.000000,0.000000,120.000000,120.000000,100.000000,120.000000,100.000000,120.000000,0.000000,0.000000,0.000000,20.000,0.000000,0.000000,0.000000,2,2,266,290,'2019-04-16 21:23:00','2019-04-16 21:23:15',1,'2019-04-16 21:22:59','2019-04-16 21:23:15'),(133,'VWYTGAPUP',1,2,45,1,3290,512,1,5808,5808,5,'95bdd324f3df9b82b1286ce5adfa267f','Chèque',1.000000,'ps_checkpayment',0,0,'',0,'',0.000000,0.000000,0.000000,900.000000,900.000000,900.000000,900.000000,900.000000,900.000000,0.000000,0.000000,0.000000,20.000,0.000000,0.000000,0.000000,2,2,267,300,'2019-04-16 21:26:40','2019-05-11 15:40:06',1,'2019-04-16 21:26:39','2019-05-11 15:40:06'),(134,'FJZNQCNXA',1,2,45,1,6470,513,1,6390,6390,5,'f7161df6569f97898787999aab646741','Chèque',1.000000,'ps_checkpayment',0,0,'',0,'',0.000000,0.000000,0.000000,3500.000000,3500.000000,3500.000000,3500.000000,3500.000000,3500.000000,0.000000,0.000000,0.000000,20.000,0.000000,0.000000,0.000000,2,2,268,309,'2019-04-16 21:39:07','2019-05-15 18:14:22',1,'2019-04-16 21:39:06','2019-05-15 18:14:22'),(135,'PEZVXBTHQ',1,2,45,1,1221,514,1,1028,1028,3,'5b9bdac5d25e2e3926b06c8a4f864690','Chèque',1.000000,'ps_checkpayment',0,0,'',0,'',0.000000,0.000000,0.000000,750.000000,750.000000,750.000000,750.000000,750.000000,750.000000,0.000000,0.000000,0.000000,20.000,0.000000,0.000000,0.000000,2,2,269,291,'2019-04-17 12:41:23','2019-04-17 12:41:59',1,'2019-04-17 12:41:22','2019-04-17 12:41:59'),(136,'NDZATADVZ',1,2,45,1,6471,516,1,6391,6391,5,'211aac34a948b0bfe73ed67d7f4340af','PayPal / CB',1.000000,'paypal',0,0,'',0,'',0.000000,0.000000,0.000000,750.000000,750.000000,750.000000,750.000000,750.000000,750.000000,0.000000,0.000000,0.000000,20.000,0.000000,0.000000,0.000000,2,2,270,293,'2019-04-17 12:45:39','2019-05-10 12:45:05',1,'2019-04-17 12:45:39','2019-05-10 12:45:05'),(137,'TTTSWTJRM',1,4,45,1,6472,517,1,6392,6392,5,'3d666c33fc5f450fa668f016aff47144','PayPal / CB',1.000000,'paypal',0,0,'',0,'',0.000000,0.000000,0.000000,600.000000,600.000000,500.000000,600.000000,500.000000,600.000000,0.000000,0.000000,0.000000,20.000,0.000000,0.000000,0.000000,2,2,341,333,'2019-04-17 13:03:47','2019-04-17 13:04:34',1,'2019-04-17 13:03:45','2019-04-17 13:04:35'),(138,'DHIAUNNOU',1,2,45,1,6473,518,1,6393,6393,5,'c6149c4d56281d97fd09e6e0144612b5','PayPal / CB',1.000000,'paypal',0,0,'',0,'',0.000000,0.000000,0.000000,1700.000000,1700.000000,1700.000000,1700.000000,1700.000000,1700.000000,0.000000,0.000000,0.000000,20.000,0.000000,0.000000,0.000000,2,2,271,292,'2019-04-17 14:29:50','2019-04-17 14:30:11',1,'2019-04-17 14:29:50','2019-04-17 14:30:11'),(139,'TOZRZAFXZ',1,4,45,1,6272,520,1,6181,6181,2,'7a449f3e441c6415453a3228bbee5b6b','PayPal / CB',1.000000,'paypal',0,0,'',0,'',0.000000,0.000000,0.000000,8892.000000,8892.000000,7460.620000,8892.000000,7460.620000,8892.000000,0.000000,0.000000,0.000000,20.000,0.000000,0.000000,0.000000,2,2,342,0,'2019-04-17 17:57:09','0000-00-00 00:00:00',1,'2019-04-17 17:57:02','2019-04-17 17:57:09'),(140,'JTUDDDLUV',1,4,45,1,6272,521,1,6181,6181,2,'7a449f3e441c6415453a3228bbee5b6b','PayPal / CB',1.000000,'paypal',0,0,'',0,'',0.000000,0.000000,0.000000,1440.000000,1440.000000,1200.000000,1440.000000,1200.000000,1440.000000,0.000000,0.000000,0.000000,20.000,0.000000,0.000000,0.000000,2,2,343,0,'2019-04-17 18:37:56','0000-00-00 00:00:00',1,'2019-04-17 18:37:54','2019-04-17 18:37:56'),(141,'GSEXLEAAS',1,2,45,1,6474,522,1,6394,6394,5,'97b1cfeba5acb6b3042d566087d524cb','Chèque',1.000000,'ps_checkpayment',0,0,'',0,'',0.000000,0.000000,0.000000,4000.000000,4000.000000,4000.000000,4000.000000,4000.000000,4000.000000,0.000000,0.000000,0.000000,20.000,0.000000,0.000000,0.000000,2,2,272,297,'2019-04-17 18:47:53','2019-05-07 15:23:50',1,'2019-04-17 18:47:53','2019-05-07 15:23:50'),(142,'UDIFPCAGX',1,4,45,1,6257,523,1,6165,6165,5,'9bb41582e3704f235294ed1ea58637e0','Chèque',1.000000,'ps_checkpayment',0,0,'',0,'',0.000000,0.000000,0.000000,1700.000000,1700.000000,1700.000000,1700.000000,1700.000000,1700.000000,0.000000,0.000000,0.000000,20.000,0.000000,0.000000,0.000000,2,2,344,334,'2019-04-18 12:10:48','2019-05-15 18:20:26',1,'2019-04-18 12:10:47','2019-05-15 18:20:26'),(143,'BLRVZMUNP',1,2,45,1,5388,452,1,3308,3308,5,'f9007db423d074dcdc6a87860b0f83ec','PayPal / CB',1.000000,'paypal',0,0,'',0,'',0.000000,0.000000,0.000000,750.000000,750.000000,750.000000,750.000000,750.000000,750.000000,0.000000,0.000000,0.000000,20.000,0.000000,0.000000,0.000000,2,2,273,294,'2019-04-18 14:34:26','2019-04-23 16:51:43',1,'2019-04-18 14:34:25','2019-04-23 16:51:43'),(144,'UBZBWLKZZ',1,2,45,1,6250,451,1,6158,6158,5,'58120f61cb6f30b897073890f162f3f6','Chèque',1.000000,'ps_checkpayment',0,0,'',0,'',0.000000,0.000000,0.000000,2500.000000,2500.000000,2500.000000,2500.000000,2500.000000,2500.000000,0.000000,0.000000,0.000000,20.000,0.000000,0.000000,0.000000,2,2,274,321,'2019-04-18 15:50:25','2019-06-27 14:25:19',1,'2019-04-18 15:49:59','2019-06-27 14:25:19'),(145,'PCIINMMMR',1,4,45,1,6475,527,1,6395,6395,5,'c34ea1c61caea5859e81248b285be649','Braintree',1.000000,'paypal',0,0,'',0,'',0.000000,0.000000,0.000000,380.000000,380.000000,316.670000,380.000000,316.670000,380.000000,0.000000,0.000000,0.000000,20.000,0.000000,0.000000,0.000000,2,2,345,339,'2019-04-18 17:17:03','2019-04-19 16:22:20',1,'2019-04-18 17:17:01','2019-04-19 16:22:20'),(146,'VKDVQBWEJ',1,4,45,1,6476,528,1,6396,6396,5,'f960f4de8707ef884e5a98f766bb1625','PayPal / CB',1.000000,'paypal',0,0,'',0,'',0.000000,0.000000,0.000000,120.000000,120.000000,100.000000,120.000000,100.000000,120.000000,0.000000,0.000000,0.000000,20.000,0.000000,0.000000,0.000000,2,2,346,335,'2019-04-18 17:41:01','2019-04-18 17:41:18',1,'2019-04-18 17:41:01','2019-04-18 17:41:18'),(147,'IHVUPXCAL',1,4,45,1,6477,529,1,6397,6397,5,'bb8bff16c114410e05bbe911a13b492f','PayPal / CB',1.000000,'paypal',0,0,'',0,'',0.000000,0.000000,0.000000,460.000000,460.000000,383.330000,460.000000,383.330000,460.000000,0.000000,0.000000,0.000000,20.000,0.000000,0.000000,0.000000,2,2,347,343,'2019-04-18 17:45:25','2019-04-26 13:47:56',1,'2019-04-18 17:45:25','2019-04-26 13:47:56'),(148,'TLOMLOOFB',1,4,45,1,6478,530,1,6398,6398,5,'90a60720682ed679a6576d953da38974','PayPal / CB',1.000000,'paypal',0,0,'',0,'',0.000000,0.000000,0.000000,600.000000,600.000000,500.000000,600.000000,500.000000,600.000000,0.000000,0.000000,0.000000,20.000,0.000000,0.000000,0.000000,2,2,348,345,'2019-04-18 18:25:35','2019-04-27 19:05:45',1,'2019-04-18 18:25:35','2019-04-27 19:05:45'),(149,'KEQQQCYWZ',1,4,45,1,6480,532,1,6399,6399,5,'cfabf9bc57709056167bceca504e4626','Braintree',1.000000,'paypal',0,0,'',0,'',0.000000,0.000000,0.000000,250.000000,250.000000,208.330000,250.000000,208.330000,250.000000,0.000000,0.000000,0.000000,20.000,0.000000,0.000000,0.000000,2,2,349,342,'2019-04-20 09:40:02','2019-04-26 13:19:23',1,'2019-04-20 09:40:00','2019-04-26 13:19:23'),(150,'LPRJBWTPY',1,4,45,1,6035,533,1,6320,6320,2,'91cf5985e802e7bffce28bc6fe323eee','Braintree',1.000000,'paypal',0,0,'',0,'',0.000000,0.000000,0.000000,400.000000,400.000000,333.330000,400.000000,333.330000,400.000000,0.000000,0.000000,0.000000,20.000,0.000000,0.000000,0.000000,2,2,350,0,'2019-04-20 16:02:43','0000-00-00 00:00:00',1,'2019-04-20 16:02:41','2019-04-20 16:02:43'),(151,'SBSALLYEX',1,2,45,1,6305,541,1,6213,6213,2,'c2a6332776997a009c9a01d855b7915c','Chèque',1.000000,'ps_checkpayment',0,0,'',0,'',0.000000,0.000000,0.000000,2300.000000,2300.000000,2300.000000,2300.000000,2300.000000,2300.000000,0.000000,0.000000,0.000000,20.000,0.000000,0.000000,0.000000,2,2,275,0,'2019-04-24 12:19:09','0000-00-00 00:00:00',1,'2019-04-24 12:19:08','2019-04-24 12:19:09'),(152,'IFKSVLHIC',1,2,45,1,4445,543,1,4113,4113,5,'74b20878a847e2fb7fb7f1ad7d75236e','Chèque',1.000000,'ps_checkpayment',0,0,'',0,'',0.000000,0.000000,0.000000,3600.000000,3600.000000,3600.000000,3600.000000,3600.000000,3600.000000,0.000000,0.000000,0.000000,20.000,0.000000,0.000000,0.000000,2,2,276,295,'2019-04-24 17:40:38','2019-05-20 14:38:56',1,'2019-04-24 17:39:39','2019-05-20 14:38:56'),(153,'VAOGJXQMK',1,2,45,1,6188,547,1,6092,6092,5,'b3f459db167b5a80ac64d9d6261ed167','PayPal / CB',1.000000,'paypal',0,0,'',0,'',0.000000,0.000000,0.000000,300.000000,300.000000,300.000000,300.000000,300.000000,300.000000,0.000000,0.000000,0.000000,20.000,0.000000,0.000000,0.000000,2,2,277,296,'2019-04-24 17:49:07','2019-04-24 17:50:03',1,'2019-04-24 17:49:06','2019-04-24 17:50:03'),(154,'XKQPSKVGG',1,4,45,1,6482,548,1,6401,6401,5,'93c9bf6a412852c3e205e7c5a611bdd0','PayPal / CB',1.000000,'paypal',0,0,'',0,'XJ267856339JF',0.000000,0.000000,0.000000,910.000000,910.000000,758.330000,910.000000,758.330000,910.000000,0.000000,0.000000,0.000000,20.000,0.000000,0.000000,0.000000,2,2,351,344,'2019-04-25 13:59:02','2019-05-02 14:23:21',1,'2019-04-25 13:59:01','2019-05-02 14:23:21'),(155,'DUQHZYULU',1,4,45,1,6483,549,1,6402,6402,5,'4f47d4aca4be8cb2891d3bba398a0b0a','PayPal / CB',1.000000,'paypal',0,0,'',0,'',0.000000,0.000000,0.000000,405.000000,405.000000,337.500000,405.000000,337.500000,405.000000,0.000000,0.000000,0.000000,20.000,0.000000,0.000000,0.000000,2,2,352,341,'2019-04-25 16:54:22','2019-04-25 16:54:54',1,'2019-04-25 16:54:22','2019-04-25 16:54:54'),(156,'EBLGKDUGB',1,4,45,1,6272,555,1,6181,6181,5,'7a449f3e441c6415453a3228bbee5b6b','PayPal / CB',1.000000,'paypal',0,0,'',0,'',0.000000,0.000000,0.000000,1813.500000,1813.500000,1511.250000,1813.500000,1511.250000,1813.500000,0.000000,0.000000,0.000000,20.000,0.000000,0.000000,0.000000,2,2,353,346,'2019-04-27 20:13:46','2019-04-27 20:14:14',1,'2019-04-27 20:13:46','2019-04-27 20:14:14'),(157,'OAZGJKLBH',1,4,45,1,6485,561,1,6404,6404,5,'79e39aefb3808f45ee0c0ab20cf9b0f4','Braintree',1.000000,'paypal',0,0,'',0,'',0.000000,0.000000,0.000000,195.000000,195.000000,162.500000,195.000000,162.500000,195.000000,0.000000,0.000000,0.000000,20.000,0.000000,0.000000,0.000000,2,2,354,347,'2019-05-02 12:09:18','2019-05-03 13:31:12',1,'2019-05-01 11:52:20','2019-05-03 13:31:12'),(158,'XLWRCSVVC',1,4,45,1,6486,564,1,6405,6405,5,'5486000937ad20d9ebe3a2c9ffb6406c','PayPal / CB',1.000000,'paypal',0,0,'',0,'',0.000000,0.000000,0.000000,250.000000,250.000000,208.330000,250.000000,208.330000,250.000000,0.000000,0.000000,0.000000,20.000,0.000000,0.000000,0.000000,2,2,355,348,'2019-05-03 13:51:48','2019-05-03 13:52:04',1,'2019-05-03 13:51:47','2019-05-03 13:52:04'),(159,'WVLTFPYAD',1,4,45,1,6272,556,1,6181,6181,2,'7a449f3e441c6415453a3228bbee5b6b','PayPal / CB',1.000000,'paypal',0,0,'',0,'',0.000000,0.000000,0.000000,675.000000,675.000000,585.410000,675.000000,585.410000,675.000000,0.000000,0.000000,0.000000,20.000,0.000000,0.000000,0.000000,2,2,356,0,'2019-05-03 17:28:30','0000-00-00 00:00:00',1,'2019-05-03 17:28:28','2019-05-03 17:28:30'),(160,'PXVXSNVFV',1,4,45,1,6487,565,1,6406,6406,5,'1434a93aa6d7e61b2bbc2cda9d12cbe4','PayPal / CB',1.000000,'paypal',0,0,'',0,'',0.000000,0.000000,0.000000,220.000000,220.000000,183.330000,220.000000,183.330000,220.000000,0.000000,0.000000,0.000000,20.000,0.000000,0.000000,0.000000,2,2,357,0,'2019-05-04 15:44:28','2019-06-07 17:46:50',1,'2019-05-04 15:44:27','2019-06-07 17:46:50'),(161,'JGEARQYGK',1,4,40,1,6488,566,1,6407,6407,5,'725a9a6515c666340db8cef73b43c1e9','Braintree',1.000000,'paypal',0,0,'',0,'',0.000000,0.000000,0.000000,210.000000,210.000000,175.000000,210.000000,162.500000,195.000000,15.000000,15.000000,12.500000,20.000,0.000000,0.000000,0.000000,2,2,358,0,'2019-05-04 17:02:36','2019-05-10 13:41:08',1,'2019-05-04 17:02:35','2019-05-10 13:41:08'),(162,'LDKKQOQEF',1,4,40,1,6490,570,1,6408,6408,5,'1325b5af34d3f901deeafde71a36a601','Braintree',1.000000,'paypal',0,0,'',0,'',0.000000,0.000000,0.000000,135.000000,135.000000,112.500000,135.000000,100.000000,120.000000,15.000000,15.000000,12.500000,20.000,0.000000,0.000000,0.000000,2,2,359,0,'2019-05-06 22:21:12','2019-05-13 12:11:50',1,'2019-05-06 22:21:10','2019-05-13 12:11:50'),(163,'EBTGXDRPX',1,4,45,1,6491,572,1,6409,6409,5,'024db3bb60847f0f7234da9453b8da14','PayPal / CB',1.000000,'paypal',0,0,'',0,'',0.000000,0.000000,0.000000,217.000000,217.000000,180.840000,217.000000,180.840000,217.000000,0.000000,0.000000,0.000000,20.000,0.000000,0.000000,0.000000,2,2,360,0,'2019-05-09 13:41:35','2019-05-17 14:00:46',1,'2019-05-09 13:41:35','2019-05-17 14:00:46'),(164,'TYNWPZTDM',1,2,45,1,6492,576,1,6410,6410,5,'b58e39f32b874263b2fed9f30b586a74','Chèque',1.000000,'ps_checkpayment',0,0,'',0,'',0.000000,0.000000,0.000000,800.000000,800.000000,800.000000,800.000000,800.000000,800.000000,0.000000,0.000000,0.000000,20.000,0.000000,0.000000,0.000000,2,2,279,301,'2019-05-11 18:03:36','2019-05-11 18:03:36',1,'2019-05-10 12:55:58','2019-05-11 18:03:36'),(165,'CPAQIVLYD',1,4,45,1,6493,577,1,6411,6411,5,'0ba040501f00d4e25889441bf492ccc6','PayPal / CB',1.000000,'paypal',0,0,'',0,'',0.000000,0.000000,0.000000,1300.000000,1300.000000,1083.330000,1300.000000,1083.330000,1300.000000,0.000000,0.000000,0.000000,20.000,0.000000,0.000000,0.000000,2,2,361,353,'2019-05-10 14:54:45','2019-05-10 14:55:10',1,'2019-05-10 14:54:45','2019-05-10 14:55:10'),(166,'JLXUVGMZD',1,4,40,1,6497,584,1,6415,6415,5,'6fabd64662d28ade6855ccd4740966b8','Braintree',1.000000,'paypal',0,0,'',0,'',0.000000,0.000000,0.000000,70.800000,70.800000,70.800000,70.800000,50.000000,50.000000,20.800000,20.800000,20.800000,0.000,0.000000,0.000000,0.000000,2,2,362,0,'2019-05-11 10:27:57','2019-05-24 17:05:04',1,'2019-05-11 10:27:55','2019-05-24 17:05:04'),(167,'QUZOTRURI',1,2,45,1,6498,586,1,6416,6416,5,'e39b14368381167574839676d8ec7d3d','Braintree',1.000000,'paypal',0,0,'',0,'',0.000000,0.000000,0.000000,60.000000,60.000000,50.000000,60.000000,50.000000,60.000000,0.000000,0.000000,0.000000,20.000,0.000000,0.000000,0.000000,2,2,278,304,'2019-05-11 14:39:41','2019-05-12 14:25:05',1,'2019-05-11 14:39:40','2019-05-12 14:25:05'),(168,'ZRSIIKXPS',1,2,45,1,5350,591,1,4589,4589,5,'84c50ddc56eac0e7d29d946e064856cf','Transfert bancaire',1.000000,'ps_wirepayment',0,0,'',0,'',0.000000,0.000000,0.000000,1400.000000,1400.000000,1400.000000,1400.000000,1400.000000,1400.000000,0.000000,0.000000,0.000000,20.000,0.000000,0.000000,0.000000,2,2,280,305,'2019-05-12 20:21:00','2019-05-15 18:23:19',1,'2019-05-12 20:21:00','2019-05-15 18:23:20'),(169,'GMAMBGWDY',1,2,45,1,6499,592,1,6417,6417,5,'51f94c2324a9c2db70b00d0592b32b0d','Transfert bancaire',1.000000,'ps_wirepayment',0,0,'',0,'',0.000000,0.000000,0.000000,700.000000,700.000000,700.000000,700.000000,700.000000,700.000000,0.000000,0.000000,0.000000,20.000,0.000000,0.000000,0.000000,2,2,281,306,'2019-05-12 20:26:29','2019-05-15 18:23:40',1,'2019-05-12 20:26:28','2019-05-15 18:23:40'),(170,'JNNZUHIBJ',1,2,45,1,6500,593,1,6418,6418,5,'4a0c075c016066ad95ccc7fb8554ad94','PayPal / CB',1.000000,'paypal',0,0,'',0,'',0.000000,0.000000,0.000000,810.000000,810.000000,800.000000,810.000000,800.000000,810.000000,0.000000,0.000000,0.000000,20.000,0.000000,0.000000,0.000000,2,2,282,307,'2019-05-12 20:30:31','2019-05-12 20:30:31',1,'2019-05-12 20:30:30','2019-05-12 20:30:31'),(171,'XVGESGIJI',1,2,45,1,6501,594,1,6419,6419,5,'f59283fa12e28977249f98347502093a','PayPal / CB',1.000000,'paypal',0,0,'',0,'',0.000000,0.000000,0.000000,4800.000000,4800.000000,4800.000000,4800.000000,4800.000000,4800.000000,0.000000,0.000000,0.000000,20.000,0.000000,0.000000,0.000000,2,2,283,308,'2019-05-12 20:44:57','2019-05-15 18:18:01',1,'2019-05-12 20:44:57','2019-05-15 18:18:01'),(172,'VJBHBPQRB',1,2,45,1,6504,579,1,6421,6421,5,'e7fd53dd310678bf6c1490ae5166f738','Braintree',1.000000,'paypal',0,0,'',0,'',0.000000,0.000000,0.000000,240.000000,240.000000,200.000000,240.000000,200.000000,240.000000,0.000000,0.000000,0.000000,20.000,0.000000,0.000000,0.000000,2,2,284,314,'2019-05-13 22:51:51','2019-05-16 01:02:59',1,'2019-05-13 22:51:50','2019-05-16 01:02:59'),(173,'YMGJKQGOA',1,2,45,1,6458,483,1,6378,6378,5,'379473ca44df1f104ca78c56ef4b6397','PayPal / CB',1.000000,'paypal',0,0,'',0,'',0.000000,0.000000,0.000000,2800.000000,2800.000000,2800.000000,2800.000000,2800.000000,2800.000000,0.000000,0.000000,0.000000,20.000,0.000000,0.000000,0.000000,2,2,285,313,'2019-05-15 19:55:44','2019-05-28 13:03:00',1,'2019-05-15 19:55:13','2019-05-28 13:03:00'),(174,'RKAIJGJYI',1,4,45,1,6502,595,1,6422,6422,5,'a7fd2cda5c6958306b49a62be3ec3fae','PayPal / CB',1.000000,'paypal',0,0,'',0,'',0.000000,0.000000,0.000000,108.000000,108.000000,90.000000,108.000000,90.000000,108.000000,0.000000,0.000000,0.000000,20.000,0.000000,0.000000,0.000000,2,2,363,359,'2019-05-16 15:36:59','2019-05-18 13:45:37',1,'2019-05-16 15:36:58','2019-05-18 13:45:37'),(175,'TCOCGLRBE',1,4,45,1,6272,602,1,6181,6181,5,'7a449f3e441c6415453a3228bbee5b6b','PayPal / CB',1.000000,'paypal',0,0,'',0,'',0.000000,0.000000,0.000000,143.000000,143.000000,119.170000,143.000000,119.170000,143.000000,0.000000,0.000000,0.000000,20.000,0.000000,0.000000,0.000000,2,2,364,355,'2019-05-16 15:47:48','2019-05-16 15:48:06',1,'2019-05-16 15:47:48','2019-05-16 15:48:06'),(176,'PWSHFZFZD',1,4,40,1,6506,604,1,6423,6423,5,'c3e4849a9f17cb82c3b3b96572f5d01c','Braintree',1.000000,'paypal',0,0,'',0,'',0.000000,0.000000,0.000000,135.000000,135.000000,112.500000,135.000000,100.000000,120.000000,15.000000,15.000000,12.500000,20.000,0.000000,0.000000,0.000000,2,2,365,0,'2019-05-16 17:09:31','2019-05-24 17:04:17',1,'2019-05-16 17:09:30','2019-05-24 17:04:17'),(177,'IXJBAQUDP',1,2,45,1,1056,606,1,1011,1011,5,'bf8718c78e56401499757eb519bd1c71','Chèque',1.000000,'ps_checkpayment',0,0,'',0,'',0.000000,0.000000,0.000000,900.000000,900.000000,900.000000,900.000000,900.000000,900.000000,0.000000,0.000000,0.000000,20.000,0.000000,0.000000,0.000000,2,2,286,315,'2019-05-17 11:46:49','2019-05-17 12:44:50',1,'2019-05-17 11:46:49','2019-05-17 12:44:50'),(178,'QIYXZIHOI',1,4,45,1,6272,603,1,6181,6181,5,'7a449f3e441c6415453a3228bbee5b6b','PayPal / CB',1.000000,'paypal',0,0,'',0,'',0.000000,0.000000,0.000000,1200.000000,1200.000000,1000.000000,1200.000000,1000.000000,1200.000000,0.000000,0.000000,0.000000,20.000,0.000000,0.000000,0.000000,2,2,366,356,'2019-05-17 12:04:22','2019-05-17 12:04:44',1,'2019-05-17 12:04:21','2019-05-17 12:04:44'),(179,'CSJBBLQAW',1,2,45,1,2950,608,1,3734,3734,5,'035b48bd1f98422061d4f7accdb2dae5','Chèque',1.000000,'ps_checkpayment',0,0,'',0,'',0.000000,0.000000,0.000000,680.000000,680.000000,566.670000,680.000000,566.670000,680.000000,0.000000,0.000000,0.000000,20.000,0.000000,0.000000,0.000000,2,2,287,316,'2019-05-17 12:48:55','2019-05-17 12:49:06',1,'2019-05-17 12:48:55','2019-05-17 12:49:06'),(180,'OYWBUDTOW',1,4,45,1,6507,610,1,6424,6424,5,'ce80c4af8cf0360f9be033fbacf02cb6','Braintree',1.000000,'paypal',0,0,'',0,'',0.000000,0.000000,0.000000,120.000000,120.000000,100.000000,120.000000,100.000000,120.000000,0.000000,0.000000,0.000000,20.000,0.000000,0.000000,0.000000,2,2,367,357,'2019-05-17 14:15:37','2019-05-20 12:08:20',1,'2019-05-17 13:54:00','2019-05-20 12:08:20'),(181,'QZOJFPXBK',1,4,45,1,6508,611,1,6425,6425,5,'796c0f616003348c8bf4ec94fcb6725e','PayPal / CB',1.000000,'paypal',0,0,'',0,'',0.000000,0.000000,0.000000,200.000000,200.000000,166.670000,200.000000,166.670000,200.000000,0.000000,0.000000,0.000000,20.000,0.000000,0.000000,0.000000,2,2,368,358,'2019-05-17 15:53:24','2019-05-17 15:53:24',1,'2019-05-17 15:53:23','2019-05-17 15:53:24'),(182,'OVYGQUAUT',1,2,45,1,5350,612,1,4589,4589,10,'84c50ddc56eac0e7d29d946e064856cf','Transfert bancaire',1.000000,'ps_wirepayment',0,0,'',0,'',0.000000,0.000000,0.000000,900.000000,900.000000,900.000000,900.000000,900.000000,900.000000,0.000000,0.000000,0.000000,20.000,0.000000,0.000000,0.000000,2,2,288,0,'2019-05-17 16:58:25','0000-00-00 00:00:00',0,'2019-05-17 16:58:25','2019-05-27 15:52:00'),(183,'EZGIGUZTN',1,2,52,1,6509,614,1,6426,6426,4,'fbbbbc296e39e46c8e572509e77db029','Braintree',1.000000,'paypal',0,0,'',0,'',0.000000,0.000000,0.000000,140.000000,140.000000,120.000000,140.000000,100.000000,120.000000,20.000000,20.000000,20.000000,0.000,0.000000,0.000000,0.000000,2,2,289,0,'2019-05-17 18:20:22','0000-00-00 00:00:00',1,'2019-05-17 18:20:22','2019-05-20 18:56:33'),(184,'EHCQDZCNF',1,2,45,1,6510,616,1,6427,6427,5,'9a7460d34f0182e008079bbddd15d120','Braintree',1.000000,'paypal',0,0,'',0,'',0.000000,0.000000,0.000000,120.000000,120.000000,100.000000,120.000000,100.000000,120.000000,0.000000,0.000000,0.000000,20.000,0.000000,0.000000,0.000000,2,2,291,329,'2019-05-18 15:42:39','2019-05-28 13:00:44',1,'2019-05-17 19:44:05','2019-05-28 13:00:44'),(185,'XXKYGSRVG',1,2,45,1,6512,618,1,6429,6429,5,'711a2c588ea12d4ecd6c9c88293c5964','Braintree',1.000000,'paypal',0,0,'',0,'',0.000000,0.000000,0.000000,666.670000,666.670000,666.670000,666.670000,666.670000,666.670000,0.000000,0.000000,0.000000,0.000,0.000000,0.000000,0.000000,2,2,290,328,'2019-05-18 15:42:39','2019-05-28 12:58:47',1,'2019-05-17 22:18:31','2019-05-28 12:58:47'),(186,'RVJXXJCIR',1,2,52,1,6513,621,1,6431,6432,5,'0247e75a6ad8e69954643a9bfbf1b7e3','Transfert bancaire',1.000000,'ps_wirepayment',0,0,'',0,'',0.000000,0.000000,0.000000,3500.000000,3500.000000,3500.000000,3900.000000,3500.000000,3500.000000,0.000000,0.000000,0.000000,0.000,0.000000,0.000000,0.000000,2,2,292,317,'2019-05-18 16:14:12','2019-05-28 12:55:32',1,'2019-05-18 16:14:11','2019-05-28 12:55:32'),(187,'NMEQDHUIS',1,4,45,1,6035,620,1,6320,6320,5,'91cf5985e802e7bffce28bc6fe323eee','Braintree',1.000000,'paypal',0,0,'',0,'',0.000000,0.000000,0.000000,400.000000,400.000000,333.330000,400.000000,333.330000,400.000000,0.000000,0.000000,0.000000,20.000,0.000000,0.000000,0.000000,2,2,369,397,'2019-05-18 16:50:42','2019-06-29 13:40:29',1,'2019-05-18 16:50:41','2019-06-29 13:40:29'),(188,'TDALCYHXO',1,2,45,1,6514,625,1,6433,6433,5,'d65296fa3181574bf5ed85415471a8ad','Braintree',1.000000,'paypal',0,0,'',0,'',0.000000,0.000000,0.000000,240.000000,240.000000,200.000000,240.000000,200.000000,240.000000,0.000000,0.000000,0.000000,20.000,0.000000,0.000000,0.000000,2,2,293,320,'2019-05-19 16:17:53','2019-05-21 15:12:45',1,'2019-05-19 16:17:52','2019-05-21 15:12:45'),(189,'YGUVMSJDS',1,2,45,1,6272,631,1,6181,6181,5,'7a449f3e441c6415453a3228bbee5b6b','Chèque',1.000000,'ps_checkpayment',0,0,'',0,'',0.000000,0.000000,0.000000,360.000000,360.000000,300.000000,360.000000,300.000000,360.000000,0.000000,0.000000,0.000000,20.000,0.000000,0.000000,0.000000,2,2,294,318,'2019-05-20 14:15:46','2019-05-20 14:16:07',1,'2019-05-20 14:15:46','2019-05-20 14:16:07'),(190,'VKPXLMXZP',1,2,45,1,6272,632,1,6181,6181,5,'7a449f3e441c6415453a3228bbee5b6b','PayPal / CB',1.000000,'paypal',0,0,'',0,'',0.000000,0.000000,0.000000,360.000000,360.000000,300.000000,360.000000,300.000000,360.000000,0.000000,0.000000,0.000000,20.000,0.000000,0.000000,0.000000,2,2,295,319,'2019-05-20 14:17:39','2019-05-20 14:18:05',1,'2019-05-20 14:17:38','2019-05-20 14:18:05'),(191,'XTQJELAVP',1,4,45,1,6491,573,1,6409,6409,5,'024db3bb60847f0f7234da9453b8da14','PayPal / CB',1.000000,'paypal',0,0,'',0,'',0.000000,0.000000,0.000000,108.000000,108.000000,90.000000,108.000000,90.000000,108.000000,0.000000,0.000000,0.000000,20.000,0.000000,0.000000,0.000000,2,2,370,0,'2019-05-23 13:59:52','2019-05-31 13:12:06',1,'2019-05-23 13:59:52','2019-05-31 13:12:06'),(192,'MGQUCETFC',1,4,45,1,6491,636,1,6409,6409,5,'024db3bb60847f0f7234da9453b8da14','PayPal / CB',1.000000,'paypal',0,0,'',0,'',0.000000,0.000000,0.000000,108.000000,108.000000,90.000000,108.000000,90.000000,108.000000,0.000000,0.000000,0.000000,20.000,0.000000,0.000000,0.000000,2,2,371,362,'2019-05-23 14:02:47','2019-05-31 13:12:25',1,'2019-05-23 14:02:46','2019-05-31 13:12:25'),(193,'HOUSSCNHP',1,2,45,1,6272,638,1,6181,6181,5,'7a449f3e441c6415453a3228bbee5b6b','Chèque',1.000000,'ps_checkpayment',0,0,'',0,'',0.000000,0.000000,0.000000,360.000000,360.000000,300.000000,360.000000,300.000000,360.000000,0.000000,0.000000,0.000000,20.000,0.000000,0.000000,0.000000,2,2,296,324,'2019-05-23 19:17:51','2019-05-24 13:05:48',1,'2019-05-23 19:17:50','2019-05-24 13:05:48'),(194,'SDTQLMZEX',1,2,45,1,6516,641,1,6435,6435,5,'50ead7e7702be63a29e7f6ca957a87f0','PayPal / CB',1.000000,'paypal',0,0,'',0,'',0.000000,0.000000,0.000000,800.000000,800.000000,666.670000,800.000000,666.670000,800.000000,0.000000,0.000000,0.000000,20.000,0.000000,0.000000,0.000000,2,2,297,323,'2019-05-24 11:22:01','2019-05-24 11:22:18',1,'2019-05-24 11:22:00','2019-05-24 11:22:18'),(195,'HWEMTZEVE',1,2,45,1,4996,642,1,6436,6436,10,'bb9419f48f1707adc88b66072b8e7c1e','Transfert bancaire',1.000000,'ps_wirepayment',0,0,'',0,'',0.000000,0.000000,0.000000,6500.000000,6500.000000,6500.000000,0.000000,6500.000000,6500.000000,0.000000,0.000000,0.000000,20.000,0.000000,0.000000,0.000000,2,2,298,0,'2019-05-24 11:29:16','0000-00-00 00:00:00',0,'2019-05-24 11:28:33','2019-05-24 11:29:17'),(196,'UKMJQTRSJ',1,2,45,1,6517,644,1,6437,6437,5,'0fa8ad8fe196dc6a107bbb429e8fd3b1','Braintree',1.000000,'paypal',0,0,'',0,'',0.000000,0.000000,0.000000,120.000000,120.000000,100.000000,120.000000,100.000000,120.000000,0.000000,0.000000,0.000000,20.000,0.000000,0.000000,0.000000,2,2,299,326,'2019-05-24 15:45:58','2019-06-01 14:41:53',1,'2019-05-24 15:45:58','2019-06-01 14:41:53'),(197,'HBBBWVUHR',1,2,45,1,6272,639,1,6181,6181,5,'7a449f3e441c6415453a3228bbee5b6b','PayPal / CB',1.000000,'paypal',0,0,'',0,'',0.000000,0.000000,0.000000,130.000000,130.000000,108.330000,130.000000,108.330000,130.000000,0.000000,0.000000,0.000000,20.000,0.000000,0.000000,0.000000,2,2,300,325,'2019-05-24 16:59:13','2019-05-24 16:59:33',1,'2019-05-24 16:59:12','2019-05-24 16:59:33'),(198,'VPEVZBINC',1,4,45,1,6272,645,1,6181,6181,5,'7a449f3e441c6415453a3228bbee5b6b','PayPal / CB',1.000000,'paypal',0,0,'',0,'',0.000000,0.000000,0.000000,130.000000,130.000000,108.330000,130.000000,108.330000,130.000000,0.000000,0.000000,0.000000,20.000,0.000000,0.000000,0.000000,2,2,372,363,'2019-05-24 17:01:22','2019-05-24 17:02:03',1,'2019-05-24 17:01:22','2019-05-24 17:02:03'),(199,'GBRFVZQYB',1,2,45,1,6519,649,1,6439,6439,5,'07e00a625300a170ef048561d92a73d7','Braintree',1.000000,'paypal',0,0,'',0,'',0.000000,0.000000,0.000000,100.000000,100.000000,100.000000,100.000000,100.000000,100.000000,0.000000,0.000000,0.000000,0.000,0.000000,0.000000,0.000000,2,2,301,327,'2019-05-25 13:47:47','2019-06-18 12:55:59',1,'2019-05-25 01:46:16','2019-06-18 12:55:59'),(200,'EMDETZWQZ',1,4,40,1,6520,650,1,6440,6441,5,'45687d17c24084b4423b9d62b8455572','Braintree',1.000000,'paypal',0,0,'',0,'',15.000000,15.000000,12.500000,220.000000,220.000000,183.330000,220.000000,183.330000,220.000000,15.000000,15.000000,12.500000,20.000,0.000000,0.000000,0.000000,2,2,373,0,'2019-05-25 16:20:50','2019-06-06 14:37:13',1,'2019-05-25 16:20:48','2019-06-06 14:37:13'),(201,'UVPQJUMRM',1,2,0,2,6517,656,1,6443,6443,5,'0fa8ad8fe196dc6a107bbb429e8fd3b1','Braintree',1.000000,'paypal',0,0,'',0,'',0.000000,0.000000,0.000000,45.000000,45.000000,45.000000,45.000000,45.000000,45.000000,0.000000,0.000000,0.000000,0.000,0.000000,0.000000,0.000000,2,2,302,336,'2019-05-27 15:59:06','2019-06-18 11:31:47',1,'2019-05-27 15:59:06','2019-06-18 11:31:47'),(202,'OJKHHCBPC',1,2,0,1,6522,657,1,6445,6444,5,'fe23bf8106d48710de070ed1a7699b2a','Braintree',1.000000,'paypal',0,0,'',0,'',0.000000,0.000000,0.000000,20.000000,20.000000,16.670000,20.000000,16.670000,20.000000,0.000000,0.000000,0.000000,0.000,0.000000,0.000000,0.000000,2,2,303,337,'2019-05-27 18:00:29','2019-06-18 12:56:19',1,'2019-05-27 18:00:29','2019-06-18 12:56:19'),(203,'VNPFRXYUS',1,4,45,1,6523,664,1,6446,6446,3,'b05a16534a754ab3ff4d61513abafaad','Braintree',1.000000,'paypal',0,0,'',0,'',0.000000,0.000000,0.000000,250.000000,250.000000,208.330000,250.000000,208.330000,250.000000,0.000000,0.000000,0.000000,20.000,0.000000,0.000000,0.000000,2,2,374,387,'2019-05-28 18:43:14','2019-06-18 12:55:09',1,'2019-05-28 18:43:13','2019-06-18 12:55:09'),(204,'WGBPGUSJU',1,4,45,1,6524,665,1,6447,6447,5,'0558aa1c2cd39d697baea35cf5c87ca2','Braintree',1.000000,'paypal',0,0,'',0,'',0.000000,0.000000,0.000000,250.000000,250.000000,208.330000,250.000000,208.330000,250.000000,0.000000,0.000000,0.000000,20.000,0.000000,0.000000,0.000000,2,2,377,395,'2019-05-29 11:38:34','2019-06-28 17:05:12',1,'2019-05-28 18:50:06','2019-06-28 17:05:12'),(205,'GTLVGZYFA',1,4,40,1,6525,669,1,6448,6448,5,'e80385da1bd80b8e76e72f9044954406','Braintree',1.000000,'paypal',0,0,'',0,'',0.000000,0.000000,0.000000,242.630000,242.630000,242.630000,242.630000,208.330000,208.330000,34.300000,34.300000,34.300000,0.000,0.000000,0.000000,0.000000,2,2,375,379,'2019-05-29 05:19:52','2019-06-15 16:54:09',1,'2019-05-29 05:19:50','2019-06-15 16:54:09'),(206,'NAWXCTACQ',1,4,40,1,6525,670,1,6448,6448,7,'e80385da1bd80b8e76e72f9044954406','Braintree',1.000000,'paypal',0,0,'',0,'',0.000000,0.000000,0.000000,242.630000,242.630000,242.630000,242.630000,208.330000,208.330000,34.300000,34.300000,34.300000,0.000,0.000000,0.000000,0.000000,2,2,376,0,'2019-05-29 11:38:33','0000-00-00 00:00:00',0,'2019-05-29 05:25:09','2019-05-29 16:41:15'),(207,'ZLKPWUNOR',1,2,52,1,6528,673,1,6451,6452,4,'9a4c79e3217c938ba1fe0c3f10c3f55a','Braintree',1.000000,'paypal',0,0,'',0,'',0.000000,0.000000,0.000000,140.000000,140.000000,120.000000,140.000000,100.000000,120.000000,20.000000,20.000000,20.000000,0.000,0.000000,0.000000,0.000000,2,2,304,0,'2019-05-29 18:23:23','0000-00-00 00:00:00',1,'2019-05-29 18:23:22','2019-05-31 18:59:06'),(208,'ONMGVBSEH',1,2,45,1,6529,674,1,6453,6453,5,'9b4338d2e0da7b61de473e5ffccc8d85','PayPal / CB',1.000000,'paypal',0,0,'',0,'',0.000000,0.000000,0.000000,2000.000000,2000.000000,2000.000000,2000.000000,2000.000000,2000.000000,0.000000,0.000000,0.000000,20.000,0.000000,0.000000,0.000000,2,2,305,334,'2019-05-29 18:39:48','2019-06-17 17:54:58',1,'2019-05-29 18:39:48','2019-06-17 17:54:58'),(209,'OBKYAYJBR',1,2,45,1,6272,675,1,6181,6181,5,'7a449f3e441c6415453a3228bbee5b6b','PayPal / CB',1.000000,'paypal',0,0,'',0,'',0.000000,0.000000,0.000000,360.000000,360.000000,300.000000,360.000000,300.000000,360.000000,0.000000,0.000000,0.000000,20.000,0.000000,0.000000,0.000000,2,2,306,330,'2019-05-29 18:46:40','2019-05-29 18:50:25',1,'2019-05-29 18:46:40','2019-05-29 18:50:25'),(210,'MFMECCUNP',1,4,45,1,6272,676,1,6181,6181,5,'7a449f3e441c6415453a3228bbee5b6b','PayPal / CB',1.000000,'paypal',0,0,'',0,'',0.000000,0.000000,0.000000,195.000000,195.000000,162.500000,195.000000,162.500000,195.000000,0.000000,0.000000,0.000000,20.000,0.000000,0.000000,0.000000,2,2,378,365,'2019-05-29 18:54:22','2019-05-29 18:55:04',1,'2019-05-29 18:54:20','2019-05-29 18:55:04'),(211,'PVULPHWXV',1,4,40,2,6530,681,1,6455,6455,5,'40dae4579a6930eb5faca8f471972473','Braintree',1.000000,'paypal',0,0,'',0,'',0.000000,0.000000,0.000000,265.000000,265.000000,220.830000,265.000000,208.330000,250.000000,15.000000,15.000000,12.500000,20.000,0.000000,0.000000,0.000000,2,2,381,0,'2019-05-30 14:21:19','2019-06-13 17:55:41',1,'2019-05-30 09:22:09','2019-06-13 17:55:41'),(212,'JIYMAIBIT',1,4,40,2,6532,688,1,6456,6457,5,'d46424391b63afe81e7d2c77bdae274b','Braintree',1.000000,'paypal',0,0,'',0,'',0.000000,0.000000,0.000000,291.160000,291.160000,242.630000,291.160000,208.330000,250.000000,41.160000,41.160000,34.300000,20.000,0.000000,0.000000,0.000000,2,2,379,378,'2019-05-30 13:49:50','2019-06-15 16:59:20',1,'2019-05-30 13:49:49','2019-06-15 16:59:20'),(213,'XKLQKKJSP',1,4,40,2,6532,689,1,6456,6457,7,'d46424391b63afe81e7d2c77bdae274b','Braintree',1.000000,'paypal',0,0,'',0,'',0.000000,0.000000,0.000000,291.160000,291.160000,242.630000,291.160000,208.330000,250.000000,41.160000,41.160000,34.300000,20.000,0.000000,0.000000,0.000000,2,2,380,0,'2019-05-30 14:21:18','0000-00-00 00:00:00',0,'2019-05-30 13:55:11','2019-05-30 14:59:34'),(214,'YZSNPYWCB',1,4,40,1,6535,694,1,6461,6461,5,'247e9f0cc48f198795a63f9183fa13ba','Braintree',1.000000,'paypal',0,0,'',0,'',0.000000,0.000000,0.000000,515.000000,515.000000,429.170000,515.000000,416.670000,500.000000,15.000000,15.000000,12.500000,20.000,0.000000,0.000000,0.000000,2,2,386,0,'2019-05-31 11:15:33','2019-06-13 15:28:46',1,'2019-05-30 20:18:13','2019-06-13 15:28:46'),(215,'MCJSXEXAZ',1,4,40,1,6537,696,1,6463,6463,5,'0b0c53bbf455755e5560066ebf551b7c','Braintree',1.000000,'paypal',0,0,'',0,'',0.000000,0.000000,0.000000,265.000000,265.000000,220.830000,265.000000,208.330000,250.000000,15.000000,15.000000,12.500000,20.000,0.000000,0.000000,0.000000,2,2,385,0,'2019-05-31 11:15:32','2019-06-15 16:57:59',1,'2019-05-30 22:36:41','2019-06-15 16:57:59'),(216,'SWLEGIQMT',1,4,40,1,6538,697,1,6464,6464,5,'dcb40227f14168efc7e512add191a2e0','Braintree',1.000000,'paypal',0,0,'',0,'',0.000000,0.000000,0.000000,265.000000,265.000000,220.830000,265.000000,208.330000,250.000000,15.000000,15.000000,12.500000,20.000,0.000000,0.000000,0.000000,2,2,382,0,'2019-05-30 23:11:10','2019-06-14 13:30:55',1,'2019-05-30 23:11:08','2019-06-14 13:30:55'),(217,'MVNBSAUGH',1,4,45,1,6539,698,1,6465,6465,5,'e4a0fc3fa62fa6234b8cd22afeabe93c','Braintree',1.000000,'paypal',0,0,'',0,'',0.000000,0.000000,0.000000,250.000000,250.000000,208.330000,250.000000,208.330000,250.000000,0.000000,0.000000,0.000000,20.000,0.000000,0.000000,0.000000,2,2,383,371,'2019-05-30 23:35:29','2019-06-06 16:13:46',1,'2019-05-30 23:35:27','2019-06-06 16:13:46'),(218,'VKJPQILDW',1,4,45,1,6541,700,1,6468,6468,5,'eae9a40dced7ac8b81ff4ab27f665bb7','Braintree',1.000000,'paypal',0,0,'',0,'',0.000000,0.000000,0.000000,250.000000,250.000000,208.330000,250.000000,208.330000,250.000000,0.000000,0.000000,0.000000,20.000,0.000000,0.000000,0.000000,2,2,384,367,'2019-05-31 07:45:49','2019-06-02 16:49:55',1,'2019-05-31 07:45:48','2019-06-02 16:49:55'),(219,'HURVEMMUM',1,4,45,1,6542,701,1,6469,6469,5,'695bfe224c70e796e90fbcbbedf537b6','PayPal / CB',1.000000,'paypal',0,0,'',0,'',0.000000,0.000000,0.000000,100.000000,100.000000,83.330000,100.000000,83.330000,100.000000,0.000000,0.000000,0.000000,20.000,0.000000,0.000000,0.000000,2,2,387,366,'2019-05-31 13:17:34','2019-06-01 10:02:31',1,'2019-05-31 13:17:34','2019-06-01 10:02:31'),(220,'GSMAIBDMT',1,4,45,2,6543,703,1,6470,6470,5,'7b54e7b33846638acd6ac331408a41a8','Braintree',1.000000,'paypal',0,0,'',0,'',0.000000,0.000000,0.000000,250.000000,250.000000,208.330000,250.000000,208.330000,250.000000,0.000000,0.000000,0.000000,20.000,0.000000,0.000000,0.000000,2,2,388,368,'2019-05-31 15:13:13','2019-06-02 17:13:59',1,'2019-05-31 15:13:11','2019-06-02 17:13:59'),(221,'FJGSOOHOI',1,4,45,1,6544,704,1,6471,6471,2,'5cb8781a433d56a23a63f740ceceb469','Braintree',1.000000,'paypal',0,0,'',0,'',0.000000,0.000000,0.000000,250.000000,250.000000,208.330000,250.000000,208.330000,250.000000,0.000000,0.000000,0.000000,20.000,0.000000,0.000000,0.000000,2,2,389,0,'2019-05-31 16:25:54','0000-00-00 00:00:00',1,'2019-05-31 16:25:52','2019-05-31 16:25:54'),(222,'AJXCIAUCE',1,4,45,1,6545,707,1,6472,6472,5,'bc571eea53da5b21e8079dce1d28b0ca','PayPal / CB',1.000000,'paypal',0,0,'',0,'',0.000000,0.000000,0.000000,205.000000,205.000000,170.830000,205.000000,170.830000,205.000000,0.000000,0.000000,0.000000,20.000,0.000000,0.000000,0.000000,2,2,390,0,'2019-06-01 09:52:54','2019-06-06 14:12:10',1,'2019-06-01 09:52:54','2019-06-06 14:12:10'),(223,'UGBKUPOUG',1,2,45,1,6272,709,1,6181,6181,5,'7a449f3e441c6415453a3228bbee5b6b','PayPal / CB',1.000000,'paypal',0,0,'',0,'',0.000000,0.000000,0.000000,480.000000,480.000000,400.000000,480.000000,400.000000,480.000000,0.000000,0.000000,0.000000,20.000,0.000000,0.000000,0.000000,2,2,307,332,'2019-06-01 17:11:20','2019-06-01 17:17:19',1,'2019-06-01 17:11:20','2019-06-01 17:17:19'),(224,'TMDOUGJQR',1,4,58,2,6526,671,1,6449,6449,5,'e429de5c7caef23a96921bb1bfe03932','Braintree',1.000000,'paypal',0,0,'',0,'',0.000000,0.000000,0.000000,265.000000,265.000000,220.830000,265.000000,208.330000,250.000000,15.000000,15.000000,12.500000,20.000,0.000000,0.000000,0.000000,2,2,391,377,'2019-06-03 11:44:51','2019-06-15 16:56:33',1,'2019-06-02 21:16:03','2019-06-15 16:56:33'),(225,'VOVRYYELI',1,4,45,1,6539,718,1,6465,6465,5,'e4a0fc3fa62fa6234b8cd22afeabe93c','PayPal / CB',1.000000,'paypal',0,0,'',0,'',0.000000,0.000000,0.000000,1780.000000,1780.000000,1780.000000,1780.000000,1780.000000,1780.000000,0.000000,0.000000,0.000000,20.000,0.000000,0.000000,0.000000,2,2,392,389,'2019-06-03 11:54:33','2019-06-24 16:28:21',1,'2019-06-03 11:54:31','2019-06-24 16:28:21'),(226,'BBJSDRFXC',1,4,45,1,6548,720,1,6474,6474,5,'384b3f0f9ec151416cf47ba2fd5359ee','Braintree',1.000000,'paypal',0,0,'',0,'',0.000000,0.000000,0.000000,250.000000,250.000000,208.330000,250.000000,208.330000,250.000000,0.000000,0.000000,0.000000,20.000,0.000000,0.000000,0.000000,2,2,393,370,'2019-06-03 18:10:56','2019-06-06 16:04:42',1,'2019-06-03 12:10:19','2019-06-06 16:04:42'),(227,'WTEFHTDGA',1,4,45,1,6272,728,1,6181,6181,2,'7a449f3e441c6415453a3228bbee5b6b','PayPal / CB',1.000000,'paypal',0,0,'',0,'',0.000000,0.000000,0.000000,765.000000,765.000000,640.940000,765.000000,640.940000,765.000000,0.000000,0.000000,0.000000,20.000,0.000000,0.000000,0.000000,2,2,394,0,'2019-06-05 16:40:01','0000-00-00 00:00:00',1,'2019-06-05 16:39:58','2019-06-05 16:40:01'),(228,'TYQDBHOYR',1,2,45,1,6551,730,1,6476,6476,3,'965682f9c40565cee60d4f0a9ab313a7','Braintree',1.000000,'paypal',0,0,'',0,'',0.000000,0.000000,0.000000,120.000000,120.000000,100.000000,120.000000,100.000000,120.000000,0.000000,0.000000,0.000000,20.000,0.000000,0.000000,0.000000,2,2,308,333,'2019-06-05 22:26:41','2019-06-06 11:47:56',1,'2019-06-05 22:26:41','2019-06-06 11:47:56'),(229,'GXENGXEMU',1,4,45,1,6552,731,1,6477,6477,2,'3b46f8af2f1d648d723c2ca1b4b36e05','PayPal / CB',1.000000,'paypal',0,0,'',0,'',0.000000,0.000000,0.000000,500.000000,500.000000,416.670000,500.000000,416.670000,500.000000,0.000000,0.000000,0.000000,20.000,0.000000,0.000000,0.000000,2,2,395,0,'2019-06-06 15:34:06','0000-00-00 00:00:00',1,'2019-06-06 15:34:05','2019-06-06 15:34:06'),(230,'VMFCXHEAN',1,4,45,1,6272,737,1,6181,6181,5,'7a449f3e441c6415453a3228bbee5b6b','PayPal / CB',1.000000,'paypal',0,0,'',0,'',0.000000,0.000000,0.000000,20.000000,20.000000,16.670000,20.000000,16.670000,20.000000,0.000000,0.000000,0.000000,20.000,0.000000,0.000000,0.000000,2,2,396,376,'2019-06-07 16:12:33','2019-06-07 16:13:14',1,'2019-06-07 16:12:32','2019-06-07 16:13:14'),(231,'GKMBATPJY',1,4,45,1,6272,738,1,6181,6181,2,'7a449f3e441c6415453a3228bbee5b6b','Chèque',1.000000,'ps_checkpayment',0,0,'',0,'',0.000000,0.000000,0.000000,500.000000,500.000000,416.670000,500.000000,416.670000,500.000000,0.000000,0.000000,0.000000,20.000,0.000000,0.000000,0.000000,2,2,397,0,'2019-06-07 17:51:28','0000-00-00 00:00:00',1,'2019-06-07 17:51:28','2019-06-07 17:51:28'),(232,'PCJZLFZDI',1,4,45,1,6554,743,1,6479,6479,5,'27cc716f48779373c5835768aba06e82','PayPal / CB',1.000000,'paypal',0,0,'',0,'XJ271756544JF',0.000000,0.000000,0.000000,215.000000,215.000000,179.170000,215.000000,179.170000,215.000000,0.000000,0.000000,0.000000,20.000,0.000000,0.000000,0.000000,2,2,398,380,'2019-06-08 14:54:11','2019-06-20 14:13:58',1,'2019-06-08 14:54:10','2019-06-20 14:13:59'),(233,'OUOAHDJRS',1,4,0,2,6557,751,1,6482,6482,5,'fb1d476226f367ac369a1b1d8b5c3ff0','Braintree',1.000000,'paypal',0,0,'',0,'',0.000000,0.000000,0.000000,30.000000,30.000000,30.000000,30.000000,30.000000,30.000000,0.000000,0.000000,0.000000,0.000,0.000000,0.000000,0.000000,2,2,399,390,'2019-06-11 11:30:25','2019-06-27 15:04:44',1,'2019-06-11 00:15:06','2019-06-27 15:04:44'),(234,'HPKMSMFDM',1,2,0,2,6517,706,1,6443,6443,3,'0fa8ad8fe196dc6a107bbb429e8fd3b1','Braintree',1.000000,'paypal',0,0,'',0,'',0.000000,0.000000,0.000000,170.000000,170.000000,170.000000,170.000000,170.000000,170.000000,0.000000,0.000000,0.000000,0.000,0.000000,0.000000,0.000000,2,2,309,335,'2019-06-11 21:44:10','2019-06-18 11:31:28',1,'2019-06-11 21:44:09','2019-06-18 11:31:28'),(235,'YTLTSNKTS',1,4,45,1,6556,747,1,6481,6481,5,'2774a687ed74bd9134f8917773f92da1','Braintree',1.000000,'paypal',0,0,'',0,'',0.000000,0.000000,0.000000,120.000000,120.000000,100.000000,120.000000,100.000000,120.000000,0.000000,0.000000,0.000000,20.000,0.000000,0.000000,0.000000,2,2,400,398,'2019-06-13 15:49:28','2019-06-29 16:43:31',1,'2019-06-13 15:49:27','2019-06-29 16:43:31'),(236,'HIPPCYGIH',1,4,45,1,6559,756,1,6484,6484,5,'c2c3d95a11dddf11b90baa27e002d8d2','PayPal / CB',1.000000,'paypal',0,0,'',0,'',0.000000,0.000000,0.000000,272.000000,272.000000,226.660000,272.000000,226.660000,272.000000,0.000000,0.000000,0.000000,20.000,0.000000,0.000000,0.000000,2,2,401,381,'2019-06-13 16:02:46','2019-06-14 14:17:18',1,'2019-06-13 16:02:46','2019-06-14 14:17:18'),(237,'UCVLJCYUH',1,4,58,1,6562,760,1,6487,6487,5,'9d39c6d2397327abff19bd6fcd4538f3','Braintree',1.000000,'paypal',0,0,'',0,'',0.000000,0.000000,0.000000,135.000000,135.000000,112.500000,135.000000,100.000000,120.000000,15.000000,15.000000,12.500000,20.000,0.000000,0.000000,0.000000,2,2,403,383,'2019-06-14 13:56:13','2019-06-27 15:04:06',1,'2019-06-14 10:33:12','2019-06-27 15:04:06'),(238,'ZINHEMNXE',1,4,58,1,6563,761,1,6488,6488,5,'da03f02a862189add9e67c765bd792dd','Braintree',1.000000,'paypal',0,0,'',0,'',0.000000,0.000000,0.000000,265.000000,265.000000,220.830000,265.000000,208.330000,250.000000,15.000000,15.000000,12.500000,20.000,0.000000,0.000000,0.000000,2,2,402,382,'2019-06-14 11:56:24','2019-06-27 15:03:21',1,'2019-06-14 11:56:22','2019-06-27 15:03:21'),(239,'NQAAHAYDO',1,4,45,1,6564,766,1,6489,6489,5,'2caecce8adff72dbf7c8db867acf0fe2','PayPal / CB',1.000000,'paypal',0,0,'',0,'',0.000000,0.000000,0.000000,200.000000,200.000000,166.670000,200.000000,166.670000,200.000000,0.000000,0.000000,0.000000,20.000,0.000000,0.000000,0.000000,2,2,404,384,'2019-06-15 16:24:09','2019-06-15 16:31:30',1,'2019-06-15 16:24:08','2019-06-15 16:31:30'),(240,'SPPRSNMCB',1,4,45,1,6272,739,1,6181,6181,5,'7a449f3e441c6415453a3228bbee5b6b','PayPal / CB',1.000000,'paypal',0,0,'',0,'',0.000000,0.000000,0.000000,20.000000,20.000000,16.660000,27.000000,16.660000,20.000000,0.000000,0.000000,0.000000,20.000,0.000000,0.000000,0.000000,2,2,405,385,'2019-06-15 16:35:46','2019-06-15 16:46:05',1,'2019-06-15 16:35:46','2019-06-15 16:46:05'),(241,'HGPBOTZGZ',1,4,58,1,6565,773,1,6490,6490,5,'6f13069bc9732d5b0c881c3597610890','Braintree',1.000000,'paypal',0,0,'',0,'',0.000000,0.000000,0.000000,345.000000,345.000000,287.500000,345.000000,275.000000,330.000000,15.000000,15.000000,12.500000,20.000,0.000000,0.000000,0.000000,2,2,406,386,'2019-06-17 17:53:05','2019-06-27 15:02:28',1,'2019-06-16 11:42:28','2019-06-27 15:02:28'),(242,'FNJVLSGAS',1,2,45,1,6529,777,1,6453,6453,2,'9b4338d2e0da7b61de473e5ffccc8d85','Chèque',1.000000,'ps_checkpayment',0,0,'',0,'',0.000000,0.000000,0.000000,1600.000000,1600.000000,1600.000000,1600.000000,1600.000000,1600.000000,0.000000,0.000000,0.000000,20.000,0.000000,0.000000,0.000000,2,2,310,0,'2019-06-17 17:58:24','0000-00-00 00:00:00',1,'2019-06-17 17:58:23','2019-06-17 17:58:24'),(243,'WZSBILWIX',1,4,58,1,6560,782,1,6485,6485,5,'ecfc30204062d62c776bfbf08b562964','Braintree',1.000000,'paypal',0,0,'',0,'',0.000000,0.000000,0.000000,210.000000,210.000000,175.000000,210.000000,162.500000,195.000000,15.000000,15.000000,12.500000,20.000,0.000000,0.000000,0.000000,2,2,407,388,'2019-06-20 14:19:44','2019-06-27 14:52:43',1,'2019-06-20 14:19:42','2019-06-27 14:52:43'),(244,'ZVNFJPUGQ',1,2,57,1,6566,783,1,6491,6491,4,'5a8e2d848e04840824b83d6df8471b24','Braintree',1.000000,'paypal',0,0,'',0,'',0.000000,0.000000,0.000000,80.000000,80.000000,70.000000,80.000000,50.000000,60.000000,20.000000,20.000000,20.000000,0.000,0.000000,0.000000,0.000000,2,2,311,0,'2019-06-23 01:41:45','0000-00-00 00:00:00',1,'2019-06-23 01:41:45','2019-06-24 19:07:58'),(245,'IFOGKTZLD',1,4,58,1,6567,790,1,6492,6493,5,'a0a184ff337aa5debc07ef5cacb2b3e9','Braintree',1.000000,'paypal',0,0,'',0,'',0.000000,0.000000,0.000000,515.000000,515.000000,429.160000,515.000000,416.660000,500.000000,15.000000,15.000000,12.500000,20.000,0.000000,0.000000,0.000000,2,2,408,393,'2019-06-24 16:38:23','2019-07-04 13:31:36',1,'2019-06-24 16:38:21','2019-07-04 13:31:36'),(246,'OOHLEHCNE',1,4,45,1,6568,797,1,6494,6494,2,'f999d7a90854af7bc9f8acef6f4b289e','Braintree',1.000000,'paypal',0,0,'',0,'',0.000000,0.000000,0.000000,480.000000,480.000000,400.000000,480.000000,400.000000,480.000000,0.000000,0.000000,0.000000,20.000,0.000000,0.000000,0.000000,2,2,409,0,'2019-06-27 07:24:03','0000-00-00 00:00:00',1,'2019-06-27 07:24:01','2019-06-27 07:24:03'),(247,'RVVPIWDWF',1,2,45,1,6243,800,1,6151,6151,5,'f757e45c9a56fd63fd057fcec483d86a','PayPal / CB',1.000000,'paypal',0,0,'',0,'',0.000000,0.000000,0.000000,2800.000000,2800.000000,2800.000000,2800.000000,2800.000000,2800.000000,0.000000,0.000000,0.000000,20.000,0.000000,0.000000,0.000000,2,2,312,341,'2019-06-27 13:58:15','2019-07-05 13:28:37',1,'2019-06-27 13:58:14','2019-07-05 13:28:37'),(248,'PUXEZPDYP',1,2,45,1,3140,802,1,3344,3344,1,'cba4bd18941acdf273ea503f21394e9a','Chèque',1.000000,'ps_checkpayment',0,0,'',0,'',0.000000,0.000000,0.000000,2800.000000,2800.000000,2800.000000,2800.000000,2800.000000,2800.000000,0.000000,0.000000,0.000000,20.000,0.000000,0.000000,0.000000,2,2,313,0,'2019-06-27 14:11:20','0000-00-00 00:00:00',0,'2019-06-27 14:11:20','2019-06-27 15:44:12'),(249,'BGXAUGIEH',1,2,45,1,1268,805,1,5342,5342,3,'288fcc899c46827780839b03eacb34cb','Chèque',1.000000,'ps_checkpayment',0,0,'',0,'',0.000000,0.000000,0.000000,2500.000000,2500.000000,2500.000000,2500.000000,2500.000000,2500.000000,0.000000,0.000000,0.000000,20.000,0.000000,0.000000,0.000000,2,2,314,340,'2019-06-27 14:22:22','2019-07-05 13:28:10',1,'2019-06-27 14:22:22','2019-07-05 13:28:10'),(250,'ALXYWTCJY',1,2,45,1,6262,799,1,6170,6170,5,'b3e29f7aee78d8b7b1aeb988181e1156','PayPal / CB',1.000000,'paypal',0,0,'',0,'',0.000000,0.000000,0.000000,6700.000000,6700.000000,6700.000000,6700.000000,6700.000000,6700.000000,0.000000,0.000000,0.000000,20.000,0.000000,0.000000,0.000000,2,2,315,339,'2019-06-27 15:36:51','2019-06-27 15:38:12',1,'2019-06-27 15:36:50','2019-06-27 15:38:12'),(251,'MVJSFECJL',1,4,45,1,6569,809,1,6495,6495,13,'591a40edce674d23a1f9c8701bf66745','PayPal / CB',1.000000,'paypal',0,0,'',0,'',0.000000,0.000000,0.000000,500.000000,500.000000,416.670000,0.000000,416.670000,500.000000,0.000000,0.000000,0.000000,20.000,0.000000,0.000000,0.000000,2,2,421,0,'2019-07-05 14:39:27','0000-00-00 00:00:00',0,'2019-06-27 15:39:23','2019-07-05 14:39:27'),(252,'BFDMGKMXU',1,2,45,1,6377,804,1,6294,6294,2,'80f4df3d7d048a15a18fc51ae3cd5722','PayPal / CB',1.000000,'paypal',0,0,'',0,'',0.000000,0.000000,0.000000,1600.000000,1600.000000,1600.000000,1600.000000,1600.000000,1600.000000,0.000000,0.000000,0.000000,20.000,0.000000,0.000000,0.000000,2,2,316,0,'2019-06-27 15:40:54','0000-00-00 00:00:00',1,'2019-06-27 15:40:53','2019-06-27 15:40:54'),(253,'PCTMLTXNN',1,4,45,1,6570,812,1,6496,6496,5,'786b229495bee07ba4cf974e3d9913ec','PayPal / CB',1.000000,'paypal',0,0,'',0,'9V31763709534',0.000000,0.000000,0.000000,173.000000,173.000000,144.160000,173.000000,144.160000,173.000000,0.000000,0.000000,0.000000,20.000,0.000000,0.000000,0.000000,2,2,410,392,'2019-06-27 15:47:22','2019-07-04 13:29:24',1,'2019-06-27 15:47:22','2019-07-04 13:29:24'),(254,'BBIGZSMFR',1,2,45,1,6250,807,1,6158,6158,6,'58120f61cb6f30b897073890f162f3f6','Transfert bancaire',1.000000,'ps_wirepayment',0,0,'',0,'',0.000000,0.000000,0.000000,1700.000000,1700.000000,1700.000000,0.000000,1700.000000,1700.000000,0.000000,0.000000,0.000000,20.000,0.000000,0.000000,0.000000,2,2,317,0,'2019-06-27 16:03:38','0000-00-00 00:00:00',0,'2019-06-27 16:02:36','2019-06-27 16:43:48'),(255,'IHUBIKNRL',1,4,45,1,6571,815,1,6497,6497,5,'c1faebcd24c330d66db36af5d95d2f0f','PayPal / CB',1.000000,'paypal',0,0,'',0,'',0.000000,0.000000,0.000000,68.000000,68.000000,56.670000,68.000000,56.670000,68.000000,0.000000,0.000000,0.000000,20.000,0.000000,0.000000,0.000000,2,2,411,0,'2019-06-27 16:45:00','2019-07-04 13:30:50',1,'2019-06-27 16:45:00','2019-07-04 13:30:50'),(256,'ZVZLIFPAH',1,2,45,1,6257,727,1,6165,6165,10,'9bb41582e3704f235294ed1ea58637e0','PayPal / CB',1.000000,'paypal',0,0,'',0,'',0.000000,0.000000,0.000000,1700.000000,1700.000000,1700.000000,0.000000,1700.000000,1700.000000,0.000000,0.000000,0.000000,20.000,0.000000,0.000000,0.000000,2,2,318,0,'2019-06-27 16:50:49','0000-00-00 00:00:00',0,'2019-06-27 16:50:22','2019-06-27 16:50:49'),(257,'NAUPRFPIQ',1,4,45,1,6572,816,1,6498,6498,5,'a79906fd55e133ab5b982247bbf5c55a','PayPal / CB',1.000000,'paypal',0,0,'',0,'',0.000000,0.000000,0.000000,515.000000,515.000000,429.160000,515.000000,429.160000,515.000000,0.000000,0.000000,0.000000,20.000,0.000000,0.000000,0.000000,2,2,412,396,'2019-06-27 16:54:44','2019-07-04 13:30:09',1,'2019-06-27 16:54:43','2019-07-04 13:30:09'),(258,'NBGIXPOTY',1,2,45,1,6250,813,1,6158,6158,1,'58120f61cb6f30b897073890f162f3f6','PayPal / CB',1.000000,'paypal',0,0,'',0,'',0.000000,0.000000,0.000000,1700.000000,1700.000000,1700.000000,0.000000,1700.000000,1700.000000,0.000000,0.000000,0.000000,20.000,0.000000,0.000000,0.000000,2,2,319,0,'2019-06-27 16:56:35','0000-00-00 00:00:00',0,'2019-06-27 16:56:29','2019-06-27 16:56:35'),(259,'ERVLDLGIH',1,4,45,1,6575,820,1,6500,6500,5,'bbd1f8e1aadec3df638ed867428354c1','PayPal / CB',1.000000,'paypal',0,0,'',0,'',0.000000,0.000000,0.000000,250.000000,250.000000,208.330000,250.000000,208.330000,250.000000,0.000000,0.000000,0.000000,20.000,0.000000,0.000000,0.000000,2,2,413,394,'2019-06-28 16:04:35','2019-06-28 16:05:04',1,'2019-06-28 16:04:35','2019-06-28 16:05:04'),(260,'OATDPXFVO',1,4,58,1,6515,821,1,6434,6434,4,'5021c063a4d7bd5ea38ae3af29648cb0','Braintree',1.000000,'paypal',0,0,'',0,'',0.000000,0.000000,0.000000,210.000000,210.000000,175.000000,210.000000,162.500000,195.000000,15.000000,15.000000,12.500000,20.000,0.000000,0.000000,0.000000,2,2,414,402,'2019-07-02 20:33:33','2019-07-04 18:30:21',1,'2019-07-02 20:32:14','2019-07-04 18:30:21'),(261,'RRABGWGZF',1,4,58,1,6577,822,1,6502,6502,2,'f12435daca8d8b22680720605e352bc8','Braintree',1.000000,'paypal',0,0,'',0,'',0.000000,0.000000,0.000000,330.000000,330.000000,275.000000,330.000000,262.500000,315.000000,15.000000,15.000000,12.500000,20.000,0.000000,0.000000,0.000000,2,2,415,0,'2019-07-03 20:52:28','0000-00-00 00:00:00',1,'2019-07-02 23:30:10','2019-07-04 16:40:29'),(262,'UMQWNMWRI',1,4,45,1,6545,826,1,6472,6472,4,'bc571eea53da5b21e8079dce1d28b0ca','PayPal / CB',1.000000,'paypal',0,0,'',0,'',0.000000,0.000000,0.000000,173.000000,173.000000,144.160000,173.000000,144.160000,173.000000,0.000000,0.000000,0.000000,20.000,0.000000,0.000000,0.000000,2,2,416,401,'2019-07-04 15:26:00','2019-07-04 18:28:26',1,'2019-07-04 15:26:00','2019-07-04 18:28:26'),(263,'VHNJEVUYH',1,4,45,1,6578,829,1,6504,6504,4,'172eebcc1c1210270a49f8dff181e3f3','PayPal / CB',1.000000,'paypal',0,0,'',0,'9V31773512513',0.000000,0.000000,0.000000,75.000000,75.000000,62.500000,75.000000,62.500000,75.000000,0.000000,0.000000,0.000000,20.000,0.000000,0.000000,0.000000,2,2,417,399,'2019-07-04 16:12:01','2019-07-04 18:26:22',1,'2019-07-04 16:12:01','2019-07-04 18:26:22'),(264,'QEQWGSZRI',1,4,45,1,6578,827,1,6504,6504,4,'172eebcc1c1210270a49f8dff181e3f3','PayPal / CB',1.000000,'paypal',0,0,'',0,'',0.000000,0.000000,0.000000,75.000000,75.000000,62.500000,65.000000,62.500000,75.000000,0.000000,0.000000,0.000000,20.000,0.000000,0.000000,0.000000,2,2,418,400,'2019-07-04 16:15:09','2019-07-04 18:26:44',1,'2019-07-04 16:15:08','2019-07-04 18:26:44'),(265,'EOCEFNVZP',1,4,45,1,6272,838,1,6181,6181,5,'7a449f3e441c6415453a3228bbee5b6b','PayPal / CB',1.000000,'paypal',0,0,'',0,'',0.000000,0.000000,0.000000,440.000000,440.000000,382.700000,440.000000,382.700000,440.000000,0.000000,0.000000,0.000000,20.000,0.000000,0.000000,0.000000,2,2,419,403,'2019-07-05 13:22:07','2019-07-05 13:24:46',1,'2019-07-05 13:22:05','2019-07-05 13:24:46'),(266,'FYYYBKSRM',1,4,45,1,6272,839,1,6181,6181,2,'7a449f3e441c6415453a3228bbee5b6b','PayPal / CB',1.000000,'paypal',0,0,'',0,'',0.000000,0.000000,0.000000,300.000000,300.000000,250.000000,300.000000,250.000000,300.000000,0.000000,0.000000,0.000000,20.000,0.000000,0.000000,0.000000,2,2,420,0,'2019-07-05 14:29:19','0000-00-00 00:00:00',1,'2019-07-05 14:29:17','2019-07-05 14:29:19');

--
-- Table structure for table `pre3303_pack`
--

CREATE TABLE `pre3303_pack` (
  `id_product_pack` int(10) unsigned NOT NULL,
  `id_product_item` int(10) unsigned NOT NULL,
  `id_product_attribute_item` int(10) unsigned NOT NULL,
  `quantity` int(10) unsigned NOT NULL DEFAULT '1',
  PRIMARY KEY (`id_product_pack`,`id_product_item`,`id_product_attribute_item`),
  KEY `product_item` (`id_product_item`,`id_product_attribute_item`)
) ENGINE=InnoDB DEFAULT CHARSET=utf8;

--
-- Dumping data for table `pre3303_pack`
--

INSERT INTO `pre3303_pack` VALUES (6353,6181,0,1),(6353,6182,0,1),(6353,6183,0,1),(6353,6184,0,1),(6414,6412,0,1),(6414,6413,0,1),(6525,6500,0,1),(6525,6511,0,1),(6525,6512,0,1),(6525,6522,0,1),(6546,3096,0,1),(6546,6344,0,1);

--
-- Table structure for table `pre3303_page`
--

CREATE TABLE `pre3303_page` (
  `id_page` int(10) unsigned NOT NULL AUTO_INCREMENT,
  `id_page_type` int(10) unsigned NOT NULL,
  `id_object` int(10) unsigned DEFAULT NULL,
  PRIMARY KEY (`id_page`),
  KEY `id_page_type` (`id_page_type`),
  KEY `id_object` (`id_object`)
) ENGINE=InnoDB AUTO_INCREMENT=898 DEFAULT CHARSET=utf8;

--
-- Dumping data for table `pre3303_page`
--

INSERT INTO `pre3303_page` VALUES (1,1,NULL),(2,2,NULL),(3,3,76),(4,4,5867),(5,5,4),(6,3,101),(7,4,4987),(8,5,17),(9,4,6181),(10,4,2587),(11,4,6425),(12,4,6254),(13,4,4746),(14,4,6119),(15,4,6193),(16,4,6312),(17,3,77),(18,4,6231),(19,6,NULL),(20,3,229),(21,3,230),(22,4,6043),(23,3,56),(24,7,NULL),(25,3,82),(26,4,4072),(27,3,85),(28,4,6239),(29,5,11),(30,3,107),(31,3,122),(32,3,109),(33,4,6350),(34,4,5960),(35,3,61),(36,8,NULL),(37,4,6253),(38,4,6174),(39,4,6236),(40,4,5154),(41,4,6278),(42,4,6255),(43,4,6284),(44,4,6107),(45,4,6017),(46,4,6233),(47,4,4921),(48,4,4059),(49,4,6335),(50,4,6232),(51,4,6213),(52,4,5911),(53,5,7),(54,4,5758),(55,4,5165),(56,4,4925),(57,4,5151),(58,4,3096),(59,4,6163),(60,4,6222),(61,4,6104),(62,4,5905),(63,4,4950),(64,4,3982),(65,4,6421),(66,4,6177),(67,4,6330),(68,4,2589),(69,4,6123),(70,4,4016),(71,4,2577),(72,4,6230),(73,4,5956),(74,4,6220),(75,4,6019),(76,4,5530),(77,9,NULL),(78,10,NULL),(79,4,5057),(80,4,3836),(81,4,6388),(82,4,5164),(83,3,228),(84,4,5523),(85,4,3996),(86,4,6381),(87,3,206),(88,3,211),(89,4,6311),(90,4,6334),(91,3,103),(92,4,6280),(93,4,6121),(94,4,6270),(95,3,134),(96,4,5487),(97,4,6331),(98,4,6168),(99,4,6051),(100,4,6398),(101,4,2763),(102,4,6059),(103,4,6089),(104,3,141),(105,3,113),(106,4,4744),(107,3,111),(108,4,6198),(109,3,105),(110,4,5899),(111,4,5763),(112,4,6400),(113,5,38),(114,4,5522),(115,4,6405),(116,3,83),(117,5,19),(118,3,147),(119,5,12),(120,3,81),(121,3,116),(122,4,5163),(123,3,108),(124,3,79),(125,4,2588),(126,3,142),(127,4,6399),(128,3,100),(129,5,43),(130,5,42),(131,11,NULL),(132,4,6053),(133,5,35),(134,3,146),(135,4,5824),(136,3,96),(137,3,97),(138,3,98),(139,12,NULL),(140,4,6279),(141,4,6257),(142,4,4860),(143,4,6296),(144,4,6275),(145,4,2579),(146,4,6149),(147,4,5683),(148,4,6061),(149,5,32),(150,3,112),(151,4,6344),(152,3,106),(153,4,6046),(154,3,78),(155,3,92),(156,3,94),(157,3,104),(158,4,2590),(159,4,6189),(160,5,39),(161,3,95),(162,4,6148),(163,4,6183),(164,4,6249),(165,4,6146),(166,4,6145),(167,4,6142),(168,4,6155),(169,4,6147),(170,4,5144),(171,4,4070),(172,4,6047),(173,4,6414),(174,3,145),(175,4,6332),(176,4,6176),(177,4,5031),(178,4,6156),(179,4,6317),(180,4,6100),(181,4,6050),(182,4,4320),(183,4,6084),(184,4,6359),(185,4,6169),(186,4,6339),(187,4,6306),(188,4,5497),(189,4,6267),(190,4,4830),(191,4,6291),(192,4,4118),(193,4,5744),(194,4,6364),(195,4,6167),(196,4,6042),(197,4,5975),(198,4,6129),(199,4,6219),(200,4,6182),(201,4,4028),(202,5,13),(203,4,5740),(204,4,6131),(205,4,5140),(206,4,6337),(207,4,6225),(208,4,6164),(209,4,6179),(210,4,6340),(211,4,6228),(212,4,6264),(213,4,6371),(214,4,4853),(215,4,6102),(216,4,4742),(217,4,5436),(218,4,5983),(219,4,4214),(220,4,5885),(221,5,23),(222,3,110),(223,3,120),(224,3,129),(225,4,6083),(226,4,6191),(227,4,6281),(228,4,6170),(229,4,6380),(230,3,212),(231,4,6171),(232,3,80),(233,4,6227),(234,4,6093),(235,5,6),(236,4,6423),(237,4,5455),(238,4,6065),(239,4,6382),(240,4,6305),(241,4,4795),(242,4,6096),(243,4,6175),(244,4,2546),(245,4,4074),(246,4,5149),(247,4,4959),(248,4,5595),(249,4,6385),(250,3,210),(251,4,6103),(252,3,140),(253,3,143),(254,4,4963),(255,4,6261),(256,4,6173),(257,4,6269),(258,4,6417),(259,4,6141),(260,4,5453),(261,4,5524),(262,4,6383),(263,4,6329),(264,4,6106),(265,4,6265),(266,4,5170),(267,4,2576),(268,4,5778),(269,5,54),(270,4,6325),(271,4,4898),(272,4,5881),(273,4,4793),(274,4,4885),(275,4,6139),(276,3,99),(277,4,6419),(278,13,NULL),(279,4,6229),(280,4,6195),(281,4,2585),(282,4,6322),(283,4,6153),(284,4,6150),(285,4,6290),(286,3,93),(287,4,3662),(288,4,6143),(289,4,5865),(290,4,6224),(291,5,20),(292,4,6144),(293,4,4748),(294,4,2844),(295,4,6289),(296,4,6057),(297,4,6154),(298,4,5988),(299,4,6342),(300,3,91),(301,4,6407),(302,4,6424),(303,4,6413),(304,3,62),(305,4,6412),(306,14,NULL),(307,4,6066),(308,4,5589),(309,4,5049),(310,4,5058),(311,4,5113),(312,4,5169),(313,4,5935),(314,4,5166),(315,4,5145),(316,4,5146),(317,4,5779),(318,4,6056),(319,4,2582),(320,4,6410),(321,4,5776),(322,4,5777),(323,4,5162),(324,4,5722),(325,4,6268),(326,4,6134),(327,4,5502),(328,4,4858),(329,4,6092),(330,4,6205),(331,4,2547),(332,4,6207),(333,4,6126),(334,5,21),(335,4,2583),(336,4,6111),(337,4,4890),(338,4,5527),(339,4,6223),(340,4,4929),(341,4,4944),(342,4,6099),(343,4,6054),(344,4,6341),(345,4,6273),(346,4,4026),(347,4,6132),(348,4,6283),(349,4,6411),(350,4,6378),(351,4,6044),(352,4,6326),(353,4,5141),(354,4,2586),(355,4,6095),(356,4,6187),(357,4,5902),(358,4,6374),(359,4,4298),(360,4,5142),(361,4,6363),(362,4,6318),(363,4,6353),(364,4,5703),(365,4,6251),(366,4,5877),(367,4,4475),(368,15,NULL),(369,16,NULL),(370,3,157),(371,3,202),(372,4,6244),(373,4,6199),(374,4,6101),(375,4,2705),(376,4,6416),(377,4,6263),(378,4,4874),(379,4,6238),(380,4,5499),(381,4,6276),(382,4,4000),(383,4,6028),(384,4,6266),(385,4,6080),(386,4,3097),(387,4,4878),(388,4,6124),(389,3,158),(390,4,5759),(391,4,4082),(392,3,155),(393,4,3310),(394,4,6098),(395,4,5566),(396,5,29),(397,4,5876),(398,4,6035),(399,4,6045),(400,4,5459),(401,4,4872),(402,4,6409),(403,17,NULL),(404,4,4474),(405,4,4010),(406,4,6127),(407,4,6234),(408,3,178),(409,3,60),(410,4,6237),(411,4,6248),(412,4,6037),(413,4,4983),(414,4,6031),(415,4,6120),(416,4,5445),(417,4,2574),(418,4,2578),(419,4,6209),(420,4,5884),(421,4,4933),(422,4,6012),(423,4,6058),(424,4,6214),(425,4,6097),(426,4,6172),(427,4,6077),(428,4,2977),(429,4,5440),(430,4,6243),(431,4,4883),(432,4,6074),(433,4,6387),(434,4,6302),(435,4,6184),(436,4,6379),(437,4,6152),(438,4,6216),(439,4,5582),(440,4,6242),(441,4,4487),(442,4,6210),(443,4,4837),(444,4,4008),(445,4,4081),(446,4,6294),(447,4,6094),(448,4,5568),(449,5,5),(450,4,2703),(451,4,6109),(452,3,191),(453,4,5756),(454,4,5560),(455,4,4482),(456,4,6040),(457,4,3974),(458,4,6082),(459,4,6295),(460,4,6036),(461,4,6297),(462,4,6038),(463,4,6033),(464,4,6309),(465,4,6110),(466,4,5464),(467,4,6304),(468,4,5526),(469,4,3325),(470,4,3650),(471,4,4965),(472,4,5028),(473,4,3556),(474,4,4953),(475,4,5462),(476,4,5016),(477,4,5018),(478,4,2580),(479,4,6090),(480,4,6130),(481,4,6194),(482,4,3661),(483,4,5500),(484,4,6034),(485,3,205),(486,3,159),(487,4,3957),(488,4,4847),(489,4,3966),(490,4,6293),(491,4,5564),(492,4,6299),(493,4,6300),(494,5,18),(495,4,6338),(496,4,5503),(497,4,5875),(498,4,5903),(499,4,6319),(500,4,6288),(501,5,22),(502,4,6052),(503,5,30),(504,4,6320),(505,4,4287),(506,3,223),(507,5,14),(508,4,4588),(509,5,25),(510,4,6196),(511,4,6250),(512,4,6079),(513,4,3071),(514,4,5944),(515,4,5977),(516,4,6128),(517,5,33),(518,4,6422),(519,4,6420),(520,4,6323),(521,4,6367),(522,4,4892),(523,4,6368),(524,4,6115),(525,4,6271),(526,3,213),(527,4,6430),(528,4,4839),(529,4,6081),(530,4,3052),(531,4,6377),(532,4,6328),(533,4,3955),(534,4,5993),(535,3,218),(536,4,5757),(537,4,4843),(538,4,6204),(539,3,227),(540,3,221),(541,4,5442),(542,3,226),(543,4,6252),(544,5,15),(545,4,6315),(546,4,6308),(547,4,6178),(548,4,6162),(549,4,6165),(550,5,27),(551,4,4034),(552,3,219),(553,4,4931),(554,4,4832),(555,3,216),(556,4,6303),(557,4,6206),(558,4,6197),(559,4,5432),(560,4,3818),(561,4,6235),(562,4,6136),(563,4,4923),(564,4,4039),(565,3,225),(566,3,207),(567,4,5578),(568,4,6048),(569,4,6259),(570,4,6298),(571,4,6301),(572,4,6190),(573,4,6292),(574,4,6125),(575,4,4947),(576,4,5878),(577,4,5864),(578,4,3980),(579,5,24),(580,5,40),(581,5,9),(582,5,8),(583,3,144),(584,5,41),(585,4,4979),(586,3,222),(587,4,5995),(588,4,4547),(589,3,201),(590,4,5982),(591,3,214),(592,4,5980),(593,4,6138),(594,4,6272),(595,3,192),(596,4,4927),(597,4,6321),(598,4,6336),(599,4,6137),(600,4,4917),(601,4,6307),(602,5,55),(603,4,6282),(604,4,6277),(605,5,50),(606,3,215),(607,4,6262),(608,4,6133),(609,4,6434),(610,4,6431),(611,4,6433),(612,4,6432),(613,4,3535),(614,4,6366),(615,4,4919),(616,4,6256),(617,4,6260),(618,5,52),(619,4,5580),(620,4,6030),(621,4,6258),(622,5,53),(623,4,6324),(624,4,6435),(625,5,56),(626,3,232),(627,4,5525),(628,4,6203),(629,4,6180),(630,3,193),(631,4,6158),(632,3,203),(633,4,6436),(634,4,6439),(635,4,6437),(636,4,6438),(637,4,6135),(638,4,6369),(639,3,231),(640,4,6310),(641,3,90),(642,4,4841),(643,4,6440),(644,4,6441),(645,4,6443),(646,4,6442),(647,4,6241),(648,4,6445),(649,3,233),(650,4,6446),(651,4,6444),(652,5,0),(653,4,4030),(654,3,198),(655,4,6365),(656,4,5879),(657,4,6246),(658,18,NULL),(659,3,151),(660,3,172),(661,3,204),(662,4,6226),(663,4,5994),(664,4,6245),(665,4,4896),(666,4,6215),(667,4,4910),(668,4,6467),(669,4,6469),(670,4,6468),(671,4,6470),(672,4,6471),(673,4,4220),(674,4,3364),(675,4,6466),(676,19,0),(677,20,NULL),(678,4,5020),(679,4,5498),(680,4,4462),(681,4,6218),(682,3,220),(683,21,NULL),(684,4,6456),(685,4,6459),(686,4,6457),(687,4,6447),(688,4,6452),(689,4,6451),(690,4,6458),(691,4,6455),(692,4,6415),(693,4,6453),(694,4,6461),(695,4,6454),(696,4,6460),(697,4,6462),(698,3,123),(699,4,5562),(700,22,NULL),(701,4,5338),(702,4,5501),(703,4,3329),(704,23,NULL),(705,3,102),(706,4,6032),(707,3,114),(708,4,5945),(709,24,NULL),(710,25,NULL),(711,5,16),(712,3,176),(713,4,6151),(714,4,6327),(715,5,28),(716,4,6200),(717,4,6475),(718,4,6474),(719,4,5155),(720,26,NULL),(721,3,171),(722,4,6221),(723,4,6495),(724,4,6192),(725,3,115),(726,3,170),(727,4,6525),(728,4,6512),(729,4,6511),(730,4,6500),(731,4,6522),(732,27,NULL),(733,4,6537),(734,4,6540),(735,4,6539),(736,4,6538),(737,4,6541),(738,4,6531),(739,4,6520),(740,4,6529),(741,4,6519),(742,4,6534),(743,4,6535),(744,4,6526),(745,4,6518),(746,4,6532),(747,4,6528),(748,4,6513),(749,4,6514),(750,4,6501),(751,4,6517),(752,3,238),(753,4,6502),(754,4,6515),(755,4,6533),(756,4,6530),(757,4,6516),(758,4,6536),(759,4,6527),(760,4,6542),(761,4,6546),(762,4,6593),(763,4,6591),(764,4,6592),(765,4,6588),(766,4,6589),(767,4,6587),(768,4,6584),(769,4,6585),(770,4,6590),(771,4,6274),(772,4,6583),(773,5,59),(774,3,242),(775,3,234),(776,4,6604),(777,4,6599),(778,4,6601),(779,4,6603),(780,4,6600),(781,4,6598),(782,4,6597),(783,4,6602),(784,4,6507),(785,4,6509),(786,5,57),(787,3,150),(788,5,58),(789,3,153),(790,3,237),(791,3,189),(792,3,154),(793,3,149),(794,5,60),(795,3,152),(796,4,6561),(797,4,6559),(798,4,6560),(799,4,6562),(800,4,6556),(801,4,6484),(802,4,6508),(803,4,6505),(804,4,6547),(805,4,6490),(806,4,6506),(807,4,6549),(808,4,6488),(809,4,6491),(810,4,6489),(811,4,6482),(812,4,6483),(813,4,6486),(814,4,6557),(815,4,6504),(816,4,6510),(817,4,6485),(818,4,6558),(819,3,239),(820,4,6606),(821,3,167),(822,4,6610),(823,4,6613),(824,4,6616),(825,4,6612),(826,4,6617),(827,4,6611),(828,4,6615),(829,4,6609),(830,4,6476),(831,3,248),(832,4,6614),(833,4,6608),(834,4,6573),(835,4,6570),(836,4,6568),(837,4,6571),(838,4,6565),(839,4,6572),(840,4,6580),(841,4,6640),(842,4,6641),(843,4,6642),(844,4,6632),(845,4,6638),(846,4,6634),(847,4,6635),(848,4,6636),(849,4,6633),(850,4,6552),(851,4,6555),(852,4,6551),(853,4,6553),(854,4,6550),(855,4,6554),(856,3,241),(857,4,6166),(858,3,240),(859,4,6645),(860,4,6650),(861,4,6646),(862,4,6648),(863,4,6649),(864,4,6653),(865,4,6620),(866,4,6652),(867,4,6644),(868,4,6619),(869,4,6656),(870,4,6655),(871,4,6651),(872,4,6654),(873,4,6647),(874,4,6643),(875,4,6657),(876,4,6659),(877,4,6658),(878,4,6660),(879,4,6661),(880,4,6668),(881,4,6665),(882,4,6667),(883,4,6666),(884,4,6664),(885,4,6674),(886,4,6675),(887,4,6676),(888,3,208),(889,28,NULL),(890,4,6703),(891,4,6702),(892,4,6356),(893,4,6712),(894,4,6714),(895,4,3846),(896,4,5909),(897,4,6715);

--
