-- Table structure for table `pre3303_product_supplier`
--

CREATE TABLE `pre3303_product_supplier` (
  `id_product_supplier` int(11) unsigned NOT NULL AUTO_INCREMENT,
  `id_product` int(11) unsigned NOT NULL,
  `id_product_attribute` int(11) unsigned NOT NULL DEFAULT '0',
  `id_supplier` int(11) unsigned NOT NULL,
  `product_supplier_reference` varchar(32) DEFAULT NULL,
  `product_supplier_price_te` decimal(20,6) NOT NULL DEFAULT '0.000000',
  `id_currency` int(11) unsigned NOT NULL,
  PRIMARY KEY (`id_product_supplier`),
  UNIQUE KEY `id_product` (`id_product`,`id_product_attribute`,`id_supplier`),
  KEY `id_supplier` (`id_supplier`,`id_product`)
) ENGINE=InnoDB AUTO_INCREMENT=584 DEFAULT CHARSET=utf8;

--
-- Dumping data for table `pre3303_product_supplier`
--

INSERT INTO `pre3303_product_supplier` VALUES (1,2546,0,12,'Levalet-2546',0.000000,1),(2,2547,0,12,'Levalet-2547',0.000000,1),(3,2574,0,22,'René Botti-2574',0.000000,1),(4,2576,0,25,'Hervé Di Rosa-2576',0.000000,1),(5,2577,0,27,'FKDL-2577',0.000000,1),(6,2578,0,23,'Gregos-2578',0.000000,1),(7,2579,0,11,'Gottfried Salzmann-2579',0.000000,1),(8,2580,0,8,'Stoul-2580',0.000000,1),(9,2582,0,18,'Guy Denning-2582',0.000000,1),(10,2583,0,19,'Jacques Villeglé-2583',0.000000,1),(11,2585,0,18,'Guy Denning-2585',0.000000,1),(12,2586,0,9,'Jérôme Mesnager-2586',0.000000,1),(13,2587,0,28,'Galerie Joel Knafo Art-2587',0.000000,1),(14,2588,0,4,'Miss Tic-2588',0.000000,1),(15,2589,0,29,'Artiste Ouvrier-2589',0.000000,1),(16,2590,0,28,'Galerie Joel Knafo Art-2590',0.000000,1),(17,2617,0,20,'Annabelle Tattu-2617',0.000000,1),(18,2619,0,20,'Annabelle Tattu-2619',0.000000,1),(19,2621,0,20,'Annabelle Tattu-2621',0.000000,1),(20,2624,0,20,'Annabelle Tattu-2624',0.000000,1),(21,2694,0,23,'Gregos-2694',0.000000,1),(22,2695,0,23,'Gregos-2695',0.000000,1),(23,2696,0,23,'Gregos-2696',0.000000,1),(24,2697,0,23,'Gregos-2697',0.000000,1),(25,2702,0,23,'Gregos-2702',0.000000,1),(26,2703,0,23,'Gregos-2703',0.000000,1),(27,2705,0,23,'Gregos-2705',0.000000,1),(28,2706,0,23,'Gregos-2706',0.000000,1),(29,2746,0,23,'Gregos-2746',0.000000,1),(30,2747,0,23,'Gregos-2747',0.000000,1),(31,2748,0,23,'Gregos-2748',0.000000,1),(32,2749,0,23,'Gregos-2749',0.000000,1),(33,2750,0,23,'Gregos-2750',0.000000,1),(34,2753,0,20,'Annabelle Tattu-2753',0.000000,1),(35,2754,0,20,'Annabelle Tattu-2754',0.000000,1),(36,2756,0,20,'Annabelle Tattu-2756',0.000000,1),(37,2757,0,20,'Annabelle Tattu-2757',0.000000,1),(38,2758,0,20,'Annabelle Tattu-2758',0.000000,1),(39,2759,0,20,'Annabelle Tattu-2759',0.000000,1),(40,2760,0,20,'Annabelle Tattu-2760',0.000000,1),(41,2763,0,11,'Gottfried Salzmann-2763',0.000000,1),(42,2844,0,30,'Collaboration-2844',0.000000,1),(43,2937,0,31,'Seen-2937',0.000000,1),(44,2977,0,12,'Levalet-2977',0.000000,1),(45,3052,0,5,'Jo di Bona-3052',0.000000,1),(46,3071,0,6,'Philippe Hérard-3071',0.000000,1),(47,3096,0,34,'Shepard Fairey-3096',0.000000,1),(48,3097,0,34,'Shepard Fairey-3097',0.000000,1),(49,3310,0,12,'Levalet-3310',0.000000,1),(50,3325,0,12,'Levalet-3325',0.000000,1),(51,3329,0,12,'Levalet-3329',0.000000,1),(52,3364,0,34,'Shepard Fairey-3364',0.000000,1),(53,3535,0,30,'Collaboration-3535',0.000000,1),(54,3556,0,4,'Miss Tic-3556',0.000000,1),(55,3650,0,30,'Collaboration-3650',0.000000,1),(56,3661,0,12,'Levalet-3661',0.000000,1),(57,3662,0,6,'Philippe Hérard-3662',0.000000,1),(58,3818,0,4,'Miss Tic-3818',0.000000,1),(59,3820,0,4,'Miss Tic-3820',0.000000,1),(60,3836,0,5,'Jo di Bona-3836',0.000000,1),(61,3846,0,5,'Jo di Bona-3846',0.000000,1),(62,3955,0,6,'Philippe Hérard-3955',0.000000,1),(63,3957,0,6,'Philippe Hérard-3957',0.000000,1),(64,3966,0,34,'Shepard Fairey-3966',0.000000,1),(65,3974,0,34,'Shepard Fairey-3974',0.000000,1),(66,3980,0,34,'Shepard Fairey-3980',0.000000,1),(67,3982,0,34,'Shepard Fairey-3982',0.000000,1),(68,3996,0,30,'Collaboration-3996',0.000000,1),(69,4000,0,34,'Shepard Fairey-4000',0.000000,1),(70,4008,0,34,'Shepard Fairey-4008',0.000000,1),(71,4010,0,34,'Shepard Fairey-4010',0.000000,1),(72,4016,0,34,'Shepard Fairey-4016',0.000000,1),(73,4026,0,12,'Levalet-4026',0.000000,1),(74,4028,0,6,'Philippe Hérard-4028',0.000000,1),(75,4030,0,6,'Philippe Hérard-4030',0.000000,1),(76,4034,0,6,'Philippe Hérard-4034',0.000000,1),(77,4039,0,6,'Philippe Hérard-4039',0.000000,1),(78,4059,0,5,'Jo di Bona-4059',0.000000,1),(79,4070,0,6,'Philippe Hérard-4070',0.000000,1),(80,4072,0,6,'Philippe Hérard-4072',0.000000,1),(81,4074,0,6,'Philippe Hérard-4074',0.000000,1),(82,4081,0,13,'Romain Froquet-4081',0.000000,1),(83,4082,0,13,'Romain Froquet-4082',0.000000,1),(84,4118,0,32,'Cleon Peterson-4118',0.000000,1),(87,4220,0,28,'Galerie Joel Knafo Art-4220',0.000000,1),(88,4287,0,28,'Galerie Joel Knafo Art-4287',0.000000,1),(89,4298,0,34,'Shepard Fairey-4298',0.000000,1),(90,4320,0,12,'Levalet-4320',0.000000,1),(92,4462,0,28,'Galerie Joel Knafo Art-4462',0.000000,1),(93,4475,0,4,'Miss Tic-4475',0.000000,1),(94,4474,0,4,'Miss Tic-4474',0.000000,1),(95,4482,0,4,'Miss Tic-4482',0.000000,1),(96,4487,0,4,'Miss Tic-4487',0.000000,1),(97,4547,0,4,'Miss Tic-4547',0.000000,1),(98,4588,0,6,'Philippe Hérard-4588',0.000000,1),(99,4737,0,16,'Jana & Js-4737',0.000000,1),(100,4739,0,16,'Jana & Js-4739',0.000000,1),(101,4742,0,24,'JonOne-4742',0.000000,1),(102,4744,0,24,'JonOne-4744',0.000000,1),(103,4746,0,24,'JonOne-4746',0.000000,1),(104,4748,0,24,'JonOne-4748',0.000000,1),(105,4793,0,34,'Shepard Fairey-4793',0.000000,1),(106,4795,0,34,'Shepard Fairey-4795',0.000000,1),(107,4830,0,6,'Philippe Hérard-4830',0.000000,1),(108,4832,0,6,'Philippe Hérard-4832',0.000000,1),(110,4837,0,5,'Jo di Bona-4837',0.000000,1),(111,4839,0,33,'C215-4839',0.000000,1),(112,4841,0,33,'C215-4841',0.000000,1),(113,4843,0,6,'Philippe Hérard-4843',0.000000,1),(114,4847,0,12,'Levalet-4847',0.000000,1),(115,4851,0,20,'Annabelle Tattu-4851',0.000000,1),(116,4853,0,20,'Annabelle Tattu-4853',0.000000,1),(117,4858,0,34,'Shepard Fairey-4858',0.000000,1),(118,4860,0,34,'Shepard Fairey-4860',0.000000,1),(119,4872,0,11,'Gottfried Salzmann-4872',0.000000,1),(120,4874,0,11,'Gottfried Salzmann-4874',0.000000,1),(121,4878,0,11,'Gottfried Salzmann-4878',0.000000,1),(122,4883,0,11,'Gottfried Salzmann-4883',0.000000,1),(123,4885,0,11,'Gottfried Salzmann-4885',0.000000,1),(124,4890,0,5,'Jo di Bona-4890',0.000000,1),(125,4892,0,5,'Jo di Bona-4892',0.000000,1),(126,4896,0,5,'Jo di Bona-4896',0.000000,1),(127,4898,0,5,'Jo di Bona-4898',0.000000,1),(128,4910,0,12,'Levalet-4910',0.000000,1),(129,4917,0,12,'Levalet-4917',0.000000,1),(130,4919,0,12,'Levalet-4919',0.000000,1),(131,4921,0,12,'Levalet-4921',0.000000,1),(132,4923,0,12,'Levalet-4923',0.000000,1),(133,4925,0,12,'Levalet-4925',0.000000,1),(134,4927,0,12,'Levalet-4927',0.000000,1),(135,4929,0,12,'Levalet-4929',0.000000,1),(136,4931,0,12,'Levalet-4931',0.000000,1),(137,4933,0,12,'Levalet-4933',0.000000,1),(138,4944,0,4,'Miss Tic-4944',0.000000,1),(139,4947,0,4,'Miss Tic-4947',0.000000,1),(140,4950,0,4,'Miss Tic-4950',0.000000,1),(141,4953,0,4,'Miss Tic-4953',0.000000,1),(142,4959,0,4,'Miss Tic-4959',0.000000,1),(143,4963,0,4,'Miss Tic-4963',0.000000,1),(144,4965,0,4,'Miss Tic-4965',0.000000,1),(145,4979,0,4,'Miss Tic-4979',0.000000,1),(146,4983,0,4,'Miss Tic-4983',0.000000,1),(147,4987,0,17,'Speedy Graphito-4987',0.000000,1),(148,5016,0,16,'Jana & Js-5016',0.000000,1),(149,5018,0,16,'Jana & Js-5018',0.000000,1),(150,5020,0,16,'Jana & Js-5020',0.000000,1),(151,5028,0,16,'Jana & Js-5028',0.000000,1),(152,5031,0,8,'Stoul-5031',0.000000,1),(153,5049,0,6,'Philippe Hérard-5049',0.000000,1),(154,5057,0,6,'Philippe Hérard-5057',0.000000,1),(155,5058,0,6,'Philippe Hérard-5058',0.000000,1),(157,5113,0,30,'Collaboration-5113',0.000000,1),(158,5140,0,34,'Shepard Fairey-5140',0.000000,1),(159,5141,0,34,'Shepard Fairey-5141',0.000000,1),(160,5142,0,34,'Shepard Fairey-5142',0.000000,1),(161,5144,0,34,'Shepard Fairey-5144',0.000000,1),(162,5145,0,34,'Shepard Fairey-5145',0.000000,1),(163,5146,0,34,'Shepard Fairey-5146',0.000000,1),(164,5149,0,5,'Jo di Bona-5149',0.000000,1),(165,5151,0,5,'Jo di Bona-5151',0.000000,1),(166,5154,0,5,'Jo di Bona-5154',0.000000,1),(167,5155,0,5,'Jo di Bona-5155',0.000000,1),(169,5162,0,6,'Philippe Hérard-5162',0.000000,1),(170,5163,0,6,'Philippe Hérard-5163',0.000000,1),(171,5164,0,6,'Philippe Hérard-5164',0.000000,1),(172,5165,0,6,'Philippe Hérard-5165',0.000000,1),(173,5166,0,5,'Jo Di Bona-5166',0.000000,1),(175,5169,0,14,'Lek-5169',0.000000,1),(176,5170,0,14,'Lek-5170',0.000000,1),(177,5286,0,14,'Lek-5286',0.000000,1),(178,5299,0,14,'Lek-5299',0.000000,1),(179,5301,0,14,'Lek-5301',0.000000,1),(180,5302,0,14,'Lek-5302',0.000000,1),(181,5303,0,14,'Lek-5303',0.000000,1),(182,5338,0,4,'Miss Tic-5338',0.000000,1),(183,5432,0,12,'Levalet-5432',0.000000,1),(184,5436,0,15,'EvazéSir-5436',0.000000,1),(185,5440,0,15,'EvazéSir-5440',0.000000,1),(186,5442,0,15,'EvazéSir-5442',0.000000,1),(187,5445,0,34,'Shepard Fairey-5445',0.000000,1),(188,5453,0,34,'Shepard Fairey-5453',0.000000,1),(189,5455,0,34,'Shepard Fairey-5455',0.000000,1),(190,5459,0,34,'Shepard Fairey-5459',0.000000,1),(191,5462,0,34,'Shepard Fairey-5462',0.000000,1),(192,5464,0,34,'Shepard Fairey-5464',0.000000,1),(193,5487,0,34,'Shepard Fairey-5487',0.000000,1),(194,5497,0,34,'Shepard Fairey-5497',0.000000,1),(195,5498,0,34,'Shepard Fairey-5498',0.000000,1),(196,5499,0,34,'Shepard Fairey-5499',0.000000,1),(197,5500,0,34,'Shepard Fairey-5500',0.000000,1),(198,5501,0,34,'Shepard Fairey-5501',0.000000,1),(199,5502,0,34,'Shepard Fairey-5502',0.000000,1),(200,5503,0,34,'Shepard Fairey-5503',0.000000,1),(201,5524,0,24,'JonOne-5524',0.000000,1),(202,5530,0,21,'Zenoy-5530',0.000000,1),(205,5560,0,34,'Shepard Fairey-5560',0.000000,1),(206,5566,0,30,'Collaboration-5566',0.000000,1),(207,5568,0,30,'Collaboration-5568',0.000000,1),(208,5564,0,34,'Shepard Fairey-5564',0.000000,1),(209,5562,0,34,'Shepard Fairey-5562',0.000000,1),(210,5578,0,5,'Jo di Bona-5578',0.000000,1),(211,5580,0,5,'Jo di Bona-5580',0.000000,1),(212,5582,0,5,'Jo di Bona-5582',0.000000,1),(215,5589,0,5,'Jo di Bona-5589',0.000000,1),(216,5595,0,5,'Jo di Bona-5595',0.000000,1),(217,5683,0,5,'Jo di Bona-5683',0.000000,1),(218,5703,0,5,'Jo di Bona-5703',0.000000,1),(219,5722,0,5,'Jo di Bona-5722',0.000000,1),(220,5740,0,13,'Romain Froquet-5740',0.000000,1),(221,5744,0,13,'Romain Froquet-5744',0.000000,1),(222,5756,0,5,'Jo di Bona-5756',0.000000,1),(223,5759,0,5,'Jo di Bona-5759',0.000000,1),(224,5758,0,5,'Jo di Bona-5758',0.000000,1),(225,5757,0,5,'Jo di Bona-5757',0.000000,1),(226,5763,0,12,'Levalet-5763',0.000000,1),(227,5776,0,6,'Philippe Hérard-5776',0.000000,1),(228,5777,0,13,'Romain Froquet-5777',0.000000,1),(229,5778,0,15,'Evazésir-5778',0.000000,1),(230,5779,0,15,'Evazésir-5779',0.000000,1),(231,5824,0,34,'Shepard Fairey-5824',0.000000,1),(232,5864,0,34,'Shepard Fairey-5864',0.000000,1),(233,5865,0,34,'Shepard Fairey-5865',0.000000,1),(234,5867,0,34,'Shepard Fairey-5867',0.000000,1),(235,5875,0,34,'Shepard Fairey-5875',0.000000,1),(236,5876,0,34,'Shepard Fairey-5876',0.000000,1),(237,5877,0,34,'Shepard Fairey-5877',0.000000,1),(238,5878,0,34,'Shepard Fairey-5878',0.000000,1),(239,5879,0,34,'Shepard Fairey-5879',0.000000,1),(240,5881,0,34,'Shepard Fairey-5881',0.000000,1),(241,5884,0,34,'Shepard Fairey-5884',0.000000,1),(242,5885,0,34,'Shepard Fairey-5885',0.000000,1),(243,5899,0,30,'Collaboration-5899',0.000000,1),(244,5902,0,6,'Philippe Hérard-5902',0.000000,1),(245,5903,0,6,'Philippe Hérard-5903',0.000000,1),(246,5905,0,13,'Romain Froquet-5905',0.000000,1),(247,5909,0,13,'Romain Froquet-5909',0.000000,1),(248,5911,0,13,'Romain Froquet-5911',0.000000,1),(249,5935,0,5,'Jo di Bona-5935',0.000000,1),(250,5943,0,5,'Jo di Bona-5943',0.000000,1),(251,5944,0,5,'Jo di Bona-5944',0.000000,1),(252,5945,0,12,'Levalet-5945',0.000000,1),(253,5956,0,5,'Jo di Bona-5956',0.000000,1),(254,5960,0,5,'Jo di Bona-5960',0.000000,1),(255,5975,0,5,'Jo di Bona-5975',0.000000,1),(256,5977,0,5,'Jo di Bona-5977',0.000000,1),(257,5980,0,5,'Jo di Bona-5980',0.000000,1),(258,5982,0,5,'Jo di Bona-5982',0.000000,1),(259,5983,0,5,'Jo di Bona-5983',0.000000,1),(260,5988,0,5,'Jo di Bona-5988',0.000000,1),(261,5993,0,5,'Jo di Bona-5993',0.000000,1),(262,5994,0,5,'Jo di Bona-5994',0.000000,1),(263,5995,0,5,'Jo di Bona-5995',0.000000,1),(264,6012,0,34,'Shepard Fairey-6012',0.000000,1),(265,6017,0,34,'Shepard Fairey-6017',0.000000,1),(266,6019,0,34,'Shepard Fairey-6019',0.000000,1),(270,6028,0,5,'Jo di Bona-5758',0.000000,1),(271,6030,0,5,'Jo di Bona-5758',0.000000,1),(272,6031,0,5,'Jo di Bona-5758',0.000000,1),(277,5522,0,36,'Dran-5522',300.000000,1),(278,5523,0,34,'Shepard Fairey-5523',0.000000,1),(279,5524,0,28,'Jana & JS-5524',0.000000,1),(280,5525,0,19,'Jacques Villeglé-5525',0.000000,1),(281,5526,0,28,'Jana & JS-5526',0.000000,1),(282,5527,0,37,'César-5527',0.000000,1),(283,5524,6,24,'',0.000000,1),(284,5524,6,28,'',0.000000,1),(285,5524,7,24,'',0.000000,1),(286,5524,7,28,'',0.000000,1),(287,5524,8,24,'',0.000000,1),(288,5524,8,28,'',0.000000,1),(289,5522,9,36,'',0.000000,1),(290,5522,10,36,'',0.000000,1),(291,6033,0,34,'Shepard Fairey-5523',0.000000,1),(292,6042,0,34,'Shepard Fairey-5560',0.000000,1),(293,6043,0,34,'Shepard Fairey-5560',0.000000,1),(294,6044,0,17,'Speedy Graphito-4987',0.000000,1),(295,6056,0,12,'Levalet-5763',0.000000,1),(296,6057,0,8,'Stoul-2580',0.000000,1),(297,6057,21,8,'',0.000000,1),(298,6057,22,8,'',0.000000,1),(299,6057,23,8,'',0.000000,1),(300,6057,24,8,'',0.000000,1),(301,6058,0,8,'Stoul-2580',0.000000,1),(306,6059,0,24,'JonOne-4748',0.000000,1),(307,6058,31,8,'',0.000000,1),(308,6058,32,8,'',0.000000,1),(309,6074,0,34,'Shepard Fairey-5560',0.000000,1),(310,6077,0,4,'Miss Tic-4983',0.000000,1),(311,5530,33,21,'',0.000000,1),(312,5530,34,21,'',0.000000,1),(313,5530,35,21,'',0.000000,1),(314,5530,36,21,'',0.000000,1),(315,5530,37,21,'',0.000000,1),(316,5530,38,21,'',0.000000,1),(317,5530,39,21,'',0.000000,1),(318,5530,40,21,'',0.000000,1),(319,5530,41,21,'',0.000000,1),(320,5530,42,21,'',0.000000,1),(321,5530,43,21,'',0.000000,1),(322,5530,44,21,'',0.000000,1),(323,5530,45,21,'',0.000000,1),(324,5530,46,21,'',0.000000,1),(325,5530,47,21,'',0.000000,1),(326,5530,48,21,'',0.000000,1),(327,5530,49,21,'',0.000000,1),(328,5530,50,21,'',0.000000,1),(329,5530,51,21,'',0.000000,1),(330,5530,52,21,'',0.000000,1),(331,5530,53,21,'',0.000000,1),(332,5530,54,21,'',0.000000,1),(337,6089,0,36,'Dran-5522',300.000000,1),(338,6090,0,36,'Dran-5522',300.000000,1),(340,6094,0,36,'Dran-5522',300.000000,1),(341,6095,0,36,'Dran-5522',300.000000,1),(342,6096,0,36,'Dran-5522',300.000000,1),(343,6097,0,36,'Dran-5522',300.000000,1),(344,6098,0,36,'Dran-5522',300.000000,1),(345,6099,0,36,'Dran-5522',300.000000,1),(346,6100,0,36,'Dran-5522',300.000000,1),(347,6101,0,36,'Dran-5522',300.000000,1),(348,6102,0,36,'Dran-5522',300.000000,1),(349,6103,0,36,'Dran-5522',300.000000,1),(350,6104,0,36,'Dran-5522',300.000000,1),(352,6106,0,34,'Shepard Fairey-5462',0.000000,1),(353,6107,0,34,'Shepard Fairey-5462',0.000000,1),(355,6109,0,36,'Dran-5522',300.000000,1),(356,6110,0,36,'Dran-5522',300.000000,1),(357,6111,0,32,'Cleon Peterson-4118',0.000000,1),(358,6114,0,13,'Romain Froquet-5777',0.000000,1),(359,6115,0,13,'Romain Froquet-5777',0.000000,1),(360,6116,0,13,'Romain Froquet-5777',0.000000,1),(361,6117,0,13,'Romain Froquet-5777',0.000000,1),(362,6089,78,36,'',0.000000,1),(363,6089,79,36,'',0.000000,1),(364,6119,0,36,'Dran-5522',300.000000,1),(365,6120,0,36,'Dran-5522',300.000000,1),(366,6121,0,36,'Dran-5522',300.000000,1),(368,6123,0,36,'Dran-5522',300.000000,1),(369,6124,0,36,'Dran-5522',300.000000,1),(370,6125,0,36,'Dran-5522',300.000000,1),(371,6126,0,36,'Dran-5522',300.000000,1),(372,6127,0,36,'Dran-5522',300.000000,1),(373,6128,0,6,'Philippe Hérard-4588',0.000000,1),(374,6129,0,6,'Philippe Hérard-4588',0.000000,1),(375,6130,0,6,'Philippe Hérard-4588',0.000000,1),(376,6131,0,6,'Philippe Hérard-4588',0.000000,1),(377,6132,0,6,'Philippe Hérard-4588',0.000000,1),(378,6133,0,6,'Philippe Hérard-4588',0.000000,1),(379,6134,0,6,'Philippe Hérard-4588',0.000000,1),(380,6135,0,6,'Philippe Hérard-4588',0.000000,1),(381,6136,0,6,'Philippe Hérard-4588',0.000000,1),(382,6137,0,6,'Philippe Hérard-4588',0.000000,1),(383,6138,0,6,'Philippe Hérard-4588',0.000000,1),(384,6139,0,6,'Philippe Hérard-4588',0.000000,1),(385,6140,0,6,'Philippe Hérard-4588',0.000000,1),(386,6141,0,13,'Romain Froquet-5909',0.000000,1),(387,6142,0,13,'Romain Froquet-5909',0.000000,1),(388,6143,0,13,'Romain Froquet-5909',0.000000,1),(389,6144,0,13,'Romain Froquet-5909',0.000000,1),(390,6145,0,13,'Romain Froquet-5909',0.000000,1),(391,6146,0,13,'Romain Froquet-5909',0.000000,1),(392,6147,0,13,'Romain Froquet-5909',0.000000,1),(393,6148,0,13,'Romain Froquet-5909',0.000000,1),(394,6149,0,13,'Romain Froquet-5909',0.000000,1),(395,6150,0,13,'Romain Froquet-5909',0.000000,1),(396,6151,0,13,'Romain Froquet-5909',0.000000,1),(397,6152,0,13,'Romain Froquet-5909',0.000000,1),(398,6153,0,13,'Romain Froquet-5909',0.000000,1),(399,6154,0,13,'Romain Froquet-5909',0.000000,1),(400,6155,0,13,'Romain Froquet-5909',0.000000,1),(401,6156,0,13,'Romain Froquet-5909',0.000000,1),(403,6167,0,15,'EvazéSir-5440',0.000000,1),(404,6168,0,15,'EvazéSir-5440',0.000000,1),(405,6169,0,15,'EvazéSir-5440',0.000000,1),(406,6170,0,15,'EvazéSir-5440',0.000000,1),(407,6171,0,15,'EvazéSir-5440',0.000000,1),(408,6172,0,15,'EvazéSir-5440',0.000000,1),(409,6173,0,15,'EvazéSir-5440',0.000000,1),(410,6174,0,15,'EvazéSir-5440',0.000000,1),(411,6175,0,15,'EvazéSir-5440',0.000000,1),(412,6176,0,15,'EvazéSir-5440',0.000000,1),(413,6177,0,15,'EvazéSir-5440',0.000000,1),(414,6178,0,15,'EvazéSir-5440',0.000000,1),(415,6179,0,15,'EvazéSir-5440',0.000000,1),(416,6180,0,15,'EvazéSir-5440',0.000000,1),(418,6187,0,15,'EvazéSir-5440',0.000000,1),(419,6189,0,11,'Gottfried Salzmann-4885',0.000000,1),(420,6190,0,11,'Gottfried Salzmann-4885',0.000000,1),(421,6191,0,11,'Gottfried Salzmann-4885',0.000000,1),(422,6192,0,11,'Gottfried Salzmann-4885',0.000000,1),(423,6193,0,11,'Gottfried Salzmann-4885',0.000000,1),(424,6194,0,11,'Gottfried Salzmann-4885',0.000000,1),(425,6305,0,30,'Collaboration-2844',0.000000,1),(426,6344,0,34,'Shepard Fairey-3096',0.000000,1),(428,6354,0,5,'Jo di Bona-5960',0.000000,1),(429,6357,0,13,'Romain Froquet-5909',0.000000,1),(430,6358,0,13,'Romain Froquet-5909',0.000000,1),(431,6359,0,13,'Romain Froquet-5909',0.000000,1),(432,6360,0,13,'Romain Froquet-5909',0.000000,1),(433,6361,0,13,'Romain Froquet-5909',0.000000,1),(434,6362,0,13,'Romain Froquet-5909',0.000000,1),(435,6383,0,13,'Romain Froquet-5909',0.000000,1),(436,6386,0,12,'Levalet-5945',0.000000,1),(437,6387,0,12,'Levalet-5945',0.000000,1),(438,6399,0,12,'Levalet-5763',0.000000,1),(439,6400,0,5,'Jo di Bona-5759',0.000000,1),(440,6407,0,13,'Romain Froquet-5777',0.000000,1),(441,6416,0,4,'Miss Tic-4983',0.000000,1),(442,6417,0,4,'Miss Tic-4983',0.000000,1),(444,6419,0,4,'Miss Tic-4983',0.000000,1),(445,6420,0,34,'Shepard Fairey-4016',0.000000,1),(446,6421,0,34,'Shepard Fairey-4000',0.000000,1),(447,6422,0,34,'Shepard Fairey-5142',0.000000,1),(448,6423,0,34,'Shepard Fairey-5445',0.000000,1),(449,6424,0,34,'Shepard Fairey-4016',0.000000,1),(450,6425,0,34,'Shepard Fairey-5824',0.000000,1),(451,6430,0,5,'Jo di Bona-5995',0.000000,1),(452,6436,0,5,'Jo di Bona-4837',0.000000,1),(453,6437,0,5,'Jo di Bona-5578',0.000000,1),(454,6438,0,5,'Jo di Bona-5578',0.000000,1),(455,6439,0,5,'Jo di Bona-5578',0.000000,1),(456,6440,0,13,'Romain Froquet-5909',0.000000,1),(457,6443,0,5,'Jo di Bona-5988',0.000000,1),(458,6444,0,14,'Lek-5169',0.000000,1),(459,6445,0,14,'Lek-5169',0.000000,1),(460,6446,0,14,'Lek-5169',0.000000,1),(461,6466,0,5,'Jo di Bona-5722',0.000000,1),(462,6467,0,33,'C215-4841',0.000000,1),(463,6468,0,33,'C215-4841',0.000000,1),(464,6469,0,33,'C215-4841',0.000000,1),(465,6470,0,33,'C215-4841',0.000000,1),(466,6471,0,33,'C215-4841',0.000000,1),(467,6472,0,5,'Jo di Bona-5722',0.000000,1),(468,6473,0,5,'Jo di Bona-5722',0.000000,1),(469,6474,0,9,'Jérôme Mesnager-2586',0.000000,1),(470,6475,0,34,'Shepard Fairey-5564',0.000000,1),(471,6482,0,6,'Philippe Hérard-4030',0.000000,1),(472,6483,0,6,'Philippe Hérard-4030',0.000000,1),(473,6484,0,6,'Philippe Hérard-4030',0.000000,1),(474,6485,0,6,'Philippe Hérard-4030',0.000000,1),(475,6486,0,6,'Philippe Hérard-4030',0.000000,1),(476,6487,0,6,'Philippe Hérard-4030',0.000000,1),(477,6488,0,6,'Philippe Hérard-4030',0.000000,1),(478,6489,0,6,'Philippe Hérard-4030',0.000000,1),(479,6490,0,6,'Philippe Hérard-4030',0.000000,1),(480,6491,0,6,'Philippe Hérard-4030',0.000000,1),(481,6492,0,6,'Philippe Hérard-4030',0.000000,1),(482,6501,0,5,'Jo di Bona-3836',0.000000,1),(483,6502,0,5,'Jo di Bona-3836',0.000000,1),(484,6504,0,6,'Philippe Hérard-4030',0.000000,1),(485,6505,0,6,'Philippe Hérard-4030',0.000000,1),(486,6506,0,6,'Philippe Hérard-4030',0.000000,1),(487,6508,0,6,'Philippe Hérard-4030',0.000000,1),(488,6510,0,6,'Philippe Hérard-4030',0.000000,1),(489,6513,0,5,'Jo di Bona-3836',0.000000,1),(490,6514,0,5,'Jo di Bona-3836',0.000000,1),(491,6515,0,5,'Jo di Bona-3836',0.000000,1),(492,6516,0,5,'Jo di Bona-3836',0.000000,1),(493,6517,0,5,'Jo di Bona-3836',0.000000,1),(494,6518,0,5,'Jo di Bona-3836',0.000000,1),(495,6519,0,5,'Jo di Bona-3836',0.000000,1),(496,6520,0,5,'Jo di Bona-3836',0.000000,1),(498,6526,0,5,'Jo di Bona-3836',0.000000,1),(499,6527,0,5,'Jo di Bona-3836',0.000000,1),(500,6528,0,5,'Jo di Bona-3836',0.000000,1),(501,6529,0,5,'Jo di Bona-3836',0.000000,1),(502,6530,0,5,'Jo di Bona-3836',0.000000,1),(503,6531,0,5,'Jo di Bona-3836',0.000000,1),(504,6532,0,5,'Jo di Bona-3836',0.000000,1),(505,6533,0,5,'Jo di Bona-3836',0.000000,1),(506,6534,0,5,'Jo di Bona-3836',0.000000,1),(507,6535,0,5,'Jo di Bona-3836',0.000000,1),(508,6536,0,5,'Jo di Bona-3836',0.000000,1),(509,6537,0,5,'Jo di Bona-3836',0.000000,1),(510,6538,0,5,'Jo di Bona-3836',0.000000,1),(511,6539,0,5,'Jo di Bona-3836',0.000000,1),(512,6540,0,5,'Jo di Bona-3836',0.000000,1),(513,6541,0,5,'Jo di Bona-3836',0.000000,1),(514,6542,0,5,'Jo di Bona-3836',0.000000,1),(515,6543,0,24,'JonOne-4742',0.000000,1),(516,6545,0,5,'Jo di Bona-5722',0.000000,1),(517,6546,0,34,'Shepard Fairey-3096',0.000000,1),(518,6547,0,6,'Philippe Hérard-4030',0.000000,1),(519,6548,0,6,'Philippe Hérard-4030',0.000000,1),(520,6549,0,6,'Philippe Hérard-4030',0.000000,1),(521,6556,0,6,'Philippe Hérard-4030',0.000000,1),(522,6557,0,6,'Philippe Hérard-4030',0.000000,1),(523,6558,0,6,'Philippe Hérard-4030',0.000000,1),(524,6559,0,6,'Philippe Hérard-4030',0.000000,1),(525,6560,0,6,'Philippe Hérard-4030',0.000000,1),(526,6561,0,6,'Philippe Hérard-4030',0.000000,1),(527,6562,0,6,'Philippe Hérard-4030',0.000000,1),(528,6563,0,13,'Romain Froquet-5909',0.000000,1),(529,6564,0,13,'Romain Froquet-5909',0.000000,1),(530,6565,0,13,'Romain Froquet-5909',0.000000,1),(531,6566,0,13,'Romain Froquet-5909',0.000000,1),(532,6567,0,13,'Romain Froquet-5909',0.000000,1),(533,6568,0,13,'Romain Froquet-5909',0.000000,1),(534,6569,0,13,'Romain Froquet-5909',0.000000,1),(535,6570,0,13,'Romain Froquet-5909',0.000000,1),(536,6571,0,13,'Romain Froquet-5909',0.000000,1),(537,6572,0,13,'Romain Froquet-5909',0.000000,1),(538,6573,0,13,'Romain Froquet-5909',0.000000,1),(539,6574,0,13,'Romain Froquet-5909',0.000000,1),(540,6596,0,5,'Jo di Bona-3836',0.000000,1),(541,6606,0,6,'Philippe Hérard-4030',0.000000,1),(542,6608,0,6,'Philippe Hérard-4030',0.000000,1),(543,6609,0,6,'Philippe Hérard-4030',0.000000,1),(544,6610,0,6,'Philippe Hérard-4030',0.000000,1),(545,6611,0,6,'Philippe Hérard-4030',0.000000,1),(546,6612,0,6,'Philippe Hérard-4030',0.000000,1),(547,6613,0,6,'Philippe Hérard-4030',0.000000,1),(548,6614,0,6,'Philippe Hérard-4030',0.000000,1),(549,6615,0,6,'Philippe Hérard-4030',0.000000,1),(550,6616,0,6,'Philippe Hérard-4030',0.000000,1),(551,6617,0,6,'Philippe Hérard-4030',0.000000,1),(552,6626,0,34,'Shepard Fairey-5459',0.000000,1),(553,6627,0,12,'Levalet-3325',0.000000,1),(554,6628,0,34,'Shepard Fairey-3974',0.000000,1),(555,6629,0,34,'Shepard Fairey-3096',0.000000,1),(556,6630,0,5,'Jo di Bona-5759',0.000000,1),(557,6631,0,5,'Jo di Bona-5759',0.000000,1),(558,6632,0,34,'Shepard Fairey-5884',0.000000,1),(559,6633,0,34,'Shepard Fairey-5445',0.000000,1),(560,6634,0,34,'Shepard Fairey-5445',0.000000,1),(561,6635,0,34,'Shepard Fairey-5445',0.000000,1),(562,6636,0,34,'Shepard Fairey-5445',0.000000,1),(564,6638,0,34,'Shepard Fairey-6017',0.000000,1),(565,6662,0,30,'Collaboration-3535',0.000000,1),(566,6663,0,30,'Collaboration-3535',0.000000,1),(567,6664,0,4,'Miss Tic-4474',0.000000,1),(568,6665,0,4,'Miss Tic-4474',0.000000,1),(569,6666,0,4,'Miss Tic-4474',0.000000,1),(570,6667,0,4,'Miss Tic-4474',0.000000,1),(571,6668,0,4,'Miss Tic-4474',0.000000,1),(572,6669,0,4,'Miss Tic-5338',0.000000,1),(573,6670,0,4,'Miss Tic-4947',0.000000,1),(574,6671,0,4,'Miss Tic-4947',0.000000,1),(575,6714,0,34,'Shepard Fairey-5142',0.000000,1),(576,6751,0,4,'Miss Tic-3818',0.000000,1),(577,6752,0,4,'Miss Tic-3818',0.000000,1),(580,6756,0,4,'Miss Tic-4965',0.000000,1),(581,6757,0,4,'Miss Tic-4983',0.000000,1),(582,6760,0,24,'JonOne-4744',0.000000,1),(583,6761,0,24,'JonOne-4744',0.000000,1);

--
-- Table structure for table `pre3303_product_tag`
--

CREATE TABLE `pre3303_product_tag` (
  `id_product` int(10) unsigned NOT NULL,
  `id_tag` int(10) unsigned NOT NULL,
  `id_lang` int(10) unsigned NOT NULL,
  PRIMARY KEY (`id_product`,`id_tag`),
  KEY `id_tag` (`id_tag`),
  KEY `id_lang` (`id_lang`,`id_tag`)
) ENGINE=InnoDB DEFAULT CHARSET=utf8;

--
-- Dumping data for table `pre3303_product_tag`
--


--
-- Table structure for table `pre3303_profile`
--

CREATE TABLE `pre3303_profile` (
  `id_profile` int(10) unsigned NOT NULL AUTO_INCREMENT,
  PRIMARY KEY (`id_profile`)
) ENGINE=InnoDB AUTO_INCREMENT=9 DEFAULT CHARSET=utf8;

--
-- Dumping data for table `pre3303_profile`
--

INSERT INTO `pre3303_profile` VALUES (1),(2),(3),(4),(7),(8);

--
-- Table structure for table `pre3303_profile_lang`
--

CREATE TABLE `pre3303_profile_lang` (
  `id_lang` int(10) unsigned NOT NULL,
  `id_profile` int(10) unsigned NOT NULL,
  `name` varchar(128) NOT NULL,
  PRIMARY KEY (`id_profile`,`id_lang`)
) ENGINE=InnoDB DEFAULT CHARSET=utf8;

--
-- Dumping data for table `pre3303_profile_lang`
--

INSERT INTO `pre3303_profile_lang` VALUES (1,1,'SuperAdmin'),(2,1,'SuperAdmin'),(1,2,'Logisticien'),(2,2,'Logistician'),(1,3,'Traducteur'),(2,3,'Translator'),(1,4,'Vendeur'),(2,4,'Salesman'),(1,7,'Support Technique'),(2,7,'IT Support'),(1,8,'Marketing'),(2,8,'Marketing');

--
-- Table structure for table `pre3303_psgdpr_consent`
--

CREATE TABLE `pre3303_psgdpr_consent` (
  `id_gdpr_consent` int(10) unsigned NOT NULL AUTO_INCREMENT,
  `id_module` int(10) unsigned NOT NULL,
  `active` int(10) NOT NULL,
  `error` int(10) DEFAULT NULL,
  `error_message` text,
  `date_add` datetime NOT NULL,
  `date_upd` datetime NOT NULL,
  PRIMARY KEY (`id_gdpr_consent`,`id_module`)
) ENGINE=InnoDB AUTO_INCREMENT=3 DEFAULT CHARSET=utf8;

--
-- Dumping data for table `pre3303_psgdpr_consent`
--

INSERT INTO `pre3303_psgdpr_consent` VALUES (1,83,1,0,'','2018-11-12 13:43:06','2019-01-03 17:22:47'),(2,89,1,0,'','2018-11-12 13:43:06','2019-01-03 17:22:48');

--
-- Table structure for table `pre3303_psgdpr_consent_lang`
--

CREATE TABLE `pre3303_psgdpr_consent_lang` (
  `id_gdpr_consent` int(10) unsigned NOT NULL AUTO_INCREMENT,
  `id_lang` int(10) unsigned NOT NULL,
  `message` text,
  `id_shop` int(10) unsigned NOT NULL,
  PRIMARY KEY (`id_gdpr_consent`,`id_lang`,`id_shop`)
) ENGINE=InnoDB AUTO_INCREMENT=3 DEFAULT CHARSET=utf8;

--
-- Dumping data for table `pre3303_psgdpr_consent_lang`
--

INSERT INTO `pre3303_psgdpr_consent_lang` VALUES (1,1,'Dans le cadre du <span style=\"color:#000000;\">Règlement Général sur la Protection des Données (RGPD), </span>j\'accepte que les données saisies soient utilisées par LISIT SAS et ses marques.  Cette approbation ainsi reconnue, pourra être ré-utilisée pour des besoins liés à l\'activité du site. <strong><a href=\"./content/7-aeu-legal-privacy\" target=\"_blank\">Déclaration de Confidentialité</a></strong>',2),(1,1,'Dans le cadre du <span style=\"color:#000000;\">Règlement Général sur la Protection des Données (RGPD), </span>j\'accepte que les données saisies soient utilisées par LISIT SAS et ses marques.  Cette approbation ainsi reconnue, pourra être ré-utilisée pour des besoins liés à l\'activité du site. <strong><a href=\"./content/7-aeu-legal-privacy\" target=\"_blank\">Déclaration de Confidentialité</a></strong>',4),(1,1,'Dans le cadre du <span style=\"color:#000000;\">Règlement Général sur la Protection des Données (RGPD), </span>j\'accepte que les données saisies soient utilisées par LISIT SAS et ses marques.  Cette approbation ainsi reconnue, pourra être ré-utilisée pour des besoins liés à l\'activité du site. <strong><a href=\"./content/7-aeu-legal-privacy\" target=\"_blank\">Déclaration de Confidentialité</a></strong>',5),(1,2,'By submitting this form, I accept that the data entered is used by LISIT SAS so they can (i) acknowledge your request, (ii) replay and, if necessary, (iii) manage the contractual relationship that may result.',2),(1,2,'By submitting this form, I accept that the data entered is used by LISIT SAS so they can (i) acknowledge your request, (ii) replay and, if necessary, (iii) manage the contractual relationship that may result.',4),(1,2,'By submitting this form, I accept that the data entered is used by LISIT SAS so they can (i) acknowledge your request, (ii) replay and, if necessary, (iii) manage the contractual relationship that may result.',5),(2,1,'Dans le cadre du <span style=\"color:#000000;\">Règlement Général sur la Protection des Données (RGPD), </span>j\'accepte que les données saisies soient utilisées par LISIT SAS et ses marques.  Cette approbation ainsi reconnue, pourra être ré-utilisée pour des besoins liés à l\'activité du site.',2),(2,1,'Dans le cadre du <span style=\"color:#000000;\">Règlement Général sur la Protection des Données (RGPD), </span>j\'accepte que les données saisies soient utilisées par LISIT SAS et ses marques.  Cette approbation ainsi reconnue, pourra être ré-utilisée pour des besoins liés à l\'activité du site.',4),(2,1,'Dans le cadre du <span style=\"color:#000000;\">Règlement Général sur la Protection des Données (RGPD), </span>j\'accepte que les données saisies soient utilisées par LISIT SAS et ses marques.  Cette approbation ainsi reconnue, pourra être ré-utilisée pour des besoins liés à l\'activité du site.',5),(2,2,'I accept that the data entered is used by LISIT SAS so they can (i) acknowledge your request, (ii) replay and, if necessary, (iii) manage the contractual relationship that may result.',2),(2,2,'I accept that the data entered is used by LISIT SAS so they can (i) acknowledge your request, (ii) replay and, if necessary, (iii) manage the contractual relationship that may result.',4),(2,2,'I accept that the data entered is used by LISIT SAS so they can (i) acknowledge your request, (ii) replay and, if necessary, (iii) manage the contractual relationship that may result.',5);

--
-- Table structure for table `pre3303_psgdpr_log`
--

CREATE TABLE `pre3303_psgdpr_log` (
  `id_gdpr_log` int(10) unsigned NOT NULL AUTO_INCREMENT,
  `id_customer` int(10) unsigned DEFAULT NULL,
  `id_guest` int(10) unsigned DEFAULT NULL,
  `client_name` varchar(250) DEFAULT NULL,
  `id_module` int(10) unsigned NOT NULL,
  `request_type` int(10) NOT NULL,
  `date_add` datetime NOT NULL,
  `date_upd` datetime NOT NULL,
  PRIMARY KEY (`id_gdpr_log`)
) ENGINE=InnoDB AUTO_INCREMENT=159 DEFAULT CHARSET=utf8;

--
-- Dumping data for table `pre3303_psgdpr_log`
--

INSERT INTO `pre3303_psgdpr_log` VALUES (1,6239,0,'Kiefer Cedric',0,1,'2018-11-15 18:26:09','2018-11-15 18:26:09'),(2,6264,0,'Emilie FOSTEIN',0,1,'2018-11-24 14:23:25','2018-11-24 14:23:25'),(3,6270,0,'Arnaud  Martin ',0,1,'2018-11-24 16:56:49','2018-11-24 16:56:49'),(4,6274,0,'Ivan Rossetti',0,1,'2018-11-24 18:03:46','2018-11-24 18:03:46'),(5,6279,0,'Camille Jacques',0,1,'2018-11-25 10:15:31','2018-11-25 10:15:31'),(6,6280,0,'Romain SCHNEIDER',0,1,'2018-11-26 20:03:53','2018-11-26 20:03:53'),(7,6281,0,'Romain SCHNEIDER',0,1,'2018-11-26 20:19:31','2018-11-26 20:19:31'),(8,6282,0,'Virginie NOVAIS',0,1,'2018-11-27 12:16:47','2018-11-27 12:16:47'),(9,6284,0,'ERIC GIRARD',0,1,'2018-11-27 19:40:27','2018-11-27 19:40:27'),(10,6285,0,'Eric GIRARD',0,1,'2018-11-27 20:36:54','2018-11-27 20:36:54'),(11,6286,0,'girard adrien',0,1,'2018-11-27 23:11:09','2018-11-27 23:11:09'),(12,6289,0,'Charlotte Lathière',0,1,'2018-11-28 16:18:16','2018-11-28 16:18:16'),(13,6304,0,'Lydie Bonneau',0,1,'2018-11-30 15:37:56','2018-11-30 15:37:56'),(14,6305,0,'david rosenbaum',0,1,'2018-11-30 15:47:01','2018-11-30 15:47:01'),(15,6306,0,'Régis BAILLY',0,1,'2018-11-30 16:57:34','2018-11-30 16:57:34'),(16,6307,0,'eric GIRARD',0,1,'2018-11-30 17:40:03','2018-11-30 17:40:03'),(17,6308,0,'ceren arkman',0,1,'2018-11-30 18:10:00','2018-11-30 18:10:00'),(18,6310,0,'Olivier Garry',0,1,'2018-12-01 09:08:21','2018-12-01 09:08:21'),(19,6311,0,'Stéphane  BURDIN',0,1,'2018-12-02 14:59:46','2018-12-02 14:59:46'),(20,6312,0,'Stéphane  Madœuf ',0,1,'2018-12-03 00:54:08','2018-12-03 00:54:08'),(21,6313,0,'SIMON LAURENT',0,1,'2018-12-03 11:37:22','2018-12-03 11:37:22'),(22,6322,0,'Thierry  Vouillaume ',0,1,'2018-12-05 20:49:21','2018-12-05 20:49:21'),(23,6323,0,'chantal eisbrenner',0,1,'2018-12-07 08:06:20','2018-12-07 08:06:20'),(24,6326,0,'Laurent LEDOUX',0,1,'2018-12-11 17:01:35','2018-12-11 17:01:35'),(25,6327,0,'Jean-Pierre GRISOLIA KAPUSCINSKI',0,1,'2018-12-11 20:09:53','2018-12-11 20:09:53'),(26,6328,0,'claudia lucas',0,1,'2018-12-12 14:46:55','2018-12-12 14:46:55'),(27,6331,0,'Fabrizio Berthelot',0,1,'2018-12-13 22:30:40','2018-12-13 22:30:40'),(28,6332,0,'Benjamin Agostini',0,1,'2018-12-14 07:05:17','2018-12-14 07:05:17'),(29,6333,0,'Erwin Krpata',0,1,'2018-12-14 08:29:47','2018-12-14 08:29:47'),(30,6334,0,'Matthieu  Villeroy ',0,1,'2018-12-15 07:40:50','2018-12-15 07:40:50'),(31,6335,0,'Jean-Pierre  Lacombe ',0,1,'2018-12-15 11:04:09','2018-12-15 11:04:09'),(32,6336,0,'Jean-Pierre  Lacombe ',0,1,'2018-12-15 11:04:12','2018-12-15 11:04:12'),(33,6340,0,'sabrina bustaus',0,1,'2018-12-15 19:16:36','2018-12-15 19:16:36'),(34,6341,0,'bruno guetrot',0,1,'2018-12-15 19:26:55','2018-12-15 19:26:55'),(35,6342,0,'Karine Le Gallo',0,1,'2018-12-16 14:06:35','2018-12-16 14:06:35'),(36,6346,0,'Eric Prado',0,1,'2018-12-17 17:13:47','2018-12-17 17:13:47'),(37,6357,0,'Jean-louis Autissier',0,1,'2018-12-23 19:50:51','2018-12-23 19:50:51'),(38,6358,0,'Jean-louis Autissier',0,1,'2018-12-24 10:25:47','2018-12-24 10:25:47'),(39,6361,0,'laurent besson-imbert',0,1,'2018-12-27 18:59:27','2018-12-27 18:59:27'),(40,6368,0,'ronan DESEVEDAVY',0,1,'2019-01-07 17:47:32','2019-01-07 17:47:32'),(41,6370,0,'Pierre-Alain Lajoux',0,1,'2019-01-08 00:30:46','2019-01-08 00:30:46'),(42,6371,0,'Pascal Magne',0,1,'2019-01-09 13:52:37','2019-01-09 13:52:37'),(43,6373,0,'François LAZARO',0,1,'2019-01-12 13:09:02','2019-01-12 13:09:02'),(44,6380,0,'Jenny Andrews',0,1,'2019-01-21 21:09:52','2019-01-21 21:09:52'),(45,6385,0,'Vincent Verdier',0,1,'2019-01-26 15:38:05','2019-01-26 15:38:05'),(46,6387,0,'Gary Levy',0,1,'2019-01-28 23:31:27','2019-01-28 23:31:27'),(47,6390,0,'Camille Cohen',0,1,'2019-02-04 14:36:36','2019-02-04 14:36:36'),(48,6391,0,'Pierre Aubisse',0,1,'2019-02-05 16:46:55','2019-02-05 16:46:55'),(49,6392,0,'anthony laidet',0,1,'2019-02-06 13:48:18','2019-02-06 13:48:18'),(50,6393,0,'Béatrice SOUBABERE',0,1,'2019-02-07 09:09:52','2019-02-07 09:09:52'),(51,0,35477,'Guest client : ID35477',83,1,'2019-02-09 15:48:42','2019-02-09 15:48:42'),(52,6398,0,'charlotte du Rivau',0,1,'2019-02-17 18:14:13','2019-02-17 18:14:13'),(53,6398,0,'charlotte du Rivau',83,1,'2019-02-17 18:24:15','2019-02-17 18:24:15'),(54,6399,0,'Gilles  Hauth',0,1,'2019-02-18 21:16:43','2019-02-18 21:16:43'),(55,6400,0,'Thomas Stoffel',0,1,'2019-02-18 22:21:19','2019-02-18 22:21:19'),(56,6401,0,'GUILLAUME SUEUR',0,1,'2019-02-19 10:45:46','2019-02-19 10:45:46'),(57,6402,0,'Sandra Bolleri',0,1,'2019-02-23 13:38:25','2019-02-23 13:38:25'),(58,6403,0,'Marcel Debrosse',0,1,'2019-02-24 19:02:33','2019-02-24 19:02:33'),(59,0,60578,'Guest client : ID60578',83,1,'2019-03-04 10:10:40','2019-03-04 10:10:40'),(60,6405,0,'TEST TEST',0,1,'2019-03-08 20:00:47','2019-03-08 20:00:47'),(61,6406,0,'GIRARD ERIC',0,1,'2019-03-10 13:35:53','2019-03-10 13:35:53'),(62,6407,0,'James  Braaten',0,1,'2019-03-10 14:27:31','2019-03-10 14:27:31'),(63,6408,0,'LE GLORION  Valérie ',0,1,'2019-03-10 18:13:02','2019-03-10 18:13:02'),(64,6409,0,'Julie Debuire',0,1,'2019-03-11 09:21:31','2019-03-11 09:21:31'),(65,6410,0,'Cyril  Cadet ',0,1,'2019-03-11 09:23:35','2019-03-11 09:23:35'),(66,6411,0,'brigitte trumet',0,1,'2019-03-11 18:05:17','2019-03-11 18:05:17'),(67,6412,0,'Aurélien Boutaudou',0,1,'2019-03-12 10:25:41','2019-03-12 10:25:41'),(68,6413,0,'Eric GIRARD',0,1,'2019-03-12 20:38:36','2019-03-12 20:38:36'),(69,6414,0,'Claude Debussy',0,1,'2019-03-13 09:38:31','2019-03-13 09:38:31'),(70,6415,0,'Eric FONTAINE',0,1,'2019-03-13 18:34:00','2019-03-13 18:34:00'),(71,6420,0,'alexandra langonnet',0,1,'2019-03-17 20:08:59','2019-03-17 20:08:59'),(72,6421,0,'Marion TEST Duchemin TEST',0,1,'2019-03-21 11:45:54','2019-03-21 11:45:54'),(73,6424,0,'Immo sphere  Boixadera ',0,1,'2019-03-24 08:48:33','2019-03-24 08:48:33'),(74,6426,0,'Coralie HOCHET',0,1,'2019-03-26 15:35:11','2019-03-26 15:35:11'),(75,6427,0,'Manuel MOMENTEAU',0,1,'2019-03-28 11:50:48','2019-03-28 11:50:48'),(76,6436,0,'Laurent GAILLANDRE ',0,1,'2019-03-31 09:43:41','2019-03-31 09:43:41'),(77,6437,0,'Laurent GAILLANDRE ',0,1,'2019-03-31 09:57:01','2019-03-31 09:57:01'),(78,6438,0,'Maxime Hulschulzé',0,1,'2019-04-04 11:05:49','2019-04-04 11:05:49'),(79,6442,0,'Nicolas  FLACHOT',0,1,'2019-04-05 16:32:53','2019-04-05 16:32:53'),(80,6445,0,'Laurence PHILIPPON',0,1,'2019-04-08 19:41:37','2019-04-08 19:41:37'),(81,6448,0,'Martin  Moog',0,1,'2019-04-10 20:32:14','2019-04-10 20:32:14'),(82,6451,0,'Sylvain Germain',0,1,'2019-04-11 18:38:56','2019-04-11 18:38:56'),(83,6467,0,'Keelin Carroll',0,1,'2019-04-16 17:52:22','2019-04-16 17:52:22'),(84,6475,0,'Amandine Milly',0,1,'2019-04-18 17:12:58','2019-04-18 17:12:58'),(85,6479,0,'Anne-Sophie LE GLEAU',0,1,'2019-04-19 10:07:39','2019-04-19 10:07:39'),(86,6480,0,'Jeanne RAVERDY',0,1,'2019-04-20 09:37:48','2019-04-20 09:37:48'),(87,6481,0,'Amélia Eustache',0,1,'2019-04-23 22:59:21','2019-04-23 22:59:21'),(88,6484,0,'LOTRIAN PAUL',0,1,'2019-04-27 14:27:47','2019-04-27 14:27:47'),(89,6485,0,'Pierre Casier',0,1,'2019-05-01 11:47:12','2019-05-01 11:47:12'),(90,6488,0,'sanae quinton',0,1,'2019-05-04 17:00:01','2019-05-04 17:00:01'),(91,6489,0,'benoit ray',0,1,'2019-05-04 19:28:01','2019-05-04 19:28:01'),(92,6490,0,'Marielle Gaudin',0,1,'2019-05-06 21:46:50','2019-05-06 21:46:50'),(93,0,126796,'Guest client : ID126796',83,1,'2019-05-09 08:47:29','2019-05-09 08:47:29'),(94,6494,0,'Marina Busova',0,1,'2019-05-10 21:44:41','2019-05-10 21:44:41'),(95,6495,0,'Judah Morford',0,1,'2019-05-10 21:58:42','2019-05-10 21:58:42'),(96,6496,0,'Judah Morford',0,1,'2019-05-10 23:16:24','2019-05-10 23:16:24'),(97,6497,0,'Judah Morford',0,1,'2019-05-11 10:06:09','2019-05-11 10:06:09'),(98,6498,0,'catherine noirault',0,1,'2019-05-11 14:35:03','2019-05-11 14:35:03'),(99,6503,0,'Minh LIANG',0,1,'2019-05-13 22:29:25','2019-05-13 22:29:25'),(100,6504,0,'Minh LIANG',0,1,'2019-05-13 22:43:10','2019-05-13 22:43:10'),(101,6505,0,'Minh LIANG',0,1,'2019-05-13 22:54:24','2019-05-13 22:54:24'),(102,6506,0,'Christian Susini',0,1,'2019-05-16 17:06:06','2019-05-16 17:06:06'),(103,6507,0,'Sébastien HYVER',0,1,'2019-05-17 13:48:17','2019-05-17 13:48:17'),(104,6509,0,'martin terorotua',0,1,'2019-05-17 18:14:15','2019-05-17 18:14:15'),(105,6510,0,'Lucie Billoret',0,1,'2019-05-17 19:42:40','2019-05-17 19:42:40'),(106,6511,0,'Romain Thomas',0,1,'2019-05-17 22:03:52','2019-05-17 22:03:52'),(107,6512,0,'Romain Thomas',0,1,'2019-05-17 22:09:26','2019-05-17 22:09:26'),(108,6514,0,'Werner FEMINIER',0,1,'2019-05-19 16:14:55','2019-05-19 16:14:55'),(109,6515,0,'olivier coulee',0,1,'2019-05-23 22:58:10','2019-05-23 22:58:10'),(110,6517,0,'Paul Dearden',0,1,'2019-05-24 15:40:27','2019-05-24 15:40:27'),(111,6518,0,'test google',0,1,'2019-05-24 17:15:10','2019-05-24 17:15:10'),(112,6519,0,'Morgan Petit',0,1,'2019-05-25 01:43:00','2019-05-25 01:43:00'),(113,6520,0,'Jordan SEURAT',0,1,'2019-05-25 16:13:18','2019-05-25 16:13:18'),(114,6521,0,'Emmanuel Lala',0,1,'2019-05-26 16:24:39','2019-05-26 16:24:39'),(115,6522,0,'Morgan PETIT',0,1,'2019-05-27 17:50:30','2019-05-27 17:50:30'),(116,6523,0,'Marceau  Vidrequin',0,1,'2019-05-28 18:40:32','2019-05-28 18:40:32'),(117,6524,0,'Sylvain Pieri',0,1,'2019-05-28 18:46:05','2019-05-28 18:46:05'),(118,6525,0,'Robert Dencklau',0,1,'2019-05-29 05:11:14','2019-05-29 05:11:14'),(119,6526,0,'Herman Mak',0,1,'2019-05-29 13:02:33','2019-05-29 13:02:33'),(120,6527,0,'Chris Trotman',0,1,'2019-05-29 13:47:51','2019-05-29 13:47:51'),(121,6528,0,'Dany  Thomas',0,1,'2019-05-29 18:14:49','2019-05-29 18:14:49'),(122,6530,0,'Tobias Casel',0,1,'2019-05-30 09:19:21','2019-05-30 09:19:21'),(123,6531,0,'Duncan Forbes',0,1,'2019-05-30 10:57:12','2019-05-30 10:57:12'),(124,6532,0,'Lauren Fogarty',0,1,'2019-05-30 13:44:56','2019-05-30 13:44:56'),(125,6533,0,'charles hardy',0,1,'2019-05-30 15:01:47','2019-05-30 15:01:47'),(126,6534,0,'Bartosz Pochel',0,1,'2019-05-30 16:38:35','2019-05-30 16:38:35'),(127,6535,0,'Stephane  Madoeuf ',0,1,'2019-05-30 20:15:34','2019-05-30 20:15:34'),(128,6536,0,'Adam Cohen',0,1,'2019-05-30 20:49:37','2019-05-30 20:49:37'),(129,6537,0,'Gerard bishop',0,1,'2019-05-30 22:30:29','2019-05-30 22:30:29'),(130,6538,0,'Ted Brisson',0,1,'2019-05-30 23:08:35','2019-05-30 23:08:35'),(131,6539,0,'Pascal Subtil',0,1,'2019-05-30 23:32:27','2019-05-30 23:32:27'),(132,6540,0,'bruno Badia-Canes',0,1,'2019-05-30 23:50:29','2019-05-30 23:50:29'),(133,6541,0,'Romain Grimaud',0,1,'2019-05-31 07:42:12','2019-05-31 07:42:12'),(134,6543,0,'Liubov Prokhorova',0,1,'2019-05-31 15:10:14','2019-05-31 15:10:14'),(135,6544,0,'George Kroenert',0,1,'2019-05-31 16:20:11','2019-05-31 16:20:11'),(136,6546,0,'Amaury  BENECH ',0,1,'2019-06-02 00:32:26','2019-06-02 00:32:26'),(137,6547,0,'joel knafoooo',0,1,'2019-06-02 20:46:11','2019-06-02 20:46:11'),(138,6548,0,'Denis Simonin',0,1,'2019-06-03 12:03:11','2019-06-03 12:03:11'),(139,6549,0,'Bruno Stoppa',0,1,'2019-06-04 08:48:33','2019-06-04 08:48:33'),(140,6550,0,'BRUNO STOPPA',0,1,'2019-06-04 09:07:46','2019-06-04 09:07:46'),(141,6551,0,'Marouène Touati',0,1,'2019-06-05 22:23:19','2019-06-05 22:23:19'),(142,6553,0,'Angela Pesavento',0,1,'2019-06-06 18:54:55','2019-06-06 18:54:55'),(143,6555,0,'kevin berteloot',0,1,'2019-06-09 12:40:08','2019-06-09 12:40:08'),(144,6556,0,'Léopoldine  Petit',0,1,'2019-06-09 13:18:57','2019-06-09 13:18:57'),(145,6557,0,'Herman Mak',0,1,'2019-06-11 00:13:27','2019-06-11 00:13:27'),(146,6558,0,'Christian Brocas',0,1,'2019-06-12 08:28:17','2019-06-12 08:28:17'),(147,6560,0,'Christine Curie',0,1,'2019-06-13 16:11:15','2019-06-13 16:11:15'),(148,6561,0,'George Kroenert',0,1,'2019-06-13 21:00:26','2019-06-13 21:00:26'),(149,6561,0,'George Kroenert',83,1,'2019-06-13 21:05:14','2019-06-13 21:05:14'),(150,6562,0,'Sylvie Ragot',0,1,'2019-06-14 10:28:54','2019-06-14 10:28:54'),(151,6563,0,'Jean-Pascal MARTIN',0,1,'2019-06-14 11:51:41','2019-06-14 11:51:41'),(152,6565,0,'rémi DALLE',0,1,'2019-06-16 11:39:15','2019-06-16 11:39:15'),(153,6566,0,'JEROME MAURER',0,1,'2019-06-23 01:09:03','2019-06-23 01:09:03'),(154,6567,0,'stephane buan',0,1,'2019-06-24 16:31:02','2019-06-24 16:31:02'),(155,6568,0,'Marie Wilhelm',0,1,'2019-06-27 07:19:12','2019-06-27 07:19:12'),(156,6573,0,'Hervé  Madoré ',0,1,'2019-06-28 03:13:10','2019-06-28 03:13:10'),(157,6574,0,'Frank FLACS',0,1,'2019-06-28 14:13:41','2019-06-28 14:13:41'),(158,6577,0,'Alexandre Dejardin',0,1,'2019-07-02 23:26:55','2019-07-02 23:26:55');

--
-- Table structure for table `pre3303_quick_access`
--

CREATE TABLE `pre3303_quick_access` (
  `id_quick_access` int(10) unsigned NOT NULL AUTO_INCREMENT,
  `new_window` tinyint(1) NOT NULL DEFAULT '0',
  `link` varchar(255) NOT NULL,
  PRIMARY KEY (`id_quick_access`)
) ENGINE=InnoDB AUTO_INCREMENT=12 DEFAULT CHARSET=utf8;

--
-- Dumping data for table `pre3303_quick_access`
--

INSERT INTO `pre3303_quick_access` VALUES (1,0,'index.php?controller=AdminOrders'),(2,0,'index.php?controller=AdminCartRules&addcart_rule'),(3,0,'index.php/product/new'),(6,0,'index.php?controller=AdminStats&module=statscheckup'),(7,0,'index.php?controller=AdminModules&configure=m4pdf&tab_module=export&module_name=m4pdf&&nav=product'),(8,0,'index.php?controller=AdminModules&configure=mailchimpintegration'),(9,0,'index.php?controller=AdminModules&configure=seoexpert'),(10,0,'index.php?controller=AdminModules&configure=newsletter'),(11,0,'index.php?controller=AdminModules&configure=cronjobs');

--
-- Table structure for table `pre3303_quick_access_lang`
--

CREATE TABLE `pre3303_quick_access_lang` (
  `id_quick_access` int(10) unsigned NOT NULL,
  `id_lang` int(10) unsigned NOT NULL,
  `name` varchar(32) NOT NULL,
  PRIMARY KEY (`id_quick_access`,`id_lang`)
) ENGINE=InnoDB DEFAULT CHARSET=utf8;

--
-- Dumping data for table `pre3303_quick_access_lang`
--

INSERT INTO `pre3303_quick_access_lang` VALUES (1,1,'Commandes'),(1,2,'Orders'),(2,1,'Nouveau bon de réduction'),(2,2,'New voucher'),(3,1,'Nouveau produit'),(3,2,'New product'),(6,1,'Évaluation du catalogue'),(6,2,'Catalog evaluation'),(7,1,'Documents PDF JK'),(7,2,'Extensions PDF M4'),(8,1,'MailChimp'),(8,2,'MailChimp'),(9,1,'SEO Expert'),(9,2,'SEO Expert'),(10,1,'Lettre d\'informations'),(10,2,'Lettre d\'informations'),(11,1,'Planificateur Taches CronTab'),(11,2,'Planificateur Taches CronTab');

--
-- Table structure for table `pre3303_range_price`
--

CREATE TABLE `pre3303_range_price` (
  `id_range_price` int(10) unsigned NOT NULL AUTO_INCREMENT,
  `id_carrier` int(10) unsigned NOT NULL,
  `delimiter1` decimal(20,6) NOT NULL,
  `delimiter2` decimal(20,6) NOT NULL,
  PRIMARY KEY (`id_range_price`),
  UNIQUE KEY `id_carrier` (`id_carrier`,`delimiter1`,`delimiter2`)
) ENGINE=InnoDB AUTO_INCREMENT=34 DEFAULT CHARSET=utf8;

--
-- Dumping data for table `pre3303_range_price`
--

INSERT INTO `pre3303_range_price` VALUES (1,2,0.000000,10000.000000),(6,7,1000.000000,2000.000000),(7,7,2000.000000,5000.000000),(2,10,0.000000,250.000000),(3,10,250.000000,500.000000),(4,10,500.000000,750.000000),(5,10,750.000000,1000.000000),(8,10,1000.000000,5000.000000),(14,20,0.000000,99000.000000),(11,23,0.000000,500.000000),(12,23,500.000000,1500.000000),(13,23,1500.000000,99000.000000),(15,26,0.000000,99000.000000),(16,30,0.000000,5000.000000),(17,36,0.000000,25000.000000),(18,43,0.000000,1000.000000),(19,43,1000.000000,2500.000000),(20,43,2500.000000,5000.000000),(21,44,0.000000,1500.000000),(22,44,1500.000000,3000.000000),(24,48,0.000000,500.000000),(25,48,500.000000,1500.000000),(23,48,3000.000000,15000.000000),(29,52,3000.000000,15000.000000),(26,57,0.000000,500.000000),(27,57,500.000000,1500.000000),(9,58,0.000000,500.000000),(10,58,500.000000,99000.000000),(28,60,1500.000000,3000.000000),(31,61,0.000000,120.000000),(32,61,120.000000,500.000000),(33,61,500.000000,3000.000000),(30,61,3000.000000,30000.000000);

--
-- Table structure for table `pre3303_range_weight`
--

CREATE TABLE `pre3303_range_weight` (
  `id_range_weight` int(10) unsigned NOT NULL AUTO_INCREMENT,
  `id_carrier` int(10) unsigned NOT NULL,
  `delimiter1` decimal(20,6) NOT NULL,
  `delimiter2` decimal(20,6) NOT NULL,
  PRIMARY KEY (`id_range_weight`),
  UNIQUE KEY `id_carrier` (`id_carrier`,`delimiter1`,`delimiter2`)
) ENGINE=InnoDB AUTO_INCREMENT=9 DEFAULT CHARSET=utf8;

--
-- Dumping data for table `pre3303_range_weight`
--

INSERT INTO `pre3303_range_weight` VALUES (1,4,0.000000,10000.000000),(4,5,2.000000,3.000000),(5,5,3.000000,6.000000),(2,6,0.000000,1.000000),(3,6,1.000000,2.000000),(6,6,2.000000,5.000000),(7,6,5.000000,10.000000),(8,6,10.000000,20.000000);

--
-- Table structure for table `pre3303_reassurance`
--

CREATE TABLE `pre3303_reassurance` (
  `id_reassurance` int(10) unsigned NOT NULL AUTO_INCREMENT,
  `id_shop` int(10) unsigned NOT NULL,
  `file_name` varchar(100) NOT NULL,
  PRIMARY KEY (`id_reassurance`)
) ENGINE=InnoDB AUTO_INCREMENT=4 DEFAULT CHARSET=utf8;

--
-- Dumping data for table `pre3303_reassurance`
--

INSERT INTO `pre3303_reassurance` VALUES (1,1,'ic_verified_user_black_36dp_1x.png'),(2,1,'ic_local_shipping_black_36dp_1x.png'),(3,1,'ic_swap_horiz_black_36dp_1x.png');

--
-- Table structure for table `pre3303_reassurance_lang`
--

CREATE TABLE `pre3303_reassurance_lang` (
  `id_reassurance` int(10) unsigned NOT NULL AUTO_INCREMENT,
  `id_lang` int(10) unsigned NOT NULL,
  `text` varchar(300) NOT NULL,
  PRIMARY KEY (`id_reassurance`,`id_lang`)
) ENGINE=InnoDB AUTO_INCREMENT=4 DEFAULT CHARSET=utf8;

--
-- Dumping data for table `pre3303_reassurance_lang`
--

INSERT INTO `pre3303_reassurance_lang` VALUES (1,1,'Security policy (edit with module Customer reassurance)'),(1,2,'Security policy (edit with module Customer reassurance)'),(2,1,'Delivery policy (edit with module Customer reassurance)'),(2,2,'Delivery policy (edit with module Customer reassurance)'),(3,1,'Return policy (edit with module Customer reassurance)'),(3,2,'Return policy (edit with module Customer reassurance)');

--
-- Table structure for table `pre3303_referrer`
--

CREATE TABLE `pre3303_referrer` (
  `id_referrer` int(10) unsigned NOT NULL AUTO_INCREMENT,
  `name` varchar(64) NOT NULL,
  `passwd` varchar(32) DEFAULT NULL,
  `http_referer_regexp` varchar(64) DEFAULT NULL,
  `http_referer_like` varchar(64) DEFAULT NULL,
  `request_uri_regexp` varchar(64) DEFAULT NULL,
  `request_uri_like` varchar(64) DEFAULT NULL,
  `http_referer_regexp_not` varchar(64) DEFAULT NULL,
  `http_referer_like_not` varchar(64) DEFAULT NULL,
  `request_uri_regexp_not` varchar(64) DEFAULT NULL,
  `request_uri_like_not` varchar(64) DEFAULT NULL,
  `base_fee` decimal(5,2) NOT NULL DEFAULT '0.00',
  `percent_fee` decimal(5,2) NOT NULL DEFAULT '0.00',
  `click_fee` decimal(5,2) NOT NULL DEFAULT '0.00',
  `date_add` datetime NOT NULL,
  PRIMARY KEY (`id_referrer`)
) ENGINE=InnoDB DEFAULT CHARSET=utf8;

--
-- Dumping data for table `pre3303_referrer`
--


--
-- Table structure for table `pre3303_referrer_cache`
--

CREATE TABLE `pre3303_referrer_cache` (
  `id_connections_source` int(11) unsigned NOT NULL,
  `id_referrer` int(11) unsigned NOT NULL,
  PRIMARY KEY (`id_connections_source`,`id_referrer`)
) ENGINE=InnoDB DEFAULT CHARSET=utf8;

--
-- Dumping data for table `pre3303_referrer_cache`
--


--
-- Table structure for table `pre3303_referrer_shop`
--

CREATE TABLE `pre3303_referrer_shop` (
  `id_referrer` int(10) unsigned NOT NULL AUTO_INCREMENT,
  `id_shop` int(10) unsigned NOT NULL DEFAULT '1',
  `cache_visitors` int(11) DEFAULT NULL,
  `cache_visits` int(11) DEFAULT NULL,
  `cache_pages` int(11) DEFAULT NULL,
  `cache_registrations` int(11) DEFAULT NULL,
  `cache_orders` int(11) DEFAULT NULL,
  `cache_sales` decimal(17,2) DEFAULT NULL,
  `cache_reg_rate` decimal(5,4) DEFAULT NULL,
  `cache_order_rate` decimal(5,4) DEFAULT NULL,
  PRIMARY KEY (`id_referrer`,`id_shop`)
) ENGINE=InnoDB DEFAULT CHARSET=utf8;

--
-- Dumping data for table `pre3303_referrer_shop`
--


--
-- Table structure for table `pre3303_request_sql`
--

CREATE TABLE `pre3303_request_sql` (
  `id_request_sql` int(11) NOT NULL AUTO_INCREMENT,
  `name` varchar(200) NOT NULL,
  `sql` text NOT NULL,
  PRIMARY KEY (`id_request_sql`)
) ENGINE=InnoDB AUTO_INCREMENT=13 DEFAULT CHARSET=utf8;

--
-- Dumping data for table `pre3303_request_sql`
--

INSERT INTO `pre3303_request_sql` VALUES (8,'Liste Insrit Newletters',' select * from pre3303_emailsubscription'),(9,'Liste client VIP SuperVIP Institutionnel','select distinct a.id_customer, a.firstname, a.lastname, a.address1, a.address2, a.postcode, a.city from pre3303_customer c, pre3303_address a, pre3303_customer_group g where c.id_customer = a.id_customer and g.id_customer = c.id_customer and g.id_group in (4,5,6,7);'),(10,'Liste client Visiteurs Invités Clients','select a.id_customer, a.firstname, a.lastname, a.address1, a.address2, a.postcode, a.city from pre3303_customer c, pre3303_address a, pre3303_customer_group g where c.id_customer = a.id_customer and g.id_customer = c.id_customer and g.id_group in (1,2,3);'),(11,'Liste Client groupe Publipostage','select a.firstname, a.lastname, a.address1, a.address2, a.postcode, a.city from pre3303_customer c, pre3303_address a, pre3303_customer_group g where c.id_customer = a.id_customer and g.id_customer = c.id_customer and g.id_group in (10); '),(12,'Liste Tous les Clients sauf groupe Publipostage (à requeter directement en base mySQL OVH','\"select distinct a.id_customer, a.firstname, a.lastname, a.address1, a.address2, a.postcode, a.city,ct.name from pre3303_address a, pre3303_country_lang ct where ct.id_country = a.id_country and a.id_customer not in ( select distinct g.id_customer from pre3303_customer_group g where g.id_group=10)\"\r\n');

--
-- Table structure for table `pre3303_required_field`
--

CREATE TABLE `pre3303_required_field` (
  `id_required_field` int(11) NOT NULL AUTO_INCREMENT,
  `object_name` varchar(32) NOT NULL,
  `field_name` varchar(32) NOT NULL,
  PRIMARY KEY (`id_required_field`),
  KEY `object_name` (`object_name`)
) ENGINE=InnoDB DEFAULT CHARSET=utf8;

--
-- Dumping data for table `pre3303_required_field`
--


--
-- Table structure for table `pre3303_risk`
--

CREATE TABLE `pre3303_risk` (
  `id_risk` int(11) unsigned NOT NULL AUTO_INCREMENT,
  `percent` tinyint(3) NOT NULL,
  `color` varchar(32) DEFAULT NULL,
  PRIMARY KEY (`id_risk`)
) ENGINE=InnoDB AUTO_INCREMENT=5 DEFAULT CHARSET=utf8;

--
-- Dumping data for table `pre3303_risk`
--

INSERT INTO `pre3303_risk` VALUES (1,0,'#32CD32'),(2,35,'#FF8C00'),(3,75,'#DC143C'),(4,100,'#ec2e15');

--
-- Table structure for table `pre3303_risk_lang`
--

CREATE TABLE `pre3303_risk_lang` (
  `id_risk` int(10) unsigned NOT NULL,
  `id_lang` int(10) unsigned NOT NULL,
  `name` varchar(20) NOT NULL,
  PRIMARY KEY (`id_risk`,`id_lang`),
  KEY `id_risk` (`id_risk`)
) ENGINE=InnoDB DEFAULT CHARSET=utf8;

--
-- Dumping data for table `pre3303_risk_lang`
--

INSERT INTO `pre3303_risk_lang` VALUES (1,1,'Aucun'),(1,2,'None'),(2,1,'Faible'),(2,2,'Faible'),(3,1,'Moyen'),(3,2,'Moyen'),(4,1,'Élevé'),(4,2,'Élevé');

--
-- Table structure for table `pre3303_search_engine`
--

CREATE TABLE `pre3303_search_engine` (
  `id_search_engine` int(10) unsigned NOT NULL AUTO_INCREMENT,
  `server` varchar(64) NOT NULL,
  `getvar` varchar(16) NOT NULL,
  PRIMARY KEY (`id_search_engine`)
) ENGINE=InnoDB AUTO_INCREMENT=39 DEFAULT CHARSET=utf8;

--
-- Dumping data for table `pre3303_search_engine`
--

INSERT INTO `pre3303_search_engine` VALUES (1,'google','q'),(2,'aol','q'),(3,'yandex','text'),(4,'ask.com','q'),(5,'nhl.com','q'),(6,'yahoo','p'),(7,'baidu','wd'),(8,'lycos','query'),(9,'exalead','q'),(10,'search.live','q'),(11,'voila','rdata'),(12,'altavista','q'),(13,'bing','q'),(14,'daum','q'),(15,'eniro','search_word'),(16,'naver','query'),(17,'msn','q'),(18,'netscape','query'),(19,'cnn','query'),(20,'about','terms'),(21,'mamma','query'),(22,'alltheweb','q'),(23,'virgilio','qs'),(24,'alice','qs'),(25,'najdi','q'),(26,'mama','query'),(27,'seznam','q'),(28,'onet','qt'),(29,'szukacz','q'),(30,'yam','k'),(31,'pchome','q'),(32,'kvasir','q'),(33,'sesam','q'),(34,'ozu','q'),(35,'terra','query'),(36,'mynet','q'),(37,'ekolay','q'),(38,'rambler','words');

--
-- Table structure for table `pre3303_search_index`
--

CREATE TABLE `pre3303_search_index` (
  `id_product` int(11) unsigned NOT NULL,
  `id_word` int(11) unsigned NOT NULL,
  `weight` smallint(4) unsigned NOT NULL DEFAULT '1',
  PRIMARY KEY (`id_word`,`id_product`),
  KEY `id_product` (`id_product`,`weight`)
) ENGINE=InnoDB DEFAULT CHARSET=utf8;

--
-- Dumping data for table `pre3303_search_index`
--

INSERT INTO `pre3303_search_index` VALUES (2546,7,1),(2546,8,1),(2546,9,1),(2546,11,1),(2546,20,1),(2546,13,2),(2546,14,2),(2546,21,2),(2546,22,2),(2546,23,2),(2546,24,2),(2546,25,2),(2546,4,3),(2546,5,3),(2546,6,3),(2546,10,3),(2546,12,3),(2546,18,3),(2546,19,3),(2546,2,6),(2546,16,6),(2546,3,20),(2546,17,20),(2546,1,32),(2546,15,32),(2547,8,1),(2547,9,1),(2547,29,1),(2547,46,1),(2547,5,2),(2547,6,2),(2547,13,2),(2547,14,2),(2547,22,2),(2547,25,2),(2547,43,2),(2547,44,2),(2547,45,2),(2547,4,3),(2547,10,3),(2547,18,3),(2547,19,3),(2547,23,3),(2547,30,3),(2547,47,3),(2547,21,4),(2547,26,7),(2547,27,7),(2547,40,7),(2547,41,7),(2547,28,20),(2547,42,20),(2547,1,33),(2547,15,33),(2574,8,1),(2574,9,1),(2574,29,1),(2574,45,1),(2574,73,1),(2574,74,1),(2574,5,2),(2574,6,2),(2574,13,2),(2574,14,2),(2574,22,2),(2574,43,2),(2574,44,2),(2574,47,2),(2574,4,3),(2574,10,3),(2574,18,3),(2574,19,3),(2574,21,3),(2574,23,3),(2574,25,3),(2574,30,3),(2574,26,7),(2574,27,7),(2574,40,7),(2574,41,7),(2574,57,20),(2574,72,20),(2574,55,33),(2574,56,33),(2574,70,33),(2574,71,33),(2576,8,1),(2576,9,1),(2576,26,1),(2576,29,1),(2576,45,1),(2576,73,1),(2576,74,1),(2576,5,2),(2576,6,2),(2576,13,2),(2576,14,2),(2576,22,2),(2576,43,2),(2576,44,2),(2576,47,2),(2576,4,3),(2576,10,3),(2576,18,3),(2576,19,3),(2576,21,3),(2576,23,3),(2576,25,3),(2576,30,3),(2576,89,6),(2576,27,7),(2576,41,7),(2576,105,7),(2576,90,20),(2576,106,20),(2576,87,33),(2576,88,33),(2576,103,33),(2576,104,33),(2577,8,1),(2577,9,1),(2577,29,1),(2577,45,1),(2577,73,1),(2577,74,1),(2577,5,2),(2577,6,2),(2577,13,2),(2577,14,2),(2577,22,2),(2577,43,2),(2577,44,2),(2577,47,2),(2577,4,3),(2577,10,3),(2577,18,3),(2577,19,3),(2577,21,3),(2577,23,3),(2577,25,3),(2577,30,3),(2577,26,7),(2577,27,7),(2577,40,7),(2577,41,7),(2577,121,20),(2577,135,20),(2577,120,33),(2577,134,33),(2578,8,1),(2578,9,1),(2578,29,1),(2578,45,1),(2578,46,1),(2578,73,1),(2578,152,1),(2578,4,2),(2578,5,2),(2578,6,2),(2578,13,2),(2578,14,2),(2578,22,2),(2578,25,2),(2578,43,2),(2578,44,2),(2578,10,3),(2578,18,3),(2578,19,3),(2578,21,3),(2578,23,3),(2578,30,3),(2578,47,3),(2578,26,7),(2578,27,7),(2578,40,7),(2578,41,7),(2578,151,20),(2578,166,20),(2578,150,33),(2578,165,33),(2579,7,1),(2579,8,1),(2579,9,1),(2579,25,1),(2579,45,1),(2579,74,1),(2579,184,1),(2579,200,1),(2579,14,2),(2579,22,2),(2579,43,2),(2579,44,2),(2579,47,2),(2579,4,3),(2579,5,3),(2579,6,3),(2579,10,3),(2579,13,3),(2579,18,3),(2579,19,3),(2579,21,3),(2579,23,3),(2579,30,3),(2579,26,6),(2579,27,6),(2579,40,7),(2579,41,7),(2579,183,20),(2579,199,20),(2579,181,32),(2579,182,32),(2579,197,33),(2579,198,33),(2580,8,1),(2580,9,1),(2580,25,1),(2580,29,1),(2580,74,1),(2580,5,2),(2580,6,2),(2580,13,2),(2580,14,2),(2580,18,2),(2580,19,2),(2580,21,2),(2580,22,2),(2580,23,2),(2580,43,2),(2580,44,2),(2580,47,2),(2580,73,2),(2580,4,3),(2580,10,3),(2580,30,3),(2580,26,7),(2580,27,7),(2580,40,7),(2580,41,7),(2580,215,20),(2580,229,20),(2580,214,33),(2580,228,33),(2582,8,1),(2582,9,1),(2582,27,1),(2582,29,1),(2582,41,1),(2582,5,2),(2582,6,2),(2582,13,2),(2582,14,2),(2582,18,2),(2582,19,2),(2582,21,2),(2582,22,2),(2582,23,2),(2582,43,2),(2582,44,2),(2582,47,2),(2582,73,2),(2582,4,3),(2582,10,3),(2582,25,3),(2582,30,3),(2582,245,6),(2582,261,6),(2582,26,7),(2582,40,7),(2582,246,20),(2582,262,20),(2582,243,33),(2582,244,33),(2582,259,33),(2582,260,33),(2583,8,1),(2583,9,1),(2583,26,1),(2583,27,1),(2583,29,1),(2583,43,1),(2583,44,1),(2583,200,1),(2583,5,2),(2583,6,2),(2583,13,2),(2583,14,2),(2583,18,2),(2583,19,2),(2583,22,2),(2583,23,2),(2583,47,2),(2583,4,3),(2583,10,3),(2583,21,3),(2583,25,3),(2583,30,3),(2583,277,6),(2583,278,6),(2583,279,6),(2583,295,7),(2583,296,7),(2583,297,7),(2583,298,7),(2583,280,20),(2583,299,20),(2583,275,33),(2583,276,33),(2583,293,33),(2583,294,33),(2585,8,1),(2585,9,1),(2585,43,1),(2585,44,1),(2585,45,1),(2585,312,1),(2585,327,1),(2585,328,1),(2585,5,2),(2585,6,2),(2585,13,2),(2585,14,2),(2585,23,2),(2585,4,3),(2585,10,3),(2585,12,3),(2585,18,3),(2585,19,3),(2585,22,3),(2585,24,3),(2585,25,3),(2585,21,4),(2585,310,6),(2585,297,7),(2585,324,7),(2585,325,7),(2585,311,20),(2585,326,20),(2585,243,32),(2585,244,32),(2585,259,33),(2585,260,33),(2586,7,1),(2586,8,1),(2586,9,1),(2586,11,1),(2586,43,1),(2586,44,1),(2586,45,1),(2586,328,1),(2586,362,1),(2586,13,2),(2586,14,2),(2586,23,2),(2586,4,3),(2586,5,3),(2586,6,3),(2586,10,3),(2586,12,3),(2586,18,3),(2586,19,3),(2586,22,3),(2586,24,3),(2586,25,3),(2586,21,4),(2586,344,6),(2586,359,7),(2586,360,7),(2586,345,20),(2586,361,20),(2586,342,32),(2586,343,32),(2586,357,33),(2586,358,33),(2587,1,1),(2587,7,1),(2587,8,1),(2587,9,1),(2587,20,1),(2587,45,1),(2587,243,1),(2587,244,1),(2587,327,1),(2587,342,1),(2587,343,1),(2587,362,1),(2587,383,1),(2587,385,1),(2587,386,1),(2587,387,1),(2587,388,1),(2587,389,1),(2587,390,1),(2587,391,1),(2587,393,1),(2587,394,1),(2587,422,1),(2587,423,1),(2587,424,1),(2587,425,1),(2587,426,1),(2587,427,1),(2587,429,1),(2587,430,1),(2587,13,2),(2587,14,2),(2587,22,2),(2587,23,2),(2587,24,2),(2587,384,2),(2587,396,2),(2587,421,2),(2587,428,2),(2587,432,2),(2587,5,3),(2587,6,3),(2587,12,3),(2587,18,3),(2587,19,3),(2587,392,3),(2587,395,3),(2587,420,3),(2587,431,3),(2587,4,6),(2587,21,6),(2587,297,6),(2587,415,6),(2587,417,6),(2587,418,6),(2587,378,7),(2587,379,7),(2587,380,7),(2587,381,7),(2587,416,7),(2587,374,16),(2587,375,16),(2587,376,16),(2587,377,16),(2587,411,16),(2587,412,16),(2587,413,16),(2587,414,16),(2587,382,20),(2587,419,20),(2588,7,1),(2588,8,1),(2588,43,1),(2588,44,1),(2588,45,1),(2588,312,1),(2588,328,1),(2588,450,1),(2588,13,2),(2588,14,2),(2588,23,2),(2588,24,2),(2588,4,3),(2588,5,3),(2588,6,3),(2588,10,3),(2588,12,3),(2588,18,3),(2588,19,3),(2588,21,3),(2588,22,3),(2588,25,3),(2588,444,6),(2588,445,6),(2588,446,6),(2588,447,6),(2588,448,6),(2588,465,6),(2588,466,6),(2588,467,6),(2588,468,6),(2588,469,6),(2588,470,6),(2588,449,20),(2588,471,20),(2588,388,32),(2588,389,32),(2588,463,32),(2588,464,32),(2589,7,1),(2589,8,1),(2589,9,1),(2589,11,1),(2589,20,1),(2589,45,1),(2589,328,1),(2589,362,1),(2589,13,2),(2589,14,2),(2589,23,2),(2589,43,2),(2589,44,2),(2589,4,3),(2589,5,3),(2589,6,3),(2589,10,3),(2589,12,3),(2589,22,3),(2589,24,3),(2589,18,4),(2589,19,4),(2589,21,4),(2589,25,4),(2589,483,7),(2589,499,7),(2589,484,20),(2589,500,20),(2589,390,33),(2589,391,33),(2589,424,33),(2589,498,33),(2590,1,1),(2590,20,1),(2590,25,1),(2590,55,1),(2590,56,1),(2590,87,1),(2590,88,1),(2590,120,1),(2590,150,1),(2590,181,1),(2590,182,1),(2590,214,1),(2590,243,1),(2590,244,1),(2590,379,1),(2590,387,1),(2590,422,1),(2590,424,1),(2590,425,1),(2590,426,1),(2590,430,1),(2590,516,1),(2590,518,1),(2590,519,1),(2590,520,1),(2590,521,1),(2590,522,1),(2590,523,1),(2590,524,1),(2590,525,1),(2590,526,1),(2590,527,1),(2590,528,1),(2590,529,1),(2590,561,1),(2590,562,1),(2590,563,1),(2590,564,1),(2590,568,1),(2590,569,1),(2590,570,1),(2590,571,1),(2590,572,1),(2590,573,1),(2590,574,1),(2590,575,1),(2590,576,1),(2590,577,1),(2590,578,1),(2590,579,1),(2590,4,2),(2590,5,2),(2590,6,2),(2590,10,2),(2590,13,2),(2590,14,2),(2590,15,2),(2590,21,2),(2590,22,2),(2590,23,2),(2590,45,2),(2590,70,2),(2590,71,2),(2590,103,2),(2590,104,2),(2590,134,2),(2590,165,2),(2590,197,2),(2590,198,2),(2590,228,2),(2590,259,2),(2590,260,2),(2590,416,2),(2590,420,2),(2590,517,2),(2590,530,2),(2590,565,2),(2590,566,2),(2590,567,2),(2590,18,3),(2590,19,3),(2590,30,3),(2590,47,3),(2590,27,7),(2590,41,7),(2590,384,7),(2590,421,8),(2590,374,10),(2590,375,10),(2590,376,10),(2590,377,10),(2590,411,10),(2590,412,10),(2590,413,10),(2590,414,10),(2590,275,14),(2590,276,14),(2590,293,14),(2590,294,15),(2590,515,20),(2590,560,20),(2617,622,1),(2617,623,1),(2617,624,1),(2617,634,1),(2617,635,1),(2617,626,2),(2617,632,2),(2617,637,2),(2617,620,3),(2617,621,3),(2617,625,3),(2617,636,3),(2617,631,4),(2617,633,4),(2617,618,6),(2617,629,7),(2617,619,20),(2617,630,20),(2617,616,32),(2617,617,32),(2617,627,33),(2617,628,33),(2619,634,1),(2619,635,1),(2619,620,2),(2619,621,2),(2619,625,2),(2619,632,2),(2619,636,3),(2619,631,4),(2619,633,4),(2619,638,6),(2619,639,6),(2619,646,7),(2619,647,7),(2619,640,20),(2619,648,20),(2619,616,32),(2619,617,32),(2619,627,33),(2619,628,33),(2621,634,1),(2621,635,1),(2621,620,2),(2621,621,2),(2621,625,2),(2621,632,2),(2621,636,3),(2621,631,4),(2621,633,4),(2621,657,6),(2621,664,7),(2621,658,20),(2621,665,20),(2621,616,32),(2621,617,32),(2621,627,33),(2621,628,33),(2624,634,1),(2624,635,1),(2624,620,2),(2624,621,2),(2624,625,2),(2624,632,2),(2624,636,3),(2624,631,4),(2624,633,4),(2624,674,6),(2624,681,7),(2624,675,20),(2624,682,20),(2624,616,32),(2624,617,32),(2624,627,33),(2624,628,33),(2694,696,1),(2694,697,1),(2694,704,1),(2694,705,1),(2694,706,1),(2694,709,1),(2694,710,1),(2694,711,1),(2694,712,1),(2694,713,1),(2694,699,2),(2694,714,2),(2694,694,3),(2694,695,3),(2694,698,3),(2694,703,3),(2694,707,3),(2694,708,3),(2694,692,6),(2694,701,7),(2694,693,20),(2694,702,20),(2694,691,32),(2694,700,33),(2695,696,1),(2695,697,1),(2695,704,1),(2695,705,1),(2695,706,1),(2695,709,1),(2695,710,1),(2695,711,1),(2695,712,1),(2695,713,1),(2695,699,2),(2695,714,2),(2695,694,3),(2695,695,3),(2695,698,3),(2695,703,3),(2695,707,3),(2695,708,3),(2695,715,6),(2695,724,7),(2695,725,7),(2695,716,20),(2695,726,20),(2695,691,32),(2695,700,33),(2696,696,1),(2696,704,1),(2696,705,1),(2696,710,1),(2696,743,1),(2696,753,1),(2696,754,1),(2696,755,1),(2696,756,1),(2696,699,2),(2696,714,2),(2696,625,3),(2696,636,3),(2696,694,3),(2696,695,3),(2696,703,3),(2696,708,3),(2696,740,6),(2696,741,6),(2696,750,7),(2696,751,7),(2696,742,20),(2696,752,20),(2696,691,32),(2696,700,33),(2697,696,1),(2697,704,1),(2697,705,1),(2697,710,1),(2697,743,1),(2697,753,1),(2697,754,1),(2697,755,1),(2697,756,1),(2697,699,2),(2697,714,2),(2697,694,3),(2697,695,3),(2697,698,3),(2697,703,3),(2697,707,3),(2697,708,3),(2697,715,6),(2697,724,7),(2697,725,7),(2697,765,20),(2697,774,20),(2697,691,32),(2697,700,33),(2702,632,1),(2702,696,1),(2702,704,1),(2702,705,1),(2702,708,1),(2702,754,1),(2702,755,1),(2702,791,1),(2702,800,1),(2702,714,2),(2702,621,3),(2702,633,3),(2702,694,3),(2702,695,3),(2702,698,3),(2702,703,3),(2702,707,3),(2702,789,6),(2702,798,7),(2702,790,20),(2702,799,20),(2702,691,32),(2702,700,33),(2703,428,1),(2703,816,1),(2703,817,1),(2703,818,1),(2703,819,1),(2703,820,1),(2703,821,1),(2703,829,1),(2703,10,2),(2703,25,2),(2703,815,2),(2703,822,2),(2703,830,2),(2703,30,3),(2703,47,3),(2703,814,4),(2703,828,4),(2703,812,7),(2703,826,7),(2703,813,20),(2703,827,20),(2703,150,33),(2703,165,33),(2705,428,1),(2705,450,1),(2705,815,1),(2705,816,1),(2705,817,1),(2705,821,1),(2705,829,1),(2705,837,1),(2705,10,2),(2705,25,2),(2705,822,2),(2705,830,2),(2705,30,3),(2705,47,3),(2705,814,3),(2705,828,4),(2705,835,7),(2705,848,7),(2705,836,20),(2705,849,20),(2705,150,33),(2705,165,33),(2706,620,1),(2706,696,1),(2706,699,1),(2706,861,1),(2706,632,2),(2706,703,2),(2706,704,2),(2706,707,2),(2706,714,2),(2706,863,2),(2706,876,2),(2706,694,3),(2706,695,3),(2706,698,3),(2706,862,3),(2706,877,3),(2706,756,4),(2706,692,6),(2706,857,6),(2706,858,6),(2706,859,6),(2706,701,7),(2706,872,7),(2706,873,7),(2706,874,7),(2706,860,20),(2706,875,20),(2706,691,32),(2706,700,33),(2746,696,1),(2746,697,1),(2746,704,1),(2746,707,2),(2746,714,2),(2746,694,3),(2746,695,3),(2746,698,3),(2746,703,3),(2746,692,6),(2746,701,6),(2746,886,20),(2746,894,20),(2746,691,32),(2746,700,32),(2747,705,1),(2747,706,1),(2747,694,2),(2747,695,2),(2747,698,2),(2747,704,2),(2747,714,2),(2747,707,3),(2747,703,4),(2747,692,6),(2747,701,7),(2747,901,20),(2747,907,20),(2747,691,32),(2747,700,33),(2748,705,1),(2748,706,1),(2748,694,2),(2748,695,2),(2748,698,2),(2748,704,2),(2748,714,2),(2748,707,3),(2748,703,4),(2748,692,6),(2748,701,7),(2748,916,20),(2748,922,20),(2748,691,32),(2748,700,33),(2749,705,1),(2749,706,1),(2749,694,2),(2749,695,2),(2749,698,2),(2749,704,2),(2749,714,2),(2749,707,3),(2749,703,4),(2749,692,6),(2749,701,7),(2749,931,20),(2749,937,20),(2749,691,32),(2749,700,33),(2750,705,1),(2750,706,1),(2750,694,2),(2750,695,2),(2750,698,2),(2750,704,2),(2750,714,2),(2750,707,3),(2750,703,4),(2750,692,6),(2750,701,7),(2750,946,20),(2750,952,20),(2750,691,32),(2750,700,33),(2753,634,1),(2753,635,1),(2753,632,2),(2753,694,2),(2753,695,2),(2753,698,2),(2753,704,2),(2753,714,2),(2753,963,2),(2753,707,3),(2753,703,4),(2753,754,4),(2753,961,6),(2753,969,7),(2753,962,20),(2753,970,20),(2753,616,32),(2753,617,32),(2753,627,33),(2753,628,33),(2754,622,1),(2754,623,1),(2754,634,1),(2754,635,1),(2754,632,2),(2754,704,2),(2754,714,2),(2754,694,3),(2754,695,3),(2754,698,3),(2754,707,3),(2754,963,3),(2754,703,4),(2754,754,4),(2754,981,6),(2754,991,7),(2754,982,20),(2754,992,20),(2754,616,32),(2754,617,32),(2754,627,33),(2754,628,33),(2756,634,1),(2756,635,1),(2756,876,1),(2756,632,2),(2756,694,2),(2756,695,2),(2756,704,2),(2756,714,2),(2756,963,2),(2756,1005,2),(2756,703,3),(2756,1013,3),(2756,754,4),(2756,1003,6),(2756,1011,7),(2756,1004,20),(2756,1012,20),(2756,616,32),(2756,617,32),(2756,627,33),(2756,628,33),(2757,634,1),(2757,635,1),(2757,876,1),(2757,632,2),(2757,694,2),(2757,695,2),(2757,704,2),(2757,714,2),(2757,963,2),(2757,1005,2),(2757,703,3),(2757,1013,3),(2757,754,4),(2757,1003,6),(2757,1011,7),(2757,1024,20),(2757,1032,20),(2757,616,32),(2757,617,32),(2757,627,33),(2757,628,33),(2758,634,1),(2758,635,1),(2758,876,1),(2758,632,2),(2758,694,2),(2758,695,2),(2758,704,2),(2758,714,2),(2758,963,2),(2758,1005,2),(2758,703,3),(2758,1013,3),(2758,754,4),(2758,1003,6),(2758,1011,7),(2758,1045,20),(2758,1053,20),(2758,616,32),(2758,617,32),(2758,627,33),(2758,628,33),(2759,634,1),(2759,635,1),(2759,876,1),(2759,632,2),(2759,694,2),(2759,695,2),(2759,698,2),(2759,704,2),(2759,714,2),(2759,963,2),(2759,703,3),(2759,707,3),(2759,754,4),(2759,1066,6),(2759,1067,6),(2759,1068,6),(2759,1076,7),(2759,1077,7),(2759,1069,20),(2759,1078,20),(2759,616,32),(2759,617,32),(2759,627,33),(2759,628,33),(2760,634,1),(2760,635,1),(2760,876,1),(2760,632,2),(2760,694,2),(2760,695,2),(2760,698,2),(2760,704,2),(2760,714,2),(2760,963,2),(2760,703,3),(2760,707,3),(2760,754,4),(2760,1090,6),(2760,1098,7),(2760,1091,20),(2760,1099,20),(2760,616,32),(2760,617,32),(2760,627,33),(2760,628,33),(2763,8,1),(2763,9,1),(2763,1115,1),(2763,1116,1),(2763,1128,1),(2763,43,2),(2763,44,2),(2763,1127,2),(2763,10,3),(2763,12,3),(2763,24,3),(2763,45,3),(2763,1113,3),(2763,1114,3),(2763,1125,3),(2763,1126,3),(2763,1111,6),(2763,1123,7),(2763,1112,20),(2763,1124,20),(2763,181,32),(2763,182,32),(2763,197,33),(2763,198,33),(2844,1,1),(2844,8,1),(2844,9,1),(2844,10,1),(2844,18,1),(2844,45,1),(2844,55,1),(2844,56,1),(2844,70,1),(2844,71,1),(2844,87,1),(2844,88,1),(2844,120,1),(2844,150,1),(2844,181,1),(2844,182,1),(2844,214,1),(2844,243,1),(2844,244,1),(2844,275,1),(2844,276,1),(2844,416,1),(2844,422,1),(2844,517,1),(2844,528,1),(2844,529,1),(2844,571,1),(2844,1137,1),(2844,1139,1),(2844,1140,1),(2844,1171,1),(2844,1173,1),(2844,1174,1),(2844,1175,1),(2844,5,2),(2844,15,2),(2844,25,2),(2844,43,2),(2844,44,2),(2844,103,2),(2844,104,2),(2844,134,2),(2844,165,2),(2844,197,2),(2844,198,2),(2844,228,2),(2844,259,2),(2844,260,2),(2844,293,2),(2844,294,2),(2844,565,2),(2844,566,2),(2844,567,2),(2844,1138,2),(2844,1141,2),(2844,1172,2),(2844,12,3),(2844,24,3),(2844,1170,4),(2844,4,5),(2844,21,5),(2844,27,7),(2844,41,7),(2844,387,7),(2844,1135,7),(2844,420,8),(2844,1168,8),(2844,1136,20),(2844,1169,20),(2844,395,23),(2844,431,23),(2937,1211,1),(2937,1212,1),(2937,1224,1),(2937,626,2),(2937,632,2),(2937,637,2),(2937,1213,2),(2937,1214,2),(2937,1223,2),(2937,1225,2),(2937,1226,2),(2937,621,3),(2937,1005,3),(2937,1013,3),(2937,633,4),(2937,1207,7),(2937,1208,7),(2937,1209,7),(2937,1219,7),(2937,1220,7),(2937,1221,7),(2937,1210,20),(2937,1222,20),(2937,1206,33),(2937,1218,33),(2977,8,1),(2977,9,1),(2977,1235,1),(2977,1249,1),(2977,13,2),(2977,25,2),(2977,43,2),(2977,44,2),(2977,1237,2),(2977,1238,2),(2977,1239,2),(2977,1247,2),(2977,1248,2),(2977,1251,2),(2977,1252,2),(2977,1253,2),(2977,1254,2),(2977,1255,2),(2977,10,3),(2977,1233,3),(2977,1234,3),(2977,1236,3),(2977,1250,3),(2977,1231,6),(2977,1245,7),(2977,1232,20),(2977,1246,20),(2977,1,32),(2977,15,33),(3052,1275,1),(3052,1276,1),(3052,1277,1),(3052,1278,1),(3052,1267,2),(3052,1268,2),(3052,1274,2),(3052,1281,2),(3052,1282,2),(3052,1264,3),(3052,1265,3),(3052,1279,3),(3052,1266,4),(3052,1273,4),(3052,1280,4),(3052,1261,7),(3052,1262,7),(3052,1270,7),(3052,1271,7),(3052,1263,20),(3052,1272,20),(3052,1260,33),(3052,1269,33),(3071,1278,1),(3071,1288,1),(3071,1298,1),(3071,1300,1),(3071,1301,1),(3071,1302,1),(3071,1303,1),(3071,1274,2),(3071,1281,2),(3071,1289,2),(3071,1264,3),(3071,1265,3),(3071,1268,3),(3071,1282,3),(3071,1299,3),(3071,1273,4),(3071,1285,6),(3071,1286,6),(3071,1295,6),(3071,1296,6),(3071,1287,20),(3071,1297,20),(3071,1283,32),(3071,1284,32),(3071,1293,32),(3071,1294,32),(3096,428,1),(3096,815,1),(3096,1315,1),(3096,1316,1),(3096,1317,1),(3096,1318,1),(3096,1319,1),(3096,1330,1),(3096,1332,1),(3096,1333,1),(3096,1334,1),(3096,1335,1),(3096,1336,1),(3096,13,2),(3096,22,2),(3096,1320,2),(3096,1321,2),(3096,1331,2),(3096,1338,2),(3096,1339,2),(3096,10859,2),(3096,10868,2),(3096,377,6),(3096,1311,6),(3096,1312,6),(3096,1313,6),(3096,414,7),(3096,1327,7),(3096,1328,7),(3096,1314,20),(3096,1329,20),(3096,1309,32),(3096,1310,32),(3096,1325,33),(3096,1326,33),(3097,428,1),(3097,815,1),(3097,1315,1),(3097,1316,1),(3097,1317,1),(3097,1318,1),(3097,1330,1),(3097,1333,1),(3097,1346,1),(3097,13,2),(3097,22,2),(3097,1320,2),(3097,1321,2),(3097,1331,2),(3097,1332,2),(3097,1338,2),(3097,1339,2),(3097,1334,3),(3097,1347,3),(3097,1343,7),(3097,1344,7),(3097,1358,7),(3097,1359,7),(3097,1345,20),(3097,1360,20),(3097,1309,33),(3097,1310,33),(3097,1325,33),(3097,1326,33),(3310,8,1),(3310,9,1),(3310,43,1),(3310,44,1),(3310,45,1),(3310,386,1),(3310,416,1),(3310,422,1),(3310,516,1),(3310,1332,1),(3310,1373,1),(3310,1374,1),(3310,1376,1),(3310,1377,1),(3310,1379,1),(3310,1380,1),(3310,1381,1),(3310,1382,1),(3310,1383,1),(3310,1384,1),(3310,1394,1),(3310,1396,1),(3310,1397,1),(3310,1398,1),(3310,10,2),(3310,1250,2),(3310,25,3),(3310,1236,3),(3310,1375,3),(3310,1378,3),(3310,1399,3),(3310,1395,4),(3310,384,7),(3310,421,8),(3310,1372,20),(3310,1393,20),(3310,1,33),(3310,15,33),(3661,8,1),(3661,9,1),(3661,1247,1),(3661,1412,1),(3661,1426,1),(3661,1427,1),(3661,13,2),(3661,25,2),(3661,43,2),(3661,44,2),(3661,1234,2),(3661,1237,2),(3661,1238,2),(3661,1239,2),(3661,1248,2),(3661,1251,2),(3661,1252,2),(3661,1253,2),(3661,1254,2),(3661,1255,2),(3661,10,3),(3661,1233,3),(3661,1334,3),(3661,1347,3),(3661,1410,6),(3661,1424,7),(3661,1411,20),(3661,1425,20),(3661,1,32),(3661,15,33),(3662,8,1),(3662,9,1),(3662,1247,1),(3662,1248,1),(3662,1426,1),(3662,1446,1),(3662,1447,1),(3662,1464,1),(3662,10,2),(3662,13,2),(3662,25,2),(3662,43,2),(3662,44,2),(3662,1237,2),(3662,1238,2),(3662,1239,2),(3662,1251,2),(3662,1252,2),(3662,1253,2),(3662,1254,2),(3662,1255,2),(3662,1233,3),(3662,1234,3),(3662,1334,3),(3662,1347,3),(3662,1442,6),(3662,1443,6),(3662,1444,6),(3662,1460,6),(3662,1461,6),(3662,1462,6),(3662,1445,20),(3662,1463,20),(3662,1440,32),(3662,1441,32),(3662,1458,32),(3662,1459,32),(3818,1274,1),(3818,1276,1),(3818,1301,1),(3818,1302,1),(3818,1483,1),(3818,1484,1),(3818,1485,1),(3818,1487,1),(3818,1488,1),(3818,1489,1),(3818,1499,1),(3818,1500,1),(3818,1501,1),(3818,1278,2),(3818,1281,2),(3818,1264,3),(3818,1265,3),(3818,1273,3),(3818,1486,3),(3818,1502,3),(3818,1482,4),(3818,1498,4),(3818,1479,6),(3818,1480,6),(3818,1495,6),(3818,1496,6),(3818,1494,12),(3818,1481,20),(3818,1497,20),(3818,1477,32),(3818,1478,32),(3818,1492,32),(3818,1493,32),(3955,1274,2),(3955,1278,2),(3955,1281,2),(3955,1264,3),(3955,1265,3),(3955,1511,3),(3955,1512,3),(3955,1520,3),(3955,1273,4),(3955,1521,4),(3955,1285,6),(3955,1286,6),(3955,1295,6),(3955,1296,6),(3955,1510,20),(3955,1519,20),(3955,1283,32),(3955,1284,32),(3955,1293,32),(3955,1294,32),(3957,1274,2),(3957,1278,2),(3957,1281,2),(3957,1264,3),(3957,1265,3),(3957,1511,3),(3957,1512,3),(3957,1520,3),(3957,1273,4),(3957,1521,4),(3957,1285,6),(3957,1286,6),(3957,1295,6),(3957,1296,6),(3957,1530,20),(3957,1539,20),(3957,1283,32),(3957,1284,32),(3957,1293,32),(3957,1294,32),(3966,8,1),(3966,9,1),(3966,1330,1),(3966,1346,1),(3966,25,2),(3966,43,2),(3966,44,2),(3966,45,2),(3966,1564,2),(3966,10,3),(3966,12,3),(3966,24,3),(3966,1375,3),(3966,1553,3),(3966,1399,4),(3966,1550,7),(3966,1551,7),(3966,1562,7),(3966,1552,20),(3966,1563,20),(3966,1309,33),(3966,1310,33),(3966,1325,33),(3966,1326,33),(3980,8,1),(3980,9,1),(3980,45,1),(3980,1330,1),(3980,1346,1),(3980,1578,1),(3980,1590,1),(3980,1592,1),(3980,10,2),(3980,43,2),(3980,44,2),(3980,12,3),(3980,24,3),(3980,25,3),(3980,1375,3),(3980,1399,3),(3980,1577,3),(3980,1591,4),(3980,1574,7),(3980,1575,7),(3980,1587,7),(3980,1588,7),(3980,1576,20),(3980,1589,20),(3980,1309,33),(3980,1310,33),(3980,1325,33),(3980,1326,33),(3982,8,1),(3982,9,1),(3982,1330,1),(3982,1346,1),(3982,1606,1),(3982,1607,1),(3982,1621,1),(3982,1622,1),(3982,10,2),(3982,43,2),(3982,44,2),(3982,45,2),(3982,1577,2),(3982,25,3),(3982,30,3),(3982,47,3),(3982,1375,3),(3982,1591,3),(3982,1399,4),(3982,1602,7),(3982,1603,7),(3982,1604,7),(3982,1617,7),(3982,1618,7),(3982,1619,7),(3982,1605,20),(3982,1620,20),(3982,1309,33),(3982,1310,33),(3982,1325,33),(3982,1326,33),(3996,25,1),(3996,43,1),(3996,44,1),(3996,45,1),(3996,526,1),(3996,527,1),(3996,1578,1),(3996,1590,1),(3996,1592,1),(3996,1638,1),(3996,1639,1),(3996,1640,1),(3996,1641,1),(3996,1642,1),(3996,1643,1),(3996,1659,1),(3996,1660,1),(3996,1661,1),(3996,1662,1),(3996,1663,1),(3996,10,2),(3996,24,2),(3996,1375,2),(3996,1644,2),(3996,12,3),(3996,1399,3),(3996,1635,6),(3996,1636,7),(3996,1656,7),(3996,1657,7),(3996,1634,9),(3996,1309,10),(3996,1310,10),(3996,1325,10),(3996,1326,10),(3996,1633,10),(3996,1654,10),(3996,1655,10),(3996,1637,20),(3996,1658,20),(3996,431,26),(3996,395,27),(4000,8,1),(4000,9,1),(4000,25,1),(4000,44,1),(4000,45,1),(4000,1330,1),(4000,1346,1),(4000,1564,1),(4000,1607,1),(4000,1622,1),(4000,1680,1),(4000,1696,1),(4000,10,2),(4000,43,2),(4000,1553,2),(4000,1236,3),(4000,1250,3),(4000,1375,3),(4000,1399,4),(4000,1675,7),(4000,1676,7),(4000,1677,7),(4000,1678,7),(4000,1691,7),(4000,1692,7),(4000,1693,7),(4000,1694,7),(4000,1679,20),(4000,1695,20),(4000,1309,33),(4000,1310,33),(4000,1325,33),(4000,1326,33),(4008,8,1),(4008,9,1),(4008,1330,1),(4008,1710,1),(4008,1711,1),(4008,1723,1),(4008,43,2),(4008,44,2),(4008,45,2),(4008,1236,2),(4008,1375,2),(4008,1399,2),(4008,1722,2),(4008,10,3),(4008,1250,3),(4008,1577,3),(4008,25,4),(4008,1591,4),(4008,1708,6),(4008,1720,7),(4008,1709,20),(4008,1721,20),(4008,1309,32),(4008,1310,32),(4008,1325,33),(4008,1326,33),(4010,8,1),(4010,9,1),(4010,1330,1),(4010,1346,1),(4010,1737,1),(4010,1751,1),(4010,25,2),(4010,43,2),(4010,44,2),(4010,45,2),(4010,1739,2),(4010,1752,2),(4010,10,3),(4010,1236,3),(4010,1250,3),(4010,1375,3),(4010,1738,3),(4010,1753,3),(4010,1399,4),(4010,1734,7),(4010,1735,7),(4010,1748,7),(4010,1749,7),(4010,1736,20),(4010,1750,20),(4010,1309,33),(4010,1310,33),(4010,1325,33),(4010,1326,33),(4016,1315,1),(4016,1316,1),(4016,1317,1),(4016,1330,1),(4016,1346,1),(4016,1764,1),(4016,1778,1),(4016,13,2),(4016,22,2),(4016,1320,2),(4016,1321,2),(4016,1331,2),(4016,1332,2),(4016,1338,2),(4016,1339,2),(4016,1777,2),(4016,1765,3),(4016,1779,3),(4016,1708,7),(4016,1720,7),(4016,1763,20),(4016,1776,20),(4016,1309,33),(4016,1310,33),(4016,1325,33),(4016,1326,33),(4026,1274,1),(4026,1281,2),(4026,1264,3),(4026,1265,3),(4026,1273,3),(4026,1792,3),(4026,1793,3),(4026,1794,3),(4026,1799,3),(4026,1800,3),(4026,1801,3),(4026,1790,7),(4026,1791,20),(4026,1798,20),(4026,1797,32),(4026,1789,33),(4034,1808,1),(4034,1809,1),(4034,1303,2),(4034,1819,2),(4034,1511,3),(4034,1512,3),(4034,1520,3),(4034,1806,3),(4034,1807,3),(4034,1278,4),(4034,1521,4),(4034,1817,4),(4034,1818,4),(4034,1285,6),(4034,1286,6),(4034,1295,6),(4034,1296,6),(4034,1805,20),(4034,1816,20),(4034,1283,32),(4034,1284,32),(4034,1293,32),(4034,1294,32),(4039,1808,1),(4039,1809,1),(4039,1303,2),(4039,1819,2),(4039,1511,3),(4039,1512,3),(4039,1520,3),(4039,1806,3),(4039,1807,3),(4039,1278,4),(4039,1521,4),(4039,1817,4),(4039,1818,4),(4039,1285,7),(4039,1286,7),(4039,1295,7),(4039,1296,7),(4039,1828,20),(4039,1839,20),(4039,1283,33),(4039,1284,33),(4039,1293,33),(4039,1294,33),(4070,8,1),(4070,379,1),(4070,390,1),(4070,1234,1),(4070,1852,1),(4070,1853,1),(4070,1854,1),(4070,13,2),(4070,43,2),(4070,1237,2),(4070,1238,2),(4070,1239,2),(4070,1253,2),(4070,1254,2),(4070,1255,2),(4070,1855,2),(4070,1872,2),(4070,1233,3),(4070,1334,3),(4070,1347,3),(4070,1247,4),(4070,1871,4),(4070,1442,6),(4070,1443,6),(4070,1460,7),(4070,1461,7),(4070,1851,20),(4070,1870,20),(4070,1440,32),(4070,1441,32),(4070,1458,33),(4070,1459,33),(4072,8,1),(4072,379,1),(4072,390,1),(4072,1234,1),(4072,1852,1),(4072,1853,1),(4072,1854,1),(4072,13,2),(4072,43,2),(4072,1237,2),(4072,1238,2),(4072,1239,2),(4072,1253,2),(4072,1254,2),(4072,1255,2),(4072,1855,2),(4072,1872,2),(4072,1233,3),(4072,1334,3),(4072,1347,3),(4072,1247,4),(4072,1871,4),(4072,1442,7),(4072,1443,7),(4072,1460,7),(4072,1461,7),(4072,1883,20),(4072,1902,20),(4072,1440,33),(4072,1441,33),(4072,1458,33),(4072,1459,33),(4074,8,1),(4074,379,1),(4074,390,1),(4074,1234,1),(4074,1852,1),(4074,1853,1),(4074,1854,1),(4074,13,2),(4074,43,2),(4074,1237,2),(4074,1238,2),(4074,1239,2),(4074,1253,2),(4074,1254,2),(4074,1255,2),(4074,1855,2),(4074,1872,2),(4074,1233,3),(4074,1334,3),(4074,1347,3),(4074,1247,4),(4074,1871,4),(4074,1442,7),(4074,1443,7),(4074,1460,7),(4074,1461,7),(4074,1915,20),(4074,1934,20),(4074,1440,33),(4074,1441,33),(4074,1458,33),(4074,1459,33),(4082,13,1),(4082,1321,1),(4082,1951,1),(4082,22,2),(4082,45,2),(4082,1334,2),(4082,1339,2),(4082,1347,2),(4082,1963,2),(4082,1964,2),(4082,1965,2),(4082,4,3),(4082,10,3),(4082,21,3),(4082,1952,3),(4082,1953,3),(4082,25,4),(4082,1949,7),(4082,1961,7),(4082,1950,20),(4082,1962,20),(4082,1947,33),(4082,1948,33),(4082,1959,33),(4082,1960,33),(4118,8,1),(4118,9,1),(4118,1975,1),(4118,10,2),(4118,13,2),(4118,22,2),(4118,25,2),(4118,43,2),(4118,44,2),(4118,45,2),(4118,1977,2),(4118,1987,2),(4118,1988,2),(4118,1989,2),(4118,1375,3),(4118,1399,3),(4118,1976,3),(4118,1972,6),(4118,1973,6),(4118,1985,6),(4118,1974,20),(4118,1986,20),(4118,1633,32),(4118,1634,32),(4118,1654,33),(4118,1655,33),(4298,13,1),(4298,526,1),(4298,527,1),(4298,1330,1),(4298,1346,1),(4298,1606,1),(4298,1640,1),(4298,1710,1),(4298,2002,1),(4298,2003,1),(4298,2004,1),(4298,2005,1),(4298,2006,1),(4298,2025,1),(4298,10,2),(4298,25,2),(4298,425,2),(4298,1236,2),(4298,1250,2),(4298,1375,2),(4298,1399,2),(4298,1577,2),(4298,1591,2),(4298,1621,2),(4298,1660,2),(4298,1722,2),(4298,2007,2),(4298,1998,7),(4298,1999,7),(4298,2000,7),(4298,2021,7),(4298,2022,7),(4298,2023,7),(4298,2001,20),(4298,2024,20),(4298,1309,33),(4298,1310,33),(4298,1325,33),(4298,1326,33),(4320,7,1),(4320,8,1),(4320,9,1),(4320,2039,1),(4320,2040,1),(4320,2056,1),(4320,2058,1),(4320,13,2),(4320,14,2),(4320,20,2),(4320,22,2),(4320,23,2),(4320,25,2),(4320,43,2),(4320,44,2),(4320,1247,2),(4320,1251,2),(4320,1252,2),(4320,2057,2),(4320,5,3),(4320,6,3),(4320,10,3),(4320,1233,3),(4320,1234,3),(4320,1334,3),(4320,1347,3),(4320,18,4),(4320,19,4),(4320,1675,6),(4320,2037,6),(4320,2054,6),(4320,1691,7),(4320,2038,20),(4320,2055,20),(4320,1,32),(4320,15,33),(4475,8,1),(4475,9,1),(4475,45,1),(4475,1426,1),(4475,2076,1),(4475,2077,1),(4475,2089,1),(4475,2090,1),(4475,10,2),(4475,43,2),(4475,44,2),(4475,1234,2),(4475,1251,2),(4475,1252,2),(4475,25,3),(4475,1233,3),(4475,1334,3),(4475,1347,3),(4475,2073,7),(4475,2074,7),(4475,2086,7),(4475,2087,7),(4475,2075,20),(4475,2088,20),(4475,388,33),(4475,389,33),(4475,463,33),(4475,464,33),(4487,2105,1),(4487,2106,1),(4487,2117,1),(4487,1278,2),(4487,2116,2),(4487,1267,3),(4487,1486,3),(4487,1487,3),(4487,1502,3),(4487,1276,4),(4487,1279,4),(4487,2101,6),(4487,2102,6),(4487,2103,6),(4487,2112,7),(4487,2113,7),(4487,2114,7),(4487,2104,20),(4487,2115,20),(4487,1477,32),(4487,1478,32),(4487,1492,33),(4487,1493,33),(4588,2125,1),(4588,2135,1),(4588,1278,2),(4588,2126,2),(4588,2136,2),(4588,1482,3),(4588,1511,3),(4588,1520,3),(4588,1806,3),(4588,1498,4),(4588,1817,4),(4588,1285,6),(4588,1286,6),(4588,1295,6),(4588,1296,6),(4588,2124,20),(4588,2134,20),(4588,1283,32),(4588,1284,32),(4588,1293,32),(4588,1294,32),(4737,632,1),(4737,1226,1),(4737,2158,1),(4737,2159,1),(4737,2160,1),(4737,631,2),(4737,694,2),(4737,695,2),(4737,703,2),(4737,714,2),(4737,2150,2),(4737,2151,2),(4737,2161,2),(4737,2162,2),(4737,2146,6),(4737,2147,6),(4737,2148,6),(4737,2155,7),(4737,2156,7),(4737,2149,20),(4737,2157,20),(4737,2145,32),(4737,2154,33),(4739,620,1),(4739,631,1),(4739,632,1),(4739,1226,1),(4739,2158,1),(4739,2159,1),(4739,2180,1),(4739,621,2),(4739,2151,2),(4739,2162,2),(4739,633,3),(4739,2176,6),(4739,2177,6),(4739,2178,6),(4739,2168,7),(4739,2169,7),(4739,2170,7),(4739,2171,20),(4739,2179,20),(4739,2154,32),(4739,2145,33),(4742,8,1),(4742,25,1),(4742,44,1),(4742,45,1),(4742,379,1),(4742,390,1),(4742,450,1),(4742,1852,1),(4742,1855,1),(4742,2192,1),(4742,2193,1),(4742,2194,1),(4742,2195,1),(4742,10,2),(4742,24,2),(4742,1871,2),(4742,12,3),(4742,1375,3),(4742,1399,4),(4742,2190,7),(4742,2206,7),(4742,2207,7),(4742,2191,20),(4742,2208,20),(4742,2189,33),(4742,2205,33),(4744,8,1),(4744,25,1),(4744,44,1),(4744,45,1),(4744,379,1),(4744,390,1),(4744,450,1),(4744,1852,1),(4744,1855,1),(4744,2192,1),(4744,2193,1),(4744,2194,1),(4744,2195,1),(4744,10,2),(4744,24,2),(4744,1871,2),(4744,12,3),(4744,1375,3),(4744,1399,4),(4744,2190,7),(4744,2206,7),(4744,2207,7),(4744,2215,20),(4744,2231,20),(4744,2189,33),(4744,2205,33),(4746,8,1),(4746,25,1),(4746,44,1),(4746,45,1),(4746,379,1),(4746,390,1),(4746,450,1),(4746,1852,1),(4746,1855,1),(4746,2192,1),(4746,2193,1),(4746,2194,1),(4746,2195,1),(4746,10,2),(4746,24,2),(4746,1871,2),(4746,12,3),(4746,1375,3),(4746,1399,4),(4746,2190,7),(4746,2206,7),(4746,2207,7),(4746,2241,20),(4746,2257,20),(4746,2189,33),(4746,2205,33),(4748,8,1),(4748,25,1),(4748,43,1),(4748,44,1),(4748,379,1),(4748,390,1),(4748,416,1),(4748,423,1),(4748,424,1),(4748,450,1),(4748,573,1),(4748,1394,1),(4748,1852,1),(4748,1855,1),(4748,2192,1),(4748,2193,1),(4748,2194,1),(4748,2195,1),(4748,2284,1),(4748,2285,1),(4748,2286,1),(4748,2287,1),(4748,2288,1),(4748,2289,1),(4748,2290,1),(4748,2291,1),(4748,10,2),(4748,45,2),(4748,1871,2),(4748,12,3),(4748,24,3),(4748,1375,3),(4748,1399,4),(4748,2190,7),(4748,2206,7),(4748,2207,7),(4748,2267,20),(4748,2283,20),(4748,2189,33),(4748,2205,33),(4793,8,1),(4793,9,1),(4793,1330,1),(4793,1606,1),(4793,1607,1),(4793,1621,1),(4793,1622,1),(4793,10,2),(4793,43,2),(4793,44,2),(4793,45,2),(4793,1577,2),(4793,12,3),(4793,24,3),(4793,25,3),(4793,1375,3),(4793,1591,3),(4793,1399,4),(4793,2307,6),(4793,2308,6),(4793,2320,7),(4793,2321,7),(4793,2309,20),(4793,2322,20),(4793,1309,32),(4793,1310,32),(4793,1325,33),(4793,1326,33),(4795,8,1),(4795,9,1),(4795,43,1),(4795,44,1),(4795,45,1),(4795,1330,1),(4795,1346,1),(4795,1590,1),(4795,1606,1),(4795,1607,1),(4795,1621,1),(4795,1622,1),(4795,1659,1),(4795,1660,1),(4795,10,2),(4795,1577,2),(4795,25,3),(4795,1236,3),(4795,1250,3),(4795,1375,3),(4795,1399,3),(4795,1591,3),(4795,1602,7),(4795,1617,7),(4795,2335,7),(4795,2349,7),(4795,2336,20),(4795,2350,20),(4795,1309,33),(4795,1310,33),(4795,1325,33),(4795,1326,33),(4832,1300,1),(4832,1301,1),(4832,1302,1),(4832,1278,2),(4832,1511,2),(4832,1520,2),(4832,1289,3),(4832,1806,3),(4832,1299,4),(4832,1817,4),(4832,1285,7),(4832,1286,7),(4832,1295,7),(4832,1296,7),(4832,2367,20),(4832,2375,20),(4832,1283,33),(4832,1284,33),(4832,1293,33),(4832,1294,33),(4837,2389,1),(4837,2399,1),(4837,1274,2),(4837,1278,2),(4837,1281,2),(4837,2390,2),(4837,2400,2),(4837,1264,3),(4837,1265,3),(4837,1511,3),(4837,1520,3),(4837,1809,3),(4837,1273,4),(4837,1303,4),(4837,2387,6),(4837,2396,6),(4837,2397,6),(4837,2388,20),(4837,2398,20),(4837,1260,32),(4837,1269,32),(4841,45,1),(4841,523,1),(4841,815,1),(4841,1852,1),(4841,1853,1),(4841,2195,1),(4841,2410,1),(4841,2411,1),(4841,2412,1),(4841,2424,1),(4841,2425,1),(4841,2426,1),(4841,2427,1),(4841,2428,1),(4841,2429,1),(4841,2430,1),(4841,2432,1),(4841,2433,1),(4841,2413,2),(4841,522,3),(4841,1334,3),(4841,1347,3),(4841,2431,3),(4841,2434,3),(4841,2190,6),(4841,2206,7),(4841,2207,7),(4841,2408,13),(4841,2422,13),(4841,2409,20),(4841,2423,20),(4843,2440,1),(4843,2450,1),(4843,1278,2),(4843,2441,2),(4843,2451,2),(4843,1511,3),(4843,1520,3),(4843,1806,3),(4843,1809,3),(4843,1303,4),(4843,1817,4),(4843,1285,7),(4843,1286,7),(4843,1295,7),(4843,1296,7),(4843,2439,20),(4843,2449,20),(4843,1283,33),(4843,1284,33),(4843,1293,33),(4843,1294,33),(4847,2463,1),(4847,2473,1),(4847,1274,2),(4847,1278,2),(4847,1281,2),(4847,1264,3),(4847,1265,3),(4847,1511,3),(4847,1520,3),(4847,1809,3),(4847,1273,4),(4847,1303,4),(4847,2460,6),(4847,2461,6),(4847,2469,7),(4847,2470,7),(4847,2471,7),(4847,2462,20),(4847,2472,20),(4847,1789,32),(4847,1797,33),(4851,632,1),(4851,704,1),(4851,2483,1),(4851,714,2),(4851,2162,2),(4851,694,3),(4851,695,3),(4851,703,3),(4851,756,3),(4851,862,3),(4851,2151,3),(4851,2481,6),(4851,2490,6),(4851,2482,20),(4851,2491,20),(4851,616,32),(4851,617,32),(4851,627,32),(4851,628,32),(4853,632,1),(4853,704,1),(4853,2503,1),(4853,2504,1),(4853,714,2),(4853,2162,2),(4853,694,3),(4853,695,3),(4853,703,3),(4853,756,3),(4853,862,3),(4853,2151,3),(4853,2500,6),(4853,2511,6),(4853,2512,6),(4853,2501,7),(4853,2502,20),(4853,2513,20),(4853,627,32),(4853,628,32),(4853,616,33),(4853,617,33),(4858,8,1),(4858,9,1),(4858,1607,1),(4858,1622,1),(4858,2526,1),(4858,2527,1),(4858,10,2),(4858,25,2),(4858,43,2),(4858,44,2),(4858,1375,2),(4858,1399,2),(4858,1590,2),(4858,2528,2),(4858,2541,2),(4858,2542,2),(4858,12,3),(4858,24,3),(4858,2522,7),(4858,2523,7),(4858,2524,7),(4858,2537,7),(4858,2538,7),(4858,2539,7),(4858,2525,20),(4858,2540,20),(4858,1309,33),(4858,1310,33),(4858,1325,33),(4858,1326,33),(4860,8,1),(4860,9,1),(4860,1330,1),(4860,1346,1),(4860,1606,1),(4860,1607,1),(4860,1622,1),(4860,10,2),(4860,25,2),(4860,43,2),(4860,44,2),(4860,1577,2),(4860,1591,2),(4860,1621,2),(4860,1236,3),(4860,1250,3),(4860,1375,3),(4860,1399,4),(4860,2552,7),(4860,2553,7),(4860,2566,7),(4860,2567,7),(4860,2554,20),(4860,2568,20),(4860,1309,33),(4860,1310,33),(4860,1325,33),(4860,1326,33),(4872,8,1),(4872,9,1),(4872,1113,1),(4872,2582,1),(4872,2583,1),(4872,2595,1),(4872,43,2),(4872,44,2),(4872,45,2),(4872,1125,2),(4872,2594,2),(4872,4,3),(4872,10,3),(4872,1765,3),(4872,1779,3),(4872,21,4),(4872,25,4),(4872,2580,7),(4872,2592,7),(4872,2581,20),(4872,2593,20),(4872,181,33),(4872,182,33),(4872,197,33),(4872,198,33),(4874,8,1),(4874,9,1),(4874,1139,1),(4874,2608,1),(4874,2621,1),(4874,25,2),(4874,43,2),(4874,44,2),(4874,45,2),(4874,1171,2),(4874,10,3),(4874,1113,3),(4874,1114,3),(4874,1765,3),(4874,1779,3),(4874,1125,4),(4874,1126,4),(4874,2605,6),(4874,2606,6),(4874,2618,7),(4874,2619,7),(4874,2607,20),(4874,2620,20),(4874,181,32),(4874,182,32),(4874,197,33),(4874,198,33),(4878,8,1),(4878,9,1),(4878,2636,1),(4878,2637,1),(4878,2650,1),(4878,43,2),(4878,44,2),(4878,45,2),(4878,2649,2),(4878,10,3),(4878,30,3),(4878,47,3),(4878,1113,3),(4878,1114,3),(4878,25,4),(4878,1125,4),(4878,1126,4),(4878,2056,7),(4878,2632,7),(4878,2633,7),(4878,2634,7),(4878,2646,7),(4878,2647,7),(4878,2635,20),(4878,2648,20),(4878,181,33),(4878,182,33),(4878,197,33),(4878,198,33),(4883,8,1),(4883,9,1),(4883,2663,1),(4883,2664,1),(4883,2665,1),(4883,2683,1),(4883,5,2),(4883,6,2),(4883,13,2),(4883,14,2),(4883,18,2),(4883,19,2),(4883,22,2),(4883,23,2),(4883,25,2),(4883,43,2),(4883,44,2),(4883,2681,2),(4883,2682,2),(4883,10,3),(4883,1113,3),(4883,1765,3),(4883,1779,3),(4883,1125,4),(4883,2056,7),(4883,2633,7),(4883,2634,7),(4883,2647,7),(4883,2661,7),(4883,2679,7),(4883,2662,20),(4883,2680,20),(4883,181,33),(4883,182,33),(4883,197,33),(4883,198,33),(4885,8,1),(4885,9,1),(4885,2608,1),(4885,2621,1),(4885,2700,1),(4885,2701,1),(4885,2702,1),(4885,25,2),(4885,43,2),(4885,44,2),(4885,45,2),(4885,1114,2),(4885,1126,2),(4885,2715,2),(4885,2716,2),(4885,2717,2),(4885,10,3),(4885,1113,3),(4885,1765,3),(4885,1779,3),(4885,1125,4),(4885,2697,6),(4885,2698,6),(4885,2712,7),(4885,2713,7),(4885,2699,20),(4885,2714,20),(4885,181,32),(4885,182,32),(4885,197,33),(4885,198,33),(4890,2733,1),(4890,2734,1),(4890,2747,1),(4890,1274,2),(4890,1278,2),(4890,1281,2),(4890,2735,2),(4890,2746,2),(4890,2748,2),(4890,1264,3),(4890,1265,3),(4890,1511,3),(4890,1520,3),(4890,1809,3),(4890,1273,4),(4890,1303,4),(4890,2470,7),(4890,2728,7),(4890,2729,7),(4890,2730,7),(4890,2731,7),(4890,2741,7),(4890,2742,7),(4890,2743,7),(4890,2744,7),(4890,2732,20),(4890,2745,20),(4890,1260,33),(4890,1269,33),(4892,2733,1),(4892,2734,1),(4892,2747,1),(4892,1274,2),(4892,1278,2),(4892,1281,2),(4892,2735,2),(4892,2746,2),(4892,2748,2),(4892,1264,3),(4892,1265,3),(4892,1511,3),(4892,1520,3),(4892,1809,3),(4892,1273,4),(4892,1303,4),(4892,2757,6),(4892,2758,6),(4892,2769,6),(4892,2470,7),(4892,2759,7),(4892,2770,7),(4892,2760,20),(4892,2771,20),(4892,1260,32),(4892,1269,32),(4896,2733,1),(4896,2734,1),(4896,2747,1),(4896,1274,2),(4896,1278,2),(4896,1281,2),(4896,2735,2),(4896,2746,2),(4896,2748,2),(4896,1264,3),(4896,1265,3),(4896,1511,3),(4896,1520,3),(4896,1809,3),(4896,1273,4),(4896,1303,4),(4896,2783,6),(4896,2784,6),(4896,2796,6),(4896,2797,6),(4896,2470,7),(4896,2785,7),(4896,2786,7),(4896,2798,7),(4896,2799,7),(4896,2787,20),(4896,2800,20),(4896,1260,32),(4896,1269,32),(4917,1274,1),(4917,1278,1),(4917,2814,1),(4917,2815,1),(4917,2816,1),(4917,2824,1),(4917,2825,1),(4917,1264,2),(4917,1265,2),(4917,1512,2),(4917,1273,3),(4917,1281,3),(4917,1511,3),(4917,1520,3),(4917,1521,3),(4917,2812,7),(4917,2822,7),(4917,2813,20),(4917,2823,20),(4917,1789,33),(4917,1797,33),(4919,1274,1),(4919,1278,1),(4919,2814,1),(4919,2815,1),(4919,2816,1),(4919,2824,1),(4919,2825,1),(4919,1264,2),(4919,1265,2),(4919,1512,2),(4919,1273,3),(4919,1281,3),(4919,1511,3),(4919,1520,3),(4919,1521,3),(4919,2833,6),(4919,2834,6),(4919,2844,7),(4919,2835,20),(4919,2845,20),(4919,1789,32),(4919,1797,33),(4921,1274,1),(4921,1277,1),(4921,1278,1),(4921,2857,1),(4921,2858,1),(4921,2859,1),(4921,2867,1),(4921,2868,1),(4921,1281,2),(4921,1264,3),(4921,1265,3),(4921,1273,3),(4921,1511,3),(4921,1512,3),(4921,1520,3),(4921,1521,3),(4921,2855,6),(4921,2865,6),(4921,2856,20),(4921,2866,20),(4921,1789,32),(4921,1797,32),(4923,1274,1),(4923,1277,1),(4923,1278,1),(4923,2857,1),(4923,2858,1),(4923,2867,1),(4923,1281,2),(4923,1511,2),(4923,1520,2),(4923,1264,3),(4923,1265,3),(4923,1273,3),(4923,1512,3),(4923,1521,3),(4923,2855,6),(4923,2865,6),(4923,2877,20),(4923,2886,20),(4923,1789,32),(4923,1797,32),(4927,1267,1),(4927,1279,1),(4927,2901,1),(4927,2902,1),(4927,2915,1),(4927,2916,1),(4927,1264,2),(4927,1274,2),(4927,1278,2),(4927,1281,2),(4927,2903,2),(4927,2904,2),(4927,2917,2),(4927,2918,2),(4927,1265,3),(4927,1273,3),(4927,1511,3),(4927,1512,3),(4927,1520,3),(4927,1521,4),(4927,2897,7),(4927,2898,7),(4927,2899,7),(4927,2911,7),(4927,2912,7),(4927,2913,7),(4927,2900,20),(4927,2914,20),(4927,1789,33),(4927,1797,33),(4929,2929,1),(4929,2939,1),(4929,1274,2),(4929,1278,2),(4929,1281,2),(4929,1793,2),(4929,1800,2),(4929,1264,3),(4929,1265,3),(4929,1511,3),(4929,1512,3),(4929,1520,3),(4929,1809,3),(4929,1273,4),(4929,1303,4),(4929,1521,4),(4929,2927,7),(4929,2937,7),(4929,2928,20),(4929,2938,20),(4929,1789,33),(4929,1797,33),(4931,2929,1),(4931,2939,1),(4931,2953,1),(4931,1303,2),(4931,1793,2),(4931,1800,2),(4931,1809,2),(4931,2470,2),(4931,2733,2),(4931,2746,2),(4931,2964,2),(4931,2965,2),(4931,1511,3),(4931,1520,3),(4931,2952,3),(4931,2963,4),(4931,2949,6),(4931,2950,6),(4931,2960,7),(4931,2961,7),(4931,2951,20),(4931,2962,20),(4931,1789,32),(4931,1797,33),(4933,1264,1),(4933,1265,1),(4933,2976,1),(4933,2977,1),(4933,2978,1),(4933,2988,1),(4933,2989,1),(4933,2990,1),(4933,1273,2),(4933,1274,2),(4933,1278,2),(4933,1511,3),(4933,1512,3),(4933,1520,3),(4933,1521,4),(4933,2973,6),(4933,2974,6),(4933,2984,6),(4933,2985,6),(4933,2986,6),(4933,2975,20),(4933,2987,20),(4933,1789,32),(4933,1797,32),(4947,3001,1),(4947,3002,1),(4947,3013,1),(4947,10,2),(4947,25,2),(4947,45,2),(4947,522,3),(4947,1334,3),(4947,1347,3),(4947,3000,3),(4947,2431,4),(4947,3012,4),(4947,2997,7),(4947,2998,7),(4947,3008,7),(4947,3009,7),(4947,3010,7),(4947,2999,20),(4947,3011,20),(4947,388,33),(4947,389,33),(4947,463,33),(4947,464,33),(4959,3023,1),(4959,3033,1),(4959,1274,2),(4959,1278,2),(4959,1281,2),(4959,1264,3),(4959,1265,3),(4959,1267,3),(4959,1511,3),(4959,1520,3),(4959,1273,4),(4959,1279,4),(4959,3020,6),(4959,3021,6),(4959,3030,7),(4959,3031,7),(4959,3022,20),(4959,3032,20),(4959,1477,32),(4959,1478,32),(4959,1492,33),(4959,1493,33),(4963,3046,1),(4963,3057,1),(4963,1274,2),(4963,1278,2),(4963,1281,2),(4963,1264,3),(4963,1265,3),(4963,1267,3),(4963,1511,3),(4963,1520,3),(4963,1273,4),(4963,1279,4),(4963,3042,6),(4963,3043,6),(4963,3044,6),(4963,3053,6),(4963,3054,6),(4963,3055,6),(4963,3045,20),(4963,3056,20),(4963,1477,32),(4963,1478,32),(4963,1492,32),(4963,1493,32),(4965,45,1),(4965,2428,1),(4965,3071,1),(4965,3072,1),(4965,3082,1),(4965,3083,1),(4965,3084,1),(4965,522,3),(4965,1334,3),(4965,1347,3),(4965,2431,3),(4965,3070,3),(4965,3085,3),(4965,3066,7),(4965,3067,7),(4965,3068,7),(4965,3077,7),(4965,3078,7),(4965,3079,7),(4965,3080,7),(4965,3069,20),(4965,3081,20),(4965,388,33),(4965,389,33),(4965,463,33),(4965,464,33),(4979,3023,1),(4979,3033,1),(4979,1274,2),(4979,1278,2),(4979,1281,2),(4979,1264,3),(4979,1265,3),(4979,1267,3),(4979,1511,3),(4979,1520,3),(4979,1273,4),(4979,1279,4),(4979,3092,6),(4979,3093,6),(4979,3102,6),(4979,3103,6),(4979,3094,20),(4979,3104,20),(4979,1477,32),(4979,1478,32),(4979,1492,32),(4979,1493,32),(4983,450,1),(4983,1316,1),(4983,1334,1),(4983,3002,1),(4983,3118,1),(4983,3132,1),(4983,45,2),(4983,1337,2),(4983,522,3),(4983,1319,3),(4983,3070,3),(4983,2431,4),(4983,3085,4),(4983,430,7),(4983,3114,7),(4983,3115,7),(4983,3116,7),(4983,3127,7),(4983,3128,7),(4983,3129,7),(4983,3130,7),(4983,3117,20),(4983,3131,20),(4983,388,33),(4983,389,33),(4983,463,33),(4983,464,33),(4987,8,1),(4987,9,1),(4987,3142,1),(4987,3156,1),(4987,5,2),(4987,6,2),(4987,13,2),(4987,14,2),(4987,18,2),(4987,19,2),(4987,22,2),(4987,23,2),(4987,43,2),(4987,44,2),(4987,47,2),(4987,4,3),(4987,30,3),(4987,21,4),(4987,26,6),(4987,27,6),(4987,40,7),(4987,41,7),(4987,3141,20),(4987,3155,20),(4987,528,32),(4987,529,32),(4987,565,33),(4987,566,33),(5031,8,1),(5031,9,1),(5031,27,1),(5031,384,1),(5031,3142,1),(5031,5,2),(5031,6,2),(5031,13,2),(5031,14,2),(5031,18,2),(5031,19,2),(5031,22,2),(5031,23,2),(5031,43,2),(5031,44,2),(5031,47,2),(5031,4,3),(5031,30,3),(5031,21,4),(5031,2190,6),(5031,2206,6),(5031,2207,6),(5031,3169,20),(5031,3183,20),(5031,214,33),(5031,228,33),(5049,8,1),(5049,9,1),(5049,45,1),(5049,428,1),(5049,3199,1),(5049,3213,1),(5049,3214,1),(5049,3215,1),(5049,3216,1),(5049,3217,1),(5049,3218,1),(5049,3219,1),(5049,3220,1),(5049,3221,1),(5049,13,2),(5049,43,2),(5049,44,2),(5049,1251,2),(5049,1252,2),(5049,10,3),(5049,25,3),(5049,1233,3),(5049,1234,3),(5049,1238,3),(5049,1334,3),(5049,1347,3),(5049,3197,3),(5049,3198,3),(5049,3212,3),(5049,1254,4),(5049,3211,4),(5049,3195,6),(5049,1247,8),(5049,3196,20),(5049,3210,20),(5049,1440,32),(5049,1441,32),(5049,1458,33),(5049,1459,33),(5057,8,1),(5057,9,1),(5057,428,1),(5057,3213,1),(5057,3215,1),(5057,3216,1),(5057,3217,1),(5057,3218,1),(5057,3219,1),(5057,3220,1),(5057,3221,1),(5057,3235,1),(5057,13,2),(5057,43,2),(5057,44,2),(5057,1251,2),(5057,1252,2),(5057,10,3),(5057,25,3),(5057,1233,3),(5057,1234,3),(5057,1238,3),(5057,1334,3),(5057,1347,3),(5057,3197,3),(5057,3198,3),(5057,3212,3),(5057,1254,4),(5057,3211,4),(5057,3195,6),(5057,1247,8),(5057,3234,20),(5057,3249,20),(5057,1440,32),(5057,1441,32),(5057,1458,33),(5057,1459,33),(5058,8,1),(5058,9,1),(5058,45,1),(5058,428,1),(5058,1426,1),(5058,1464,1),(5058,3213,1),(5058,3215,1),(5058,3216,1),(5058,3217,1),(5058,3218,1),(5058,3219,1),(5058,3220,1),(5058,3221,1),(5058,3272,1),(5058,3287,1),(5058,13,2),(5058,43,2),(5058,44,2),(5058,1251,2),(5058,1252,2),(5058,10,3),(5058,25,3),(5058,1233,3),(5058,1234,3),(5058,1238,3),(5058,1334,3),(5058,1347,3),(5058,3197,3),(5058,3198,3),(5058,3212,3),(5058,1254,4),(5058,3211,4),(5058,3195,6),(5058,1247,7),(5058,3271,20),(5058,3286,20),(5058,1440,32),(5058,1441,32),(5058,1458,33),(5058,1459,33),(5113,8,1),(5113,9,1),(5113,516,1),(5113,517,1),(5113,1380,1),(5113,1381,1),(5113,1382,1),(5113,1440,1),(5113,3315,1),(5113,3316,1),(5113,3336,1),(5113,10,2),(5113,815,2),(5113,1334,2),(5113,1347,3),(5113,1126,4),(5113,1114,5),(5113,1171,6),(5113,3334,6),(5113,1139,7),(5113,1441,7),(5113,1459,7),(5113,3312,7),(5113,3313,7),(5113,3333,7),(5113,1,10),(5113,15,10),(5113,3314,20),(5113,3335,20),(5113,395,23),(5113,431,23),(5140,428,1),(5140,815,1),(5140,1315,1),(5140,1316,1),(5140,1317,1),(5140,1318,1),(5140,1330,1),(5140,1333,1),(5140,13,2),(5140,22,2),(5140,1320,2),(5140,1321,2),(5140,1331,2),(5140,1332,2),(5140,1338,2),(5140,1339,2),(5140,1777,2),(5140,1319,3),(5140,1337,3),(5140,3343,6),(5140,3344,6),(5140,3357,7),(5140,3358,7),(5140,3345,20),(5140,3359,20),(5140,1309,32),(5140,1310,32),(5140,1325,33),(5140,1326,33),(5141,428,1),(5141,815,1),(5141,1315,1),(5141,1316,1),(5141,1317,1),(5141,1318,1),(5141,1330,1),(5141,1333,1),(5141,1320,2),(5141,1321,2),(5141,1331,2),(5141,1332,2),(5141,1338,2),(5141,1339,2),(5141,1777,2),(5141,1319,3),(5141,1337,3),(5141,2307,6),(5141,3372,6),(5141,2320,7),(5141,3385,7),(5141,3373,20),(5141,3386,20),(5141,1309,32),(5141,1310,32),(5141,1325,33),(5141,1326,33),(5142,428,1),(5142,815,1),(5142,1315,1),(5142,1316,1),(5142,1317,1),(5142,1330,1),(5142,1334,1),(5142,1346,1),(5142,3401,1),(5142,3416,1),(5142,13,2),(5142,22,2),(5142,1320,2),(5142,1321,2),(5142,1331,2),(5142,1332,2),(5142,1337,2),(5142,1338,2),(5142,1339,2),(5142,1777,2),(5142,1319,3),(5142,2524,7),(5142,2539,7),(5142,3399,7),(5142,3414,7),(5142,3400,20),(5142,3415,20),(5142,1309,33),(5142,1310,33),(5142,1325,33),(5142,1326,33),(5144,1315,1),(5144,1316,1),(5144,1317,1),(5144,1330,1),(5144,1334,1),(5144,1607,1),(5144,1622,1),(5144,13,2),(5144,22,2),(5144,1320,2),(5144,1321,2),(5144,1331,2),(5144,1332,2),(5144,1337,2),(5144,1338,2),(5144,1339,2),(5144,1777,2),(5144,1319,3),(5144,2700,6),(5144,3430,6),(5144,2715,7),(5144,3443,7),(5144,3444,7),(5144,3431,20),(5144,3445,20),(5144,1309,32),(5144,1310,32),(5144,1325,33),(5144,1326,33),(5145,1315,1),(5145,1316,1),(5145,1317,1),(5145,1330,1),(5145,1334,1),(5145,1346,1),(5145,1607,1),(5145,1622,1),(5145,13,2),(5145,22,2),(5145,1320,2),(5145,1321,2),(5145,1331,2),(5145,1332,2),(5145,1337,2),(5145,1338,2),(5145,1339,2),(5145,1777,2),(5145,1319,3),(5145,2700,7),(5145,2715,7),(5145,3430,7),(5145,3443,7),(5145,3459,7),(5145,3474,7),(5145,3460,20),(5145,3475,20),(5145,1309,33),(5145,1310,33),(5145,1325,33),(5145,1326,33),(5146,1315,1),(5146,1316,1),(5146,1317,1),(5146,1330,1),(5146,1607,1),(5146,1622,1),(5146,13,2),(5146,22,2),(5146,1320,2),(5146,1321,2),(5146,1331,2),(5146,1332,2),(5146,1777,2),(5146,1319,3),(5146,1337,3),(5146,2700,6),(5146,3430,6),(5146,3490,6),(5146,2715,7),(5146,3443,7),(5146,3504,7),(5146,3491,20),(5146,3505,20),(5146,1309,32),(5146,1310,32),(5146,1325,33),(5146,1326,33),(5162,8,1),(5162,9,1),(5162,1248,1),(5162,3518,1),(5162,3532,1),(5162,13,2),(5162,43,2),(5162,44,2),(5162,1234,2),(5162,1237,2),(5162,1238,2),(5162,1239,2),(5162,1251,2),(5162,1252,2),(5162,1253,2),(5162,1254,2),(5162,1255,2),(5162,10,3),(5162,25,3),(5162,1334,3),(5162,1347,3),(5162,1426,8),(5162,1233,9),(5162,3517,20),(5162,3531,20),(5162,1440,32),(5162,1441,32),(5162,1458,33),(5162,1459,33),(5163,8,1),(5163,9,1),(5163,2057,1),(5163,3547,1),(5163,3561,1),(5163,13,2),(5163,43,2),(5163,44,2),(5163,1234,2),(5163,1237,2),(5163,1238,2),(5163,1239,2),(5163,1251,2),(5163,1252,2),(5163,1253,2),(5163,1254,2),(5163,1255,2),(5163,10,3),(5163,25,3),(5163,1334,3),(5163,1347,3),(5163,1426,8),(5163,1233,9),(5163,3546,20),(5163,3560,20),(5163,1440,32),(5163,1441,32),(5163,1458,33),(5163,1459,33),(5164,8,1),(5164,9,1),(5164,2057,1),(5164,3547,1),(5164,3561,1),(5164,3576,1),(5164,10,2),(5164,13,2),(5164,43,2),(5164,44,2),(5164,1234,2),(5164,1237,2),(5164,1238,2),(5164,1239,2),(5164,1251,2),(5164,1252,2),(5164,1253,2),(5164,1254,2),(5164,1255,2),(5164,25,3),(5164,1334,3),(5164,1347,3),(5164,1426,8),(5164,1233,9),(5164,3575,20),(5164,3590,20),(5164,1440,32),(5164,1441,32),(5164,1458,33),(5164,1459,33),(5165,8,1),(5165,9,1),(5165,2057,1),(5165,3547,1),(5165,3561,1),(5165,13,2),(5165,43,2),(5165,44,2),(5165,1234,2),(5165,1237,2),(5165,1238,2),(5165,1239,2),(5165,1251,2),(5165,1252,2),(5165,1253,2),(5165,1254,2),(5165,1255,2),(5165,10,3),(5165,25,3),(5165,1334,3),(5165,1347,3),(5165,1426,8),(5165,1233,9),(5165,3605,20),(5165,3619,20),(5165,1440,32),(5165,1441,32),(5165,1458,33),(5165,1459,33),(5166,8,1),(5166,9,1),(5166,2057,1),(5166,3547,1),(5166,3561,1),(5166,13,2),(5166,43,2),(5166,44,2),(5166,1234,2),(5166,1237,2),(5166,1238,2),(5166,1239,2),(5166,1251,2),(5166,1252,2),(5166,1253,2),(5166,1254,2),(5166,1255,2),(5166,1426,2),(5166,10,3),(5166,25,3),(5166,1233,3),(5166,1334,3),(5166,1347,3),(5166,3635,6),(5166,3649,7),(5166,3636,20),(5166,3650,20),(5166,3634,32),(5166,3648,33),(5169,8,1),(5169,9,1),(5169,2057,1),(5169,3547,1),(5169,3561,1),(5169,13,2),(5169,43,2),(5169,44,2),(5169,1234,2),(5169,1237,2),(5169,1238,2),(5169,1239,2),(5169,1251,2),(5169,1252,2),(5169,1253,2),(5169,1254,2),(5169,1255,2),(5169,10,3),(5169,25,3),(5169,1334,3),(5169,1347,3),(5169,1426,8),(5169,1233,9),(5169,3664,20),(5169,3677,20),(5169,3663,32),(5169,3676,33),(5170,8,1),(5170,9,1),(5170,2057,1),(5170,3547,1),(5170,3561,1),(5170,3576,1),(5170,10,2),(5170,13,2),(5170,43,2),(5170,44,2),(5170,1237,2),(5170,1238,2),(5170,1239,2),(5170,1253,2),(5170,1254,2),(5170,1255,2),(5170,25,3),(5170,1334,3),(5170,1347,3),(5170,1233,9),(5170,1426,10),(5170,3690,20),(5170,3703,20),(5170,3663,33),(5170,3676,33),(5286,3719,1),(5286,3728,1),(5286,632,2),(5286,704,2),(5286,714,2),(5286,694,3),(5286,695,3),(5286,963,3),(5286,2151,3),(5286,2162,3),(5286,703,4),(5286,754,4),(5286,3716,7),(5286,3717,7),(5286,3725,7),(5286,3726,7),(5286,3718,20),(5286,3727,20),(5286,3715,33),(5286,3724,33),(5299,3719,1),(5299,3728,1),(5299,632,2),(5299,704,2),(5299,714,2),(5299,694,3),(5299,695,3),(5299,963,3),(5299,2151,3),(5299,2162,3),(5299,703,4),(5299,754,4),(5299,3716,7),(5299,3717,7),(5299,3725,7),(5299,3726,7),(5299,3735,20),(5299,3744,20),(5299,3715,33),(5299,3724,33),(5301,3728,1),(5301,632,2),(5301,694,2),(5301,695,2),(5301,704,2),(5301,714,2),(5301,963,2),(5301,2151,2),(5301,2162,3),(5301,703,4),(5301,754,4),(5301,3716,6),(5301,3717,6),(5301,3725,7),(5301,3726,7),(5301,3755,20),(5301,3763,20),(5301,3715,32),(5301,3724,33),(5302,3719,1),(5302,3728,1),(5302,632,2),(5302,704,2),(5302,714,2),(5302,694,3),(5302,695,3),(5302,963,3),(5302,2151,3),(5302,2162,3),(5302,703,4),(5302,754,4),(5302,3716,7),(5302,3717,7),(5302,3725,7),(5302,3726,7),(5302,3774,20),(5302,3783,20),(5302,3715,33),(5302,3724,33),(5303,3719,1),(5303,3728,1),(5303,632,2),(5303,704,2),(5303,714,2),(5303,694,3),(5303,695,3),(5303,963,3),(5303,2151,3),(5303,2162,3),(5303,703,4),(5303,754,4),(5303,3716,7),(5303,3717,7),(5303,3725,7),(5303,3726,7),(5303,3794,20),(5303,3803,20),(5303,3715,33),(5303,3724,33),(5432,1274,1),(5432,3816,1),(5432,3824,1),(5432,1281,2),(5432,3817,2),(5432,3825,2),(5432,1264,3),(5432,1265,3),(5432,1268,3),(5432,1273,3),(5432,1282,3),(5432,3814,6),(5432,3822,7),(5432,3815,20),(5432,3823,20),(5432,1789,32),(5432,1797,33),(5440,3837,1),(5440,3838,1),(5440,3839,1),(5440,3853,1),(5440,1278,2),(5440,2126,2),(5440,2136,2),(5440,3841,2),(5440,3851,2),(5440,3852,2),(5440,3855,2),(5440,1806,3),(5440,1809,3),(5440,3840,3),(5440,3854,3),(5440,1303,4),(5440,1817,4),(5440,3832,6),(5440,3833,6),(5440,3834,6),(5440,3835,6),(5440,3846,6),(5440,3847,6),(5440,3848,6),(5440,3849,6),(5440,3836,20),(5440,3850,20),(5440,3831,32),(5440,3845,32),(5442,3837,1),(5442,3838,1),(5442,3839,1),(5442,3853,1),(5442,1278,2),(5442,2126,2),(5442,2136,2),(5442,3841,2),(5442,3851,2),(5442,3852,2),(5442,3855,2),(5442,1806,3),(5442,1809,3),(5442,3840,3),(5442,3854,3),(5442,1303,4),(5442,1817,4),(5442,3860,6),(5442,3861,6),(5442,3872,6),(5442,3873,6),(5442,3874,6),(5442,3862,20),(5442,3875,20),(5442,3831,32),(5442,3845,32),(5445,8,1),(5445,9,1),(5445,815,1),(5445,1330,1),(5445,1606,1),(5445,1607,1),(5445,1621,1),(5445,1622,1),(5445,10,2),(5445,43,2),(5445,44,2),(5445,1577,2),(5445,25,3),(5445,1334,3),(5445,1347,3),(5445,1375,3),(5445,1591,3),(5445,1399,4),(5445,3886,6),(5445,3887,6),(5445,3900,7),(5445,3901,7),(5445,3888,20),(5445,3902,20),(5445,1309,32),(5445,1310,32),(5445,1325,33),(5445,1326,33),(5453,8,1),(5453,9,1),(5453,25,1),(5453,45,1),(5453,1330,1),(5453,1607,1),(5453,1622,1),(5453,1752,1),(5453,3916,1),(5453,3928,1),(5453,10,2),(5453,43,2),(5453,44,2),(5453,1738,2),(5453,1375,3),(5453,1976,3),(5453,1989,3),(5453,1399,4),(5453,3914,6),(5453,3926,7),(5453,3915,20),(5453,3927,20),(5453,1309,32),(5453,1310,32),(5453,1325,33),(5453,1326,33),(5455,8,1),(5455,9,1),(5455,45,1),(5455,1330,1),(5455,1346,1),(5455,1607,1),(5455,1622,1),(5455,3943,1),(5455,3957,1),(5455,10,2),(5455,43,2),(5455,44,2),(5455,1378,2),(5455,25,3),(5455,1375,3),(5455,1395,3),(5455,3944,3),(5455,3958,3),(5455,1399,4),(5455,3940,7),(5455,3941,7),(5455,3954,7),(5455,3955,7),(5455,3942,20),(5455,3956,20),(5455,1309,33),(5455,1310,33),(5455,1325,33),(5455,1326,33),(5459,8,1),(5459,9,1),(5459,45,1),(5459,1330,1),(5459,1606,1),(5459,1607,1),(5459,1621,1),(5459,1622,1),(5459,10,2),(5459,43,2),(5459,44,2),(5459,1577,2),(5459,25,3),(5459,1334,3),(5459,1347,3),(5459,1375,3),(5459,1591,3),(5459,1399,4),(5459,3969,6),(5459,3970,6),(5459,3971,6),(5459,3972,6),(5459,3984,7),(5459,3985,7),(5459,3986,7),(5459,3987,7),(5459,3973,20),(5459,3988,20),(5459,1309,32),(5459,1310,32),(5459,1325,33),(5459,1326,33),(5487,8,1),(5487,9,1),(5487,1330,1),(5487,1346,1),(5487,1607,1),(5487,1622,1),(5487,4005,1),(5487,4020,1),(5487,10,2),(5487,43,2),(5487,44,2),(5487,1375,2),(5487,4006,2),(5487,25,3),(5487,1334,3),(5487,1347,3),(5487,1399,3),(5487,4021,3),(5487,2428,7),(5487,3886,7),(5487,3900,7),(5487,4001,7),(5487,4002,7),(5487,4003,7),(5487,4017,7),(5487,4018,7),(5487,4004,20),(5487,4019,20),(5487,1309,33),(5487,1310,33),(5487,1325,33),(5487,1326,33),(5497,8,1),(5497,9,1),(5497,1330,1),(5497,1346,1),(5497,1607,1),(5497,1622,1),(5497,4005,1),(5497,4020,1),(5497,10,2),(5497,43,2),(5497,44,2),(5497,1375,2),(5497,4006,2),(5497,25,3),(5497,1334,3),(5497,1347,3),(5497,1399,3),(5497,4021,3),(5497,2428,7),(5497,3886,7),(5497,3900,7),(5497,4001,7),(5497,4033,7),(5497,4034,7),(5497,4049,7),(5497,4050,7),(5497,4035,20),(5497,4051,20),(5497,1309,33),(5497,1310,33),(5497,1325,33),(5497,1326,33),(5499,8,1),(5499,9,1),(5499,1330,1),(5499,1346,1),(5499,1607,1),(5499,1622,1),(5499,4005,1),(5499,4020,1),(5499,10,2),(5499,43,2),(5499,44,2),(5499,1375,2),(5499,4006,2),(5499,25,3),(5499,1334,3),(5499,1347,3),(5499,1399,3),(5499,4021,3),(5499,1602,7),(5499,1617,7),(5499,2428,7),(5499,3886,7),(5499,3900,7),(5499,4001,7),(5499,4065,7),(5499,4081,7),(5499,4066,20),(5499,4082,20),(5499,1309,33),(5499,1310,33),(5499,1325,33),(5499,1326,33),(5500,8,1),(5500,9,1),(5500,1330,1),(5500,1346,1),(5500,1607,1),(5500,1622,1),(5500,4005,1),(5500,4020,1),(5500,10,2),(5500,43,2),(5500,44,2),(5500,1375,2),(5500,4006,2),(5500,25,3),(5500,1334,3),(5500,1347,3),(5500,1399,3),(5500,4021,3),(5500,2428,7),(5500,3886,7),(5500,3900,7),(5500,4001,7),(5500,4097,7),(5500,4098,7),(5500,4113,7),(5500,4114,7),(5500,4099,20),(5500,4115,20),(5500,1309,33),(5500,1310,33),(5500,1325,33),(5500,1326,33),(5502,8,1),(5502,9,1),(5502,1607,1),(5502,1622,1),(5502,4005,1),(5502,4020,1),(5502,10,2),(5502,43,2),(5502,44,2),(5502,1375,2),(5502,4006,2),(5502,25,3),(5502,1334,3),(5502,1347,3),(5502,1399,3),(5502,4021,3),(5502,2428,7),(5502,3886,7),(5502,3900,7),(5502,4001,7),(5502,4129,7),(5502,4144,7),(5502,1330,8),(5502,1346,8),(5502,4130,20),(5502,4145,20),(5502,1309,33),(5502,1310,33),(5502,1325,33),(5502,1326,33),(5503,8,1),(5503,9,1),(5503,1330,1),(5503,1346,1),(5503,1607,1),(5503,1622,1),(5503,4005,1),(5503,4020,1),(5503,10,2),(5503,43,2),(5503,44,2),(5503,1375,2),(5503,4006,2),(5503,25,3),(5503,1334,3),(5503,1347,3),(5503,1399,3),(5503,4021,3),(5503,2428,7),(5503,3886,7),(5503,3900,7),(5503,4001,7),(5503,4159,7),(5503,4174,7),(5503,4160,20),(5503,4175,20),(5503,1309,33),(5503,1310,33),(5503,1325,33),(5503,1326,33),(5522,45,1),(5522,523,1),(5522,1380,1),(5522,2424,1),(5522,3218,1),(5522,3219,1),(5522,3220,1),(5522,3336,1),(5522,4193,1),(5522,4194,1),(5522,4195,1),(5522,4197,1),(5522,4198,1),(5522,4199,1),(5522,4211,1),(5522,4212,1),(5522,13,2),(5522,22,2),(5522,520,2),(5522,521,2),(5522,568,2),(5522,4196,2),(5522,4214,2),(5522,1334,3),(5522,1347,3),(5522,4200,4),(5522,4213,4),(5522,4190,7),(5522,4191,7),(5522,4208,7),(5522,4209,7),(5522,4192,20),(5522,4210,20),(5522,4207,33),(5522,4189,34),(5523,8,1),(5523,45,1),(5523,390,1),(5523,1316,1),(5523,1317,1),(5523,1332,1),(5523,1777,1),(5523,4229,1),(5523,4230,1),(5523,4231,1),(5523,4232,1),(5523,4247,1),(5523,4248,1),(5523,4249,1),(5523,1319,2),(5523,1337,2),(5523,4228,2),(5523,4233,2),(5523,4250,2),(5523,4246,3),(5523,1734,7),(5523,1748,7),(5523,4225,7),(5523,4226,7),(5523,4243,7),(5523,4244,7),(5523,4224,14),(5523,4242,14),(5523,4227,20),(5523,4245,20),(5523,1309,33),(5523,1310,33),(5523,1325,33),(5523,1326,33),(5524,8,1),(5524,24,1),(5524,1380,1),(5524,2205,1),(5524,3315,1),(5524,3316,1),(5524,4194,1),(5524,4262,1),(5524,4286,1),(5524,4289,1),(5524,10,2),(5524,45,2),(5524,450,2),(5524,517,2),(5524,815,2),(5524,1126,2),(5524,1139,2),(5524,1316,2),(5524,1334,2),(5524,2000,2),(5524,2023,2),(5524,3313,2),(5524,4193,2),(5524,4264,2),(5524,4265,2),(5524,4287,2),(5524,4288,2),(5524,4290,2),(5524,4291,2),(5524,4293,2),(5524,4294,2),(5524,1114,3),(5524,1347,3),(5524,430,6),(5524,4263,6),(5524,4283,6),(5524,4284,6),(5524,4292,6),(5524,4259,7),(5524,4260,7),(5524,4261,20),(5524,4285,20),(5524,4282,32),(5524,4258,33),(5527,1172,1),(5527,1316,1),(5527,1332,1),(5527,1394,1),(5527,1963,1),(5527,3217,1),(5527,4306,1),(5527,4307,1),(5527,4308,1),(5527,4309,1),(5527,4310,1),(5527,4312,1),(5527,4313,1),(5527,4323,1),(5527,4324,1),(5527,4325,1),(5527,4326,1),(5527,4327,1),(5527,45,2),(5527,450,2),(5527,822,2),(5527,1140,2),(5527,4305,2),(5527,4311,2),(5527,4314,2),(5527,4328,2),(5527,814,3),(5527,828,3),(5527,830,3),(5527,4303,6),(5527,4321,7),(5527,4304,20),(5527,4322,20),(5527,4302,39),(5527,4320,41),(5530,22,1),(5530,26,1),(5530,44,1),(5530,45,1),(5530,379,1),(5530,390,1),(5530,1464,1),(5530,1852,1),(5530,2195,1),(5530,4339,1),(5530,4340,1),(5530,4341,1),(5530,4357,1),(5530,4359,1),(5530,4360,1),(5530,4361,1),(5530,13,2),(5530,43,2),(5530,1237,2),(5530,1238,2),(5530,1239,2),(5530,1247,2),(5530,4358,2),(5530,10,3),(5530,25,3),(5530,1253,3),(5530,1254,3),(5530,1255,3),(5530,1334,3),(5530,1347,3),(5530,1233,8),(5530,1426,8),(5530,1871,8),(5530,1855,9),(5530,4338,20),(5530,4356,20),(5530,4337,32),(5530,4355,33),(5564,8,1),(5564,9,1),(5564,44,1),(5564,1606,1),(5564,1660,1),(5564,4378,1),(5564,4391,1),(5564,4392,1),(5564,10,2),(5564,43,2),(5564,1577,2),(5564,1989,2),(5564,25,3),(5564,1375,3),(5564,1591,3),(5564,1976,3),(5564,1399,4),(5564,4375,7),(5564,4376,7),(5564,4388,7),(5564,4389,7),(5564,4377,20),(5564,4390,20),(5564,1309,33),(5564,1310,33),(5564,1325,33),(5564,1326,33),(5566,8,1),(5566,9,1),(5566,44,1),(5566,517,1),(5566,2527,1),(5566,2541,1),(5566,4406,1),(5566,4407,1),(5566,4424,1),(5566,10,2),(5566,43,2),(5566,2528,2),(5566,25,3),(5566,1334,3),(5566,1347,3),(5566,1375,3),(5566,2542,3),(5566,1399,4),(5566,1339,7),(5566,4402,7),(5566,4403,7),(5566,4404,7),(5566,4420,7),(5566,4421,7),(5566,4422,7),(5566,1321,8),(5566,1309,13),(5566,1310,13),(5566,1325,13),(5566,1326,13),(5566,4405,20),(5566,4423,20),(5566,431,26),(5566,395,27),(5568,8,1),(5568,9,1),(5568,517,1),(5568,573,1),(5568,1173,1),(5568,2527,1),(5568,2541,1),(5568,4406,1),(5568,4407,1),(5568,4424,1),(5568,4456,1),(5568,10,2),(5568,43,2),(5568,44,2),(5568,2528,2),(5568,25,3),(5568,1334,3),(5568,1347,3),(5568,1375,3),(5568,2542,3),(5568,1399,4),(5568,1321,7),(5568,1339,7),(5568,4402,7),(5568,4403,7),(5568,4420,7),(5568,4421,7),(5568,4436,7),(5568,4454,7),(5568,1309,13),(5568,1310,13),(5568,1325,13),(5568,1326,13),(5568,4437,20),(5568,4455,20),(5568,395,27),(5568,431,27),(5578,2901,1),(5578,2915,1),(5578,4476,1),(5578,4487,1),(5578,1264,2),(5578,1274,2),(5578,1278,2),(5578,1281,2),(5578,1265,3),(5578,1267,3),(5578,1273,3),(5578,1511,3),(5578,1520,3),(5578,1266,4),(5578,1279,4),(5578,1280,4),(5578,4473,7),(5578,4474,7),(5578,4484,7),(5578,4485,7),(5578,4475,20),(5578,4486,20),(5578,1260,33),(5578,1269,33),(5580,2901,1),(5580,2915,1),(5580,4499,1),(5580,4510,1),(5580,1264,2),(5580,1274,2),(5580,1278,2),(5580,1281,2),(5580,2126,2),(5580,2136,2),(5580,4500,2),(5580,4511,2),(5580,1265,3),(5580,1267,3),(5580,1273,3),(5580,1511,3),(5580,1520,3),(5580,1279,4),(5580,4497,7),(5580,4508,7),(5580,4498,20),(5580,4509,20),(5580,1260,33),(5580,1269,33),(5582,2901,1),(5582,2915,1),(5582,4499,1),(5582,4510,1),(5582,1264,2),(5582,1274,2),(5582,1278,2),(5582,1281,2),(5582,2126,2),(5582,2136,2),(5582,4500,2),(5582,4511,2),(5582,1265,3),(5582,1267,3),(5582,1273,3),(5582,1511,3),(5582,1520,3),(5582,1279,4),(5582,3021,7),(5582,3031,7),(5582,4521,7),(5582,4522,7),(5582,4534,7),(5582,4535,7),(5582,4523,20),(5582,4536,20),(5582,1260,33),(5582,1269,33),(5589,8,1),(5589,9,1),(5589,25,1),(5589,44,1),(5589,45,1),(5589,1464,1),(5589,4552,1),(5589,4553,1),(5589,4568,1),(5589,4569,1),(5589,10,2),(5589,13,2),(5589,43,2),(5589,1237,2),(5589,1238,2),(5589,1239,2),(5589,1251,2),(5589,1252,2),(5589,1253,2),(5589,1254,2),(5589,1255,2),(5589,1426,2),(5589,1660,2),(5589,1233,3),(5589,1234,3),(5589,1319,3),(5589,1337,3),(5589,4549,7),(5589,4550,7),(5589,4565,7),(5589,4566,7),(5589,4551,20),(5589,4567,20),(5589,3634,33),(5589,3648,33),(5595,8,1),(5595,9,1),(5595,25,1),(5595,44,1),(5595,1660,1),(5595,4552,1),(5595,4553,1),(5595,4568,1),(5595,4569,1),(5595,10,2),(5595,13,2),(5595,43,2),(5595,1237,2),(5595,1238,2),(5595,1239,2),(5595,1251,2),(5595,1252,2),(5595,1253,2),(5595,1254,2),(5595,1255,2),(5595,1426,2),(5595,1233,3),(5595,1234,3),(5595,1319,3),(5595,1337,3),(5595,4584,7),(5595,4585,7),(5595,4600,7),(5595,4601,7),(5595,4586,20),(5595,4602,20),(5595,3634,33),(5595,3648,33),(5683,8,1),(5683,9,1),(5683,3518,1),(5683,3532,1),(5683,13,2),(5683,25,2),(5683,43,2),(5683,44,2),(5683,1234,2),(5683,1237,2),(5683,1238,2),(5683,1239,2),(5683,1248,2),(5683,1251,2),(5683,1252,2),(5683,1253,2),(5683,1254,2),(5683,1255,2),(5683,1426,2),(5683,10,3),(5683,1233,3),(5683,1319,3),(5683,1337,3),(5683,4617,6),(5683,4618,6),(5683,4619,6),(5683,4633,7),(5683,4620,20),(5683,4634,20),(5683,3634,32),(5683,3648,33),(5703,8,1),(5703,9,1),(5703,43,1),(5703,44,1),(5703,1248,1),(5703,1426,1),(5703,3518,1),(5703,13,2),(5703,25,2),(5703,1234,2),(5703,1237,2),(5703,1238,2),(5703,1239,2),(5703,1251,2),(5703,1252,2),(5703,1253,2),(5703,1254,2),(5703,1255,2),(5703,1337,2),(5703,10,3),(5703,1233,3),(5703,1319,3),(5703,4648,6),(5703,4649,6),(5703,4663,6),(5703,4664,6),(5703,4650,20),(5703,4665,20),(5703,3634,32),(5703,3648,32),(5722,8,1),(5722,9,1),(5722,4682,1),(5722,4698,1),(5722,10,2),(5722,13,2),(5722,25,2),(5722,43,2),(5722,44,2),(5722,1237,2),(5722,1238,2),(5722,1239,2),(5722,1247,2),(5722,1251,2),(5722,1252,2),(5722,1253,2),(5722,1254,2),(5722,1255,2),(5722,1233,3),(5722,1234,3),(5722,1334,3),(5722,1347,3),(5722,4678,7),(5722,4679,7),(5722,4680,7),(5722,4694,7),(5722,4695,7),(5722,4696,7),(5722,4681,20),(5722,4697,20),(5722,3634,33),(5722,3648,33),(5740,8,1),(5740,9,1),(5740,25,1),(5740,4552,1),(5740,4568,1),(5740,4712,1),(5740,4728,1),(5740,10,2),(5740,13,2),(5740,43,2),(5740,44,2),(5740,1234,2),(5740,1237,2),(5740,1238,2),(5740,1239,2),(5740,1251,2),(5740,1252,2),(5740,1253,2),(5740,1254,2),(5740,1255,2),(5740,1319,3),(5740,1337,3),(5740,1426,7),(5740,4710,7),(5740,4726,7),(5740,1233,9),(5740,4711,20),(5740,4727,20),(5740,1947,33),(5740,1948,33),(5740,1959,33),(5740,1960,33),(5744,8,1),(5744,9,1),(5744,25,1),(5744,4568,1),(5744,4712,1),(5744,4728,1),(5744,13,2),(5744,43,2),(5744,44,2),(5744,1237,2),(5744,1238,2),(5744,1239,2),(5744,1251,2),(5744,1252,2),(5744,1253,2),(5744,1254,2),(5744,1255,2),(5744,10,3),(5744,1234,3),(5744,1319,3),(5744,1337,3),(5744,4742,6),(5744,1426,7),(5744,4757,7),(5744,1233,9),(5744,4743,20),(5744,4758,20),(5744,1947,32),(5744,1948,32),(5744,1959,33),(5744,1960,33),(5756,8,1),(5756,9,1),(5756,2583,1),(5756,4698,1),(5756,43,2),(5756,44,2),(5756,1247,2),(5756,1251,2),(5756,1252,2),(5756,4776,2),(5756,1233,3),(5756,1234,3),(5756,1334,3),(5756,1347,3),(5756,4773,7),(5756,4774,7),(5756,4784,7),(5756,4785,7),(5756,4775,20),(5756,4786,20),(5756,3634,33),(5756,3648,33),(5757,8,1),(5757,9,1),(5757,3195,1),(5757,4682,1),(5757,4698,1),(5757,10,2),(5757,43,2),(5757,44,2),(5757,1233,2),(5757,1234,2),(5757,1247,2),(5757,1251,2),(5757,1252,2),(5757,1334,3),(5757,1347,3),(5757,4795,7),(5757,4796,7),(5757,4807,7),(5757,4808,7),(5757,4797,20),(5757,4809,20),(5757,3634,33),(5757,3648,33),(5758,8,1),(5758,9,1),(5758,3195,1),(5758,4682,1),(5758,4698,1),(5758,10,2),(5758,43,2),(5758,44,2),(5758,1233,2),(5758,1234,2),(5758,1247,2),(5758,1251,2),(5758,1252,2),(5758,1334,3),(5758,1347,3),(5758,4818,7),(5758,4829,7),(5758,4819,20),(5758,4830,20),(5758,3634,33),(5758,3648,33),(5759,8,1),(5759,9,1),(5759,3195,1),(5759,4682,1),(5759,4698,1),(5759,10,2),(5759,43,2),(5759,44,2),(5759,1233,2),(5759,1234,2),(5759,1247,2),(5759,1251,2),(5759,1252,2),(5759,1334,3),(5759,1347,3),(5759,4839,7),(5759,4840,7),(5759,4851,7),(5759,4841,20),(5759,4852,20),(5759,3634,33),(5759,3648,33),(5763,8,1),(5763,9,1),(5763,2040,1),(5763,2058,1),(5763,13,2),(5763,25,2),(5763,43,2),(5763,44,2),(5763,1234,2),(5763,1238,2),(5763,1251,2),(5763,1252,2),(5763,1254,2),(5763,1426,2),(5763,2057,2),(5763,10,3),(5763,1233,3),(5763,1237,3),(5763,1239,3),(5763,1319,3),(5763,1337,3),(5763,1253,4),(5763,1255,4),(5763,383,6),(5763,4861,6),(5763,4876,7),(5763,4877,7),(5763,4862,20),(5763,4878,20),(5763,1,32),(5763,15,33),(5776,8,1),(5776,9,1),(5776,4893,1),(5776,4908,1),(5776,13,2),(5776,25,2),(5776,43,2),(5776,44,2),(5776,1238,2),(5776,1254,2),(5776,2057,2),(5776,10,3),(5776,1233,3),(5776,1237,3),(5776,1239,3),(5776,1319,3),(5776,1337,3),(5776,1253,4),(5776,1255,4),(5776,1426,4),(5776,1442,6),(5776,1443,6),(5776,1460,7),(5776,1461,7),(5776,4892,20),(5776,4907,20),(5776,1440,32),(5776,1441,32),(5776,1458,33),(5776,1459,33),(5777,8,1),(5777,9,1),(5777,2583,1),(5777,2595,1),(5777,3576,1),(5777,10,2),(5777,13,2),(5777,25,2),(5777,43,2),(5777,44,2),(5777,1237,2),(5777,1238,2),(5777,1239,2),(5777,1253,2),(5777,1254,2),(5777,1255,2),(5777,2057,2),(5777,1233,3),(5777,1319,3),(5777,1337,3),(5777,1426,4),(5777,4922,7),(5777,4937,7),(5777,4923,20),(5777,4938,20),(5777,1947,33),(5777,1948,33),(5777,1959,33),(5777,1960,33),(5778,8,1),(5778,9,1),(5778,2583,1),(5778,2595,1),(5778,4955,1),(5778,10,2),(5778,13,2),(5778,25,2),(5778,43,2),(5778,44,2),(5778,1238,2),(5778,1254,2),(5778,2057,2),(5778,1233,3),(5778,1237,3),(5778,1239,3),(5778,1319,3),(5778,1337,3),(5778,1253,4),(5778,1255,4),(5778,1426,4),(5778,4952,6),(5778,4953,6),(5778,4967,7),(5778,4968,7),(5778,4954,20),(5778,4969,20),(5778,4951,32),(5778,4966,33),(5779,8,1),(5779,9,1),(5779,2057,1),(5779,2583,1),(5779,2595,1),(5779,3213,1),(5779,13,2),(5779,25,2),(5779,43,2),(5779,44,2),(5779,1254,2),(5779,10,3),(5779,1233,3),(5779,1237,3),(5779,1238,3),(5779,1239,3),(5779,1319,3),(5779,1337,3),(5779,1253,4),(5779,1255,4),(5779,1426,4),(5779,4980,6),(5779,4981,6),(5779,4994,7),(5779,4995,7),(5779,4982,20),(5779,4996,20),(5779,4951,32),(5779,4966,33),(5824,8,1),(5824,9,1),(5824,1330,1),(5824,1607,1),(5824,1622,1),(5824,5012,1),(5824,43,2),(5824,44,2),(5824,45,2),(5824,5023,2),(5824,1334,3),(5824,1347,3),(5824,1375,3),(5824,1399,4),(5824,5009,6),(5824,5010,6),(5824,5020,7),(5824,5021,7),(5824,5011,20),(5824,5022,20),(5824,1309,32),(5824,1310,32),(5824,1325,33),(5824,1326,33),(5864,8,1),(5864,9,1),(5864,1330,1),(5864,1607,1),(5864,1622,1),(5864,4005,1),(5864,4020,1),(5864,10,2),(5864,43,2),(5864,44,2),(5864,4006,2),(5864,25,3),(5864,1334,3),(5864,1347,3),(5864,1375,3),(5864,4021,3),(5864,1399,4),(5864,4406,6),(5864,5033,6),(5864,5034,6),(5864,5047,7),(5864,5048,7),(5864,5035,20),(5864,5049,20),(5864,1309,32),(5864,1310,32),(5864,1325,33),(5864,1326,33),(5865,8,1),(5865,9,1),(5865,1330,1),(5865,1607,1),(5865,1622,1),(5865,4005,1),(5865,4020,1),(5865,10,2),(5865,43,2),(5865,44,2),(5865,4006,2),(5865,25,3),(5865,1334,3),(5865,1347,3),(5865,1375,3),(5865,4021,3),(5865,1399,4),(5865,4406,6),(5865,5033,6),(5865,5034,6),(5865,5047,7),(5865,5048,7),(5865,5061,20),(5865,5075,20),(5865,1309,32),(5865,1310,32),(5865,1325,33),(5865,1326,33),(5867,8,1),(5867,9,1),(5867,1330,1),(5867,1590,1),(5867,1607,1),(5867,1622,1),(5867,5093,1),(5867,5107,1),(5867,10,2),(5867,43,2),(5867,44,2),(5867,5094,2),(5867,25,3),(5867,1319,3),(5867,1337,3),(5867,1375,3),(5867,1399,3),(5867,5108,3),(5867,5089,6),(5867,5090,6),(5867,5091,6),(5867,5103,7),(5867,5104,7),(5867,5105,7),(5867,5092,20),(5867,5106,20),(5867,1309,32),(5867,1310,32),(5867,1325,33),(5867,1326,33),(5875,8,1),(5875,9,1),(5875,1330,1),(5875,1590,1),(5875,1607,1),(5875,1622,1),(5875,5093,1),(5875,5107,1),(5875,10,2),(5875,43,2),(5875,44,2),(5875,5094,2),(5875,25,3),(5875,1319,3),(5875,1337,3),(5875,1375,3),(5875,1399,3),(5875,5108,3),(5875,5089,6),(5875,5090,6),(5875,5119,6),(5875,5103,7),(5875,5104,7),(5875,5133,7),(5875,5120,20),(5875,5134,20),(5875,1309,32),(5875,1310,32),(5875,1325,33),(5875,1326,33),(5876,8,1),(5876,9,1),(5876,1330,1),(5876,1590,1),(5876,3943,1),(5876,3957,1),(5876,5151,1),(5876,5164,1),(5876,10,2),(5876,43,2),(5876,44,2),(5876,1378,2),(5876,25,3),(5876,1319,3),(5876,1337,3),(5876,1375,3),(5876,1395,3),(5876,1399,3),(5876,1604,6),(5876,5149,6),(5876,1619,7),(5876,5162,7),(5876,5150,20),(5876,5163,20),(5876,1309,32),(5876,1310,32),(5876,1325,33),(5876,1326,33),(5877,8,1),(5877,9,1),(5877,1330,1),(5877,1590,1),(5877,3943,1),(5877,3957,1),(5877,5151,1),(5877,5164,1),(5877,10,2),(5877,43,2),(5877,44,2),(5877,1378,2),(5877,25,3),(5877,1319,3),(5877,1337,3),(5877,1375,3),(5877,1395,3),(5877,1399,3),(5877,1604,6),(5877,5149,6),(5877,1619,7),(5877,5162,7),(5877,5177,20),(5877,5190,20),(5877,1309,32),(5877,1310,32),(5877,1325,33),(5877,1326,33),(5878,8,1),(5878,9,1),(5878,1330,1),(5878,1590,1),(5878,3943,1),(5878,3957,1),(5878,5151,1),(5878,5164,1),(5878,10,2),(5878,43,2),(5878,44,2),(5878,1378,2),(5878,25,3),(5878,1319,3),(5878,1337,3),(5878,1375,3),(5878,1395,3),(5878,1399,3),(5878,1604,6),(5878,5149,6),(5878,1619,7),(5878,5162,7),(5878,5205,20),(5878,5218,20),(5878,1309,32),(5878,1310,32),(5878,1325,33),(5878,1326,33),(5881,8,1),(5881,9,1),(5881,1330,1),(5881,1590,1),(5881,1607,1),(5881,1622,1),(5881,3943,1),(5881,3957,1),(5881,10,2),(5881,43,2),(5881,44,2),(5881,1378,2),(5881,25,3),(5881,1236,3),(5881,1250,3),(5881,1375,3),(5881,1395,3),(5881,1399,3),(5881,4710,6),(5881,5233,6),(5881,5234,6),(5881,4726,7),(5881,5247,7),(5881,5248,7),(5881,5235,20),(5881,5249,20),(5881,1309,32),(5881,1310,32),(5881,1325,33),(5881,1326,33),(5884,8,1),(5884,9,1),(5884,1330,1),(5884,1590,1),(5884,1607,1),(5884,1622,1),(5884,3943,1),(5884,3957,1),(5884,10,2),(5884,43,2),(5884,44,2),(5884,1378,2),(5884,25,3),(5884,1236,3),(5884,1250,3),(5884,1375,3),(5884,1395,3),(5884,1399,3),(5884,4710,6),(5884,5233,6),(5884,5263,6),(5884,4726,7),(5884,5247,7),(5884,5277,7),(5884,5264,20),(5884,5278,20),(5884,1309,32),(5884,1310,32),(5884,1325,33),(5884,1326,33),(5885,8,1),(5885,9,1),(5885,1330,1),(5885,1622,1),(5885,3943,1),(5885,3957,1),(5885,5295,1),(5885,10,2),(5885,43,2),(5885,44,2),(5885,1378,2),(5885,25,3),(5885,1236,3),(5885,1250,3),(5885,1375,3),(5885,1395,3),(5885,1399,4),(5885,5293,7),(5885,5305,7),(5885,5294,20),(5885,5306,20),(5885,1309,33),(5885,1310,33),(5885,1325,33),(5885,1326,33),(5899,8,1),(5899,9,1),(5899,2192,1),(5899,4340,1),(5899,4359,1),(5899,10,2),(5899,13,2),(5899,43,2),(5899,44,2),(5899,1237,2),(5899,1238,2),(5899,1239,2),(5899,1251,2),(5899,1252,2),(5899,1253,2),(5899,1254,2),(5899,1255,2),(5899,1426,2),(5899,1464,2),(5899,2284,2),(5899,5337,2),(5899,1233,3),(5899,1234,3),(5899,1319,3),(5899,1337,3),(5899,5318,6),(5899,5335,7),(5899,1,9),(5899,4337,9),(5899,15,10),(5899,4355,10),(5899,5319,20),(5899,5336,20),(5899,395,26),(5899,431,26),(5902,2857,1),(5902,2867,1),(5902,5354,1),(5902,5355,1),(5902,5366,1),(5902,5367,1),(5902,1274,2),(5902,1278,2),(5902,1281,2),(5902,1264,3),(5902,1265,3),(5902,1511,3),(5902,1512,3),(5902,1520,3),(5902,1273,4),(5902,1521,4),(5902,1285,6),(5902,1286,6),(5902,1295,6),(5902,1296,6),(5902,5353,20),(5902,5365,20),(5902,1283,32),(5902,1284,32),(5902,1293,32),(5902,1294,32),(5903,2857,1),(5903,2867,1),(5903,5354,1),(5903,5355,1),(5903,5366,1),(5903,5367,1),(5903,1274,2),(5903,1278,2),(5903,1281,2),(5903,1264,3),(5903,1265,3),(5903,1511,3),(5903,1512,3),(5903,1520,3),(5903,1273,4),(5903,1521,4),(5903,1285,6),(5903,1286,6),(5903,1295,6),(5903,1296,6),(5903,5379,20),(5903,5391,20),(5903,1283,32),(5903,1284,32),(5903,1293,32),(5903,1294,32),(5935,8,1),(5935,9,1),(5935,10,1),(5935,1234,1),(5935,3547,1),(5935,3561,1),(5935,13,2),(5935,43,2),(5935,44,2),(5935,1237,2),(5935,1238,2),(5935,1239,2),(5935,1253,2),(5935,1254,2),(5935,1255,2),(5935,2057,2),(5935,1233,3),(5935,1334,3),(5935,1347,3),(5935,1426,4),(5935,5405,6),(5935,5419,7),(5935,5406,20),(5935,5420,20),(5935,3634,32),(5935,3648,33),(5960,8,1),(5960,9,1),(5960,10,1),(5960,1234,1),(5960,3518,1),(5960,3532,1),(5960,43,2),(5960,44,2),(5960,1248,2),(5960,1233,3),(5960,1334,3),(5960,1347,3),(5960,1426,4),(5960,5431,6),(5960,5432,6),(5960,5442,7),(5960,5433,20),(5960,5443,20),(5960,3634,32),(5960,3648,33),(5980,1274,1),(5980,1278,1),(5980,4476,1),(5980,4487,1),(5980,1281,2),(5980,1264,3),(5980,1265,3),(5980,1273,3),(5980,1303,3),(5980,1809,3),(5980,3840,3),(5980,3854,3),(5980,1266,4),(5980,1280,4),(5980,5451,6),(5980,5452,6),(5980,5453,6),(5980,5462,6),(5980,5454,20),(5980,5463,20),(5980,1260,32),(5980,1269,32),(5982,1274,1),(5982,1278,1),(5982,4476,1),(5982,4487,1),(5982,1281,2),(5982,1264,3),(5982,1265,3),(5982,1273,3),(5982,1303,3),(5982,1809,3),(5982,3840,3),(5982,3854,3),(5982,1266,4),(5982,1280,4),(5982,5473,6),(5982,5474,6),(5982,5475,6),(5982,5484,6),(5982,5476,20),(5982,5485,20),(5982,1260,32),(5982,1269,32),(5988,1274,1),(5988,1278,1),(5988,5500,1),(5988,5501,1),(5988,5502,1),(5988,5512,1),(5988,5513,1),(5988,5514,1),(5988,5515,1),(5988,1281,2),(5988,1264,3),(5988,1265,3),(5988,1273,3),(5988,3840,3),(5988,3854,3),(5988,5498,3),(5988,5499,3),(5988,5510,3),(5988,5511,3),(5988,5495,6),(5988,5496,6),(5988,5507,6),(5988,5508,6),(5988,5497,20),(5988,5509,20),(5988,1260,32),(5988,1269,32),(5993,5500,1),(5993,5501,1),(5993,5502,1),(5993,5512,1),(5993,5513,1),(5993,5514,1),(5993,5515,1),(5993,1274,2),(5993,1278,2),(5993,1281,2),(5993,1264,3),(5993,1265,3),(5993,3840,3),(5993,3854,3),(5993,5498,3),(5993,5499,3),(5993,1273,4),(5993,5510,4),(5993,5511,4),(5993,5522,6),(5993,5523,6),(5993,5534,6),(5993,5535,6),(5993,5524,20),(5993,5536,20),(5993,1260,32),(5993,1269,32),(5994,5500,1),(5994,5501,1),(5994,5502,1),(5994,5512,1),(5994,5513,1),(5994,5514,1),(5994,5515,1),(5994,1274,2),(5994,1278,2),(5994,1281,2),(5994,1264,3),(5994,1265,3),(5994,3840,3),(5994,3854,3),(5994,5498,3),(5994,5499,3),(5994,1273,4),(5994,5510,4),(5994,5511,4),(5994,5549,6),(5994,5560,6),(5994,5550,20),(5994,5561,20),(5994,1260,32),(5994,1269,32),(5995,5502,1),(5995,5515,1),(5995,1274,2),(5995,1278,2),(5995,1281,2),(5995,5498,2),(5995,1264,3),(5995,1265,3),(5995,3840,3),(5995,3854,3),(5995,5499,3),(5995,5510,3),(5995,1273,4),(5995,5511,4),(5995,5574,6),(5995,5575,6),(5995,5584,6),(5995,5585,6),(5995,5576,20),(5995,5586,20),(5995,1260,32),(5995,1269,32),(6012,8,1),(6012,9,1),(6012,25,1),(6012,1330,1),(6012,1590,1),(6012,1606,1),(6012,1607,1),(6012,1622,1),(6012,4020,1),(6012,4021,1),(6012,43,2),(6012,44,2),(6012,1319,3),(6012,1337,3),(6012,1375,3),(6012,1399,3),(6012,1734,6),(6012,4225,6),(6012,4226,6),(6012,1748,7),(6012,4243,7),(6012,4244,7),(6012,4224,12),(6012,4242,14),(6012,5596,20),(6012,5609,20),(6012,1309,32),(6012,1310,32),(6012,1325,33),(6012,1326,33),(6017,8,1),(6017,9,1),(6017,25,1),(6017,44,1),(6017,1330,1),(6017,1590,1),(6017,1606,1),(6017,1607,1),(6017,1622,1),(6017,1660,1),(6017,5642,1),(6017,5643,1),(6017,10,2),(6017,43,2),(6017,5628,2),(6017,1319,3),(6017,1337,3),(6017,1375,3),(6017,1399,3),(6017,1734,6),(6017,4436,6),(6017,5626,6),(6017,1748,7),(6017,4454,7),(6017,5640,7),(6017,5627,20),(6017,5641,20),(6017,1309,32),(6017,1310,32),(6017,1325,33),(6017,1326,33),(6019,8,1),(6019,9,1),(6019,1330,1),(6019,1590,1),(6019,1606,1),(6019,1607,1),(6019,1621,1),(6019,1622,1),(6019,10,2),(6019,43,2),(6019,44,2),(6019,1577,2),(6019,25,3),(6019,1319,3),(6019,1337,3),(6019,1375,3),(6019,1399,3),(6019,1591,3),(6019,5657,6),(6019,5658,6),(6019,5659,6),(6019,5671,7),(6019,5672,7),(6019,5673,7),(6019,5660,20),(6019,5674,20),(6019,1309,32),(6019,1310,32),(6019,1325,33),(6019,1326,33),(6028,8,1),(6028,9,1),(6028,1321,1),(6028,3195,1),(6028,4682,1),(6028,4698,1),(6028,5688,1),(6028,13,2),(6028,43,2),(6028,44,2),(6028,1234,2),(6028,1237,2),(6028,1238,2),(6028,1239,2),(6028,1247,2),(6028,1251,2),(6028,1252,2),(6028,1253,2),(6028,1254,2),(6028,1255,2),(6028,1347,2),(6028,5689,2),(6028,1233,3),(6028,1334,3),(6028,4818,7),(6028,4829,7),(6028,4819,10),(6028,4830,10),(6028,5687,10),(6028,5705,10),(6028,3634,23),(6028,3648,23),(6031,1139,1),(6031,1334,1),(6031,3195,1),(6031,4698,1),(6031,4829,1),(6031,5722,1),(6031,8,2),(6031,9,2),(6031,10,2),(6031,25,2),(6031,43,2),(6031,44,2),(6031,568,2),(6031,1114,2),(6031,1126,2),(6031,1236,2),(6031,1247,2),(6031,1250,2),(6031,4214,2),(6031,520,3),(6031,521,3),(6031,5719,6),(6031,5720,6),(6031,5734,6),(6031,5735,6),(6031,4819,10),(6031,4830,10),(6031,5721,10),(6031,5736,10),(6031,3634,22),(6031,3648,23),(6033,8,1),(6033,45,1),(6033,390,1),(6033,1316,1),(6033,1317,1),(6033,1332,1),(6033,1748,1),(6033,1777,1),(6033,4229,1),(6033,4230,1),(6033,4231,1),(6033,4232,1),(6033,4243,1),(6033,4244,1),(6033,4247,1),(6033,4248,1),(6033,4249,1),(6033,1337,2),(6033,4228,2),(6033,4233,2),(6033,4242,2),(6033,4250,2),(6033,1319,3),(6033,4246,3),(6033,5766,6),(6033,1972,7),(6033,5750,7),(6033,4227,20),(6033,4245,20),(6033,1309,33),(6033,1310,33),(6033,1325,33),(6033,1326,33),(6034,450,1),(6034,2193,1),(6034,5786,1),(6034,5787,1),(6034,1337,2),(6034,2431,2),(6034,2434,2),(6034,522,3),(6034,1319,3),(6034,2413,3),(6034,469,6),(6034,5796,6),(6034,5797,6),(6034,5798,6),(6034,447,7),(6034,5783,7),(6034,5784,7),(6034,5785,10),(6034,5799,10),(6034,463,12),(6034,464,12),(6034,388,13),(6034,389,13),(6035,450,1),(6035,2193,1),(6035,5786,1),(6035,5787,1),(6035,1337,2),(6035,2431,2),(6035,2434,2),(6035,522,3),(6035,1319,3),(6035,2413,3),(6035,414,6),(6035,416,6),(6035,5820,6),(6035,5821,6),(6035,5822,6),(6035,377,7),(6035,379,7),(6035,5806,7),(6035,5807,7),(6035,5808,10),(6035,5823,10),(6035,463,12),(6035,464,12),(6035,388,13),(6035,389,13),(6036,450,1),(6036,1138,1),(6036,1316,1),(6036,5833,1),(6036,4,2),(6036,21,2),(6036,1113,2),(6036,1125,2),(6036,5841,6),(6036,5831,7),(6036,5832,10),(6036,5842,10),(6036,70,12),(6036,71,12),(6036,55,13),(6036,56,13),(6038,10,1),(6038,450,1),(6038,1316,1),(6038,1317,1),(6038,1644,1),(6038,5688,1),(6038,5852,1),(6038,13,2),(6038,22,2),(6038,1234,2),(6038,1250,2),(6038,1251,2),(6038,1252,2),(6038,1233,3),(6038,1236,3),(6038,5849,6),(6038,5850,6),(6038,5865,6),(6038,5866,6),(6038,5851,10),(6038,5867,10),(6038,5847,12),(6038,5848,12),(6038,5863,12),(6038,5864,12),(6040,10,1),(6040,26,1),(6040,450,1),(6040,815,1),(6040,1315,1),(6040,1316,1),(6040,4006,1),(6040,4097,1),(6040,4159,1),(6040,5873,1),(6040,5874,1),(6040,5875,1),(6040,27183,1),(6040,27184,1),(6040,27185,1),(6040,27186,1),(6040,27187,1),(6040,27188,1),(6040,27189,1),(6040,27190,1),(6040,1233,2),(6040,1334,2),(6040,1347,2),(6040,1426,2),(6040,1640,6),(6040,3900,6),(6040,5895,6),(6040,3886,7),(6040,5872,10),(6040,5896,10),(6040,1309,12),(6040,1310,12),(6040,1325,12),(6040,1326,12),(6042,8,1),(6042,9,1),(6042,44,1),(6042,1334,1),(6042,1591,1),(6042,1607,1),(6042,1621,1),(6042,1622,1),(6042,1660,1),(6042,3943,1),(6042,5920,1),(6042,5921,1),(6042,5922,1),(6042,10,2),(6042,43,2),(6042,1250,2),(6042,1378,2),(6042,1395,2),(6042,25,3),(6042,1236,3),(6042,1375,3),(6042,1399,4),(6042,5916,6),(6042,5917,6),(6042,5902,7),(6042,5903,7),(6042,5904,10),(6042,5905,10),(6042,5918,10),(6042,5919,10),(6042,1309,23),(6042,1310,23),(6042,1325,23),(6042,1326,23),(6043,8,1),(6043,9,1),(6043,44,1),(6043,1334,1),(6043,1591,1),(6043,1607,1),(6043,1621,1),(6043,1622,1),(6043,1660,1),(6043,5920,1),(6043,5921,1),(6043,5922,1),(6043,5939,1),(6043,10,2),(6043,43,2),(6043,1250,2),(6043,1378,2),(6043,1395,2),(6043,25,3),(6043,1236,3),(6043,1375,3),(6043,1399,4),(6043,5936,6),(6043,5937,6),(6043,5950,6),(6043,5951,6),(6043,5905,10),(6043,5919,10),(6043,5938,10),(6043,5952,10),(6043,1309,22),(6043,1310,22),(6043,1325,23),(6043,1326,23),(6044,8,1),(6044,9,1),(6044,40,1),(6044,41,1),(6044,3156,1),(6044,5972,1),(6044,5,2),(6044,6,2),(6044,13,2),(6044,14,2),(6044,18,2),(6044,19,2),(6044,22,2),(6044,23,2),(6044,43,2),(6044,44,2),(6044,47,2),(6044,4,3),(6044,10,3),(6044,30,3),(6044,21,4),(6044,5985,6),(6044,5970,7),(6044,3141,10),(6044,3155,10),(6044,5971,10),(6044,5986,10),(6044,528,23),(6044,529,23),(6044,565,23),(6044,566,23),(6045,450,1),(6045,1316,1),(6045,6004,1),(6045,13,2),(6045,21,2),(6045,22,2),(6045,4,3),(6045,30,3),(6045,6011,6),(6045,6002,7),(6045,6003,10),(6045,6012,10),(6045,6001,12),(6045,6010,12),(6046,450,1),(6046,1316,1),(6046,6004,1),(6046,13,2),(6046,21,2),(6046,22,2),(6046,4,3),(6046,30,3),(6046,6011,6),(6046,6002,7),(6046,6015,10),(6046,6024,10),(6046,6001,12),(6046,6010,12),(6047,8,1),(6047,9,1),(6047,10,1),(6047,6031,1),(6047,6032,1),(6047,1334,2),(6047,1399,2),(6047,4233,2),(6047,4250,2),(6047,1347,3),(6047,1375,3),(6047,6041,6),(6047,6029,7),(6047,6030,10),(6047,6042,10),(6047,1633,12),(6047,1634,12),(6047,1654,12),(6047,1655,12),(6048,8,1),(6048,9,1),(6048,1375,1),(6048,1233,2),(6048,1247,2),(6048,1871,2),(6048,6067,2),(6048,6068,2),(6048,1855,3),(6048,6052,3),(6048,6053,3),(6048,45,4),(6048,450,4),(6048,1394,4),(6048,2542,4),(6048,2528,6),(6048,6049,6),(6048,6050,6),(6048,6063,6),(6048,6064,6),(6048,6051,10),(6048,6065,10),(6048,6054,12),(6048,6066,12),(6050,8,1),(6050,9,1),(6050,10,1),(6050,6078,1),(6050,21,2),(6050,4,3),(6050,383,6),(6050,430,6),(6050,4876,6),(6050,6074,6),(6050,6075,6),(6050,6076,6),(6050,6086,6),(6050,6087,6),(6050,6088,6),(6050,6077,10),(6050,6089,10),(6050,55,12),(6050,56,12),(6050,70,12),(6050,71,12),(6051,5,1),(6051,6,1),(6051,8,1),(6051,9,1),(6051,10,1),(6051,14,1),(6051,6098,1),(6051,6099,1),(6051,21,2),(6051,4,3),(6051,45,4),(6051,450,4),(6051,1394,4),(6051,275,6),(6051,293,6),(6051,6095,6),(6051,6096,6),(6051,6111,6),(6051,6112,6),(6051,6113,6),(6051,6097,10),(6051,6114,10),(6051,55,12),(6051,56,12),(6051,70,12),(6051,71,12),(6052,450,1),(6052,1316,1),(6052,2663,1),(6052,6124,1),(6052,6125,1),(6052,25,2),(6052,1125,2),(6052,10,3),(6052,1113,3),(6052,4456,6),(6052,6121,6),(6052,6122,6),(6052,6133,6),(6052,6134,6),(6052,6123,10),(6052,6135,10),(6052,55,12),(6052,56,12),(6052,70,12),(6052,71,12),(6053,8,1),(6053,9,1),(6053,10,1),(6053,6143,1),(6053,1334,2),(6053,1347,2),(6053,1399,2),(6053,2524,2),(6053,2539,2),(6053,4795,2),(6053,4807,2),(6053,6144,2),(6053,6145,2),(6053,6146,2),(6053,6147,2),(6053,6162,2),(6053,6163,2),(6053,6164,2),(6053,6165,2),(6053,1375,3),(6053,1644,3),(6053,1321,4),(6053,1339,4),(6053,1972,6),(6053,6141,6),(6053,6160,6),(6053,6142,10),(6053,6161,10),(6053,1633,12),(6053,1634,12),(6053,1654,12),(6053,1655,12),(6054,1125,2),(6054,1113,3),(6054,6178,3),(6054,6175,6),(6054,6176,6),(6054,6182,6),(6054,6183,6),(6054,6177,10),(6054,6184,10),(6054,6173,12),(6054,6174,12),(6054,6180,12),(6054,6181,12),(6056,450,1),(6056,1337,1),(6056,1375,1),(6056,2058,1),(6056,4876,1),(6056,4877,1),(6056,6189,1),(6056,4,2),(6056,13,2),(6056,21,2),(6056,43,2),(6056,44,2),(6056,1237,2),(6056,1238,2),(6056,1239,2),(6056,1254,2),(6056,1334,2),(6056,1426,2),(6056,2057,2),(6056,10,3),(6056,1347,3),(6056,1253,4),(6056,1255,4),(6056,6201,6),(6056,6202,6),(6056,6186,7),(6056,6187,7),(6056,4862,10),(6056,4878,10),(6056,6188,10),(6056,6203,10),(6056,1,23),(6056,15,23),(6057,25,1),(6057,74,1),(6057,1855,1),(6057,3142,1),(6057,21,2),(6057,43,2),(6057,44,2),(6057,47,2),(6057,73,2),(6057,4,3),(6057,30,3),(6057,26,7),(6057,27,7),(6057,40,7),(6057,41,7),(6057,215,10),(6057,229,10),(6057,6219,10),(6057,6228,10),(6057,214,23),(6057,228,23),(6058,25,1),(6058,74,1),(6058,1855,1),(6058,3142,1),(6058,10,2),(6058,21,2),(6058,43,2),(6058,44,2),(6058,47,2),(6058,73,2),(6058,4,3),(6058,30,3),(6058,26,7),(6058,27,7),(6058,40,7),(6058,41,7),(6058,214,10),(6058,215,10),(6058,229,10),(6058,6240,10),(6058,6251,10),(6058,228,11),(6058,165,12),(6058,150,13),(6061,10,1),(6061,815,1),(6061,1317,1),(6061,6266,1),(6061,6267,1),(6061,14,2),(6061,18,2),(6061,19,2),(6061,22,2),(6061,23,2),(6061,1125,2),(6061,3958,2),(6061,5,3),(6061,6,3),(6061,13,3),(6061,1113,3),(6061,3944,3),(6061,450,5),(6061,4456,6),(6061,6280,6),(6061,6264,7),(6061,103,9),(6061,104,9),(6061,87,10),(6061,88,10),(6061,6265,10),(6061,6281,10),(6065,815,1),(6065,6294,1),(6065,6295,1),(6065,6296,1),(6065,6297,1),(6065,22,2),(6065,24,2),(6065,1399,2),(6065,10,3),(6065,12,3),(6065,13,3),(6065,1375,3),(6065,6298,3),(6065,6292,6),(6065,6305,6),(6065,6293,10),(6065,6306,10),(6065,6291,12),(6065,6304,12),(6066,815,1),(6066,1335,1),(6066,6294,1),(6066,6295,1),(6066,6296,1),(6066,6297,1),(6066,6325,1),(6066,6326,1),(6066,6327,1),(6066,6328,1),(6066,6329,1),(6066,22,2),(6066,1399,2),(6066,10,3),(6066,12,3),(6066,13,3),(6066,24,3),(6066,1375,3),(6066,6312,3),(6066,6310,6),(6066,6323,6),(6066,6311,10),(6066,6324,10),(6066,6291,12),(6066,6304,12),(6074,8,1),(6074,9,1),(6074,44,1),(6074,1334,1),(6074,1591,1),(6074,1621,1),(6074,1622,1),(6074,1660,1),(6074,5920,1),(6074,5921,1),(6074,5922,1),(6074,6337,1),(6074,43,2),(6074,47,2),(6074,2542,2),(6074,10,3),(6074,25,3),(6074,30,3),(6074,1375,3),(6074,2528,3),(6074,1399,4),(6074,2307,6),(6074,2320,6),(6074,6335,6),(6074,6348,6),(6074,5905,10),(6074,5919,10),(6074,6336,10),(6074,6349,10),(6074,1309,22),(6074,1310,22),(6074,1325,23),(6074,1326,23),(6077,9,1),(6077,10,1),(6077,430,1),(6077,1334,1),(6077,1375,1),(6077,3127,1),(6077,3128,1),(6077,3129,1),(6077,3130,1),(6077,3132,1),(6077,6371,1),(6077,6372,1),(6077,6373,1),(6077,6374,1),(6077,6375,1),(6077,22,2),(6077,45,2),(6077,522,2),(6077,3085,2),(6077,6388,2),(6077,13,3),(6077,6376,3),(6077,2431,4),(6077,6368,6),(6077,6369,6),(6077,6385,6),(6077,6386,6),(6077,3117,10),(6077,3131,10),(6077,6370,10),(6077,6387,10),(6077,388,22),(6077,389,22),(6077,463,23),(6077,464,23),(6084,821,1),(6084,1315,1),(6084,1316,1),(6084,1317,1),(6084,6405,1),(6084,6406,1),(6084,6407,1),(6084,1233,2),(6084,1426,2),(6084,6408,3),(6084,6403,6),(6084,6415,6),(6084,6404,10),(6084,6416,10),(6084,4302,12),(6084,4320,12),(6089,45,1),(6089,385,1),(6089,523,1),(6089,1380,1),(6089,2424,1),(6089,3218,1),(6089,3219,1),(6089,3220,1),(6089,3336,1),(6089,4196,1),(6089,4208,1),(6089,4209,1),(6089,4211,1),(6089,4212,1),(6089,1251,2),(6089,1252,2),(6089,1347,2),(6089,2583,2),(6089,3287,2),(6089,4893,2),(6089,4908,2),(6089,1233,3),(6089,1234,3),(6089,1334,3),(6089,3272,3),(6089,428,4),(6089,815,6),(6089,6419,6),(6089,6434,6),(6089,4192,10),(6089,4210,10),(6089,6420,10),(6089,6435,10),(6089,4189,22),(6089,4207,23),(6090,45,1),(6090,523,1),(6090,1233,1),(6090,1234,1),(6090,1380,1),(6090,2424,1),(6090,3218,1),(6090,3219,1),(6090,3220,1),(6090,3315,1),(6090,3336,1),(6090,4196,1),(6090,4208,1),(6090,4209,1),(6090,4211,1),(6090,4212,1),(6090,1375,2),(6090,1399,2),(6090,1334,3),(6090,1347,3),(6090,6454,6),(6090,6466,6),(6090,4192,10),(6090,4210,10),(6090,6455,10),(6090,6467,10),(6090,4189,22),(6090,4207,23),(6092,9,1),(6092,13,1),(6092,6484,1),(6092,6485,1),(6092,10,2),(6092,1125,2),(6092,6486,2),(6092,1113,4),(6092,6482,6),(6092,6492,6),(6092,6483,10),(6092,6493,10),(6092,4302,12),(6092,4320,12),(6093,4,1),(6093,8,1),(6093,9,1),(6093,1139,1),(6093,13,2),(6093,22,2),(6093,415,2),(6093,417,2),(6093,815,2),(6093,1113,2),(6093,1125,2),(6093,2193,2),(6093,6486,2),(6093,6518,2),(6093,10,3),(6093,378,3),(6093,380,3),(6093,6500,3),(6093,6496,6),(6093,6497,6),(6093,6498,6),(6093,6514,6),(6093,6515,6),(6093,6516,6),(6093,6499,10),(6093,6517,10),(6093,4302,12),(6093,4320,12),(6094,45,1),(6094,523,1),(6094,815,1),(6094,1380,1),(6094,2424,1),(6094,3218,1),(6094,3219,1),(6094,3220,1),(6094,3336,1),(6094,4196,1),(6094,4208,1),(6094,4209,1),(6094,4211,1),(6094,4212,1),(6094,6526,1),(6094,1251,2),(6094,1252,2),(6094,1233,3),(6094,1234,3),(6094,1334,3),(6094,1347,3),(6094,6524,6),(6094,6536,6),(6094,4192,10),(6094,4210,10),(6094,6525,10),(6094,6537,10),(6094,4189,22),(6094,4207,23),(6095,45,1),(6095,523,1),(6095,815,1),(6095,1380,1),(6095,2424,1),(6095,3218,1),(6095,3219,1),(6095,3220,1),(6095,3315,1),(6095,3336,1),(6095,4196,1),(6095,4208,1),(6095,4209,1),(6095,4211,1),(6095,4212,1),(6095,1251,2),(6095,1252,2),(6095,1233,3),(6095,1234,3),(6095,1334,3),(6095,1347,3),(6095,6553,6),(6095,6565,6),(6095,4192,10),(6095,4210,10),(6095,6554,10),(6095,6566,10),(6095,4189,22),(6095,4207,23),(6096,45,1),(6096,523,1),(6096,815,1),(6096,1380,1),(6096,2424,1),(6096,3218,1),(6096,3219,1),(6096,3220,1),(6096,3315,1),(6096,3336,1),(6096,4196,1),(6096,4208,1),(6096,4209,1),(6096,4211,1),(6096,4212,1),(6096,1251,2),(6096,1252,2),(6096,1233,3),(6096,1234,3),(6096,1334,3),(6096,1347,3),(6096,6582,6),(6096,6594,6),(6096,4192,10),(6096,4210,10),(6096,6583,10),(6096,6595,10),(6096,4189,22),(6096,4207,23),(6097,45,1),(6097,523,1),(6097,815,1),(6097,1380,1),(6097,2424,1),(6097,3218,1),(6097,3219,1),(6097,3220,1),(6097,3336,1),(6097,4196,1),(6097,4208,1),(6097,4209,1),(6097,4211,1),(6097,4212,1),(6097,6526,1),(6097,1251,2),(6097,1252,2),(6097,1233,3),(6097,1234,3),(6097,1334,3),(6097,1347,3),(6097,6611,6),(6097,6623,6),(6097,4192,10),(6097,4210,10),(6097,6612,10),(6097,6624,10),(6097,4189,22),(6097,4207,23),(6098,45,1),(6098,523,1),(6098,815,1),(6098,1380,1),(6098,2424,1),(6098,3218,1),(6098,3219,1),(6098,3220,1),(6098,3336,1),(6098,4196,1),(6098,4208,1),(6098,4209,1),(6098,4211,1),(6098,4212,1),(6098,4893,1),(6098,1251,2),(6098,1252,2),(6098,1347,2),(6098,1233,3),(6098,1234,3),(6098,1334,3),(6098,6640,6),(6098,6652,6),(6098,4192,10),(6098,4210,10),(6098,6641,10),(6098,6653,10),(6098,4189,22),(6098,4207,23),(6099,45,1),(6099,523,1),(6099,815,1),(6099,1380,1),(6099,2424,1),(6099,3218,1),(6099,3219,1),(6099,3220,1),(6099,3272,1),(6099,3336,1),(6099,4196,1),(6099,4208,1),(6099,4209,1),(6099,4211,1),(6099,4212,1),(6099,1251,2),(6099,1252,2),(6099,1233,3),(6099,1234,3),(6099,1334,3),(6099,1347,3),(6099,6669,6),(6099,6681,6),(6099,4192,10),(6099,4210,10),(6099,6670,10),(6099,6682,10),(6099,4189,22),(6099,4207,23),(6100,45,1),(6100,523,1),(6100,1380,1),(6100,2424,1),(6100,3218,1),(6100,3219,1),(6100,3220,1),(6100,3315,1),(6100,3336,1),(6100,4196,1),(6100,4208,1),(6100,4209,1),(6100,4211,1),(6100,4212,1),(6100,1251,2),(6100,1252,2),(6100,1233,3),(6100,1234,3),(6100,1334,3),(6100,1347,3),(6100,6698,6),(6100,6699,6),(6100,6710,6),(6100,6711,6),(6100,4192,10),(6100,4210,10),(6100,6700,10),(6100,6712,10),(6100,4189,22),(6100,4207,23),(6101,45,1),(6101,523,1),(6101,815,1),(6101,1380,1),(6101,2424,1),(6101,2583,1),(6101,3218,1),(6101,3219,1),(6101,3220,1),(6101,3336,1),(6101,4196,1),(6101,4208,1),(6101,4209,1),(6101,4211,1),(6101,4212,1),(6101,1251,2),(6101,1252,2),(6101,1347,2),(6101,1233,3),(6101,1234,3),(6101,1334,3),(6101,6728,6),(6101,6740,6),(6101,4192,10),(6101,4210,10),(6101,6729,10),(6101,6741,10),(6101,4189,22),(6101,4207,23),(6102,45,1),(6102,523,1),(6102,815,1),(6102,1380,1),(6102,2424,1),(6102,2583,1),(6102,3218,1),(6102,3219,1),(6102,3220,1),(6102,3336,1),(6102,4196,1),(6102,4208,1),(6102,4209,1),(6102,4211,1),(6102,4212,1),(6102,1251,2),(6102,1252,2),(6102,1347,2),(6102,1233,3),(6102,1234,3),(6102,1334,3),(6102,6757,6),(6102,6758,6),(6102,6770,6),(6102,6771,6),(6102,4192,10),(6102,4210,10),(6102,6759,10),(6102,6772,10),(6102,4189,22),(6102,4207,23),(6103,45,1),(6103,523,1),(6103,815,1),(6103,1380,1),(6103,2424,1),(6103,2583,1),(6103,3218,1),(6103,3219,1),(6103,3220,1),(6103,3336,1),(6103,4196,1),(6103,4208,1),(6103,4209,1),(6103,4211,1),(6103,4212,1),(6103,1251,2),(6103,1252,2),(6103,1347,2),(6103,1233,3),(6103,1234,3),(6103,1334,3),(6103,6757,6),(6103,6770,6),(6103,6788,6),(6103,6801,6),(6103,4192,10),(6103,4210,10),(6103,6789,10),(6103,6802,10),(6103,4189,22),(6103,4207,23),(6104,45,1),(6104,523,1),(6104,815,1),(6104,1380,1),(6104,2424,1),(6104,2583,1),(6104,3218,1),(6104,3219,1),(6104,3220,1),(6104,3336,1),(6104,4196,1),(6104,4208,1),(6104,4209,1),(6104,4211,1),(6104,4212,1),(6104,1251,2),(6104,1252,2),(6104,1347,2),(6104,1233,3),(6104,1234,3),(6104,1334,3),(6104,6757,6),(6104,6770,6),(6104,6819,6),(6104,6832,6),(6104,4192,10),(6104,4210,10),(6104,6820,10),(6104,6833,10),(6104,4189,22),(6104,4207,23),(6106,8,1),(6106,9,1),(6106,43,1),(6106,44,1),(6106,1334,1),(6106,1590,1),(6106,1591,1),(6106,1607,1),(6106,1621,1),(6106,1622,1),(6106,1659,1),(6106,1660,1),(6106,17099,1),(6106,17100,1),(6106,2542,2),(6106,17101,2),(6106,10,3),(6106,25,3),(6106,1375,3),(6106,1399,3),(6106,2528,3),(6106,17085,3),(6106,17080,6),(6106,17081,6),(6106,17082,6),(6106,17094,6),(6106,17095,6),(6106,17096,6),(6106,17083,10),(6106,17084,10),(6106,17097,10),(6106,17098,10),(6106,1309,22),(6106,1310,22),(6106,1325,23),(6106,1326,23),(6107,8,1),(6107,9,1),(6107,25,1),(6107,43,1),(6107,44,1),(6107,1334,1),(6107,1590,1),(6107,1591,1),(6107,1607,1),(6107,1621,1),(6107,1622,1),(6107,1659,1),(6107,1660,1),(6107,17099,1),(6107,17100,1),(6107,1337,2),(6107,10,3),(6107,1319,3),(6107,1375,3),(6107,1399,3),(6107,1738,3),(6107,1602,6),(6107,1617,6),(6107,4406,6),(6107,5010,6),(6107,5021,6),(6107,17084,10),(6107,17098,10),(6107,23061,10),(6107,23075,10),(6107,1309,22),(6107,1310,22),(6107,1325,23),(6107,1326,23),(6109,45,1),(6109,523,1),(6109,1380,1),(6109,2424,1),(6109,3218,1),(6109,3219,1),(6109,3220,1),(6109,3315,1),(6109,3336,1),(6109,4196,1),(6109,4208,1),(6109,4209,1),(6109,4211,1),(6109,4212,1),(6109,1251,2),(6109,1252,2),(6109,1233,3),(6109,1234,3),(6109,1334,3),(6109,1347,3),(6109,6850,6),(6109,6851,6),(6109,6862,6),(6109,6863,6),(6109,4192,10),(6109,4210,10),(6109,6852,10),(6109,6864,10),(6109,4189,22),(6109,4207,23),(6110,45,1),(6110,523,1),(6110,1380,1),(6110,2424,1),(6110,3218,1),(6110,3219,1),(6110,3220,1),(6110,3315,1),(6110,3336,1),(6110,4196,1),(6110,4208,1),(6110,4209,1),(6110,4211,1),(6110,4212,1),(6110,1251,2),(6110,1252,2),(6110,1233,3),(6110,1234,3),(6110,1334,3),(6110,1347,3),(6110,6880,6),(6110,6891,6),(6110,4192,10),(6110,4210,10),(6110,6881,10),(6110,6892,10),(6110,4189,22),(6110,4207,23),(6111,8,1),(6111,9,1),(6111,13,2),(6111,22,2),(6111,25,2),(6111,43,2),(6111,44,2),(6111,45,2),(6111,1987,2),(6111,1988,2),(6111,1989,2),(6111,10,3),(6111,1375,3),(6111,1399,3),(6111,1976,3),(6111,1977,3),(6111,1972,6),(6111,1973,6),(6111,1985,6),(6111,1974,10),(6111,1986,10),(6111,6908,10),(6111,6921,10),(6111,1633,22),(6111,1634,22),(6111,1654,23),(6111,1655,23),(6112,622,1),(6112,6939,1),(6112,6940,1),(6112,6941,1),(6112,6942,1),(6112,6943,1),(6112,703,2),(6112,714,2),(6112,6952,2),(6112,694,3),(6112,695,3),(6112,6944,3),(6112,6936,6),(6112,6937,6),(6112,6949,6),(6112,6950,6),(6112,6938,10),(6112,6951,10),(6112,6935,12),(6112,6948,12),(6113,622,1),(6113,6939,1),(6113,6940,1),(6113,6941,1),(6113,6942,1),(6113,6943,1),(6113,703,2),(6113,714,2),(6113,6952,2),(6113,694,3),(6113,695,3),(6113,6944,3),(6113,6936,6),(6113,6937,6),(6113,6949,6),(6113,6950,6),(6113,6968,6),(6113,6955,10),(6113,6969,10),(6113,6935,12),(6113,6948,12),(6115,8,1),(6115,9,1),(6115,43,1),(6115,44,1),(6115,1319,1),(6115,1335,1),(6115,1426,1),(6115,2057,1),(6115,6327,1),(6115,6978,1),(6115,6979,1),(6115,6993,1),(6115,6994,1),(6115,6995,1),(6115,21,2),(6115,22,2),(6115,1236,2),(6115,1250,2),(6115,4,3),(6115,13,3),(6115,2193,3),(6115,415,6),(6115,6976,6),(6115,6991,6),(6115,378,7),(6115,4923,10),(6115,4938,10),(6115,6977,10),(6115,6992,10),(6115,1947,22),(6115,1948,22),(6115,1959,23),(6115,1960,23),(6118,622,1),(6118,6939,1),(6118,6941,1),(6118,6942,1),(6118,7010,1),(6118,7011,1),(6118,703,2),(6118,714,2),(6118,6952,2),(6118,694,3),(6118,695,3),(6118,6944,3),(6118,6936,6),(6118,6937,6),(6118,6949,6),(6118,6950,6),(6118,6968,6),(6118,7009,10),(6118,7022,10),(6118,6935,12),(6118,6948,12),(6119,45,1),(6119,523,1),(6119,815,1),(6119,1380,1),(6119,2424,1),(6119,3218,1),(6119,3219,1),(6119,3220,1),(6119,3315,1),(6119,3336,1),(6119,4196,1),(6119,4208,1),(6119,4209,1),(6119,4211,1),(6119,4212,1),(6119,1251,2),(6119,1252,2),(6119,1233,3),(6119,1234,3),(6119,1334,3),(6119,1347,3),(6119,7030,6),(6119,7042,6),(6119,4192,10),(6119,4210,10),(6119,7031,10),(6119,7043,10),(6119,4189,22),(6119,4207,23),(6120,45,1),(6120,523,1),(6120,815,1),(6120,1380,1),(6120,2424,1),(6120,3218,1),(6120,3219,1),(6120,3220,1),(6120,3315,1),(6120,3336,1),(6120,4196,1),(6120,4208,1),(6120,4209,1),(6120,4211,1),(6120,4212,1),(6120,1251,2),(6120,1252,2),(6120,1233,3),(6120,1234,3),(6120,1334,3),(6120,1347,3),(6120,7059,6),(6120,7071,6),(6120,4192,10),(6120,4210,10),(6120,7060,10),(6120,7072,10),(6120,4189,22),(6120,4207,23),(6121,45,1),(6121,523,1),(6121,815,1),(6121,1380,1),(6121,2424,1),(6121,3218,1),(6121,3219,1),(6121,3220,1),(6121,3315,1),(6121,3336,1),(6121,4196,1),(6121,4208,1),(6121,4209,1),(6121,4211,1),(6121,4212,1),(6121,1251,2),(6121,1252,2),(6121,1233,3),(6121,1234,3),(6121,1334,3),(6121,1347,3),(6121,7088,6),(6121,7100,6),(6121,4192,10),(6121,4210,10),(6121,7089,10),(6121,7101,10),(6121,4189,22),(6121,4207,23),(6123,45,1),(6123,523,1),(6123,815,1),(6123,1380,1),(6123,2424,1),(6123,3218,1),(6123,3219,1),(6123,3220,1),(6123,3315,1),(6123,3336,1),(6123,4196,1),(6123,4208,1),(6123,4209,1),(6123,4211,1),(6123,4212,1),(6123,1251,2),(6123,1252,2),(6123,1233,3),(6123,1234,3),(6123,1334,3),(6123,1347,3),(6123,7117,6),(6123,7129,6),(6123,4192,10),(6123,4210,10),(6123,7118,10),(6123,7130,10),(6123,4189,22),(6123,4207,23),(6124,45,1),(6124,523,1),(6124,815,1),(6124,1380,1),(6124,2424,1),(6124,3218,1),(6124,3219,1),(6124,3220,1),(6124,3272,1),(6124,3336,1),(6124,4196,1),(6124,4208,1),(6124,4209,1),(6124,4211,1),(6124,4212,1),(6124,1251,2),(6124,1252,2),(6124,1233,3),(6124,1234,3),(6124,1334,3),(6124,1347,3),(6124,7146,6),(6124,7147,6),(6124,7159,6),(6124,7160,6),(6124,4192,10),(6124,4210,10),(6124,7148,10),(6124,7161,10),(6124,4189,22),(6124,4207,23),(6125,45,1),(6125,523,1),(6125,815,1),(6125,1380,1),(6125,2424,1),(6125,3218,1),(6125,3219,1),(6125,3220,1),(6125,3315,1),(6125,3336,1),(6125,4196,1),(6125,4208,1),(6125,4209,1),(6125,4211,1),(6125,4212,1),(6125,1251,2),(6125,1252,2),(6125,1233,3),(6125,1234,3),(6125,1334,3),(6125,1347,3),(6125,7177,6),(6125,7189,6),(6125,4192,10),(6125,4210,10),(6125,7178,10),(6125,7190,10),(6125,4189,22),(6125,4207,23),(6126,45,1),(6126,523,1),(6126,815,1),(6126,1380,1),(6126,2424,1),(6126,3218,1),(6126,3219,1),(6126,3220,1),(6126,3272,1),(6126,3336,1),(6126,4196,1),(6126,4208,1),(6126,4209,1),(6126,4211,1),(6126,4212,1),(6126,1251,2),(6126,1252,2),(6126,1233,3),(6126,1234,3),(6126,1334,3),(6126,1347,3),(6126,7206,6),(6126,7218,6),(6126,4192,10),(6126,4210,10),(6126,7207,10),(6126,7219,10),(6126,4189,22),(6126,4207,23),(6127,428,1),(6127,523,1),(6127,815,1),(6127,1380,1),(6127,1426,1),(6127,1464,1),(6127,2424,1),(6127,3220,1),(6127,3315,1),(6127,4196,1),(6127,4212,1),(6127,7249,1),(6127,1251,2),(6127,1252,2),(6127,1233,3),(6127,1234,3),(6127,1334,3),(6127,1347,3),(6127,7235,6),(6127,7247,6),(6127,4192,10),(6127,4210,10),(6127,7236,10),(6127,7248,10),(6127,4189,22),(6127,4207,22),(6128,1274,1),(6128,1817,1),(6128,7261,1),(6128,7272,1),(6128,1266,2),(6128,1278,2),(6128,1280,2),(6128,1281,2),(6128,1264,3),(6128,1265,3),(6128,1273,3),(6128,1482,3),(6128,3840,3),(6128,3854,3),(6128,1498,4),(6128,1285,6),(6128,1286,6),(6128,1295,6),(6128,1296,6),(6128,2124,20),(6128,2134,20),(6128,1283,32),(6128,1284,32),(6128,1293,32),(6128,1294,32),(6130,1274,1),(6130,1817,1),(6130,7287,1),(6130,7299,1),(6130,1278,2),(6130,1281,2),(6130,7288,2),(6130,1264,3),(6130,1265,3),(6130,1273,3),(6130,1482,3),(6130,3840,3),(6130,3854,3),(6130,1498,4),(6130,1285,6),(6130,1286,6),(6130,1295,6),(6130,1296,6),(6130,2124,10),(6130,2134,10),(6130,7286,10),(6130,7298,10),(6130,1283,22),(6130,1284,22),(6130,1293,22),(6130,1294,22),(6133,1300,1),(6133,1301,1),(6133,1302,1),(6133,1488,1),(6133,1489,1),(6133,1498,1),(6133,7313,1),(6133,7314,1),(6133,7327,1),(6133,1266,2),(6133,1278,2),(6133,1267,3),(6133,1279,3),(6133,1806,3),(6133,3840,3),(6133,3854,3),(6133,1817,4),(6133,1285,6),(6133,1286,6),(6133,1295,6),(6133,1296,6),(6133,2124,10),(6133,2134,10),(6133,7312,10),(6133,7326,10),(6133,1283,22),(6133,1284,22),(6133,1293,22),(6133,1294,22),(6134,1498,1),(6134,5501,1),(6134,5512,1),(6134,5514,1),(6134,7342,1),(6134,7343,1),(6134,7354,1),(6134,7355,1),(6134,1278,2),(6134,1512,3),(6134,1521,3),(6134,1806,3),(6134,3840,3),(6134,3854,3),(6134,1817,4),(6134,1285,6),(6134,1286,6),(6134,1295,6),(6134,1296,6),(6134,2124,10),(6134,2134,10),(6134,7341,10),(6134,7353,10),(6134,1283,22),(6134,1284,22),(6134,1293,22),(6134,1294,22),(6135,1498,1),(6135,5501,1),(6135,5512,1),(6135,5514,1),(6135,7342,1),(6135,7354,1),(6135,7369,1),(6135,7381,1),(6135,1278,2),(6135,1512,3),(6135,1521,3),(6135,1806,3),(6135,3840,3),(6135,3854,3),(6135,1817,4),(6135,1285,6),(6135,1286,6),(6135,1295,6),(6135,1296,6),(6135,2124,10),(6135,2134,10),(6135,7368,10),(6135,7380,10),(6135,1283,22),(6135,1284,22),(6135,1293,22),(6135,1294,22),(6136,1498,1),(6136,5501,1),(6136,5512,1),(6136,5514,1),(6136,7342,1),(6136,7354,1),(6136,7369,1),(6136,7381,1),(6136,1278,2),(6136,1512,3),(6136,1521,3),(6136,1806,3),(6136,3840,3),(6136,3854,3),(6136,1817,4),(6136,1285,6),(6136,1286,6),(6136,1295,6),(6136,1296,6),(6136,2124,10),(6136,2134,10),(6136,7395,10),(6136,7407,10),(6136,1283,22),(6136,1284,22),(6136,1293,22),(6136,1294,22),(6137,1498,1),(6137,5501,1),(6137,5512,1),(6137,5514,1),(6137,7342,1),(6137,7354,1),(6137,7369,1),(6137,7381,1),(6137,1278,2),(6137,1512,3),(6137,1521,3),(6137,1806,3),(6137,3840,3),(6137,3854,3),(6137,1817,4),(6137,1285,6),(6137,1286,6),(6137,1295,6),(6137,1296,6),(6137,2124,10),(6137,2134,10),(6137,7422,10),(6137,7434,10),(6137,1283,22),(6137,1284,22),(6137,1293,22),(6137,1294,22),(6138,1498,1),(6138,5501,1),(6138,5512,1),(6138,5514,1),(6138,7342,1),(6138,7354,1),(6138,7450,1),(6138,7462,1),(6138,1278,2),(6138,1512,3),(6138,1521,3),(6138,1806,3),(6138,3840,3),(6138,3854,3),(6138,1817,4),(6138,1285,6),(6138,1286,6),(6138,1295,6),(6138,1296,6),(6138,2124,10),(6138,2134,10),(6138,7449,10),(6138,7461,10),(6138,1283,22),(6138,1284,22),(6138,1293,22),(6138,1294,22),(6139,1498,1),(6139,5501,1),(6139,5512,1),(6139,5514,1),(6139,7342,1),(6139,7354,1),(6139,7477,1),(6139,7489,1),(6139,1278,2),(6139,1512,3),(6139,1521,3),(6139,1806,3),(6139,3840,3),(6139,3854,3),(6139,1817,4),(6139,1285,6),(6139,1286,6),(6139,1295,6),(6139,1296,6),(6139,2124,10),(6139,2134,10),(6139,7476,10),(6139,7488,10),(6139,1283,22),(6139,1284,22),(6139,1293,22),(6139,1294,22),(6141,7508,1),(6141,7518,1),(6141,1274,2),(6141,1278,2),(6141,1281,2),(6141,1264,3),(6141,1265,3),(6141,1267,3),(6141,3840,3),(6141,3854,3),(6141,1273,4),(6141,1279,4),(6141,7505,6),(6141,7515,6),(6141,7506,10),(6141,7507,10),(6141,7516,10),(6141,7517,10),(6141,7503,22),(6141,7504,22),(6141,7513,22),(6141,7514,22),(6142,1274,1),(6142,1278,1),(6142,7508,1),(6142,7518,1),(6142,1281,2),(6142,1264,3),(6142,1265,3),(6142,1267,3),(6142,1273,3),(6142,1279,3),(6142,3840,3),(6142,3854,3),(6142,7505,6),(6142,7515,6),(6142,7507,10),(6142,7517,10),(6142,7525,10),(6142,7535,10),(6142,7503,22),(6142,7504,22),(6142,7513,22),(6142,7514,22),(6143,1274,1),(6143,1278,1),(6143,7508,1),(6143,7518,1),(6143,1281,2),(6143,1264,3),(6143,1265,3),(6143,1267,3),(6143,1273,3),(6143,1279,3),(6143,3840,3),(6143,3854,3),(6143,7505,6),(6143,7515,6),(6143,7507,10),(6143,7517,10),(6143,7547,10),(6143,7557,10),(6143,7503,22),(6143,7504,22),(6143,7513,22),(6143,7514,22),(6144,1274,1),(6144,1278,1),(6144,7508,1),(6144,7518,1),(6144,1281,2),(6144,1264,3),(6144,1265,3),(6144,1267,3),(6144,1273,3),(6144,1279,3),(6144,3840,3),(6144,3854,3),(6144,7505,6),(6144,7515,6),(6144,7507,10),(6144,7517,10),(6144,7569,10),(6144,7579,10),(6144,7503,22),(6144,7504,22),(6144,7513,22),(6144,7514,22),(6145,1274,1),(6145,1278,1),(6145,7508,1),(6145,7518,1),(6145,1281,2),(6145,1264,3),(6145,1265,3),(6145,1267,3),(6145,1273,3),(6145,1279,3),(6145,3840,3),(6145,3854,3),(6145,7505,6),(6145,7515,6),(6145,7507,10),(6145,7517,10),(6145,7591,10),(6145,7601,10),(6145,7503,22),(6145,7504,22),(6145,7513,22),(6145,7514,22),(6146,1274,1),(6146,1278,1),(6146,7508,1),(6146,7518,1),(6146,1281,2),(6146,1264,3),(6146,1265,3),(6146,1267,3),(6146,1273,3),(6146,1279,3),(6146,3840,3),(6146,3854,3),(6146,7505,6),(6146,7515,6),(6146,7507,10),(6146,7517,10),(6146,7613,10),(6146,7623,10),(6146,7503,22),(6146,7504,22),(6146,7513,22),(6146,7514,22),(6147,1274,1),(6147,1278,1),(6147,7508,1),(6147,7518,1),(6147,1281,2),(6147,1264,3),(6147,1265,3),(6147,1267,3),(6147,1273,3),(6147,1279,3),(6147,3840,3),(6147,3854,3),(6147,7505,6),(6147,7515,6),(6147,7507,10),(6147,7517,10),(6147,7635,10),(6147,7645,10),(6147,7503,22),(6147,7504,22),(6147,7513,22),(6147,7514,22),(6153,1279,1),(6153,7659,1),(6153,7670,1),(6153,1274,2),(6153,1278,2),(6153,1281,2),(6153,7660,2),(6153,7671,2),(6153,1264,3),(6153,1265,3),(6153,1303,3),(6153,1511,3),(6153,1520,3),(6153,1809,3),(6153,1273,4),(6153,7657,6),(6153,7668,6),(6153,7507,10),(6153,7517,10),(6153,7658,10),(6153,7669,10),(6153,7503,22),(6153,7504,22),(6153,7513,22),(6153,7514,22),(6154,1273,1),(6154,1274,1),(6154,1279,1),(6154,3840,1),(6154,3854,1),(6154,7686,1),(6154,7698,1),(6154,1278,2),(6154,1511,2),(6154,1520,2),(6154,1794,2),(6154,1801,2),(6154,1806,3),(6154,1817,3),(6154,7684,3),(6154,7685,3),(6154,7696,3),(6154,7697,3),(6154,7682,6),(6154,7694,6),(6154,7507,10),(6154,7517,10),(6154,7683,10),(6154,7695,10),(6154,7503,22),(6154,7504,22),(6154,7513,22),(6154,7514,22),(6155,1273,1),(6155,1274,1),(6155,1279,1),(6155,3840,1),(6155,3854,1),(6155,7686,1),(6155,7698,1),(6155,1278,2),(6155,1511,2),(6155,1520,2),(6155,1794,2),(6155,1806,3),(6155,1817,3),(6155,7684,3),(6155,7685,3),(6155,7696,3),(6155,7697,3),(6155,7710,6),(6155,7722,6),(6155,7507,10),(6155,7517,10),(6155,7711,10),(6155,7723,10),(6155,7503,22),(6155,7504,22),(6155,7513,22),(6155,7514,22),(6156,1273,1),(6156,1274,1),(6156,1279,1),(6156,7739,1),(6156,7740,1),(6156,7751,1),(6156,7752,1),(6156,1278,2),(6156,7741,2),(6156,1806,3),(6156,1817,3),(6156,3840,3),(6156,3854,3),(6156,7684,3),(6156,7685,3),(6156,7696,3),(6156,7697,3),(6156,7737,6),(6156,7749,6),(6156,7507,10),(6156,7517,10),(6156,7738,10),(6156,7750,10),(6156,7503,22),(6156,7504,22),(6156,7513,22),(6156,7514,22),(6157,632,1),(6157,7768,1),(6157,7769,1),(6157,7770,1),(6157,7776,1),(6157,7777,1),(6157,7778,2),(6157,621,3),(6157,633,3),(6157,1005,3),(6157,1013,3),(6157,7767,3),(6157,7765,6),(6157,7774,7),(6157,7766,10),(6157,7775,10),(6157,7764,12),(6157,7773,13),(6158,1274,1),(6158,1278,1),(6158,3840,1),(6158,3854,1),(6158,7784,1),(6158,7785,1),(6158,7786,1),(6158,7787,1),(6158,7794,1),(6158,7795,1),(6158,7796,1),(6158,7797,1),(6158,1281,2),(6158,1264,3),(6158,1265,3),(6158,1273,3),(6158,7782,6),(6158,7792,6),(6158,7783,10),(6158,7793,10),(6158,1789,12),(6158,1797,12),(6162,1276,1),(6162,1278,1),(6162,1301,1),(6162,1302,1),(6162,1487,1),(6162,1488,1),(6162,1489,1),(6162,1806,1),(6162,1817,1),(6162,3837,1),(6162,3838,1),(6162,3851,1),(6162,3852,1),(6162,7809,1),(6162,7810,1),(6162,7811,1),(6162,7828,1),(6162,7829,1),(6162,7830,1),(6162,7831,1),(6162,1264,2),(6162,1265,2),(6162,1273,2),(6162,1281,2),(6162,1303,3),(6162,1809,3),(6162,3840,3),(6162,3854,3),(6162,7804,6),(6162,7805,6),(6162,7806,6),(6162,7807,6),(6162,7823,6),(6162,7824,6),(6162,7825,6),(6162,7826,6),(6162,7808,10),(6162,7827,10),(6162,3831,12),(6162,3845,12),(6164,1276,1),(6164,1278,1),(6164,1301,1),(6164,1302,1),(6164,1487,1),(6164,1488,1),(6164,1489,1),(6164,1806,1),(6164,1817,1),(6164,3837,1),(6164,3838,1),(6164,3851,1),(6164,3852,1),(6164,7809,1),(6164,7810,1),(6164,7811,1),(6164,7828,1),(6164,7829,1),(6164,7830,1),(6164,7831,1),(6164,1264,2),(6164,1265,2),(6164,1273,2),(6164,1281,2),(6164,1303,3),(6164,1809,3),(6164,3840,3),(6164,3854,3),(6164,7804,6),(6164,7805,6),(6164,7806,6),(6164,7823,6),(6164,7824,6),(6164,7825,6),(6164,7844,10),(6164,7862,10),(6164,3831,12),(6164,3845,12),(6165,1276,1),(6165,1278,1),(6165,1301,1),(6165,1302,1),(6165,1487,1),(6165,1488,1),(6165,1489,1),(6165,1806,1),(6165,1817,1),(6165,3837,1),(6165,3838,1),(6165,3851,1),(6165,3852,1),(6165,7508,1),(6165,7518,1),(6165,7809,1),(6165,7810,1),(6165,7828,1),(6165,7829,1),(6165,7830,1),(6165,1264,2),(6165,1265,2),(6165,1273,2),(6165,1281,2),(6165,1303,3),(6165,1809,3),(6165,3840,3),(6165,3854,3),(6165,7882,6),(6165,7883,6),(6165,7884,6),(6165,7900,6),(6165,7901,6),(6165,7902,6),(6165,7885,10),(6165,7903,10),(6165,3831,12),(6165,3845,12),(6170,1274,1),(6170,1278,1),(6170,1806,1),(6170,1817,1),(6170,3837,1),(6170,3851,1),(6170,7922,1),(6170,7923,1),(6170,7934,1),(6170,7935,1),(6170,1281,2),(6170,1264,3),(6170,1265,3),(6170,1273,3),(6170,1303,3),(6170,1809,3),(6170,3840,3),(6170,3854,3),(6170,7920,6),(6170,7932,6),(6170,3836,10),(6170,3850,10),(6170,7921,10),(6170,7933,10),(6170,3831,22),(6170,3845,22),(6172,1274,1),(6172,1278,1),(6172,1806,1),(6172,1817,1),(6172,3837,1),(6172,3851,1),(6172,7922,1),(6172,7923,1),(6172,7934,1),(6172,7935,1),(6172,1281,2),(6172,1264,3),(6172,1265,3),(6172,1273,3),(6172,1303,3),(6172,1809,3),(6172,3840,3),(6172,3854,3),(6172,7948,3),(6172,7961,3),(6172,7946,6),(6172,7959,6),(6172,3836,10),(6172,3850,10),(6172,7947,10),(6172,7960,10),(6172,3831,22),(6172,3845,22),(6174,1274,1),(6174,1278,1),(6174,1806,1),(6174,1817,1),(6174,3837,1),(6174,3851,1),(6174,7922,1),(6174,7923,1),(6174,7934,1),(6174,7935,1),(6174,1281,2),(6174,1264,3),(6174,1265,3),(6174,1273,3),(6174,1303,3),(6174,1809,3),(6174,3840,3),(6174,3854,3),(6174,7974,6),(6174,7986,6),(6174,3836,10),(6174,3850,10),(6174,7975,10),(6174,7987,10),(6174,3831,22),(6174,3845,22),(6175,1274,1),(6175,1278,1),(6175,1806,1),(6175,1817,1),(6175,3837,1),(6175,3851,1),(6175,7922,1),(6175,7923,1),(6175,7934,1),(6175,7935,1),(6175,1281,2),(6175,1264,3),(6175,1265,3),(6175,1273,3),(6175,1303,3),(6175,1809,3),(6175,3840,3),(6175,3854,3),(6175,8002,3),(6175,8003,3),(6175,8016,3),(6175,8017,3),(6175,8000,6),(6175,8014,6),(6175,3836,10),(6175,3850,10),(6175,8001,10),(6175,8015,10),(6175,3831,22),(6175,3845,22),(6177,1274,1),(6177,1278,1),(6177,1806,1),(6177,1817,1),(6177,3837,1),(6177,3851,1),(6177,7922,1),(6177,7923,1),(6177,7934,1),(6177,7935,1),(6177,1281,2),(6177,1264,3),(6177,1265,3),(6177,1273,3),(6177,1303,3),(6177,1809,3),(6177,3840,3),(6177,3854,3),(6177,8030,6),(6177,8042,6),(6177,3836,10),(6177,3850,10),(6177,8031,10),(6177,8043,10),(6177,3831,22),(6177,3845,22),(6180,1274,1),(6180,1278,1),(6180,1806,1),(6180,1817,1),(6180,3837,1),(6180,3851,1),(6180,7922,1),(6180,7923,1),(6180,7934,1),(6180,7935,1),(6180,1281,2),(6180,1264,3),(6180,1265,3),(6180,1273,3),(6180,1303,3),(6180,1809,3),(6180,3840,3),(6180,3854,3),(6180,8056,6),(6180,8068,6),(6180,3836,10),(6180,3850,10),(6180,8057,10),(6180,8069,10),(6180,3831,22),(6180,3845,22),(6181,10,1),(6181,526,1),(6181,527,1),(6181,815,1),(6181,1335,1),(6181,2040,1),(6181,2058,1),(6181,6031,1),(6181,6327,1),(6181,6329,1),(6181,8085,1),(6181,8086,1),(6181,8087,1),(6181,8105,1),(6181,8106,1),(6181,8107,1),(6181,13,2),(6181,1233,2),(6181,1234,2),(6181,1251,2),(6181,1252,2),(6181,1319,2),(6181,1337,2),(6181,8109,2),(6181,6165,3),(6181,8088,3),(6181,8089,3),(6181,8108,3),(6181,8082,6),(6181,8083,6),(6181,8102,6),(6181,8103,6),(6181,8084,10),(6181,8104,10),(6181,528,12),(6181,529,12),(6181,565,12),(6181,566,12),(6182,10,1),(6182,526,1),(6182,527,1),(6182,815,1),(6182,1335,1),(6182,2040,1),(6182,2058,1),(6182,6031,1),(6182,6327,1),(6182,6329,1),(6182,8085,1),(6182,8086,1),(6182,8105,1),(6182,8106,1),(6182,1233,2),(6182,1234,2),(6182,1251,2),(6182,1252,2),(6182,13,3),(6182,1319,3),(6182,1337,3),(6182,6165,3),(6182,8088,3),(6182,8089,3),(6182,8108,3),(6182,8109,3),(6182,8120,6),(6182,8121,6),(6182,8139,6),(6182,8140,6),(6182,8122,10),(6182,8141,10),(6182,528,12),(6182,529,12),(6182,565,12),(6182,566,12),(6183,10,1),(6183,526,1),(6183,527,1),(6183,815,1),(6183,1335,1),(6183,2040,1),(6183,2058,1),(6183,6031,1),(6183,6327,1),(6183,6329,1),(6183,8085,1),(6183,8086,1),(6183,8105,1),(6183,8106,1),(6183,1233,2),(6183,1234,2),(6183,1251,2),(6183,1252,2),(6183,13,3),(6183,1319,3),(6183,1337,3),(6183,6165,3),(6183,8088,3),(6183,8089,3),(6183,8108,3),(6183,8109,3),(6183,8156,6),(6183,8157,6),(6183,8175,6),(6183,8176,6),(6183,8158,10),(6183,8177,10),(6183,528,12),(6183,529,12),(6183,565,12),(6183,566,12),(6184,10,1),(6184,526,1),(6184,527,1),(6184,815,1),(6184,1335,1),(6184,2040,1),(6184,2058,1),(6184,6031,1),(6184,6327,1),(6184,6329,1),(6184,8085,1),(6184,8086,1),(6184,8105,1),(6184,8106,1),(6184,1233,2),(6184,1234,2),(6184,1251,2),(6184,1252,2),(6184,13,3),(6184,1319,3),(6184,1337,3),(6184,6165,3),(6184,8088,3),(6184,8089,3),(6184,8108,3),(6184,8109,3),(6184,8192,6),(6184,8210,6),(6184,8193,10),(6184,8211,10),(6184,528,12),(6184,529,12),(6184,565,12),(6184,566,12),(6187,1274,1),(6187,1278,1),(6187,1806,1),(6187,1817,1),(6187,3837,1),(6187,3851,1),(6187,7922,1),(6187,7923,1),(6187,7934,1),(6187,7935,1),(6187,1281,2),(6187,8230,2),(6187,8246,2),(6187,8247,2),(6187,1264,3),(6187,1265,3),(6187,1273,3),(6187,1303,3),(6187,1809,3),(6187,2390,3),(6187,2400,3),(6187,3840,3),(6187,3854,3),(6187,8229,3),(6187,8245,3),(6187,8226,6),(6187,8227,6),(6187,8242,6),(6187,8243,6),(6187,3836,10),(6187,3850,10),(6187,8228,10),(6187,8244,10),(6187,3831,22),(6187,3845,22),(6189,43,1),(6189,44,1),(6189,1125,1),(6189,2715,1),(6189,2716,1),(6189,2717,1),(6189,8263,1),(6189,8264,1),(6189,8265,1),(6189,8274,1),(6189,8275,1),(6189,8276,1),(6189,10,2),(6189,45,2),(6189,4,3),(6189,21,3),(6189,25,3),(6189,2056,6),(6189,2633,6),(6189,2634,6),(6189,2647,6),(6189,8261,6),(6189,2699,10),(6189,2714,10),(6189,8262,10),(6189,8273,10),(6189,181,22),(6189,182,22),(6189,197,22),(6189,198,22),(6190,25,1),(6190,43,1),(6190,44,1),(6190,1125,1),(6190,2715,1),(6190,2716,1),(6190,2717,1),(6190,8265,1),(6190,8276,1),(6190,10,2),(6190,45,2),(6190,4,3),(6190,21,3),(6190,2056,6),(6190,2633,6),(6190,2634,6),(6190,2647,6),(6190,2699,10),(6190,2714,10),(6190,8291,10),(6190,8300,10),(6190,181,22),(6190,182,22),(6190,197,22),(6190,198,22),(6191,21,1),(6191,43,1),(6191,44,1),(6191,45,1),(6191,2701,1),(6191,2715,1),(6191,2716,1),(6191,2717,1),(6191,6297,1),(6191,8319,1),(6191,8320,1),(6191,8333,1),(6191,8334,1),(6191,1113,2),(6191,1114,2),(6191,1126,2),(6191,1765,2),(6191,1779,2),(6191,10,3),(6191,1125,3),(6191,25,4),(6191,8316,6),(6191,8317,6),(6191,8330,6),(6191,8331,6),(6191,2699,10),(6191,2714,10),(6191,8318,10),(6191,8332,10),(6191,181,22),(6191,182,22),(6191,197,22),(6191,198,22),(6193,43,1),(6193,44,1),(6193,1125,1),(6193,2715,1),(6193,2716,1),(6193,2717,1),(6193,8263,1),(6193,8264,1),(6193,8274,1),(6193,8275,1),(6193,8351,1),(6193,8363,1),(6193,45,2),(6193,4,3),(6193,10,3),(6193,21,3),(6193,25,4),(6193,2056,6),(6193,2633,6),(6193,2634,6),(6193,2647,6),(6193,8349,6),(6193,8361,6),(6193,2699,10),(6193,2714,10),(6193,8350,10),(6193,8362,10),(6193,181,22),(6193,182,22),(6193,197,22),(6193,198,22),(6194,10,1),(6194,43,1),(6194,44,1),(6194,1125,1),(6194,2715,1),(6194,2716,1),(6194,2717,1),(6194,8263,1),(6194,8264,1),(6194,8274,1),(6194,8275,1),(6194,8382,1),(6194,8393,1),(6194,25,2),(6194,45,2),(6194,4,3),(6194,21,3),(6194,8317,6),(6194,8331,6),(6194,8380,6),(6194,8391,6),(6194,2699,10),(6194,2714,10),(6194,8381,10),(6194,8392,10),(6194,181,22),(6194,182,22),(6194,197,22),(6194,198,22),(6195,45,1),(6195,8263,1),(6195,8264,1),(6195,8274,1),(6195,8275,1),(6195,8411,1),(6195,8422,1),(6195,4,3),(6195,10,3),(6195,21,3),(6195,25,3),(6195,2056,6),(6195,2633,6),(6195,2634,6),(6195,2647,6),(6195,8409,6),(6195,8420,6),(6195,8410,10),(6195,8421,10),(6195,181,12),(6195,182,12),(6195,197,12),(6195,198,12),(6196,21,1),(6196,45,1),(6196,2193,1),(6196,2700,1),(6196,8263,1),(6196,8264,1),(6196,8274,1),(6196,8275,1),(6196,8433,1),(6196,8434,1),(6196,8449,1),(6196,1113,2),(6196,1114,2),(6196,1125,2),(6196,1126,2),(6196,1247,2),(6196,1855,2),(6196,1871,2),(6196,8435,2),(6196,8436,2),(6196,8450,2),(6196,8451,2),(6196,10,3),(6196,25,3),(6196,1233,3),(6196,8432,10),(6196,8448,10),(6196,181,12),(6196,182,12),(6196,197,12),(6196,198,12),(6197,4341,1),(6197,8465,1),(6197,8473,1),(6197,8474,1),(6197,8475,1),(6197,4,2),(6197,21,2),(6197,4550,6),(6197,4566,6),(6197,8463,6),(6197,8471,6),(6197,8464,10),(6197,8472,10),(6197,181,12),(6197,182,12),(6197,197,12),(6197,198,12),(6198,45,1),(6198,8263,1),(6198,8264,1),(6198,8274,1),(6198,8275,1),(6198,8482,1),(6198,8483,1),(6198,8494,1),(6198,8495,1),(6198,4,3),(6198,10,3),(6198,21,3),(6198,25,3),(6198,1644,3),(6198,1663,3),(6198,1972,6),(6198,8480,6),(6198,8492,6),(6198,8481,10),(6198,8493,10),(6198,181,12),(6198,182,12),(6198,197,12),(6198,198,12),(6202,694,1),(6202,695,1),(6202,862,1),(6202,1214,1),(6202,8508,1),(6202,8509,1),(6202,621,2),(6202,631,2),(6202,633,2),(6202,1013,2),(6202,8510,2),(6202,8511,2),(6202,8512,2),(6202,8524,2),(6202,8525,2),(6202,8526,2),(6202,620,3),(6202,1005,3),(6202,8505,6),(6202,8506,6),(6202,8521,6),(6202,8522,6),(6202,8507,10),(6202,8523,10),(6202,8504,12),(6202,8520,12),(6203,2824,1),(6203,2858,1),(6203,8535,1),(6203,8536,1),(6203,8548,1),(6203,8549,1),(6203,8550,1),(6203,8551,1),(6203,1273,2),(6203,1279,2),(6203,1281,2),(6203,8538,2),(6203,8553,2),(6203,1264,3),(6203,1265,3),(6203,1267,3),(6203,8537,3),(6203,8552,3),(6203,8532,6),(6203,8533,6),(6203,8545,6),(6203,8546,6),(6203,8534,10),(6203,8547,10),(6203,8530,12),(6203,8531,12),(6203,8543,12),(6203,8544,12),(6204,8549,1),(6204,8550,1),(6204,8561,1),(6204,8574,1),(6204,8575,1),(6204,1279,2),(6204,2126,2),(6204,2136,2),(6204,1267,3),(6204,1806,3),(6204,8535,3),(6204,8562,3),(6204,8576,3),(6204,8532,6),(6204,8533,6),(6204,8545,6),(6204,8546,6),(6204,8558,6),(6204,8559,6),(6204,8571,6),(6204,8572,6),(6204,8560,10),(6204,8573,10),(6204,8530,12),(6204,8531,12),(6204,8543,12),(6204,8544,12),(6206,2824,1),(6206,8535,1),(6206,8548,1),(6206,8549,1),(6206,8587,1),(6206,8588,1),(6206,8589,1),(6206,8600,1),(6206,1273,2),(6206,1281,2),(6206,2735,2),(6206,2748,2),(6206,8590,2),(6206,8601,2),(6206,1264,3),(6206,1265,3),(6206,8537,3),(6206,8552,3),(6206,8585,6),(6206,8598,6),(6206,8586,10),(6206,8599,10),(6206,8530,12),(6206,8531,12),(6206,8543,12),(6206,8544,12),(6207,1278,1),(6207,8616,1),(6207,8628,1),(6207,8617,2),(6207,8629,2),(6207,1512,3),(6207,1521,3),(6207,3840,3),(6207,3854,3),(6207,8615,3),(6207,8627,3),(6207,8532,6),(6207,8533,6),(6207,8545,6),(6207,8546,6),(6207,8611,6),(6207,8612,6),(6207,8613,6),(6207,8624,6),(6207,8625,6),(6207,8614,10),(6207,8626,10),(6207,8530,12),(6207,8531,12),(6207,8543,12),(6207,8544,12),(6213,2825,1),(6213,8640,1),(6213,8652,1),(6213,1521,2),(6213,1512,3),(6213,3840,3),(6213,3854,3),(6213,8615,3),(6213,8651,3),(6213,8532,6),(6213,8533,6),(6213,8545,6),(6213,8546,6),(6213,8637,6),(6213,8638,6),(6213,8648,6),(6213,8649,6),(6213,8639,10),(6213,8650,10),(6213,8530,12),(6213,8531,12),(6213,8543,12),(6213,8544,12),(6214,1278,1),(6214,8627,1),(6214,8662,1),(6214,8672,1),(6214,8651,2),(6214,1268,3),(6214,1282,3),(6214,1512,3),(6214,1521,3),(6214,8615,3),(6214,8532,6),(6214,8533,6),(6214,8545,6),(6214,8546,6),(6214,8660,6),(6214,8670,6),(6214,8661,10),(6214,8671,10),(6214,8530,12),(6214,8531,12),(6214,8543,12),(6214,8544,12),(6216,2825,1),(6216,8684,1),(6216,8694,1),(6216,1521,2),(6216,1511,3),(6216,1512,3),(6216,1520,3),(6216,8615,3),(6216,8651,3),(6216,8532,6),(6216,8533,6),(6216,8545,6),(6216,8546,6),(6216,8682,6),(6216,8692,6),(6216,8683,10),(6216,8693,10),(6216,8530,12),(6216,8531,12),(6216,8543,12),(6216,8544,12),(6226,3833,1),(6226,8230,1),(6226,8706,1),(6226,8707,1),(6226,8709,1),(6226,8711,1),(6226,8712,1),(6226,8713,1),(6226,8725,1),(6226,8726,1),(6226,8727,1),(6226,8729,1),(6226,8730,1),(6226,8731,1),(6226,8732,1),(6226,8733,1),(6226,1303,2),(6226,8710,2),(6226,8714,2),(6226,8734,2),(6226,1264,3),(6226,1265,3),(6226,1273,3),(6226,1281,3),(6226,1809,3),(6226,3840,3),(6226,3854,3),(6226,8708,3),(6226,8728,3),(6226,8703,6),(6226,8704,6),(6226,8722,6),(6226,8723,6),(6226,8705,10),(6226,8724,10),(6226,3831,12),(6226,3845,12),(6229,3833,1),(6229,8230,1),(6229,8706,1),(6229,8707,1),(6229,8709,1),(6229,8711,1),(6229,8712,1),(6229,8713,1),(6229,8725,1),(6229,8726,1),(6229,8727,1),(6229,8729,1),(6229,8730,1),(6229,8731,1),(6229,8732,1),(6229,8733,1),(6229,1303,2),(6229,8710,2),(6229,8714,2),(6229,8734,2),(6229,1264,3),(6229,1265,3),(6229,1273,3),(6229,1281,3),(6229,1809,3),(6229,3840,3),(6229,3854,3),(6229,8708,3),(6229,8728,3),(6229,8703,6),(6229,8722,6),(6229,8740,6),(6229,8759,6),(6229,8741,10),(6229,8760,10),(6229,3831,12),(6229,3845,12),(6231,3833,1),(6231,8230,1),(6231,8706,1),(6231,8707,1),(6231,8709,1),(6231,8711,1),(6231,8712,1),(6231,8713,1),(6231,8725,1),(6231,8726,1),(6231,8727,1),(6231,8729,1),(6231,8730,1),(6231,8731,1),(6231,8732,1),(6231,8733,1),(6231,1303,2),(6231,8710,2),(6231,8714,2),(6231,8734,2),(6231,1264,3),(6231,1265,3),(6231,1273,3),(6231,1281,3),(6231,1809,3),(6231,3840,3),(6231,3854,3),(6231,8708,3),(6231,8728,3),(6231,8703,6),(6231,8722,6),(6231,8777,6),(6231,8796,6),(6231,8778,10),(6231,8797,10),(6231,3831,12),(6231,3845,12),(6234,2825,1),(6234,8816,1),(6234,8826,1),(6234,1521,2),(6234,8817,2),(6234,1511,3),(6234,1512,3),(6234,1520,3),(6234,8615,3),(6234,8651,3),(6234,5523,6),(6234,5535,6),(6234,8814,6),(6234,8824,6),(6234,8815,10),(6234,8825,10),(6234,8530,12),(6234,8531,12),(6234,8543,12),(6234,8544,12),(6235,2825,1),(6235,8837,1),(6235,8847,1),(6235,1521,2),(6235,8838,2),(6235,8848,2),(6235,1511,3),(6235,1512,3),(6235,1520,3),(6235,8615,3),(6235,8651,3),(6235,8834,6),(6235,8835,6),(6235,8844,6),(6235,8845,6),(6235,8836,10),(6235,8846,10),(6235,8530,12),(6235,8531,12),(6235,8543,12),(6235,8544,12),(6236,2825,1),(6236,8856,1),(6236,8866,1),(6236,1521,2),(6236,1512,3),(6236,3840,3),(6236,3854,3),(6236,8615,3),(6236,8651,3),(6236,8532,6),(6236,8533,6),(6236,8545,6),(6236,8546,6),(6236,8660,6),(6236,8670,6),(6236,8855,10),(6236,8865,10),(6236,8530,12),(6236,8531,12),(6236,8543,12),(6236,8544,12),(6237,2825,1),(6237,8856,1),(6237,8866,1),(6237,1521,2),(6237,1512,3),(6237,3840,3),(6237,3854,3),(6237,8615,3),(6237,8651,3),(6237,8532,6),(6237,8533,6),(6237,8545,6),(6237,8546,6),(6237,8660,6),(6237,8670,6),(6237,8876,10),(6237,8886,10),(6237,8530,12),(6237,8531,12),(6237,8543,12),(6237,8544,12),(6238,2825,1),(6238,8856,1),(6238,8866,1),(6238,1521,2),(6238,1512,3),(6238,3840,3),(6238,3854,3),(6238,8615,3),(6238,8651,3),(6238,8532,6),(6238,8533,6),(6238,8545,6),(6238,8546,6),(6238,8660,6),(6238,8670,6),(6238,8897,6),(6238,8908,6),(6238,8898,10),(6238,8909,10),(6238,8530,12),(6238,8531,12),(6238,8543,12),(6238,8544,12),(6243,2825,1),(6243,8921,1),(6243,8930,1),(6243,1521,2),(6243,1512,3),(6243,3840,3),(6243,3854,3),(6243,8615,3),(6243,8651,3),(6243,8637,6),(6243,8638,6),(6243,8648,6),(6243,8649,6),(6243,8920,10),(6243,8929,10),(6243,8530,12),(6243,8531,12),(6243,8543,12),(6243,8544,12),(6244,2825,1),(6244,3854,1),(6244,8941,1),(6244,8949,1),(6244,1520,2),(6244,1521,2),(6244,1511,3),(6244,1512,3),(6244,8615,3),(6244,8651,3),(6244,8939,6),(6244,8947,6),(6244,8940,10),(6244,8948,10),(6244,8530,12),(6244,8531,12),(6244,8543,12),(6244,8544,12),(6245,2825,1),(6245,8958,1),(6245,8968,1),(6245,1521,2),(6245,1512,3),(6245,8562,3),(6245,8576,3),(6245,8615,3),(6245,8651,3),(6245,8532,6),(6245,8533,6),(6245,8545,6),(6245,8546,6),(6245,8611,6),(6245,8624,6),(6245,8957,10),(6245,8967,10),(6245,8530,12),(6245,8531,12),(6245,8543,12),(6245,8544,12),(6246,8550,1),(6246,8980,1),(6246,8990,1),(6246,1279,2),(6246,1267,3),(6246,8615,3),(6246,8651,3),(6246,8981,3),(6246,8991,3),(6246,8532,6),(6246,8533,6),(6246,8545,6),(6246,8546,6),(6246,8978,6),(6246,8988,6),(6246,8979,10),(6246,8989,10),(6246,8530,12),(6246,8531,12),(6246,8543,12),(6246,8544,12),(6250,2825,1),(6250,9000,1),(6250,9010,1),(6250,1521,2),(6250,1512,3),(6250,8615,3),(6250,8651,3),(6250,9001,3),(6250,9011,3),(6250,8532,6),(6250,8533,6),(6250,8545,6),(6250,8546,6),(6250,8814,6),(6250,8824,6),(6250,8999,10),(6250,9009,10),(6250,8530,12),(6250,8531,12),(6250,8543,12),(6250,8544,12),(6251,2825,1),(6251,9000,1),(6251,9010,1),(6251,1521,2),(6251,1511,3),(6251,1512,3),(6251,1520,3),(6251,8615,3),(6251,8651,3),(6251,9020,6),(6251,9028,6),(6251,9021,10),(6251,9029,10),(6251,8530,12),(6251,8531,12),(6251,8543,12),(6251,8544,12),(6252,2825,1),(6252,9040,1),(6252,9049,1),(6252,1521,2),(6252,1511,3),(6252,1512,3),(6252,1520,3),(6252,8615,3),(6252,8651,3),(6252,9037,6),(6252,9038,6),(6252,9046,6),(6252,9047,6),(6252,9039,10),(6252,9048,10),(6252,8530,12),(6252,8531,12),(6252,8543,12),(6252,8544,12),(6256,2825,1),(6256,9058,1),(6256,9066,1),(6256,1521,2),(6256,1511,3),(6256,1512,3),(6256,1520,3),(6256,8615,3),(6256,8651,3),(6256,9056,6),(6256,9064,6),(6256,9057,10),(6256,9065,10),(6256,8530,12),(6256,8531,12),(6256,8543,12),(6256,8544,12),(6257,2825,1),(6257,9074,1),(6257,9075,1),(6257,9076,1),(6257,9077,1),(6257,9078,1),(6257,9088,1),(6257,1521,2),(6257,1511,3),(6257,1512,3),(6257,1520,3),(6257,8615,3),(6257,8651,3),(6257,8612,6),(6257,8613,6),(6257,8625,6),(6257,8897,6),(6257,8908,6),(6257,9073,10),(6257,9087,10),(6257,8530,12),(6257,8531,12),(6257,8543,12),(6257,8544,12),(6258,2825,1),(6258,9098,1),(6258,9107,1),(6258,1521,2),(6258,1511,3),(6258,1512,3),(6258,1520,3),(6258,8615,3),(6258,8651,3),(6258,8612,6),(6258,8613,6),(6258,8625,6),(6258,9097,10),(6258,9106,10),(6258,8530,12),(6258,8531,12),(6258,8543,12),(6258,8544,12),(6259,2825,1),(6259,9118,1),(6259,9127,1),(6259,1521,2),(6259,1512,3),(6259,1792,3),(6259,1799,3),(6259,8615,3),(6259,8651,3),(6259,8612,6),(6259,9064,6),(6259,9115,6),(6259,9116,6),(6259,9125,6),(6259,9117,10),(6259,9126,10),(6259,8530,12),(6259,8531,12),(6259,8543,12),(6259,8544,12),(6260,2825,1),(6260,9137,1),(6260,9145,1),(6260,1521,2),(6260,1512,3),(6260,1792,3),(6260,1799,3),(6260,8615,3),(6260,8651,3),(6260,9135,6),(6260,9143,6),(6260,9136,10),(6260,9144,10),(6260,8530,12),(6260,8531,12),(6260,8543,12),(6260,8544,12),(6262,2825,1),(6262,9153,1),(6262,9154,1),(6262,9168,1),(6262,9169,1),(6262,1521,2),(6262,5500,2),(6262,5501,2),(6262,5512,2),(6262,5513,2),(6262,5514,2),(6262,9157,2),(6262,9172,2),(6262,1512,3),(6262,3840,3),(6262,3854,3),(6262,9155,3),(6262,9156,3),(6262,9170,3),(6262,9171,3),(6262,8834,6),(6262,8844,6),(6262,9116,6),(6262,9166,6),(6262,9152,10),(6262,9167,10),(6262,7503,12),(6262,7504,12),(6262,7513,12),(6262,7514,12),(6263,2825,1),(6263,9153,1),(6263,9154,1),(6263,9168,1),(6263,9169,1),(6263,1521,2),(6263,5500,2),(6263,5501,2),(6263,5512,2),(6263,5513,2),(6263,5514,2),(6263,9157,2),(6263,9172,2),(6263,1512,3),(6263,3840,3),(6263,3854,3),(6263,9155,3),(6263,9156,3),(6263,9170,3),(6263,9171,3),(6263,8834,6),(6263,8844,6),(6263,9116,6),(6263,9166,6),(6263,9182,10),(6263,9196,10),(6263,7503,12),(6263,7504,12),(6263,7513,12),(6263,7514,12),(6266,2825,1),(6266,9153,1),(6266,9168,1),(6266,9215,1),(6266,9227,1),(6266,1521,2),(6266,5500,2),(6266,5501,2),(6266,5512,2),(6266,5513,2),(6266,5514,2),(6266,1512,3),(6266,3840,3),(6266,3854,3),(6266,9155,3),(6266,9170,3),(6266,9212,6),(6266,9213,6),(6266,9224,6),(6266,9225,6),(6266,9214,10),(6266,9226,10),(6266,7503,12),(6266,7504,12),(6266,7513,12),(6266,7514,12),(6267,2825,1),(6267,9153,1),(6267,9168,1),(6267,9215,1),(6267,9227,1),(6267,1521,2),(6267,5500,2),(6267,5501,2),(6267,5512,2),(6267,5513,2),(6267,5514,2),(6267,1512,3),(6267,3840,3),(6267,3854,3),(6267,9155,3),(6267,9170,3),(6267,9238,6),(6267,9249,6),(6267,9250,6),(6267,9239,10),(6267,9251,10),(6267,7503,12),(6267,7504,12),(6267,7513,12),(6267,7514,12),(6268,2825,1),(6268,9153,1),(6268,9168,1),(6268,9215,1),(6268,9227,1),(6268,1521,2),(6268,5500,2),(6268,5501,2),(6268,5512,2),(6268,5513,2),(6268,5514,2),(6268,1512,3),(6268,3840,3),(6268,3854,3),(6268,9155,3),(6268,9170,3),(6268,9263,6),(6268,9274,6),(6268,9264,10),(6268,9275,10),(6268,7503,12),(6268,7504,12),(6268,7513,12),(6268,7514,12),(6269,2825,1),(6269,9153,1),(6269,9168,1),(6269,9215,1),(6269,9227,1),(6269,1521,2),(6269,5500,2),(6269,5501,2),(6269,5512,2),(6269,5513,2),(6269,5514,2),(6269,1512,3),(6269,3840,3),(6269,3854,3),(6269,9155,3),(6269,9170,3),(6269,9287,6),(6269,9298,6),(6269,9288,10),(6269,9299,10),(6269,7503,12),(6269,7504,12),(6269,7513,12),(6269,7514,12),(6271,9153,1),(6271,9168,1),(6271,9313,1),(6271,9326,1),(6271,9327,1),(6271,5500,2),(6271,5501,2),(6271,5512,2),(6271,5513,2),(6271,5514,2),(6271,9328,2),(6271,1512,3),(6271,1806,3),(6271,2825,3),(6271,3840,3),(6271,3854,3),(6271,8574,3),(6271,9155,3),(6271,9170,3),(6271,9314,3),(6271,9311,6),(6271,9324,6),(6271,9312,10),(6271,9325,10),(6271,7503,12),(6271,7504,12),(6271,7513,12),(6271,7514,12),(6272,9153,1),(6272,9168,1),(6272,9313,1),(6272,9326,1),(6272,9327,1),(6272,5500,2),(6272,5501,2),(6272,5512,2),(6272,5513,2),(6272,5514,2),(6272,9328,2),(6272,1512,3),(6272,1806,3),(6272,2825,3),(6272,3840,3),(6272,3854,3),(6272,8574,3),(6272,9155,3),(6272,9170,3),(6272,9314,3),(6272,9339,6),(6272,9340,6),(6272,9353,6),(6272,9354,6),(6272,9341,10),(6272,9355,10),(6272,7503,12),(6272,7504,12),(6272,7513,12),(6272,7514,12),(6273,9153,1),(6273,9168,1),(6273,9313,1),(6273,9326,1),(6273,9327,1),(6273,5500,2),(6273,5501,2),(6273,5512,2),(6273,5513,2),(6273,5514,2),(6273,9328,2),(6273,1512,3),(6273,1806,3),(6273,2825,3),(6273,3840,3),(6273,3854,3),(6273,8574,3),(6273,9155,3),(6273,9170,3),(6273,9314,3),(6273,9369,6),(6273,9382,6),(6273,9370,10),(6273,9383,10),(6273,7503,12),(6273,7504,12),(6273,7513,12),(6273,7514,12),(6277,9153,1),(6277,9168,1),(6277,9313,1),(6277,9326,1),(6277,9327,1),(6277,5500,2),(6277,5501,2),(6277,5512,2),(6277,5513,2),(6277,5514,2),(6277,9328,2),(6277,1512,3),(6277,1806,3),(6277,2825,3),(6277,3840,3),(6277,3854,3),(6277,8574,3),(6277,9155,3),(6277,9170,3),(6277,9314,3),(6277,9397,6),(6277,9410,6),(6277,9398,10),(6277,9411,10),(6277,7503,12),(6277,7504,12),(6277,7513,12),(6277,7514,12),(6281,9153,1),(6281,9168,1),(6281,9313,1),(6281,9326,1),(6281,9327,1),(6281,5500,2),(6281,5501,2),(6281,5512,2),(6281,5513,2),(6281,5514,2),(6281,9328,2),(6281,1512,3),(6281,1806,3),(6281,2825,3),(6281,3840,3),(6281,3854,3),(6281,8574,3),(6281,9155,3),(6281,9170,3),(6281,9314,3),(6281,9425,6),(6281,9426,6),(6281,9439,6),(6281,9440,6),(6281,9427,10),(6281,9441,10),(6281,7503,12),(6281,7504,12),(6281,7513,12),(6281,7514,12),(6282,9153,1),(6282,9168,1),(6282,9313,1),(6282,9326,1),(6282,9327,1),(6282,5500,2),(6282,5501,2),(6282,5512,2),(6282,5513,2),(6282,5514,2),(6282,9328,2),(6282,1512,3),(6282,1806,3),(6282,2825,3),(6282,3840,3),(6282,3854,3),(6282,8574,3),(6282,9155,3),(6282,9170,3),(6282,9314,3),(6282,9455,6),(6282,9468,6),(6282,9456,10),(6282,9469,10),(6282,7503,12),(6282,7504,12),(6282,7513,12),(6282,7514,12),(6288,8,1),(6288,9,1),(6288,1335,1),(6288,6327,1),(6288,9484,1),(6288,9499,1),(6288,13,2),(6288,22,2),(6288,10,3),(6288,1233,3),(6288,1234,3),(6288,1334,3),(6288,1347,3),(6288,8105,3),(6288,9497,3),(6288,9498,3),(6288,2056,6),(6288,2633,6),(6288,2634,6),(6288,2647,6),(6288,9483,10),(6288,9496,10),(6288,181,12),(6288,182,12),(6288,197,12),(6288,198,12),(6289,8,1),(6289,9,1),(6289,1335,1),(6289,6327,1),(6289,9499,1),(6289,9511,1),(6289,13,2),(6289,22,2),(6289,9512,2),(6289,10,3),(6289,1233,3),(6289,1234,3),(6289,1334,3),(6289,1347,3),(6289,8105,3),(6289,9497,3),(6289,9498,3),(6289,9524,3),(6289,9509,6),(6289,9522,6),(6289,9510,10),(6289,9523,10),(6289,181,12),(6289,182,12),(6289,197,12),(6289,198,12),(6291,8,1),(6291,9,1),(6291,1335,1),(6291,6327,1),(6291,9536,1),(6291,9550,1),(6291,13,2),(6291,22,2),(6291,9537,2),(6291,9551,2),(6291,10,3),(6291,1233,3),(6291,1234,3),(6291,1334,3),(6291,1347,3),(6291,8105,3),(6291,9497,3),(6291,9498,3),(6291,2056,6),(6291,2633,6),(6291,2634,6),(6291,2647,6),(6291,9535,10),(6291,9549,10),(6291,181,12),(6291,182,12),(6291,197,12),(6291,198,12),(6292,8,1),(6292,9,1),(6292,1335,1),(6292,6327,1),(6292,9564,1),(6292,9577,1),(6292,13,2),(6292,22,2),(6292,10,3),(6292,1233,3),(6292,1234,3),(6292,1334,3),(6292,1347,3),(6292,8105,3),(6292,9497,3),(6292,9498,3),(6292,2056,6),(6292,2633,6),(6292,2634,6),(6292,2647,6),(6292,9563,10),(6292,9576,10),(6292,181,12),(6292,182,12),(6292,197,12),(6292,198,12),(6293,8,1),(6293,9,1),(6293,1335,1),(6293,6327,1),(6293,9590,1),(6293,9603,1),(6293,13,2),(6293,22,2),(6293,10,3),(6293,1233,3),(6293,1234,3),(6293,1334,3),(6293,1347,3),(6293,8105,3),(6293,9497,3),(6293,9498,3),(6293,2056,6),(6293,2633,6),(6293,2634,6),(6293,2647,6),(6293,9589,10),(6293,9602,10),(6293,181,12),(6293,182,12),(6293,197,12),(6293,198,12),(6294,8,1),(6294,9,1),(6294,1335,1),(6294,6327,1),(6294,9616,1),(6294,9617,1),(6294,9618,1),(6294,9632,1),(6294,13,2),(6294,22,2),(6294,6111,2),(6294,9619,2),(6294,9620,2),(6294,9633,2),(6294,9634,2),(6294,10,3),(6294,1233,3),(6294,1234,3),(6294,1334,3),(6294,1347,3),(6294,8105,3),(6294,9497,3),(6294,9498,3),(6294,2000,6),(6294,2023,6),(6294,9615,10),(6294,9631,10),(6294,181,12),(6294,182,12),(6294,197,12),(6294,198,12),(6295,8,1),(6295,9,1),(6295,1334,1),(6295,1335,1),(6295,1347,1),(6295,6327,1),(6295,9648,1),(6295,9664,1),(6295,13,2),(6295,22,2),(6295,1319,2),(6295,1337,2),(6295,6031,2),(6295,9665,2),(6295,10,3),(6295,1233,3),(6295,1234,3),(6295,8105,3),(6295,9497,3),(6295,9498,3),(6295,2056,6),(6295,2633,6),(6295,2634,6),(6295,2647,6),(6295,9646,6),(6295,9662,6),(6295,9647,10),(6295,9663,10),(6295,181,12),(6295,182,12),(6295,197,12),(6295,198,12),(6298,8,1),(6298,9,1),(6298,1334,1),(6298,1335,1),(6298,1347,1),(6298,6327,1),(6298,9680,1),(6298,9696,1),(6298,13,2),(6298,22,2),(6298,530,2),(6298,1319,2),(6298,1337,2),(6298,10,3),(6298,570,3),(6298,1233,3),(6298,1234,3),(6298,8105,3),(6298,9497,3),(6298,9498,3),(6298,1972,6),(6298,8480,6),(6298,8492,6),(6298,9678,6),(6298,9694,6),(6298,9679,10),(6298,9695,10),(6298,181,12),(6298,182,12),(6298,197,12),(6298,198,12),(6299,8,1),(6299,9,1),(6299,1334,1),(6299,1335,1),(6299,1347,1),(6299,6327,1),(6299,9680,1),(6299,9696,1),(6299,13,2),(6299,22,2),(6299,530,2),(6299,1319,2),(6299,1337,2),(6299,10,3),(6299,570,3),(6299,1233,3),(6299,1234,3),(6299,8105,3),(6299,9497,3),(6299,9498,3),(6299,9678,6),(6299,9694,6),(6299,9709,6),(6299,9710,6),(6299,9725,6),(6299,9711,10),(6299,9726,10),(6299,181,12),(6299,182,12),(6299,197,12),(6299,198,12),(6300,8,1),(6300,9,1),(6300,1334,1),(6300,1335,1),(6300,1347,1),(6300,6327,1),(6300,9680,1),(6300,9696,1),(6300,13,2),(6300,22,2),(6300,530,2),(6300,1319,2),(6300,1337,2),(6300,10,3),(6300,570,3),(6300,1233,3),(6300,1234,3),(6300,8105,3),(6300,9497,3),(6300,9498,3),(6300,2056,6),(6300,2633,6),(6300,2634,6),(6300,2647,6),(6300,9678,6),(6300,9694,6),(6300,9740,10),(6300,9756,10),(6300,181,12),(6300,182,12),(6300,197,12),(6300,198,12),(6302,2825,1),(6302,9774,1),(6302,9782,1),(6302,1521,2),(6302,1268,3),(6302,1282,3),(6302,1512,3),(6302,8615,3),(6302,8651,3),(6302,9772,6),(6302,9780,6),(6302,9773,10),(6302,9781,10),(6302,8530,12),(6302,8531,12),(6302,8543,12),(6302,8544,12),(6303,2825,1),(6303,9790,1),(6303,9799,1),(6303,1521,2),(6303,1794,2),(6303,1801,2),(6303,1268,3),(6303,1282,3),(6303,1512,3),(6303,8615,3),(6303,8651,3),(6303,9772,6),(6303,9780,6),(6303,9789,10),(6303,9798,10),(6303,8530,12),(6303,8531,12),(6303,8543,12),(6303,8544,12),(6304,8,1),(6304,9,1),(6304,1334,1),(6304,1335,1),(6304,1347,1),(6304,6327,1),(6304,9680,1),(6304,9696,1),(6304,13,2),(6304,22,2),(6304,530,2),(6304,1319,2),(6304,1337,2),(6304,10,3),(6304,570,3),(6304,1233,3),(6304,1234,3),(6304,8105,3),(6304,9497,3),(6304,9498,3),(6304,2056,6),(6304,2633,6),(6304,2634,6),(6304,2647,6),(6304,9678,6),(6304,9694,6),(6304,9808,10),(6304,9824,10),(6304,181,12),(6304,182,12),(6304,197,12),(6304,198,12),(6305,1,1),(6305,19,1),(6305,25,1),(6305,43,1),(6305,44,1),(6305,55,1),(6305,56,1),(6305,70,1),(6305,71,1),(6305,87,1),(6305,88,1),(6305,120,1),(6305,150,1),(6305,214,1),(6305,243,1),(6305,244,1),(6305,275,1),(6305,276,1),(6305,379,1),(6305,422,1),(6305,517,1),(6305,520,1),(6305,521,1),(6305,528,1),(6305,529,1),(6305,530,1),(6305,568,1),(6305,569,1),(6305,570,1),(6305,571,1),(6305,1137,1),(6305,1168,1),(6305,1172,1),(6305,1173,1),(6305,1174,1),(6305,1175,1),(6305,4456,1),(6305,9841,1),(6305,9842,1),(6305,9843,1),(6305,9844,1),(6305,9878,1),(6305,9879,1),(6305,9880,1),(6305,9881,1),(6305,9882,1),(6305,4,2),(6305,7,2),(6305,15,2),(6305,18,2),(6305,21,2),(6305,45,2),(6305,103,2),(6305,104,2),(6305,134,2),(6305,165,2),(6305,228,2),(6305,259,2),(6305,260,2),(6305,293,2),(6305,294,2),(6305,416,2),(6305,565,2),(6305,566,2),(6305,567,2),(6305,1170,2),(6305,5,3),(6305,6,3),(6305,30,3),(6305,47,3),(6305,27,7),(6305,41,7),(6305,181,7),(6305,182,7),(6305,384,7),(6305,387,7),(6305,421,7),(6305,197,8),(6305,198,8),(6305,420,8),(6305,395,10),(6305,431,10),(6305,1136,10),(6305,1169,10),(6305,9840,10),(6305,9877,10),(6310,2825,1),(6310,2857,1),(6310,9168,1),(6310,9928,1),(6310,9937,1),(6310,1266,2),(6310,1280,2),(6310,1521,2),(6310,9929,2),(6310,9938,2),(6310,1512,3),(6310,3840,3),(6310,3854,3),(6310,5512,6),(6310,9249,6),(6310,9926,6),(6310,9935,6),(6310,9927,10),(6310,9936,10),(6310,1789,12),(6310,1797,12),(6318,8574,1),(6318,8725,1),(6318,8726,1),(6318,9947,1),(6318,9956,1),(6318,1303,2),(6318,1817,2),(6318,9948,2),(6318,9957,2),(6318,1806,3),(6318,1809,3),(6318,3840,3),(6318,3854,3),(6318,1285,6),(6318,1286,6),(6318,1295,6),(6318,1296,6),(6318,1283,12),(6318,1284,12),(6318,1293,12),(6318,1294,12),(6319,8574,1),(6319,8725,1),(6319,8726,1),(6319,9947,1),(6319,9956,1),(6319,1273,2),(6319,1281,2),(6319,1303,2),(6319,9948,2),(6319,9957,2),(6319,1264,3),(6319,1265,3),(6319,1809,3),(6319,3840,3),(6319,3854,3),(6319,1285,6),(6319,1286,6),(6319,1295,6),(6319,1296,6),(6319,1283,12),(6319,1284,12),(6319,1293,12),(6319,1294,12),(6320,8574,1),(6320,8725,1),(6320,8726,1),(6320,9947,1),(6320,9956,1),(6320,1303,2),(6320,1817,2),(6320,9948,2),(6320,9957,2),(6320,1806,3),(6320,1809,3),(6320,3840,3),(6320,3854,3),(6320,1285,6),(6320,1286,6),(6320,1295,6),(6320,1296,6),(6320,1283,12),(6320,1284,12),(6320,1293,12),(6320,1294,12),(6321,8574,1),(6321,8725,1),(6321,8726,1),(6321,9947,1),(6321,9956,1),(6321,1303,2),(6321,1817,2),(6321,9948,2),(6321,9957,2),(6321,1806,3),(6321,1809,3),(6321,3840,3),(6321,3854,3),(6321,1285,6),(6321,1286,6),(6321,1295,6),(6321,1296,6),(6321,1283,12),(6321,1284,12),(6321,1293,12),(6321,1294,12),(6322,8574,1),(6322,8725,1),(6322,8726,1),(6322,9947,1),(6322,9956,1),(6322,1303,2),(6322,1817,2),(6322,9948,2),(6322,9957,2),(6322,1806,3),(6322,1809,3),(6322,3840,3),(6322,3854,3),(6322,1285,6),(6322,1286,6),(6322,1295,6),(6322,1296,6),(6322,1283,12),(6322,1284,12),(6322,1293,12),(6322,1294,12),(6323,8574,1),(6323,8726,1),(6323,10054,1),(6323,10062,1),(6323,10063,1),(6323,1498,2),(6323,1817,2),(6323,1482,3),(6323,1806,3),(6323,3840,3),(6323,3854,3),(6323,1285,6),(6323,1286,6),(6323,1295,6),(6323,1296,6),(6323,1283,12),(6323,1284,12),(6323,1293,12),(6323,1294,12),(6324,8550,1),(6324,8574,1),(6324,10073,1),(6324,10082,1),(6324,1266,2),(6324,1279,2),(6324,1280,2),(6324,1817,2),(6324,1267,3),(6324,1806,3),(6324,3840,3),(6324,3854,3),(6324,1285,6),(6324,1286,6),(6324,1295,6),(6324,1296,6),(6324,1283,12),(6324,1284,12),(6324,1293,12),(6324,1294,12),(6326,8574,1),(6326,8725,1),(6326,10093,1),(6326,10102,1),(6326,1303,2),(6326,1817,2),(6326,10094,2),(6326,10103,2),(6326,1806,3),(6326,1809,3),(6326,3840,3),(6326,3854,3),(6326,1285,6),(6326,1286,6),(6326,1295,6),(6326,1296,6),(6326,9125,6),(6326,1283,12),(6326,1284,12),(6326,1293,12),(6326,1294,12),(6328,8550,1),(6328,8574,1),(6328,10114,1),(6328,10122,1),(6328,1279,2),(6328,1817,2),(6328,1267,3),(6328,1806,3),(6328,3840,3),(6328,3854,3),(6328,1285,6),(6328,1286,6),(6328,1295,6),(6328,1296,6),(6328,1283,12),(6328,1284,12),(6328,1293,12),(6328,1294,12),(6335,1487,1),(6335,1806,1),(6335,1817,1),(6335,7922,1),(6335,8550,1),(6335,10134,1),(6335,10135,1),(6335,10147,1),(6335,10148,1),(6335,10149,1),(6335,10150,1),(6335,1273,2),(6335,1279,2),(6335,1281,2),(6335,2126,2),(6335,1264,3),(6335,1265,3),(6335,1267,3),(6335,2136,3),(6335,3840,3),(6335,3854,3),(6335,2387,6),(6335,2396,6),(6335,2397,6),(6335,10133,10),(6335,10146,10),(6335,10132,12),(6335,10145,12),(6336,2825,1),(6336,2857,1),(6336,10161,1),(6336,10171,1),(6336,1521,2),(6336,5500,2),(6336,5501,2),(6336,5512,2),(6336,5513,2),(6336,5514,2),(6336,8003,2),(6336,10162,2),(6336,1512,3),(6336,3840,3),(6336,3854,3),(6336,9929,3),(6336,9938,3),(6336,2387,6),(6336,2396,6),(6336,2397,6),(6336,10160,10),(6336,10170,10),(6336,10132,12),(6336,10145,12),(6341,2824,1),(6341,8548,1),(6341,8550,1),(6341,10150,1),(6341,10181,1),(6341,10182,1),(6341,10190,1),(6341,1266,2),(6341,1273,2),(6341,1279,2),(6341,1281,2),(6341,1264,3),(6341,1265,3),(6341,1267,3),(6341,1280,3),(6341,3840,3),(6341,3854,3),(6341,10180,10),(6341,10189,10),(6341,10179,12),(6341,10188,12),(6344,815,1),(6344,1315,1),(6344,1316,1),(6344,1317,1),(6344,1318,1),(6344,1330,1),(6344,1331,1),(6344,1333,1),(6344,1337,1),(6344,8106,1),(6344,9498,1),(6344,13,2),(6344,22,2),(6344,1320,2),(6344,1321,2),(6344,1335,2),(6344,1336,2),(6344,1338,2),(6344,1339,2),(6344,10868,2),(6344,10859,3),(6344,10200,6),(6344,10201,6),(6344,10202,6),(6344,10216,6),(6344,10217,6),(6344,10218,6),(6344,1314,10),(6344,1329,10),(6344,10203,10),(6344,10219,10),(6344,1309,22),(6344,1310,22),(6344,1325,23),(6344,1326,23),(6350,8,1),(6350,9,1),(6350,1335,1),(6350,6327,1),(6350,6329,1),(6350,8727,1),(6350,10238,1),(6350,10239,1),(6350,10240,1),(6350,10241,1),(6350,10256,1),(6350,10265,1),(6350,10266,1),(6350,1239,2),(6350,1252,2),(6350,1319,2),(6350,1337,2),(6350,3840,2),(6350,3854,2),(6350,10242,2),(6350,10257,2),(6350,10,3),(6350,13,3),(6350,1234,3),(6350,1237,3),(6350,1238,3),(6350,1251,3),(6350,1253,3),(6350,1254,3),(6350,1255,3),(6350,1512,3),(6350,8708,3),(6350,10235,3),(6350,10236,3),(6350,10237,3),(6350,10252,3),(6350,10253,3),(6350,10254,3),(6350,10255,3),(6350,9056,6),(6350,9064,6),(6350,10263,6),(6350,10279,6),(6350,9498,7),(6350,10250,7),(6350,1233,9),(6350,9153,9),(6350,10234,10),(6350,10251,10),(6350,10264,10),(6350,10280,10),(6350,181,12),(6350,182,12),(6350,197,12),(6350,198,12),(6350,8530,12),(6350,8531,12),(6350,8543,12),(6350,8544,12),(6353,8,1),(6353,9,1),(6353,10,1),(6353,815,1),(6353,2040,1),(6353,8086,1),(6353,10295,1),(6353,10296,1),(6353,10297,1),(6353,1233,2),(6353,1234,2),(6353,1251,2),(6353,1252,2),(6353,1337,2),(6353,1319,3),(6353,10293,6),(6353,10310,6),(6353,10311,6),(6353,8085,7),(6353,10294,10),(6353,10312,10),(6353,528,12),(6353,529,12),(6353,565,12),(6353,566,12),(6356,13087,3),(6356,13101,3),(6356,26805,6),(6356,26806,6),(6356,26807,6),(6356,26808,6),(6356,26811,6),(6356,26812,6),(6356,26813,6),(6356,26809,10),(6356,26814,10),(6359,1264,1),(6359,1265,1),(6359,1273,1),(6359,1274,1),(6359,1278,1),(6359,2824,1),(6359,8548,1),(6359,8550,1),(6359,10322,1),(6359,10337,1),(6359,1806,2),(6359,2735,2),(6359,2748,2),(6359,8574,2),(6359,9155,2),(6359,9170,2),(6359,1267,3),(6359,1279,3),(6359,3840,3),(6359,3854,3),(6359,10320,6),(6359,10335,6),(6359,7503,10),(6359,7504,10),(6359,7507,10),(6359,7513,10),(6359,7514,10),(6359,7517,10),(6359,10321,10),(6359,10336,10),(6359,10318,12),(6359,10319,12),(6359,10333,12),(6359,10334,12),(6363,8550,1),(6363,8574,1),(6363,10355,1),(6363,10363,1),(6363,1279,2),(6363,1817,2),(6363,10356,2),(6363,1267,3),(6363,1806,3),(6363,3840,3),(6363,3854,3),(6363,10353,6),(6363,10361,6),(6363,10354,10),(6363,10362,10),(6363,10352,12),(6363,10360,12),(6365,8550,1),(6365,8574,1),(6365,10182,1),(6365,10382,1),(6365,1266,2),(6365,1279,2),(6365,1817,2),(6365,1267,3),(6365,1806,3),(6365,3840,3),(6365,3854,3),(6365,10369,6),(6365,10370,6),(6365,10371,6),(6365,10379,6),(6365,10380,6),(6365,10372,10),(6365,10381,10),(6365,10352,12),(6365,10360,12),(6366,1512,1),(6366,5502,1),(6366,5515,1),(6366,8550,1),(6366,8615,1),(6366,8651,1),(6366,1267,2),(6366,1279,2),(6366,1806,2),(6366,1817,2),(6366,5500,2),(6366,5501,2),(6366,5512,2),(6366,5513,2),(6366,5514,2),(6366,3840,3),(6366,3854,3),(6366,10389,6),(6366,10390,6),(6366,10401,6),(6366,10402,6),(6366,10391,10),(6366,10403,10),(6366,10352,12),(6366,10360,12),(6367,2824,1),(6367,2825,1),(6367,8548,1),(6367,10181,1),(6367,10190,1),(6367,10417,1),(6367,10427,1),(6367,1273,2),(6367,1281,2),(6367,1521,2),(6367,1264,3),(6367,1265,3),(6367,1512,3),(6367,3840,3),(6367,3854,3),(6367,10414,6),(6367,10415,6),(6367,10424,6),(6367,10425,6),(6367,10416,10),(6367,10426,10),(6367,10179,12),(6367,10188,12),(6368,2824,1),(6368,2825,1),(6368,8548,1),(6368,10181,1),(6368,10190,1),(6368,10417,1),(6368,10427,1),(6368,1273,2),(6368,1281,2),(6368,1521,2),(6368,1264,3),(6368,1265,3),(6368,1512,3),(6368,3840,3),(6368,3854,3),(6368,10414,6),(6368,10415,6),(6368,10424,6),(6368,10425,6),(6368,10437,10),(6368,10447,10),(6368,10179,12),(6368,10188,12),(6369,2824,1),(6369,2825,1),(6369,8548,1),(6369,10181,1),(6369,10190,1),(6369,10417,1),(6369,10427,1),(6369,1273,2),(6369,1281,2),(6369,1521,2),(6369,1264,3),(6369,1265,3),(6369,1512,3),(6369,3840,3),(6369,3854,3),(6369,10414,6),(6369,10415,6),(6369,10424,6),(6369,10425,6),(6369,10460,10),(6369,10470,10),(6369,10179,12),(6369,10188,12),(6374,2824,1),(6374,2825,1),(6374,8548,1),(6374,10181,1),(6374,10190,1),(6374,10417,1),(6374,10427,1),(6374,1273,2),(6374,1281,2),(6374,1521,2),(6374,1264,3),(6374,1265,3),(6374,1512,3),(6374,3840,3),(6374,3854,3),(6374,10414,6),(6374,10415,6),(6374,10424,6),(6374,10425,6),(6374,10483,10),(6374,10493,10),(6374,10179,12),(6374,10188,12),(6377,2125,1),(6377,2135,1),(6377,2733,1),(6377,3837,1),(6377,8725,1),(6377,10181,1),(6377,10190,1),(6377,1273,2),(6377,1281,2),(6377,1303,2),(6377,2126,2),(6377,2136,2),(6377,1264,3),(6377,1265,3),(6377,1809,3),(6377,3840,3),(6377,3854,3),(6377,10506,6),(6377,10507,6),(6377,10508,6),(6377,10509,6),(6377,10521,6),(6377,10522,6),(6377,10523,6),(6377,10524,6),(6377,10510,10),(6377,10525,10),(6377,10179,12),(6377,10188,12),(6378,2125,1),(6378,2135,1),(6378,2733,1),(6378,3837,1),(6378,8725,1),(6378,10181,1),(6378,10190,1),(6378,1273,2),(6378,1281,2),(6378,1303,2),(6378,2126,2),(6378,2136,2),(6378,1264,3),(6378,1265,3),(6378,1809,3),(6378,3840,3),(6378,3854,3),(6378,10506,6),(6378,10507,6),(6378,10508,6),(6378,10521,6),(6378,10522,6),(6378,10523,6),(6378,10535,6),(6378,10550,6),(6378,10536,10),(6378,10551,10),(6378,10179,12),(6378,10188,12),(6379,2125,1),(6379,2135,1),(6379,2733,1),(6379,3837,1),(6379,8725,1),(6379,10181,1),(6379,10190,1),(6379,1273,2),(6379,1281,2),(6379,1303,2),(6379,2126,2),(6379,2136,2),(6379,1264,3),(6379,1265,3),(6379,1809,3),(6379,3840,3),(6379,3854,3),(6379,10506,6),(6379,10507,6),(6379,10508,6),(6379,10521,6),(6379,10522,6),(6379,10523,6),(6379,10564,6),(6379,10579,6),(6379,10565,10),(6379,10580,10),(6379,10179,12),(6379,10188,12),(6382,2125,1),(6382,2135,1),(6382,2824,1),(6382,8548,1),(6382,8550,1),(6382,1273,2),(6382,1279,2),(6382,1281,2),(6382,2126,2),(6382,2136,2),(6382,1264,3),(6382,1265,3),(6382,1267,3),(6382,3840,3),(6382,3854,3),(6382,10370,6),(6382,10593,6),(6382,10594,6),(6382,10605,6),(6382,10595,10),(6382,10606,10),(6382,7503,12),(6382,7504,12),(6382,7513,12),(6382,7514,12),(6383,1274,1),(6383,1278,1),(6383,1279,1),(6383,2824,1),(6383,2825,1),(6383,8548,1),(6383,9928,1),(6383,9937,1),(6383,1266,2),(6383,1280,2),(6383,1281,2),(6383,1300,2),(6383,1521,2),(6383,5501,2),(6383,5512,2),(6383,5514,2),(6383,7313,2),(6383,1264,3),(6383,1265,3),(6383,1273,3),(6383,1512,3),(6383,8981,3),(6383,8991,3),(6383,10618,6),(6383,10633,6),(6383,7503,10),(6383,7504,10),(6383,7507,10),(6383,7513,10),(6383,7514,10),(6383,7517,10),(6383,10619,10),(6383,10634,10),(6383,10318,12),(6383,10319,12),(6383,10333,12),(6383,10334,12),(6385,8,1),(6385,9,1),(6385,1335,1),(6385,2058,1),(6385,6327,1),(6385,9498,1),(6385,10659,1),(6385,10660,1),(6385,10661,1),(6385,10674,1),(6385,10,2),(6385,22,2),(6385,25,2),(6385,1252,2),(6385,6329,2),(6385,13,3),(6385,1233,3),(6385,1234,3),(6385,1251,3),(6385,1334,3),(6385,1347,3),(6385,1972,6),(6385,10656,6),(6385,10657,6),(6385,10671,6),(6385,10672,6),(6385,10655,9),(6385,10670,9),(6385,10658,10),(6385,10673,10),(6387,1274,1),(6387,1278,1),(6387,2824,1),(6387,2825,1),(6387,5355,1),(6387,5367,1),(6387,8548,1),(6387,1281,2),(6387,1264,3),(6387,1265,3),(6387,1273,3),(6387,1512,3),(6387,1521,3),(6387,3840,3),(6387,3854,3),(6387,10685,6),(6387,10694,6),(6387,10686,10),(6387,10687,10),(6387,10695,10),(6387,10696,10),(6387,1789,33),(6387,1797,33),(6388,2824,1),(6388,5513,1),(6388,10713,1),(6388,10722,1),(6388,10723,1),(6388,1273,2),(6388,2390,2),(6388,10724,2),(6388,1264,3),(6388,1265,3),(6388,1281,3),(6388,3840,3),(6388,3854,3),(6388,10711,3),(6388,10712,3),(6388,9249,6),(6388,10708,6),(6388,10709,6),(6388,10719,6),(6388,10720,6),(6388,10710,10),(6388,10721,10),(6388,1789,12),(6388,1797,12),(6398,8727,1),(6398,10240,1),(6398,10241,1),(6398,10250,1),(6398,10256,1),(6398,10733,1),(6398,10748,1),(6398,1512,2),(6398,1521,2),(6398,3840,2),(6398,3854,2),(6398,10257,2),(6398,10749,2),(6398,8708,3),(6398,10235,3),(6398,10252,3),(6398,10370,6),(6398,10593,6),(6398,10594,6),(6398,10605,6),(6398,10746,6),(6398,9153,9),(6398,10732,10),(6398,10747,10),(6398,7503,12),(6398,7504,12),(6398,7513,12),(6398,7514,12),(6399,8,1),(6399,9,1),(6399,43,1),(6399,44,1),(6399,1335,1),(6399,1426,1),(6399,2040,1),(6399,2057,1),(6399,2058,1),(6399,4876,1),(6399,4877,1),(6399,6327,1),(6399,6329,1),(6399,13,2),(6399,25,2),(6399,1234,2),(6399,1238,2),(6399,1251,2),(6399,1252,2),(6399,1254,2),(6399,10,3),(6399,1237,3),(6399,1239,3),(6399,1319,3),(6399,1337,3),(6399,1253,4),(6399,1255,4),(6399,9498,6),(6399,10760,6),(6399,10775,6),(6399,1233,9),(6399,4862,10),(6399,4878,10),(6399,10761,10),(6399,10776,10),(6399,1,32),(6399,15,33),(6400,8,1),(6400,9,1),(6400,1247,1),(6400,1426,1),(6400,1464,1),(6400,2058,1),(6400,10,2),(6400,13,2),(6400,43,2),(6400,44,2),(6400,1251,2),(6400,1252,2),(6400,6165,2),(6400,8088,2),(6400,8089,2),(6400,8108,2),(6400,8109,2),(6400,1233,3),(6400,1234,3),(6400,1319,3),(6400,1337,3),(6400,10829,7),(6400,10842,7),(6400,4841,10),(6400,4852,10),(6400,10830,10),(6400,10843,10),(6400,3634,33),(6400,3648,33),(6405,1319,1),(6405,1380,1),(6405,13,2),(6405,22,2),(6405,10870,2),(6405,10861,4),(6405,10867,6),(6405,10868,6),(6405,10858,7),(6405,10859,7),(6405,1325,9),(6405,1326,9),(6405,1309,10),(6405,1310,10),(6405,10860,10),(6405,10869,10),(6407,8,1),(6407,43,1),(6407,44,1),(6407,815,1),(6407,1335,1),(6407,2057,1),(6407,6297,1),(6407,6327,1),(6407,6329,1),(6407,10877,1),(6407,10891,1),(6407,1234,2),(6407,1251,2),(6407,1252,2),(6407,10,3),(6407,1319,3),(6407,1337,3),(6407,1972,7),(6407,10874,7),(6407,10875,7),(6407,10889,7),(6407,1426,8),(6407,1233,9),(6407,4923,10),(6407,4938,10),(6407,10876,10),(6407,10890,10),(6407,1947,23),(6407,1948,23),(6407,1959,23),(6407,1960,23),(6409,8,1),(6409,9,1),(6409,13,1),(6409,1237,1),(6409,1238,1),(6409,1239,1),(6409,25,2),(6409,1251,2),(6409,1252,2),(6409,1334,2),(6409,1347,2),(6409,10,3),(6409,1233,3),(6409,1234,3),(6409,10905,6),(6409,10906,6),(6409,10919,6),(6409,10920,6),(6409,10907,10),(6409,10921,10),(6409,1,12),(6409,15,12),(6410,8,1),(6410,9,1),(6410,13,1),(6410,1237,1),(6410,1238,1),(6410,1239,1),(6410,25,2),(6410,1251,2),(6410,1252,2),(6410,10929,2),(6410,10,3),(6410,1233,3),(6410,1234,3),(6410,10927,6),(6410,10940,6),(6410,10928,10),(6410,10941,10),(6410,1,12),(6410,15,12),(6411,8,1),(6411,9,1),(6411,25,1),(6411,1234,1),(6411,1335,1),(6411,4339,1),(6411,6327,1),(6411,10947,1),(6411,10965,1),(6411,10966,1),(6411,424,2),(6411,1247,2),(6411,1319,2),(6411,1337,2),(6411,1855,2),(6411,1871,2),(6411,3490,2),(6411,3504,2),(6411,10967,2),(6411,10,3),(6411,13,3),(6411,390,3),(6411,1237,3),(6411,1238,3),(6411,1239,3),(6411,1253,3),(6411,1254,3),(6411,1255,3),(6411,1233,4),(6411,8121,6),(6411,8140,6),(6411,10946,10),(6411,10964,10),(6411,1,12),(6411,15,12),(6412,8,1),(6412,9,1),(6412,1335,1),(6412,2040,1),(6412,2058,1),(6412,6327,1),(6412,6329,1),(6412,9498,1),(6412,13,2),(6412,1252,2),(6412,6165,2),(6412,8088,2),(6412,8089,2),(6412,8108,2),(6412,8109,2),(6412,10,3),(6412,1233,3),(6412,1234,3),(6412,1251,3),(6412,1319,3),(6412,1337,3),(6412,5105,6),(6412,8435,6),(6412,10981,6),(6412,10982,6),(6412,10983,6),(6412,10984,6),(6412,10998,6),(6412,10999,6),(6412,11000,6),(6412,10985,10),(6412,11001,10),(6412,2408,12),(6412,2422,12),(6413,8,1),(6413,9,1),(6413,1335,1),(6413,2040,1),(6413,2058,1),(6413,6327,1),(6413,6329,1),(6413,9498,1),(6413,13,2),(6413,1252,2),(6413,6165,2),(6413,8088,2),(6413,8089,2),(6413,8108,2),(6413,8109,2),(6413,10,3),(6413,1233,3),(6413,1234,3),(6413,1251,3),(6413,1319,3),(6413,1337,3),(6413,4454,6),(6413,8436,6),(6413,10981,6),(6413,10982,6),(6413,10983,6),(6413,10984,6),(6413,10998,6),(6413,10999,6),(6413,11000,6),(6413,11015,10),(6413,11032,10),(6413,2408,12),(6413,2422,12),(6414,1233,1),(6414,1234,1),(6414,11050,1),(6414,11051,1),(6414,4454,6),(6414,5105,6),(6414,8105,6),(6414,10998,6),(6414,10999,6),(6414,11000,6),(6414,8085,7),(6414,8435,7),(6414,8436,7),(6414,10981,7),(6414,10982,7),(6414,10983,7),(6414,10984,7),(6414,11049,10),(6414,11062,10),(6414,2408,12),(6414,2422,12),(6415,1335,1),(6415,1339,1),(6415,1375,1),(6415,1643,1),(6415,2539,1),(6415,4454,1),(6415,6327,1),(6415,11072,1),(6415,11074,1),(6415,11075,1),(6415,11076,1),(6415,11088,1),(6415,11089,1),(6415,11090,1),(6415,11091,1),(6415,11092,1),(6415,11093,1),(6415,11094,1),(6415,11095,1),(6415,10,2),(6415,1337,2),(6415,1644,2),(6415,6147,2),(6415,9498,2),(6415,1319,3),(6415,1663,3),(6415,6146,3),(6415,6162,3),(6415,6163,3),(6415,6164,3),(6415,6165,3),(6415,11073,3),(6415,11070,6),(6415,11086,6),(6415,11071,10),(6415,11087,10),(6415,1633,12),(6415,1634,12),(6415,1654,12),(6415,1655,12),(6416,45,1),(6416,450,1),(6416,1316,1),(6416,1334,1),(6416,2428,1),(6416,3002,1),(6416,3082,1),(6416,3083,1),(6416,11113,1),(6416,11125,1),(6416,11126,1),(6416,1337,2),(6416,522,3),(6416,1319,3),(6416,2431,3),(6416,3070,3),(6416,3085,3),(6416,430,7),(6416,2632,7),(6416,3127,7),(6416,3128,7),(6416,3129,7),(6416,3130,7),(6416,11110,7),(6416,11111,7),(6416,3117,10),(6416,3131,10),(6416,11112,10),(6416,11124,10),(6416,388,33),(6416,389,33),(6416,463,33),(6416,464,33),(6419,450,1),(6419,1316,1),(6419,1334,1),(6419,3002,1),(6419,11146,1),(6419,11161,1),(6419,45,2),(6419,1337,2),(6419,522,3),(6419,1319,3),(6419,3070,3),(6419,2431,4),(6419,3085,4),(6419,6076,7),(6419,6088,7),(6419,11143,7),(6419,11144,7),(6419,11157,7),(6419,11158,7),(6419,11159,7),(6419,3117,10),(6419,3131,10),(6419,11145,10),(6419,11160,10),(6419,388,33),(6419,389,33),(6419,463,33),(6419,464,33),(6420,1315,1),(6420,1316,1),(6420,1317,1),(6420,1330,1),(6420,1331,1),(6420,1332,1),(6420,1335,1),(6420,1339,1),(6420,1346,1),(6420,1777,1),(6420,5875,1),(6420,6165,1),(6420,6327,1),(6420,9498,1),(6420,11091,1),(6420,11190,1),(6420,11191,1),(6420,11192,1),(6420,13,2),(6420,22,2),(6420,25,2),(6420,10,3),(6420,12,3),(6420,24,3),(6420,1577,3),(6420,1591,3),(6420,10983,7),(6420,11171,7),(6420,11172,7),(6420,11187,7),(6420,11188,7),(6420,1763,10),(6420,1776,10),(6420,11173,10),(6420,11189,10),(6420,1309,33),(6420,1310,33),(6420,1325,33),(6420,1326,33),(6421,8,1),(6421,9,1),(6421,25,1),(6421,43,1),(6421,44,1),(6421,45,1),(6421,1321,1),(6421,1330,1),(6421,1335,1),(6421,1339,1),(6421,1346,1),(6421,1399,1),(6421,1564,1),(6421,1607,1),(6421,1643,1),(6421,1663,1),(6421,6165,1),(6421,6327,1),(6421,9498,1),(6421,11091,1),(6421,11191,1),(6421,11192,1),(6421,11230,1),(6421,11231,1),(6421,10,2),(6421,1233,2),(6421,1234,2),(6421,1251,2),(6421,1252,2),(6421,1644,2),(6421,1334,3),(6421,1347,3),(6421,11210,7),(6421,11211,7),(6421,11227,7),(6421,11228,7),(6421,1679,10),(6421,1695,10),(6421,11212,10),(6421,11229,10),(6421,1309,33),(6421,1310,33),(6421,1325,33),(6421,1326,33),(6422,815,1),(6422,1315,1),(6422,1316,1),(6422,1317,1),(6422,1330,1),(6422,1331,1),(6422,1332,1),(6422,1335,1),(6422,1346,1),(6422,1564,1),(6422,1607,1),(6422,1777,1),(6422,6327,1),(6422,11095,1),(6422,11258,1),(6422,11276,1),(6422,13,2),(6422,22,2),(6422,1339,2),(6422,12,3),(6422,24,3),(6422,1553,3),(6422,1602,7),(6422,1617,7),(6422,11254,7),(6422,11255,7),(6422,11256,7),(6422,11272,7),(6422,11273,7),(6422,11274,7),(6422,3400,10),(6422,3415,10),(6422,11257,10),(6422,11275,10),(6422,1309,33),(6422,1310,33),(6422,1325,33),(6422,1326,33),(6423,8,1),(6423,9,1),(6423,43,1),(6423,44,1),(6423,1339,1),(6423,1399,1),(6423,1591,1),(6423,1607,1),(6423,2527,1),(6423,4406,1),(6423,11311,1),(6423,11312,1),(6423,11313,1),(6423,10,2),(6423,1233,2),(6423,1234,2),(6423,1251,2),(6423,1252,2),(6423,1334,2),(6423,2528,2),(6423,25,3),(6423,1347,3),(6423,2542,3),(6423,11292,7),(6423,11293,7),(6423,11308,7),(6423,11309,7),(6423,3888,10),(6423,3902,10),(6423,11294,10),(6423,11310,10),(6423,1309,33),(6423,1310,33),(6423,1325,33),(6423,1326,33),(6424,10,1),(6424,450,1),(6424,1315,1),(6424,1316,1),(6424,1330,1),(6424,1331,1),(6424,1332,1),(6424,1335,1),(6424,1339,1),(6424,1346,1),(6424,1607,1),(6424,1777,1),(6424,6165,1),(6424,6327,1),(6424,9498,1),(6424,11091,1),(6424,11191,1),(6424,11312,1),(6424,11345,1),(6424,11346,1),(6424,11347,1),(6424,13,2),(6424,22,2),(6424,1319,3),(6424,1337,3),(6424,11330,3),(6424,11327,7),(6424,11328,7),(6424,11342,7),(6424,11343,7),(6424,1763,10),(6424,1776,10),(6424,11329,10),(6424,11344,10),(6424,1309,33),(6424,1310,33),(6424,1325,34),(6424,1326,34),(6425,8,1),(6425,9,1),(6425,43,1),(6425,44,1),(6425,45,1),(6425,1335,1),(6425,1339,1),(6425,5023,1),(6425,6165,1),(6425,6327,1),(6425,8109,1),(6425,9498,1),(6425,9665,1),(6425,11089,1),(6425,11091,1),(6425,11093,1),(6425,11094,1),(6425,11191,1),(6425,11312,1),(6425,11367,1),(6425,11368,1),(6425,11383,1),(6425,11384,1),(6425,11385,1),(6425,11386,1),(6425,1337,2),(6425,6111,2),(6425,9619,2),(6425,9620,2),(6425,9633,2),(6425,9634,2),(6425,11369,2),(6425,1319,3),(6425,1375,3),(6425,1399,3),(6425,815,6),(6425,2307,6),(6425,8120,6),(6425,11365,6),(6425,428,7),(6425,2320,7),(6425,11380,7),(6425,11381,7),(6425,5011,10),(6425,5022,10),(6425,11366,10),(6425,11382,10),(6425,1309,32),(6425,1310,32),(6425,1325,33),(6425,1326,33),(6431,1817,1),(6431,8550,1),(6431,10147,1),(6431,10148,1),(6431,10149,1),(6431,11415,1),(6431,11416,1),(6431,11417,1),(6431,11418,1),(6431,11419,1),(6431,11430,1),(6431,1264,2),(6431,1265,2),(6431,1267,2),(6431,1273,2),(6431,1279,2),(6431,1281,2),(6431,3840,3),(6431,3854,3),(6431,11420,4),(6431,11429,5),(6431,11411,6),(6431,11412,6),(6431,11413,6),(6431,11426,6),(6431,11427,6),(6431,16833,10),(6431,16848,10),(6431,10132,12),(6431,10145,12),(6432,1817,1),(6432,2734,1),(6432,8550,1),(6432,10147,1),(6432,10148,1),(6432,10149,1),(6432,1273,2),(6432,1279,2),(6432,1281,2),(6432,2735,2),(6432,1264,3),(6432,1265,3),(6432,1267,3),(6432,2748,3),(6432,3840,3),(6432,3854,3),(6432,11441,6),(6432,11450,6),(6432,11414,10),(6432,11428,10),(6432,10132,12),(6432,10145,12),(6433,1487,1),(6433,1806,1),(6433,1817,1),(6433,7922,1),(6433,8550,1),(6433,10147,1),(6433,10148,1),(6433,10149,1),(6433,11465,1),(6433,1264,2),(6433,1265,2),(6433,1273,2),(6433,1279,2),(6433,1281,2),(6433,2126,2),(6433,1267,3),(6433,1511,3),(6433,1520,3),(6433,2136,3),(6433,11463,6),(6433,11464,6),(6433,11476,6),(6433,11477,6),(6433,11414,10),(6433,11428,10),(6433,10132,12),(6433,10145,12),(6434,1487,1),(6434,1806,1),(6434,1817,1),(6434,7922,1),(6434,8550,1),(6434,10147,1),(6434,10148,1),(6434,10149,1),(6434,11490,1),(6434,1264,2),(6434,1265,2),(6434,1273,2),(6434,1279,2),(6434,1281,2),(6434,1794,2),(6434,1267,3),(6434,1801,3),(6434,3840,3),(6434,3854,3),(6434,2387,6),(6434,11502,6),(6434,11414,10),(6434,11428,10),(6434,10132,12),(6434,10145,12),(6435,8,1),(6435,9,1),(6435,1335,1),(6435,2040,1),(6435,2058,1),(6435,6327,1),(6435,6329,1),(6435,9498,1),(6435,9617,1),(6435,9618,1),(6435,11091,1),(6435,11518,1),(6435,11521,1),(6435,11522,1),(6435,11538,1),(6435,13,2),(6435,1399,2),(6435,6165,2),(6435,8088,2),(6435,8089,2),(6435,8108,2),(6435,8109,2),(6435,10,3),(6435,12,3),(6435,24,3),(6435,1375,3),(6435,11519,3),(6435,11520,3),(6435,1343,6),(6435,1358,6),(6435,11516,6),(6435,11536,6),(6435,11517,10),(6435,11537,10),(6435,11515,12),(6435,11535,12),(6436,1274,1),(6436,1278,1),(6436,2824,1),(6436,8725,1),(6436,11552,1),(6436,11561,1),(6436,1264,3),(6436,1265,3),(6436,1273,3),(6436,1281,3),(6436,1303,3),(6436,1511,3),(6436,1520,3),(6436,1809,3),(6436,2387,6),(6436,2396,6),(6436,2397,6),(6436,2388,10),(6436,2398,10),(6436,11551,10),(6436,11560,10),(6436,1260,32),(6436,1269,32),(6437,1274,1),(6437,1278,1),(6437,2824,1),(6437,2901,1),(6437,8550,1),(6437,11576,1),(6437,11587,1),(6437,1264,2),(6437,1265,3),(6437,1267,3),(6437,1273,3),(6437,1279,3),(6437,1281,3),(6437,1511,3),(6437,1520,3),(6437,2735,4),(6437,2748,4),(6437,11574,6),(6437,11585,6),(6437,4475,10),(6437,4486,10),(6437,11575,10),(6437,11586,10),(6437,1260,33),(6437,1269,33),(6438,1274,1),(6438,1278,1),(6438,2824,1),(6438,2901,1),(6438,8550,1),(6438,11601,1),(6438,11613,1),(6438,1264,2),(6438,2735,2),(6438,2748,2),(6438,11602,2),(6438,11614,2),(6438,1265,3),(6438,1267,3),(6438,1273,3),(6438,1279,3),(6438,1281,3),(6438,3840,3),(6438,3854,3),(6438,11599,6),(6438,11611,6),(6438,4475,10),(6438,4486,10),(6438,11600,10),(6438,11612,10),(6438,1260,33),(6438,1269,33),(6439,1274,1),(6439,1278,1),(6439,2824,1),(6439,2901,1),(6439,8550,1),(6439,11601,1),(6439,11613,1),(6439,1264,2),(6439,2735,2),(6439,2748,2),(6439,11602,2),(6439,11614,2),(6439,1265,3),(6439,1267,3),(6439,1273,3),(6439,1279,3),(6439,1281,3),(6439,3840,3),(6439,3854,3),(6439,11626,6),(6439,11638,6),(6439,4475,10),(6439,4486,10),(6439,11627,10),(6439,11639,10),(6439,1260,33),(6439,1269,33),(6440,1274,1),(6440,1278,1),(6440,2824,1),(6440,7313,1),(6440,8550,1),(6440,11655,1),(6440,11656,1),(6440,11669,1),(6440,11670,1),(6440,1301,2),(6440,1302,2),(6440,1264,3),(6440,1265,3),(6440,1267,3),(6440,1273,3),(6440,1279,3),(6440,1281,3),(6440,1488,3),(6440,1489,3),(6440,1511,3),(6440,1520,3),(6440,11653,6),(6440,11667,6),(6440,7507,10),(6440,7517,10),(6440,11654,10),(6440,11668,10),(6440,7503,22),(6440,7504,22),(6440,7513,22),(6440,7514,22),(6441,2125,1),(6441,2135,1),(6441,2733,1),(6441,2824,1),(6441,3837,1),(6441,8725,1),(6441,10181,1),(6441,10190,1),(6441,1273,2),(6441,1303,2),(6441,2126,2),(6441,2136,2),(6441,1264,3),(6441,1265,3),(6441,1281,3),(6441,1809,3),(6441,3840,3),(6441,3854,3),(6441,10507,6),(6441,10522,6),(6441,11684,6),(6441,11685,6),(6441,11698,6),(6441,11699,6),(6441,11686,10),(6441,11700,10),(6441,10179,12),(6441,10188,12),(6442,2125,1),(6442,2135,1),(6442,2733,1),(6442,3837,1),(6442,8725,1),(6442,10181,1),(6442,10190,1),(6442,1273,2),(6442,1281,2),(6442,1303,2),(6442,2126,2),(6442,2136,2),(6442,1264,3),(6442,1265,3),(6442,1809,3),(6442,3840,3),(6442,3854,3),(6442,10507,6),(6442,10522,6),(6442,11684,6),(6442,11698,6),(6442,11712,6),(6442,11726,6),(6442,11713,10),(6442,11727,10),(6442,10179,12),(6442,10188,12),(6444,8,1),(6444,9,1),(6444,25,1),(6444,43,1),(6444,44,1),(6444,1335,1),(6444,1375,1),(6444,1426,1),(6444,2193,1),(6444,2195,1),(6444,3547,1),(6444,3561,1),(6444,4552,1),(6444,6134,1),(6444,6325,1),(6444,6327,1),(6444,6329,1),(6444,10965,1),(6444,10966,1),(6444,11744,1),(6444,11745,1),(6444,11746,1),(6444,11747,1),(6444,11766,1),(6444,11767,1),(6444,10,2),(6444,1233,2),(6444,1247,2),(6444,1871,2),(6444,1319,3),(6444,1337,3),(6444,1855,3),(6444,11740,6),(6444,11741,6),(6444,11742,6),(6444,11762,6),(6444,11763,6),(6444,11764,6),(6444,3663,10),(6444,3664,10),(6444,3676,10),(6444,3677,10),(6444,11743,10),(6444,11765,10),(6444,11739,13),(6444,11761,13),(6445,8,1),(6445,9,1),(6445,25,1),(6445,43,1),(6445,44,1),(6445,1335,1),(6445,1375,1),(6445,1426,1),(6445,2193,1),(6445,2195,1),(6445,3547,1),(6445,3561,1),(6445,4552,1),(6445,6134,1),(6445,6325,1),(6445,6327,1),(6445,6329,1),(6445,10965,1),(6445,10966,1),(6445,11744,1),(6445,11745,1),(6445,11746,1),(6445,11747,1),(6445,11766,1),(6445,11767,1),(6445,10,2),(6445,1233,2),(6445,1247,2),(6445,1871,2),(6445,1319,3),(6445,1337,3),(6445,1855,3),(6445,5091,6),(6445,5105,6),(6445,11740,6),(6445,11741,6),(6445,11762,6),(6445,11763,6),(6445,3663,10),(6445,3664,10),(6445,3676,10),(6445,3677,10),(6445,11785,10),(6445,11807,10),(6445,11739,13),(6445,11761,13),(6446,8,1),(6446,9,1),(6446,25,1),(6446,43,1),(6446,44,1),(6446,1335,1),(6446,1426,1),(6446,2040,1),(6446,2058,1),(6446,6134,1),(6446,6325,1),(6446,6327,1),(6446,6329,1),(6446,9665,1),(6446,11833,1),(6446,10,2),(6446,1399,2),(6446,6031,2),(6446,1334,3),(6446,1347,3),(6446,1375,3),(6446,1639,6),(6446,11831,6),(6446,11832,6),(6446,11846,6),(6446,11847,6),(6446,3663,10),(6446,3664,10),(6446,3676,10),(6446,3677,10),(6446,11743,10),(6446,11765,10),(6446,11739,13),(6446,11761,13),(6447,8,1),(6447,9,1),(6447,1335,1),(6447,1339,1),(6447,6143,1),(6447,6327,1),(6447,10966,1),(6447,11089,1),(6447,11090,1),(6447,11091,1),(6447,11092,1),(6447,11093,1),(6447,11094,1),(6447,11095,1),(6447,11883,1),(6447,1334,2),(6447,1347,2),(6447,1399,2),(6447,6144,2),(6447,6145,2),(6447,6146,2),(6447,6147,2),(6447,6329,2),(6447,9498,2),(6447,10,3),(6447,1375,3),(6447,1644,3),(6447,1663,3),(6447,6162,3),(6447,6163,3),(6447,6164,3),(6447,6165,3),(6447,1972,6),(6447,5119,6),(6447,6141,6),(6447,6160,6),(6447,2539,7),(6447,5133,7),(6447,11865,10),(6447,11882,10),(6447,1633,12),(6447,1634,12),(6447,1654,12),(6447,1655,12),(6451,8,1),(6451,9,1),(6451,10,1),(6451,1335,1),(6451,1339,1),(6451,2539,1),(6451,6327,1),(6451,10966,1),(6451,11089,1),(6451,11090,1),(6451,11091,1),(6451,11092,1),(6451,11093,1),(6451,11094,1),(6451,11095,1),(6451,11911,1),(6451,1319,2),(6451,1337,2),(6451,1399,2),(6451,6144,2),(6451,6145,2),(6451,6146,2),(6451,6147,2),(6451,9498,2),(6451,11913,2),(6451,11929,2),(6451,1375,3),(6451,6162,3),(6451,6163,3),(6451,6164,3),(6451,6165,3),(6451,11912,3),(6451,11928,3),(6451,5119,6),(6451,11909,6),(6451,11926,6),(6451,5133,7),(6451,11910,10),(6451,11927,10),(6451,1633,12),(6451,1634,12),(6451,1654,12),(6451,1655,12),(6452,8,1),(6452,9,1),(6452,10,1),(6452,1335,1),(6452,1339,1),(6452,4807,1),(6452,6327,1),(6452,10966,1),(6452,11089,1),(6452,11090,1),(6452,11091,1),(6452,11092,1),(6452,11093,1),(6452,11094,1),(6452,11095,1),(6452,11911,1),(6452,1319,2),(6452,1337,2),(6452,1399,2),(6452,6144,2),(6452,6145,2),(6452,6146,2),(6452,6147,2),(6452,9498,2),(6452,11913,2),(6452,11929,2),(6452,1375,3),(6452,6162,3),(6452,6163,3),(6452,6164,3),(6452,6165,3),(6452,11912,3),(6452,11928,3),(6452,2524,6),(6452,11909,6),(6452,11926,6),(6452,2539,7),(6452,11952,10),(6452,11969,10),(6452,1633,12),(6452,1634,12),(6452,1654,12),(6452,1655,12),(6453,8,1),(6453,9,1),(6453,10,1),(6453,1335,1),(6453,1339,1),(6453,2539,1),(6453,5133,1),(6453,6327,1),(6453,10966,1),(6453,11089,1),(6453,11090,1),(6453,11091,1),(6453,11092,1),(6453,11093,1),(6453,11094,1),(6453,11095,1),(6453,11911,1),(6453,11928,1),(6453,1399,2),(6453,6144,2),(6453,6145,2),(6453,6146,2),(6453,6147,2),(6453,9498,2),(6453,11913,2),(6453,11929,2),(6453,1375,3),(6453,6162,3),(6453,6163,3),(6453,6164,3),(6453,6165,3),(6453,11912,3),(6453,4795,6),(6453,4807,6),(6453,11909,6),(6453,11926,6),(6453,11952,10),(6453,11969,10),(6453,1633,12),(6453,1634,12),(6453,1654,12),(6453,1655,12),(6454,8,1),(6454,9,1),(6454,1335,1),(6454,1339,1),(6454,2539,1),(6454,5133,1),(6454,6327,1),(6454,10966,1),(6454,11072,1),(6454,11089,1),(6454,11090,1),(6454,11091,1),(6454,11092,1),(6454,11093,1),(6454,11094,1),(6454,11095,1),(6454,1319,2),(6454,1337,2),(6454,1399,2),(6454,6144,2),(6454,6145,2),(6454,6146,2),(6454,6147,2),(6454,6329,2),(6454,9498,2),(6454,10,3),(6454,1375,3),(6454,1644,3),(6454,1663,3),(6454,6162,3),(6454,6163,3),(6454,6164,3),(6454,6165,3),(6454,4795,6),(6454,4807,6),(6454,12037,6),(6454,12038,6),(6454,12054,6),(6454,11952,10),(6454,11969,10),(6454,1633,12),(6454,1634,12),(6454,1654,12),(6454,1655,12),(6455,8,1),(6455,9,1),(6455,1335,1),(6455,1339,1),(6455,5133,1),(6455,6327,1),(6455,10966,1),(6455,11072,1),(6455,11089,1),(6455,11090,1),(6455,11091,1),(6455,11092,1),(6455,11093,1),(6455,11094,1),(6455,11095,1),(6455,1319,2),(6455,1337,2),(6455,1399,2),(6455,6144,2),(6455,6145,2),(6455,6146,2),(6455,6147,2),(6455,6329,2),(6455,9498,2),(6455,10,3),(6455,1375,3),(6455,1644,3),(6455,1663,3),(6455,6162,3),(6455,6163,3),(6455,6164,3),(6455,6165,3),(6455,2524,6),(6455,12037,6),(6455,12038,6),(6455,12054,6),(6455,2539,7),(6455,12081,10),(6455,12098,10),(6455,1633,12),(6455,1634,12),(6455,1654,12),(6455,1655,12),(6456,8,1),(6456,9,1),(6456,1335,1),(6456,1339,1),(6456,2539,1),(6456,6327,1),(6456,9498,1),(6456,10966,1),(6456,11089,1),(6456,11090,1),(6456,11091,1),(6456,11093,1),(6456,12124,1),(6456,12141,1),(6456,12142,1),(6456,12143,1),(6456,12144,1),(6456,1250,2),(6456,1399,2),(6456,1663,2),(6456,6144,2),(6456,6145,2),(6456,6146,2),(6456,6147,2),(6456,6329,2),(6456,11929,2),(6456,12125,2),(6456,10,3),(6456,1236,3),(6456,1375,3),(6456,1644,3),(6456,6162,3),(6456,6163,3),(6456,6164,3),(6456,6165,3),(6456,4436,6),(6456,6029,6),(6456,6041,6),(6456,4454,7),(6456,11952,10),(6456,11969,10),(6456,1633,12),(6456,1634,12),(6456,1654,12),(6456,1655,12),(6457,8,1),(6457,9,1),(6457,1335,1),(6457,1339,1),(6457,2539,1),(6457,6327,1),(6457,9498,1),(6457,10966,1),(6457,11089,1),(6457,11090,1),(6457,11091,1),(6457,11093,1),(6457,12124,1),(6457,12141,1),(6457,12142,1),(6457,12143,1),(6457,12144,1),(6457,1236,2),(6457,1250,2),(6457,1399,2),(6457,1663,2),(6457,6144,2),(6457,6145,2),(6457,6146,2),(6457,6147,2),(6457,6329,2),(6457,11929,2),(6457,12125,2),(6457,10,3),(6457,1375,3),(6457,1644,3),(6457,6162,3),(6457,6163,3),(6457,6164,3),(6457,6165,3),(6457,5119,6),(6457,6029,6),(6457,6041,6),(6457,5133,7),(6457,11952,10),(6457,11969,10),(6457,1633,12),(6457,1634,12),(6457,1654,12),(6457,1655,12),(6458,8,1),(6458,9,1),(6458,10,1),(6458,1335,1),(6458,1339,1),(6458,2539,1),(6458,5133,1),(6458,6327,1),(6458,10966,1),(6458,11089,1),(6458,11090,1),(6458,11091,1),(6458,11092,1),(6458,11093,1),(6458,11094,1),(6458,11095,1),(6458,11928,1),(6458,12215,1),(6458,1236,2),(6458,1250,2),(6458,1399,2),(6458,6078,2),(6458,6144,2),(6458,6145,2),(6458,6146,2),(6458,6147,2),(6458,9498,2),(6458,11929,2),(6458,1375,3),(6458,6162,3),(6458,6163,3),(6458,6164,3),(6458,6165,3),(6458,11912,3),(6458,1972,6),(6458,4795,6),(6458,12214,6),(6458,12232,6),(6458,4807,7),(6458,11952,10),(6458,11969,10),(6458,1633,12),(6458,1634,12),(6458,1654,12),(6458,1655,12),(6459,8,1),(6459,9,1),(6459,1335,1),(6459,1339,1),(6459,2539,1),(6459,6327,1),(6459,11089,1),(6459,11090,1),(6459,11091,1),(6459,11092,1),(6459,11093,1),(6459,11094,1),(6459,11095,1),(6459,12215,1),(6459,1319,2),(6459,1337,2),(6459,1399,2),(6459,6078,2),(6459,6144,2),(6459,6145,2),(6459,6146,2),(6459,6147,2),(6459,6329,2),(6459,9498,2),(6459,12286,2),(6459,10,3),(6459,1375,3),(6459,1644,3),(6459,1663,3),(6459,6162,3),(6459,6163,3),(6459,6164,3),(6459,6165,3),(6459,5119,6),(6459,12259,6),(6459,12261,6),(6459,12262,6),(6459,12263,6),(6459,12280,6),(6459,12282,6),(6459,12283,6),(6459,12284,6),(6459,5133,7),(6459,12264,10),(6459,12285,10),(6459,1633,12),(6459,1634,12),(6459,1654,12),(6459,1655,12),(6459,12260,12),(6459,12281,12),(6460,8,1),(6460,9,1),(6460,1335,1),(6460,1339,1),(6460,2539,1),(6460,6327,1),(6460,11089,1),(6460,11090,1),(6460,11091,1),(6460,11092,1),(6460,11093,1),(6460,11094,1),(6460,11095,1),(6460,12215,1),(6460,1319,2),(6460,1337,2),(6460,1399,2),(6460,6078,2),(6460,6144,2),(6460,6145,2),(6460,6146,2),(6460,6147,2),(6460,6329,2),(6460,9498,2),(6460,12286,2),(6460,10,3),(6460,1375,3),(6460,1644,3),(6460,1663,3),(6460,6162,3),(6460,6163,3),(6460,6164,3),(6460,6165,3),(6460,4436,6),(6460,12259,6),(6460,12261,6),(6460,12262,6),(6460,12280,6),(6460,12282,6),(6460,12283,6),(6460,4454,7),(6460,12310,10),(6460,12330,10),(6460,1633,12),(6460,1634,12),(6460,1654,12),(6460,1655,12),(6460,12260,12),(6460,12281,12),(6461,8,1),(6461,9,1),(6461,1335,1),(6461,1339,1),(6461,2539,1),(6461,4454,1),(6461,6162,1),(6461,6163,1),(6461,6164,1),(6461,6165,1),(6461,6327,1),(6461,11089,1),(6461,11090,1),(6461,11091,1),(6461,11092,1),(6461,11093,1),(6461,11094,1),(6461,11095,1),(6461,12215,1),(6461,1319,2),(6461,1337,2),(6461,1399,2),(6461,6078,2),(6461,6329,2),(6461,9498,2),(6461,12286,2),(6461,10,3),(6461,1375,3),(6461,1644,3),(6461,1663,3),(6461,12259,6),(6461,12261,6),(6461,12262,6),(6461,12280,6),(6461,12282,6),(6461,12283,6),(6461,12359,6),(6461,12375,6),(6461,12310,10),(6461,12330,10),(6461,1633,12),(6461,1634,12),(6461,1654,12),(6461,1655,12),(6461,12260,12),(6461,12281,12),(6462,8,1),(6462,9,1),(6462,10,1),(6462,1335,1),(6462,1339,1),(6462,2539,1),(6462,6327,1),(6462,10966,1),(6462,11072,1),(6462,11089,1),(6462,11090,1),(6462,11091,1),(6462,11092,1),(6462,11093,1),(6462,11094,1),(6462,11095,1),(6462,1399,2),(6462,6144,2),(6462,6145,2),(6462,6146,2),(6462,6147,2),(6462,9498,2),(6462,1334,3),(6462,1347,3),(6462,1375,3),(6462,6162,3),(6462,6163,3),(6462,6164,3),(6462,6165,3),(6462,12407,3),(6462,12423,3),(6462,5119,6),(6462,12038,6),(6462,12054,6),(6462,12405,6),(6462,5133,7),(6462,12406,10),(6462,12422,10),(6462,1633,12),(6462,1634,12),(6462,1654,12),(6462,1655,12),(6466,43,1),(6466,44,1),(6466,563,1),(6466,1247,1),(6466,1852,1),(6466,2195,1),(6466,2291,1),(6466,2425,1),(6466,2700,1),(6466,4214,1),(6466,5848,1),(6466,6369,1),(6466,12460,1),(6466,12461,1),(6466,12462,2),(6466,1319,3),(6466,1337,3),(6466,12449,3),(6466,12458,6),(6466,12447,7),(6466,4681,10),(6466,4697,10),(6466,12448,10),(6466,12459,10),(6466,3634,33),(6466,3648,33),(6467,45,1),(6467,1231,1),(6467,1853,1),(6467,1854,1),(6467,2195,1),(6467,2424,1),(6467,2425,1),(6467,2426,1),(6467,2427,1),(6467,2428,1),(6467,2429,1),(6467,2432,1),(6467,2433,1),(6467,4194,1),(6467,5848,1),(6467,6369,1),(6467,12479,1),(6467,12480,1),(6467,12481,1),(6467,12482,1),(6467,12483,1),(6467,12503,1),(6467,1852,2),(6467,2413,2),(6467,522,3),(6467,1319,3),(6467,1337,3),(6467,2431,3),(6467,2434,3),(6467,12473,7),(6467,12474,7),(6467,12475,7),(6467,12476,7),(6467,12477,7),(6467,12497,7),(6467,12498,7),(6467,12499,7),(6467,12500,7),(6467,12501,7),(6467,2409,10),(6467,2423,10),(6467,12478,10),(6467,12502,10),(6467,2422,13),(6467,2408,14),(6468,45,1),(6468,1231,1),(6468,1853,1),(6468,1854,1),(6468,2195,1),(6468,2411,1),(6468,2424,1),(6468,2425,1),(6468,2426,1),(6468,2428,1),(6468,2432,1),(6468,2433,1),(6468,2434,1),(6468,4194,1),(6468,5848,1),(6468,6369,1),(6468,12481,1),(6468,12482,1),(6468,12483,1),(6468,12522,1),(6468,12523,1),(6468,12524,1),(6468,12549,1),(6468,12550,1),(6468,12551,1),(6468,1852,2),(6468,12525,2),(6468,12526,2),(6468,12527,2),(6468,12528,2),(6468,522,3),(6468,1319,3),(6468,1337,3),(6468,2431,3),(6468,12545,6),(6468,12546,6),(6468,12547,6),(6468,12518,7),(6468,12519,7),(6468,12520,7),(6468,2409,10),(6468,2423,10),(6468,12521,10),(6468,12548,10),(6468,2422,13),(6468,2408,14),(6469,45,1),(6469,1231,1),(6469,1853,1),(6469,1854,1),(6469,2195,1),(6469,2411,1),(6469,2424,1),(6469,2425,1),(6469,2426,1),(6469,2428,1),(6469,2432,1),(6469,2433,1),(6469,2434,1),(6469,4194,1),(6469,5848,1),(6469,6369,1),(6469,12481,1),(6469,12482,1),(6469,12483,1),(6469,12522,1),(6469,12523,1),(6469,12524,1),(6469,12549,1),(6469,12550,1),(6469,12551,1),(6469,1852,2),(6469,12525,2),(6469,12526,2),(6469,12527,2),(6469,12528,2),(6469,522,3),(6469,1319,3),(6469,1337,3),(6469,2431,3),(6469,12590,6),(6469,12591,6),(6469,12564,7),(6469,12565,7),(6469,2409,10),(6469,2423,10),(6469,12566,10),(6469,12592,10),(6469,2422,13),(6469,2408,14),(6470,45,1),(6470,1852,1),(6470,1853,1),(6470,2195,1),(6470,2206,1),(6470,2207,1),(6470,2425,1),(6470,2428,1),(6470,2432,1),(6470,2433,1),(6470,2434,1),(6470,6979,1),(6470,9617,1),(6470,9618,1),(6470,12609,1),(6470,12631,1),(6470,12632,1),(6470,12633,1),(6470,1337,2),(6470,6111,2),(6470,9620,2),(6470,9634,2),(6470,12481,2),(6470,12610,2),(6470,12634,2),(6470,522,3),(6470,1319,3),(6470,2431,3),(6470,4233,3),(6470,5091,6),(6470,5105,6),(6470,10981,6),(6470,10982,6),(6470,10983,6),(6470,10984,6),(6470,10998,6),(6470,10999,6),(6470,11000,6),(6470,523,7),(6470,2424,7),(6470,2409,10),(6470,2423,10),(6470,12608,10),(6470,12630,10),(6470,2408,13),(6470,2422,13),(6471,45,1),(6471,1852,1),(6471,1853,1),(6471,2195,1),(6471,2206,1),(6471,2207,1),(6471,2425,1),(6471,2428,1),(6471,2432,1),(6471,2433,1),(6471,2434,1),(6471,6979,1),(6471,9617,1),(6471,9618,1),(6471,12609,1),(6471,12631,1),(6471,12632,1),(6471,12633,1),(6471,1337,2),(6471,6111,2),(6471,9620,2),(6471,9634,2),(6471,12481,2),(6471,12610,2),(6471,12634,2),(6471,522,3),(6471,1319,3),(6471,2431,3),(6471,4233,3),(6471,4436,6),(6471,4454,6),(6471,10981,6),(6471,10982,6),(6471,10983,6),(6471,10984,6),(6471,10998,6),(6471,10999,6),(6471,11000,6),(6471,11766,6),(6471,523,7),(6471,2424,7),(6471,2409,10),(6471,2423,10),(6471,12654,10),(6471,12676,10),(6471,2408,13),(6471,2422,13),(6474,18,1),(6474,19,1),(6474,21,1),(6474,22,1),(6474,25,1),(6474,43,1),(6474,44,1),(6474,45,1),(6474,328,1),(6474,384,1),(6474,390,1),(6474,516,1),(6474,1316,1),(6474,1321,1),(6474,1335,1),(6474,1339,1),(6474,1852,1),(6474,2193,1),(6474,2195,1),(6474,2291,1),(6474,2413,1),(6474,9633,1),(6474,10966,1),(6474,11766,1),(6474,12703,1),(6474,12704,1),(6474,12705,1),(6474,12708,1),(6474,12726,1),(6474,12727,1),(6474,12728,1),(6474,12729,1),(6474,12730,1),(6474,12731,1),(6474,12733,1),(6474,12735,1),(6474,12,2),(6474,24,2),(6474,1853,2),(6474,2424,2),(6474,12736,2),(6474,10659,3),(6474,12706,3),(6474,12707,3),(6474,12732,3),(6474,12734,3),(6474,12701,7),(6474,12724,7),(6474,345,10),(6474,361,10),(6474,12702,10),(6474,12725,10),(6474,342,32),(6474,343,32),(6474,357,32),(6474,358,32),(6475,8,1),(6475,9,1),(6475,43,1),(6475,44,1),(6475,395,1),(6475,517,1),(6475,1335,1),(6475,1339,1),(6475,1606,1),(6475,6165,1),(6475,6327,1),(6475,9498,1),(6475,9499,1),(6475,11091,1),(6475,11191,1),(6475,11192,1),(6475,11230,1),(6475,12761,1),(6475,12762,1),(6475,12780,1),(6475,12781,1),(6475,10,2),(6475,1577,2),(6475,25,3),(6475,1319,3),(6475,1337,3),(6475,1375,3),(6475,1399,3),(6475,1591,4),(6475,12776,6),(6475,12777,6),(6475,12778,6),(6475,6054,7),(6475,6066,7),(6475,12757,7),(6475,12758,7),(6475,12759,7),(6475,4377,10),(6475,4390,10),(6475,12760,10),(6475,12779,10),(6475,1309,33),(6475,1310,33),(6475,1325,33),(6475,1326,33),(6476,8,1),(6476,9,1),(6476,1335,1),(6476,1375,1),(6476,2058,1),(6476,6327,1),(6476,9498,1),(6476,10966,1),(6476,11091,1),(6476,15896,1),(6476,21466,1),(6476,21467,1),(6476,21468,1),(6476,21469,1),(6476,1233,2),(6476,1247,2),(6476,1871,2),(6476,15873,2),(6476,1319,3),(6476,1337,3),(6476,1855,3),(6476,21454,6),(6476,21464,6),(6476,21455,10),(6476,21465,10),(6476,6054,12),(6476,6066,12),(6483,1303,1),(6483,1521,1),(6483,1817,1),(6483,1818,1),(6483,1819,1),(6483,2824,1),(6483,8550,1),(6483,21978,1),(6483,1273,2),(6483,1278,2),(6483,1279,2),(6483,1264,3),(6483,1265,3),(6483,1267,3),(6483,1281,3),(6483,13285,3),(6483,13295,3),(6483,21979,4),(6483,21990,6),(6483,1285,7),(6483,1286,7),(6483,1295,7),(6483,1296,7),(6483,17190,10),(6483,17202,10),(6483,21977,10),(6483,21989,10),(6483,1283,33),(6483,1284,33),(6483,1293,33),(6483,1294,33),(6489,1303,1),(6489,1521,1),(6489,1817,1),(6489,1818,1),(6489,1819,1),(6489,2824,1),(6489,8550,1),(6489,1273,2),(6489,1278,2),(6489,1279,2),(6489,1264,3),(6489,1265,3),(6489,1267,3),(6489,1281,3),(6489,13285,3),(6489,13295,3),(6489,1285,6),(6489,1286,6),(6489,1295,6),(6489,1296,6),(6489,17219,6),(6489,17230,6),(6489,17190,10),(6489,17202,10),(6489,17220,10),(6489,17231,10),(6489,1283,32),(6489,1284,32),(6489,1293,32),(6489,1294,32),(6490,1303,1),(6490,1521,1),(6490,1817,1),(6490,1818,1),(6490,1819,1),(6490,2824,1),(6490,8550,1),(6490,22414,1),(6490,22426,1),(6490,1273,2),(6490,1278,2),(6490,1279,2),(6490,2735,2),(6490,2748,2),(6490,13295,2),(6490,1264,3),(6490,1265,3),(6490,1267,3),(6490,1281,3),(6490,13285,3),(6490,1285,7),(6490,1286,7),(6490,1295,7),(6490,1296,7),(6490,17190,10),(6490,17202,10),(6490,22413,10),(6490,22425,10),(6490,1283,33),(6490,1284,33),(6490,1293,33),(6490,1294,33),(6491,1303,1),(6491,1521,1),(6491,1817,1),(6491,1818,1),(6491,1819,1),(6491,2824,1),(6491,8550,1),(6491,1273,2),(6491,1278,2),(6491,1279,2),(6491,1264,3),(6491,1265,3),(6491,1266,3),(6491,1267,3),(6491,1280,3),(6491,1281,3),(6491,13285,3),(6491,13295,3),(6491,1285,6),(6491,1286,6),(6491,1295,6),(6491,1296,6),(6491,17190,10),(6491,17202,10),(6491,21913,10),(6491,21924,10),(6491,1283,32),(6491,1284,32),(6491,1293,32),(6491,1294,32),(6500,8,1),(6500,9,1),(6500,1233,1),(6500,1234,1),(6500,1335,1),(6500,2192,1),(6500,3315,1),(6500,6327,1),(6500,7249,1),(6500,10,2),(6500,390,2),(6500,424,2),(6500,1987,2),(6500,6329,3),(6500,10859,3),(6500,10868,3),(6500,13086,6),(6500,13128,6),(6500,13129,6),(6500,9498,7),(6500,13142,7),(6500,13143,7),(6500,13130,10),(6500,13144,10),(6500,3634,13),(6500,3648,13),(6502,1274,1),(6502,1278,1),(6502,2824,1),(6502,8550,1),(6502,13284,1),(6502,1264,3),(6502,1265,3),(6502,1267,3),(6502,1273,3),(6502,1279,3),(6502,1281,3),(6502,13285,3),(6502,13295,3),(6502,13286,4),(6502,13294,6),(6502,4521,7),(6502,4534,7),(6502,13282,7),(6502,13292,7),(6502,13283,10),(6502,13293,10),(6502,13328,10),(6502,13339,10),(6502,1260,23),(6502,1269,23),(6505,1274,1),(6505,1303,1),(6505,1521,1),(6505,1817,1),(6505,1818,1),(6505,1819,1),(6505,20490,1),(6505,1281,2),(6505,1264,3),(6505,1265,3),(6505,1267,3),(6505,1273,3),(6505,1278,3),(6505,1279,3),(6505,13285,3),(6505,13295,3),(6505,1285,6),(6505,1286,6),(6505,1295,6),(6505,1296,6),(6505,20488,6),(6505,20500,6),(6505,17190,10),(6505,17202,10),(6505,20489,10),(6505,20501,10),(6505,1283,32),(6505,1284,32),(6505,1293,32),(6505,1294,32),(6506,1303,1),(6506,1521,1),(6506,1817,1),(6506,1818,1),(6506,1819,1),(6506,2824,1),(6506,8550,1),(6506,17624,1),(6506,1273,2),(6506,1278,2),(6506,1279,2),(6506,1264,3),(6506,1265,3),(6506,1267,3),(6506,1281,3),(6506,13285,3),(6506,13295,3),(6506,1285,6),(6506,1286,6),(6506,1295,6),(6506,1296,6),(6506,20518,6),(6506,20530,6),(6506,17190,10),(6506,17202,10),(6506,20519,10),(6506,20531,10),(6506,1283,32),(6506,1284,32),(6506,1293,32),(6506,1294,32),(6507,16511,1),(6507,16512,1),(6507,16520,1),(6507,16521,1),(6507,1334,3),(6507,1347,3),(6507,1739,3),(6507,4248,3),(6507,5432,6),(6507,5442,6),(6507,8261,6),(6507,11847,6),(6507,16509,6),(6507,16518,6),(6507,16544,10),(6507,16553,10),(6507,16508,13),(6507,16517,13),(6508,1303,1),(6508,1521,1),(6508,1817,1),(6508,1818,1),(6508,1819,1),(6508,2824,1),(6508,8550,1),(6508,17624,1),(6508,1273,2),(6508,1278,2),(6508,1279,2),(6508,1264,3),(6508,1265,3),(6508,1267,3),(6508,1281,3),(6508,13285,3),(6508,13295,3),(6508,1285,6),(6508,1286,6),(6508,1295,6),(6508,1296,6),(6508,17622,6),(6508,17634,6),(6508,17190,10),(6508,17202,10),(6508,17623,10),(6508,17635,10),(6508,1283,32),(6508,1284,32),(6508,1293,32),(6508,1294,32),(6509,16511,1),(6509,16512,1),(6509,16520,1),(6509,16521,1),(6509,1334,3),(6509,1347,3),(6509,1739,3),(6509,4248,3),(6509,2524,6),(6509,2539,6),(6509,5432,6),(6509,5442,6),(6509,16509,6),(6509,16518,6),(6509,16510,10),(6509,16519,10),(6509,16508,13),(6509,16517,13),(6511,8,1),(6511,9,1),(6511,1233,1),(6511,1234,1),(6511,1335,1),(6511,2192,1),(6511,3315,1),(6511,6327,1),(6511,7249,1),(6511,9498,1),(6511,13142,1),(6511,13143,1),(6511,10,2),(6511,390,2),(6511,424,2),(6511,1987,2),(6511,6329,3),(6511,10859,3),(6511,10868,3),(6511,13180,6),(6511,13192,6),(6511,13181,10),(6511,13193,10),(6511,3634,13),(6511,3648,13),(6512,8,1),(6512,9,1),(6512,1233,1),(6512,1234,1),(6512,1335,1),(6512,2192,1),(6512,3315,1),(6512,6327,1),(6512,7249,1),(6512,10,2),(6512,390,2),(6512,424,2),(6512,1987,2),(6512,6329,3),(6512,10859,3),(6512,10868,3),(6512,1111,6),(6512,1123,6),(6512,1972,6),(6512,13205,6),(6512,13219,6),(6512,13206,10),(6512,13220,10),(6512,3634,13),(6512,3648,13),(6513,1274,1),(6513,1278,1),(6513,2824,1),(6513,8550,1),(6513,13355,1),(6513,2126,2),(6513,1264,3),(6513,1265,3),(6513,1267,3),(6513,1273,3),(6513,1279,3),(6513,1281,3),(6513,2136,3),(6513,13285,3),(6513,13295,3),(6513,4521,7),(6513,4534,7),(6513,13353,7),(6513,13364,7),(6513,13283,10),(6513,13293,10),(6513,13354,10),(6513,13365,10),(6513,1260,23),(6513,1269,23),(6514,1274,1),(6514,1278,1),(6514,2824,1),(6514,8550,1),(6514,13380,1),(6514,2126,2),(6514,4500,2),(6514,1264,3),(6514,1265,3),(6514,1267,3),(6514,1273,3),(6514,1279,3),(6514,1281,3),(6514,2136,3),(6514,4511,3),(6514,13285,3),(6514,13295,3),(6514,13283,10),(6514,13293,10),(6514,13379,10),(6514,13390,10),(6514,13378,21),(6514,13389,21),(6514,1260,23),(6514,1269,23),(6515,1274,1),(6515,1278,1),(6515,2824,1),(6515,8550,1),(6515,13405,1),(6515,1264,3),(6515,1265,3),(6515,1267,3),(6515,1273,3),(6515,1279,3),(6515,1281,3),(6515,13285,3),(6515,13295,3),(6515,1266,4),(6515,1280,6),(6515,13403,7),(6515,13413,7),(6515,13283,10),(6515,13293,10),(6515,13404,10),(6515,13414,10),(6515,1260,23),(6515,1269,23),(6516,1274,1),(6516,1278,1),(6516,2824,1),(6516,8550,1),(6516,13405,1),(6516,1264,3),(6516,1265,3),(6516,1267,3),(6516,1273,3),(6516,1279,3),(6516,1281,3),(6516,13285,3),(6516,13295,3),(6516,1266,4),(6516,1280,6),(6516,13426,7),(6516,13436,7),(6516,13283,10),(6516,13293,10),(6516,13427,10),(6516,13437,10),(6516,1260,23),(6516,1269,23),(6517,1274,1),(6517,1278,1),(6517,2824,1),(6517,7787,1),(6517,7797,1),(6517,13884,1),(6517,13885,1),(6517,13898,1),(6517,13899,1),(6517,13900,1),(6517,7786,2),(6517,7796,2),(6517,1264,3),(6517,1265,3),(6517,1266,3),(6517,1267,3),(6517,1273,3),(6517,1279,3),(6517,1280,3),(6517,1281,3),(6517,13285,3),(6517,13295,4),(6517,13881,6),(6517,8550,7),(6517,13879,7),(6517,13880,7),(6517,13882,7),(6517,13895,7),(6517,13896,7),(6517,13283,10),(6517,13293,10),(6517,13883,10),(6517,13897,10),(6517,1260,23),(6517,1269,23),(6518,1274,1),(6518,1278,1),(6518,2824,1),(6518,8550,1),(6518,13452,1),(6518,2735,2),(6518,11602,2),(6518,1264,3),(6518,1265,3),(6518,1267,3),(6518,1273,3),(6518,1279,3),(6518,1281,3),(6518,2748,3),(6518,11614,3),(6518,13285,3),(6518,13295,3),(6518,10370,7),(6518,13449,7),(6518,13450,7),(6518,13462,7),(6518,13463,7),(6518,13283,10),(6518,13293,10),(6518,13451,10),(6518,13464,10),(6518,1260,23),(6518,1269,23),(6519,1274,1),(6519,1278,1),(6519,2824,1),(6519,8550,1),(6519,13452,1),(6519,2735,2),(6519,11602,2),(6519,1264,3),(6519,1265,3),(6519,1267,3),(6519,1273,3),(6519,1279,3),(6519,1281,3),(6519,2748,3),(6519,11614,3),(6519,13285,3),(6519,13295,3),(6519,13477,7),(6519,13488,7),(6519,13283,10),(6519,13293,10),(6519,13478,10),(6519,13489,10),(6519,1260,23),(6519,1269,23),(6520,1274,1),(6520,1278,1),(6520,2824,1),(6520,8550,1),(6520,13504,1),(6520,2126,2),(6520,1264,3),(6520,1265,3),(6520,1267,3),(6520,1273,3),(6520,1279,3),(6520,1281,3),(6520,2136,3),(6520,13285,3),(6520,13295,3),(6520,5453,7),(6520,13502,7),(6520,13513,7),(6520,13283,10),(6520,13293,10),(6520,13503,10),(6520,13514,10),(6520,1260,23),(6520,1269,23),(6522,8,1),(6522,9,1),(6522,1233,1),(6522,1234,1),(6522,1335,1),(6522,2192,1),(6522,3315,1),(6522,6327,1),(6522,7249,1),(6522,13142,1),(6522,13143,1),(6522,10,2),(6522,390,2),(6522,424,2),(6522,1987,2),(6522,6329,3),(6522,10859,3),(6522,10868,3),(6522,4649,6),(6522,4664,6),(6522,13086,6),(6522,13230,6),(6522,13231,6),(6522,13245,6),(6522,13246,6),(6522,9498,7),(6522,13232,10),(6522,13247,10),(6522,3634,13),(6522,3648,13),(6525,1483,1),(6525,3023,1),(6525,8230,1),(6525,8707,1),(6525,13062,1),(6525,13063,1),(6525,13064,1),(6525,13065,1),(6525,13066,1),(6525,1512,2),(6525,9153,2),(6525,10235,2),(6525,10252,2),(6525,10257,2),(6525,10748,2),(6525,13067,2),(6525,13285,2),(6525,13295,2),(6525,20730,2),(6525,8708,3),(6525,8727,6),(6525,8728,6),(6525,10256,6),(6525,13059,6),(6525,13060,6),(6525,13075,6),(6525,13058,7),(6525,13061,10),(6525,13076,10),(6525,1260,12),(6525,1269,12),(6526,1274,1),(6526,1278,1),(6526,2824,1),(6526,8550,1),(6526,13405,1),(6526,1264,3),(6526,1265,3),(6526,1267,3),(6526,1273,3),(6526,1279,3),(6526,1281,3),(6526,13285,3),(6526,13295,3),(6526,1266,4),(6526,1280,6),(6526,13526,6),(6526,13527,6),(6526,13537,6),(6526,13538,6),(6526,13283,10),(6526,13293,10),(6526,13528,10),(6526,13539,10),(6526,1260,23),(6526,1269,23),(6527,1274,1),(6527,1278,1),(6527,2824,1),(6527,8550,1),(6527,13405,1),(6527,1264,3),(6527,1265,3),(6527,1267,3),(6527,1273,3),(6527,1279,3),(6527,1281,3),(6527,13285,3),(6527,13295,3),(6527,1266,4),(6527,1280,6),(6527,13552,6),(6527,13563,6),(6527,13724,6),(6527,13735,6),(6527,13283,10),(6527,13293,10),(6527,13553,10),(6527,13564,10),(6527,1260,23),(6527,1269,23),(6528,1274,1),(6528,1278,1),(6528,2824,1),(6528,8550,1),(6528,13405,1),(6528,1264,3),(6528,1265,3),(6528,1267,3),(6528,1273,3),(6528,1279,3),(6528,1281,3),(6528,13285,3),(6528,13295,3),(6528,1266,4),(6528,1280,6),(6528,13601,6),(6528,13611,6),(6528,13283,10),(6528,13293,10),(6528,13602,10),(6528,13612,10),(6528,1260,23),(6528,1269,23),(6529,1274,1),(6529,1278,1),(6529,1279,1),(6529,2824,1),(6529,8725,1),(6529,13405,1),(6529,1303,2),(6529,1264,3),(6529,1265,3),(6529,1273,3),(6529,1281,3),(6529,1809,3),(6529,13285,3),(6529,13295,3),(6529,1266,4),(6529,1280,6),(6529,13647,6),(6529,13648,6),(6529,13659,6),(6529,13660,6),(6529,13283,10),(6529,13293,10),(6529,13649,10),(6529,13661,10),(6529,1260,23),(6529,1269,23),(6530,1274,1),(6530,1278,1),(6530,2824,1),(6530,8550,1),(6530,13676,1),(6530,13686,1),(6530,1264,3),(6530,1265,3),(6530,1267,3),(6530,1273,3),(6530,1279,3),(6530,1281,3),(6530,13285,3),(6530,13295,3),(6530,8532,6),(6530,8545,6),(6530,13674,6),(6530,13684,6),(6530,13283,10),(6530,13293,10),(6530,13675,10),(6530,13685,10),(6530,1260,23),(6530,1269,23),(6531,1274,1),(6531,1278,1),(6531,2824,1),(6531,8550,1),(6531,13676,1),(6531,13686,1),(6531,1264,3),(6531,1265,3),(6531,1267,3),(6531,1273,3),(6531,1279,3),(6531,1281,3),(6531,13285,3),(6531,13295,3),(6531,13749,6),(6531,13758,6),(6531,13283,10),(6531,13293,10),(6531,13750,10),(6531,13759,10),(6531,1260,23),(6531,1269,23),(6532,1274,1),(6532,1278,1),(6532,2824,1),(6532,8550,1),(6532,13776,1),(6532,13790,1),(6532,2735,2),(6532,2748,2),(6532,13777,2),(6532,15712,2),(6532,1264,3),(6532,1265,3),(6532,1267,3),(6532,1273,3),(6532,1279,3),(6532,1281,3),(6532,13285,3),(6532,13295,3),(6532,13771,6),(6532,13772,6),(6532,13773,6),(6532,13774,6),(6532,13785,6),(6532,13786,6),(6532,13787,6),(6532,13788,6),(6532,13283,10),(6532,13293,10),(6532,13775,10),(6532,13789,10),(6532,1260,23),(6532,1269,23),(6533,1274,1),(6533,1278,1),(6533,1279,1),(6533,2824,1),(6533,13285,1),(6533,13295,1),(6533,13917,1),(6533,13918,1),(6533,13927,1),(6533,1264,3),(6533,1265,3),(6533,1273,3),(6533,1281,3),(6533,13914,6),(6533,13924,6),(6533,13915,7),(6533,13925,7),(6533,13283,10),(6533,13293,10),(6533,13916,10),(6533,13926,10),(6533,1260,23),(6533,1269,23),(6534,1274,1),(6534,1278,1),(6534,1279,1),(6534,2824,1),(6534,13917,1),(6534,13918,1),(6534,13927,1),(6534,13962,2),(6534,1264,3),(6534,1265,3),(6534,1273,3),(6534,1281,3),(6534,13285,3),(6534,13295,3),(6534,13960,6),(6534,13971,6),(6534,13925,7),(6534,13915,9),(6534,13283,10),(6534,13293,10),(6534,13961,10),(6534,13972,10),(6534,1260,23),(6534,1269,23),(6535,1274,1),(6535,1278,1),(6535,1279,1),(6535,2824,1),(6535,13925,1),(6535,13988,1),(6535,13989,1),(6535,13990,1),(6535,13999,1),(6535,1280,2),(6535,1264,3),(6535,1265,3),(6535,1273,3),(6535,1281,3),(6535,13285,3),(6535,13295,3),(6535,13987,3),(6535,13984,6),(6535,13996,6),(6535,13997,6),(6535,13283,10),(6535,13293,10),(6535,13985,10),(6535,13986,10),(6535,13998,10),(6535,1260,23),(6535,1269,23),(6536,1274,1),(6536,1278,1),(6536,1279,1),(6536,2824,1),(6536,14018,1),(6536,14019,1),(6536,14020,1),(6536,14097,1),(6536,14046,2),(6536,14062,2),(6536,14063,2),(6536,1264,3),(6536,1265,3),(6536,1273,3),(6536,1281,3),(6536,13285,3),(6536,13295,3),(6536,14031,3),(6536,14011,6),(6536,14012,6),(6536,14014,6),(6536,14028,6),(6536,14029,6),(6536,14030,6),(6536,14032,7),(6536,14013,9),(6536,14015,9),(6536,14016,9),(6536,13283,10),(6536,13293,10),(6536,14017,10),(6536,14033,10),(6536,1260,23),(6536,1269,23),(6537,1274,1),(6537,1278,1),(6537,1279,1),(6537,2824,1),(6537,14151,1),(6537,14160,1),(6537,14248,1),(6537,1498,2),(6537,1264,3),(6537,1265,3),(6537,1273,3),(6537,1281,3),(6537,1482,3),(6537,13285,3),(6537,13295,3),(6537,14149,6),(6537,14158,6),(6537,13283,10),(6537,13293,10),(6537,14150,10),(6537,14159,10),(6537,1260,23),(6537,1269,23),(6538,1274,1),(6538,1278,1),(6538,1279,1),(6538,2824,1),(6538,14151,1),(6538,14160,1),(6538,14248,1),(6538,1498,2),(6538,1264,3),(6538,1265,3),(6538,1273,3),(6538,1281,3),(6538,1482,3),(6538,13285,3),(6538,13295,3),(6538,14171,6),(6538,14180,6),(6538,13283,10),(6538,13293,10),(6538,14172,10),(6538,14181,10),(6538,1260,23),(6538,1269,23),(6539,1274,1),(6539,1278,1),(6539,1279,1),(6539,2824,1),(6539,14151,1),(6539,14160,1),(6539,14248,1),(6539,1498,2),(6539,1264,3),(6539,1265,3),(6539,1273,3),(6539,1281,3),(6539,1482,3),(6539,13285,3),(6539,13295,3),(6539,14193,6),(6539,14202,6),(6539,13283,10),(6539,13293,10),(6539,14194,10),(6539,14203,10),(6539,1260,23),(6539,1269,23),(6540,1274,1),(6540,1278,1),(6540,1279,1),(6540,2824,1),(6540,14151,1),(6540,14160,1),(6540,14224,1),(6540,1498,2),(6540,1264,3),(6540,1265,3),(6540,1273,3),(6540,1281,3),(6540,1482,3),(6540,13285,3),(6540,13295,3),(6540,9263,6),(6540,9274,6),(6540,13283,10),(6540,13293,10),(6540,14194,10),(6540,14203,10),(6540,1260,23),(6540,1269,23),(6541,1274,1),(6541,1278,1),(6541,2824,1),(6541,8550,1),(6541,13355,1),(6541,2126,2),(6541,1264,3),(6541,1265,3),(6541,1267,3),(6541,1273,3),(6541,1279,3),(6541,1281,3),(6541,2136,3),(6541,13285,3),(6541,13295,3),(6541,4521,7),(6541,4534,7),(6541,13353,7),(6541,13364,7),(6541,13283,10),(6541,13293,10),(6541,14330,10),(6541,14341,10),(6541,1260,23),(6541,1269,23),(6542,1274,1),(6542,1278,1),(6542,2824,1),(6542,7809,1),(6542,7828,1),(6542,8550,1),(6542,14408,1),(6542,14409,1),(6542,14422,1),(6542,14423,1),(6542,14424,1),(6542,2136,2),(6542,14410,2),(6542,14411,2),(6542,1264,3),(6542,1265,3),(6542,1267,3),(6542,1273,3),(6542,1279,3),(6542,1281,3),(6542,13285,3),(6542,13295,3),(6542,14405,6),(6542,14406,6),(6542,14419,6),(6542,14420,6),(6542,13283,10),(6542,13293,10),(6542,14407,10),(6542,14421,10),(6542,1260,23),(6542,1269,23),(6546,815,1),(6546,1318,1),(6546,1330,1),(6546,1331,1),(6546,1333,1),(6546,1336,1),(6546,8106,1),(6546,11075,1),(6546,15039,1),(6546,15060,1),(6546,13,2),(6546,22,2),(6546,1320,2),(6546,1321,2),(6546,1335,2),(6546,1338,2),(6546,1339,2),(6546,10859,3),(6546,10868,3),(6546,377,6),(6546,1311,6),(6546,1312,6),(6546,1313,6),(6546,10200,6),(6546,10201,6),(6546,10202,6),(6546,10310,6),(6546,414,7),(6546,1327,7),(6546,1328,7),(6546,5874,7),(6546,10216,7),(6546,10217,7),(6546,10218,7),(6546,10293,7),(6546,1314,10),(6546,1329,10),(6546,15038,10),(6546,15059,10),(6546,1309,32),(6546,1310,32),(6546,1325,33),(6546,1326,33),(6547,1303,1),(6547,1521,1),(6547,1817,1),(6547,1818,1),(6547,1819,1),(6547,2824,1),(6547,8550,1),(6547,1273,2),(6547,1278,2),(6547,1279,2),(6547,1264,3),(6547,1265,3),(6547,1266,3),(6547,1267,3),(6547,1280,3),(6547,1281,3),(6547,13285,3),(6547,13295,3),(6547,1295,6),(6547,1296,6),(6547,20433,6),(6547,20445,6),(6547,1285,7),(6547,1286,7),(6547,17190,10),(6547,17202,10),(6547,20434,10),(6547,20446,10),(6547,1283,32),(6547,1284,32),(6547,1293,32),(6547,1294,32),(6550,13,1),(6550,22,1),(6550,45,1),(6550,450,1),(6550,1139,1),(6550,1171,1),(6550,1316,1),(6550,1332,1),(6550,1394,1),(6550,3198,1),(6550,3212,1),(6550,9648,1),(6550,9664,1),(6550,15839,1),(6550,15840,1),(6550,15841,1),(6550,22614,1),(6550,22697,1),(6550,22713,1),(6550,22714,1),(6550,22715,1),(6550,6031,2),(6550,9665,2),(6550,1319,3),(6550,1337,3),(6550,22695,6),(6550,22711,6),(6550,22696,10),(6550,22712,10),(6550,22593,12),(6550,22594,12),(6550,22610,12),(6550,22611,12),(6551,10,1),(6551,13,1),(6551,22,1),(6551,25,1),(6551,45,1),(6551,450,1),(6551,1139,1),(6551,1171,1),(6551,1316,1),(6551,1332,1),(6551,1394,1),(6551,1953,1),(6551,1965,1),(6551,15839,1),(6551,22597,1),(6551,22598,1),(6551,22614,1),(6551,22615,1),(6551,22616,1),(6551,22666,1),(6551,22682,1),(6551,1319,3),(6551,1337,3),(6551,1972,6),(6551,22728,6),(6551,22729,6),(6551,22745,6),(6551,22746,6),(6551,22730,10),(6551,22747,10),(6551,22593,12),(6551,22594,12),(6551,22610,12),(6551,22611,12),(6552,10,1),(6552,13,1),(6552,22,1),(6552,25,1),(6552,45,1),(6552,450,1),(6552,1139,1),(6552,1171,1),(6552,1316,1),(6552,1332,1),(6552,1394,1),(6552,1953,1),(6552,1965,1),(6552,15839,1),(6552,22597,1),(6552,22598,1),(6552,22599,1),(6552,22614,1),(6552,22615,1),(6552,22616,1),(6552,22617,1),(6552,10929,2),(6552,22618,2),(6552,1319,3),(6552,1337,3),(6552,1972,6),(6552,22595,6),(6552,22612,6),(6552,22596,10),(6552,22613,10),(6552,22593,12),(6552,22594,12),(6552,22610,12),(6552,22611,12),(6553,10,1),(6553,13,1),(6553,22,1),(6553,25,1),(6553,45,1),(6553,450,1),(6553,1139,1),(6553,1171,1),(6553,1316,1),(6553,1332,1),(6553,1394,1),(6553,1953,1),(6553,1965,1),(6553,15839,1),(6553,22597,1),(6553,22598,1),(6553,22614,1),(6553,22615,1),(6553,22616,1),(6553,22617,1),(6553,22630,1),(6553,10929,2),(6553,22618,2),(6553,1319,3),(6553,1337,3),(6553,22627,6),(6553,22628,6),(6553,22644,6),(6553,22645,6),(6553,22629,10),(6553,22646,10),(6553,22593,12),(6553,22594,12),(6553,22610,12),(6553,22611,12),(6554,10,1),(6554,13,1),(6554,22,1),(6554,25,1),(6554,45,1),(6554,450,1),(6554,1139,1),(6554,1171,1),(6554,1316,1),(6554,1332,1),(6554,1394,1),(6554,15839,1),(6554,22597,1),(6554,22598,1),(6554,22614,1),(6554,22615,1),(6554,22616,1),(6554,22665,1),(6554,22666,1),(6554,22681,1),(6554,22682,1),(6554,1319,3),(6554,1337,3),(6554,22662,6),(6554,22663,6),(6554,22678,6),(6554,22679,6),(6554,22664,10),(6554,22680,10),(6554,22593,12),(6554,22594,12),(6554,22610,12),(6554,22611,12),(6555,10,1),(6555,13,1),(6555,22,1),(6555,25,1),(6555,45,1),(6555,450,1),(6555,1139,1),(6555,1171,1),(6555,1316,1),(6555,1332,1),(6555,1394,1),(6555,15839,1),(6555,22597,1),(6555,22598,1),(6555,22614,1),(6555,22615,1),(6555,22616,1),(6555,22665,1),(6555,22666,1),(6555,22681,1),(6555,22682,1),(6555,1319,3),(6555,1337,3),(6555,22762,6),(6555,22763,6),(6555,22778,6),(6555,22779,6),(6555,22764,10),(6555,22780,10),(6555,22593,12),(6555,22594,12),(6555,22610,12),(6555,22611,12),(6556,1303,1),(6556,1521,1),(6556,1817,1),(6556,1818,1),(6556,1819,1),(6556,2824,1),(6556,8550,1),(6556,21958,1),(6556,22045,1),(6556,1273,2),(6556,1278,2),(6556,1279,2),(6556,10094,2),(6556,10103,2),(6556,1264,3),(6556,1265,3),(6556,1267,3),(6556,1281,3),(6556,13285,3),(6556,13295,3),(6556,1285,7),(6556,1286,7),(6556,1295,7),(6556,1296,7),(6556,17190,10),(6556,17202,10),(6556,22044,10),(6556,22056,10),(6556,1283,33),(6556,1284,33),(6556,1293,33),(6556,1294,33),(6558,1303,1),(6558,1521,1),(6558,1817,1),(6558,1818,1),(6558,1819,1),(6558,2824,1),(6558,4499,1),(6558,8550,1),(6558,22024,1),(6558,1273,2),(6558,1278,2),(6558,1279,2),(6558,2126,2),(6558,2136,2),(6558,4500,2),(6558,4511,2),(6558,1264,3),(6558,1265,3),(6558,1267,3),(6558,1281,3),(6558,13285,3),(6558,13295,3),(6558,22008,6),(6558,22022,6),(6558,1285,7),(6558,1286,7),(6558,1295,7),(6558,1296,7),(6558,17190,10),(6558,17202,10),(6558,22009,10),(6558,22023,10),(6558,1283,33),(6558,1284,33),(6558,1293,33),(6558,1294,33),(6559,1303,1),(6559,1817,1),(6559,1818,1),(6559,1819,1),(6559,2824,1),(6559,2825,1),(6559,17191,1),(6559,17203,1),(6559,1273,2),(6559,1278,2),(6559,1264,3),(6559,1265,3),(6559,1281,3),(6559,1512,3),(6559,1521,3),(6559,13285,3),(6559,13295,3),(6559,17684,6),(6559,17696,6),(6559,1285,7),(6559,1286,7),(6559,1295,7),(6559,1296,7),(6559,17190,10),(6559,17202,10),(6559,17685,10),(6559,17697,10),(6559,1283,33),(6559,1284,33),(6559,1293,33),(6559,1294,33),(6560,1303,1),(6560,1817,1),(6560,1818,1),(6560,1819,1),(6560,2824,1),(6560,2825,1),(6560,17191,1),(6560,17203,1),(6560,1273,2),(6560,1278,2),(6560,1264,3),(6560,1265,3),(6560,1281,3),(6560,1512,3),(6560,1521,3),(6560,13285,3),(6560,13295,3),(6560,17188,6),(6560,17200,6),(6560,1285,7),(6560,1286,7),(6560,1295,7),(6560,1296,7),(6560,17189,10),(6560,17190,10),(6560,17201,10),(6560,17202,10),(6560,1283,33),(6560,1284,33),(6560,1293,33),(6560,1294,33),(6561,1303,1),(6561,1817,1),(6561,1818,1),(6561,1819,1),(6561,2824,1),(6561,2825,1),(6561,17191,1),(6561,17203,1),(6561,1273,2),(6561,1278,2),(6561,1264,3),(6561,1265,3),(6561,1281,3),(6561,1512,3),(6561,1521,3),(6561,13285,3),(6561,13295,3),(6561,20340,6),(6561,20352,6),(6561,1285,7),(6561,1286,7),(6561,1295,7),(6561,1296,7),(6561,17190,10),(6561,17202,10),(6561,20341,10),(6561,20353,10),(6561,1283,33),(6561,1284,33),(6561,1293,33),(6561,1294,33),(6562,1303,1),(6562,1521,1),(6562,1817,1),(6562,1818,1),(6562,1819,1),(6562,2824,1),(6562,8550,1),(6562,21945,1),(6562,21958,1),(6562,1273,2),(6562,1278,2),(6562,1279,2),(6562,21946,2),(6562,21959,2),(6562,1264,3),(6562,1265,3),(6562,1267,3),(6562,1281,3),(6562,13285,3),(6562,13295,3),(6562,21943,6),(6562,21956,6),(6562,1285,7),(6562,1286,7),(6562,1295,7),(6562,1296,7),(6562,17190,10),(6562,17202,10),(6562,21944,10),(6562,21957,10),(6562,1283,33),(6562,1284,33),(6562,1293,33),(6562,1294,33),(6565,1274,1),(6565,1278,1),(6565,2824,1),(6565,8550,1),(6565,22257,1),(6565,22267,1),(6565,1264,3),(6565,1265,3),(6565,1267,3),(6565,1273,3),(6565,1279,3),(6565,1281,3),(6565,13285,3),(6565,13295,3),(6565,22255,6),(6565,22265,6),(6565,7507,10),(6565,7517,10),(6565,22256,10),(6565,22266,10),(6565,7503,22),(6565,7504,22),(6565,7513,22),(6565,7514,22),(6568,1274,1),(6568,1278,1),(6568,2824,1),(6568,8550,1),(6568,22174,1),(6568,22186,1),(6568,1264,3),(6568,1265,3),(6568,1267,3),(6568,1273,3),(6568,1279,3),(6568,1281,3),(6568,13285,3),(6568,13295,3),(6568,9116,6),(6568,9166,6),(6568,10370,6),(6568,22172,6),(6568,22184,6),(6568,7507,10),(6568,7517,10),(6568,22173,10),(6568,22185,10),(6568,7503,22),(6568,7504,22),(6568,7513,22),(6568,7514,22),(6570,1274,1),(6570,1278,1),(6570,2125,1),(6570,2135,1),(6570,2824,1),(6570,8550,1),(6570,2126,2),(6570,2136,2),(6570,1264,3),(6570,1265,3),(6570,1267,3),(6570,1273,3),(6570,1279,3),(6570,1281,3),(6570,13285,3),(6570,13295,3),(6570,10390,6),(6570,10402,6),(6570,22199,6),(6570,22211,6),(6570,7507,10),(6570,7517,10),(6570,22200,10),(6570,22212,10),(6570,7503,22),(6570,7504,22),(6570,7513,22),(6570,7514,22),(6571,1267,1),(6571,1274,1),(6571,1278,1),(6571,1279,1),(6571,2824,1),(6571,8550,1),(6571,13285,1),(6571,13295,1),(6571,22281,1),(6571,22293,1),(6571,10094,2),(6571,21979,2),(6571,1264,3),(6571,1265,3),(6571,1273,3),(6571,1281,3),(6571,22279,6),(6571,22291,6),(6571,7507,10),(6571,7517,10),(6571,22280,10),(6571,22292,10),(6571,7503,22),(6571,7504,22),(6571,7513,22),(6571,7514,22),(6572,1274,1),(6572,1278,1),(6572,2824,1),(6572,8550,1),(6572,22307,1),(6572,22319,1),(6572,10356,2),(6572,21979,2),(6572,21990,2),(6572,22320,2),(6572,1264,3),(6572,1265,3),(6572,1267,3),(6572,1273,3),(6572,1279,3),(6572,1281,3),(6572,13285,3),(6572,13295,3),(6572,22305,6),(6572,22317,6),(6572,7507,10),(6572,7517,10),(6572,22306,10),(6572,22318,10),(6572,7503,22),(6572,7504,22),(6572,7513,22),(6572,7514,22),(6573,1274,1),(6573,1278,1),(6573,2824,1),(6573,8550,1),(6573,13285,1),(6573,13295,1),(6573,22336,1),(6573,22349,1),(6573,4500,2),(6573,4511,2),(6573,21979,2),(6573,1264,3),(6573,1265,3),(6573,1267,3),(6573,1273,3),(6573,1279,3),(6573,1281,3),(6573,22333,6),(6573,22334,6),(6573,22346,6),(6573,22347,6),(6573,7507,10),(6573,7517,10),(6573,22335,10),(6573,22348,10),(6573,7503,22),(6573,7504,22),(6573,7513,22),(6573,7514,22),(6580,2824,1),(6580,5513,1),(6580,10062,1),(6580,22366,1),(6580,22375,1),(6580,1273,2),(6580,22367,2),(6580,1264,3),(6580,1265,3),(6580,1281,3),(6580,13285,3),(6580,13295,3),(6580,22365,3),(6580,22362,6),(6580,22363,6),(6580,22372,6),(6580,22373,6),(6580,22364,10),(6580,22374,10),(6580,1789,12),(6580,1797,12),(6583,10,1),(6583,13,1),(6583,1321,1),(6583,1339,1),(6583,1854,1),(6583,5848,1),(6583,6165,1),(6583,6369,1),(6583,6407,1),(6583,10661,1),(6583,11126,1),(6583,12461,1),(6583,15753,1),(6583,15871,1),(6583,15872,1),(6583,15873,1),(6583,15874,1),(6583,15892,1),(6583,15893,1),(6583,15894,1),(6583,15895,1),(6583,15896,1),(6583,16052,1),(6583,16145,1),(6583,390,2),(6583,424,2),(6583,1334,2),(6583,1347,2),(6583,2206,2),(6583,2431,2),(6583,3490,2),(6583,3504,2),(6583,12481,2),(6583,12634,2),(6583,522,3),(6583,16723,6),(6583,16724,6),(6583,16725,6),(6583,16747,6),(6583,16726,10),(6583,16748,10),(6583,15730,12),(6583,15731,12),(6583,15748,12),(6583,15749,12),(6584,10,1),(6584,13,1),(6584,1321,1),(6584,1339,1),(6584,1854,1),(6584,5848,1),(6584,6165,1),(6584,6369,1),(6584,6407,1),(6584,10661,1),(6584,11126,1),(6584,12461,1),(6584,15753,1),(6584,15871,1),(6584,15872,1),(6584,15873,1),(6584,15874,1),(6584,15892,1),(6584,15893,1),(6584,15894,1),(6584,15895,1),(6584,15896,1),(6584,390,2),(6584,424,2),(6584,1334,2),(6584,1347,2),(6584,2206,2),(6584,2431,2),(6584,3490,2),(6584,3504,2),(6584,12481,2),(6584,12634,2),(6584,522,3),(6584,15869,6),(6584,15890,6),(6584,15870,10),(6584,15891,10),(6584,15730,12),(6584,15731,12),(6584,15748,12),(6584,15749,12),(6585,10,1),(6585,13,1),(6585,1321,1),(6585,1339,1),(6585,1854,1),(6585,5848,1),(6585,6165,1),(6585,6369,1),(6585,12461,1),(6585,15753,1),(6585,15871,1),(6585,15892,1),(6585,15893,1),(6585,20552,1),(6585,20553,1),(6585,390,2),(6585,424,2),(6585,2431,2),(6585,3490,2),(6585,3504,2),(6585,6111,2),(6585,9620,2),(6585,9634,2),(6585,12481,2),(6585,12634,2),(6585,522,3),(6585,1319,3),(6585,1337,3),(6585,1972,6),(6585,20549,6),(6585,20550,6),(6585,20570,6),(6585,20571,6),(6585,20551,10),(6585,20572,10),(6585,15730,12),(6585,15731,12),(6585,15748,12),(6585,15749,12),(6587,10,1),(6587,13,1),(6587,1321,1),(6587,1339,1),(6587,1854,1),(6587,5848,1),(6587,6165,1),(6587,6369,1),(6587,6407,1),(6587,11126,1),(6587,12461,1),(6587,15753,1),(6587,15871,1),(6587,15872,1),(6587,15873,1),(6587,15892,1),(6587,15893,1),(6587,15894,1),(6587,390,2),(6587,424,2),(6587,2206,2),(6587,2431,2),(6587,3490,2),(6587,3504,2),(6587,12481,2),(6587,12634,2),(6587,522,3),(6587,1334,3),(6587,1347,3),(6587,16683,6),(6587,16684,6),(6587,16685,6),(6587,16704,6),(6587,16705,6),(6587,16121,10),(6587,16144,10),(6587,15730,12),(6587,15731,12),(6587,15748,12),(6587,15749,12),(6588,10,1),(6588,13,1),(6588,1321,1),(6588,1339,1),(6588,1854,1),(6588,5848,1),(6588,6165,1),(6588,6369,1),(6588,6407,1),(6588,10661,1),(6588,11126,1),(6588,12461,1),(6588,15753,1),(6588,15871,1),(6588,15872,1),(6588,15873,1),(6588,15892,1),(6588,15893,1),(6588,15894,1),(6588,15896,1),(6588,16052,1),(6588,16145,1),(6588,390,2),(6588,424,2),(6588,1334,2),(6588,2206,2),(6588,2431,2),(6588,3490,2),(6588,3504,2),(6588,12481,2),(6588,12634,2),(6588,522,3),(6588,1347,3),(6588,4617,6),(6588,16092,6),(6588,16106,6),(6588,16120,6),(6588,16143,6),(6588,16121,10),(6588,16144,10),(6588,15730,12),(6588,15731,12),(6588,15748,12),(6588,15749,12),(6589,10,1),(6589,13,1),(6589,1321,1),(6589,1339,1),(6589,1854,1),(6589,5848,1),(6589,6165,1),(6589,6369,1),(6589,6407,1),(6589,10661,1),(6589,11126,1),(6589,12461,1),(6589,15753,1),(6589,15871,1),(6589,15872,1),(6589,15873,1),(6589,15892,1),(6589,15893,1),(6589,15894,1),(6589,15896,1),(6589,16052,1),(6589,390,2),(6589,424,2),(6589,1334,2),(6589,2206,2),(6589,2431,2),(6589,3490,2),(6589,3504,2),(6589,12481,2),(6589,12634,2),(6589,522,3),(6589,1347,3),(6589,16048,6),(6589,16049,6),(6589,16050,6),(6589,16071,6),(6589,16072,6),(6589,16073,6),(6589,16051,10),(6589,16074,10),(6589,15730,12),(6589,15731,12),(6589,15748,12),(6589,15749,12),(6590,1852,1),(6590,1853,1),(6590,2413,1),(6590,2428,1),(6590,2429,1),(6590,5848,1),(6590,6369,1),(6590,12461,1),(6590,15735,1),(6590,15753,1),(6590,15754,1),(6590,2206,2),(6590,2431,2),(6590,12481,2),(6590,12634,2),(6590,522,3),(6590,1319,3),(6590,1337,3),(6590,15732,6),(6590,15733,6),(6590,15750,6),(6590,15751,6),(6590,15734,10),(6590,15752,10),(6590,15730,12),(6590,15731,12),(6590,15748,12),(6590,15749,12),(6591,1852,1),(6591,1853,1),(6591,2413,1),(6591,2428,1),(6591,2429,1),(6591,5848,1),(6591,6369,1),(6591,12461,1),(6591,15735,1),(6591,15753,1),(6591,16037,1),(6591,2206,2),(6591,2431,2),(6591,12481,2),(6591,12634,2),(6591,522,3),(6591,1319,3),(6591,1337,3),(6591,16020,6),(6591,16021,6),(6591,16034,6),(6591,16035,6),(6591,16022,10),(6591,16036,10),(6591,15730,12),(6591,15731,12),(6591,15748,12),(6591,15749,12),(6592,1852,1),(6592,1853,1),(6592,2413,1),(6592,2428,1),(6592,2429,1),(6592,5848,1),(6592,6369,1),(6592,12461,1),(6592,15735,1),(6592,15753,1),(6592,15754,1),(6592,2206,2),(6592,2431,2),(6592,12481,2),(6592,12634,2),(6592,522,3),(6592,1319,3),(6592,1337,3),(6592,16092,6),(6592,16093,6),(6592,16106,6),(6592,16107,6),(6592,16094,10),(6592,16108,10),(6592,15730,12),(6592,15731,12),(6592,15748,12),(6592,15749,12),(6593,13,1),(6593,1139,1),(6593,1319,1),(6593,3198,1),(6593,3576,1),(6593,10877,1),(6593,15839,1),(6593,15840,1),(6593,15841,1),(6593,390,2),(6593,424,2),(6593,1233,2),(6593,1234,2),(6593,1251,2),(6593,1252,2),(6593,1334,2),(6593,1347,2),(6593,2206,2),(6593,3490,2),(6593,3504,2),(6593,12481,2),(6593,12634,2),(6593,15731,6),(6593,15749,6),(6593,15835,6),(6593,15836,6),(6593,15837,6),(6593,15856,6),(6593,15857,6),(6593,15858,6),(6593,15838,10),(6593,15859,10),(6593,15730,12),(6593,15748,12),(6598,1852,1),(6598,1853,1),(6598,2413,1),(6598,2428,1),(6598,2429,1),(6598,5848,1),(6598,6369,1),(6598,12461,1),(6598,15735,1),(6598,15753,1),(6598,16037,1),(6598,2206,2),(6598,2431,2),(6598,12481,2),(6598,12634,2),(6598,522,3),(6598,1319,3),(6598,1337,3),(6598,26613,6),(6598,26626,6),(6598,26614,10),(6598,26627,10),(6598,15730,12),(6598,15731,12),(6598,15748,12),(6598,15749,12),(6599,1852,1),(6599,1853,1),(6599,2413,1),(6599,2428,1),(6599,2429,1),(6599,5848,1),(6599,6369,1),(6599,12461,1),(6599,15735,1),(6599,15753,1),(6599,16037,1),(6599,2206,2),(6599,2431,2),(6599,12481,2),(6599,12634,2),(6599,522,3),(6599,1319,3),(6599,1337,3),(6599,26639,6),(6599,26652,6),(6599,26640,10),(6599,26653,10),(6599,15730,12),(6599,15731,12),(6599,15748,12),(6599,15749,12),(6600,1852,1),(6600,1853,1),(6600,2413,1),(6600,2428,1),(6600,2429,1),(6600,5848,1),(6600,6369,1),(6600,12461,1),(6600,15735,1),(6600,15753,1),(6600,16037,1),(6600,2206,2),(6600,2431,2),(6600,12481,2),(6600,12634,2),(6600,522,3),(6600,1319,3),(6600,1337,3),(6600,12460,6),(6600,16350,6),(6600,16351,6),(6600,16364,6),(6600,16352,10),(6600,16365,10),(6600,15730,12),(6600,15731,12),(6600,15748,12),(6600,15749,12),(6601,1852,1),(6601,1853,1),(6601,2413,1),(6601,2428,1),(6601,2429,1),(6601,5848,1),(6601,6369,1),(6601,12461,1),(6601,15735,1),(6601,15753,1),(6601,15893,1),(6601,2206,2),(6601,2431,2),(6601,12481,2),(6601,12634,2),(6601,522,3),(6601,1319,3),(6601,1337,3),(6601,26693,6),(6601,26706,6),(6601,26694,10),(6601,26707,10),(6601,15730,12),(6601,15731,12),(6601,15748,12),(6601,15749,12),(6602,1852,1),(6602,1853,1),(6602,2413,1),(6602,2428,1),(6602,2429,1),(6602,5848,1),(6602,6369,1),(6602,12461,1),(6602,15735,1),(6602,15753,1),(6602,15893,1),(6602,2206,2),(6602,2431,2),(6602,12481,2),(6602,12634,2),(6602,522,3),(6602,1319,3),(6602,1337,3),(6602,6497,6),(6602,6515,6),(6602,16264,6),(6602,16265,6),(6602,16279,6),(6602,16280,6),(6602,16266,10),(6602,16281,10),(6602,15730,12),(6602,15731,12),(6602,15748,12),(6602,15749,12),(6603,1852,1),(6603,1853,1),(6603,2413,1),(6603,2428,1),(6603,2429,1),(6603,5848,1),(6603,6369,1),(6603,12461,1),(6603,15735,1),(6603,15753,1),(6603,15893,1),(6603,2206,2),(6603,2431,2),(6603,12481,2),(6603,12634,2),(6603,522,3),(6603,1319,3),(6603,1337,3),(6603,16294,6),(6603,16295,6),(6603,16308,6),(6603,16309,6),(6603,16296,10),(6603,16310,10),(6603,15730,12),(6603,15731,12),(6603,15748,12),(6603,15749,12),(6604,1852,1),(6604,1853,1),(6604,2413,1),(6604,2428,1),(6604,2429,1),(6604,5848,1),(6604,6369,1),(6604,12461,1),(6604,15735,1),(6604,15753,1),(6604,16225,1),(6604,2206,2),(6604,2431,2),(6604,12481,2),(6604,12634,2),(6604,522,3),(6604,1319,3),(6604,1337,3),(6604,16208,6),(6604,16209,6),(6604,16222,6),(6604,16223,6),(6604,16210,10),(6604,16224,10),(6604,15730,12),(6604,15731,12),(6604,15748,12),(6604,15749,12),(6606,1303,1),(6606,1521,1),(6606,1817,1),(6606,1818,1),(6606,1819,1),(6606,2824,1),(6606,17585,1),(6606,17586,1),(6606,17587,1),(6606,17588,1),(6606,17589,1),(6606,17590,1),(6606,17591,1),(6606,17604,1),(6606,17605,1),(6606,1273,2),(6606,1278,2),(6606,2735,2),(6606,2748,2),(6606,17583,2),(6606,17584,2),(6606,17592,2),(6606,17606,2),(6606,17607,2),(6606,1264,3),(6606,1265,3),(6606,1281,3),(6606,3840,3),(6606,3854,3),(6606,17580,7),(6606,17600,7),(6606,17602,7),(6606,17601,9),(6606,17190,10),(6606,17202,10),(6606,17581,10),(6606,17582,10),(6606,17603,10),(6606,1283,33),(6606,1284,33),(6606,1293,33),(6606,1294,33),(6608,1267,1),(6608,1303,1),(6608,1521,1),(6608,1817,1),(6608,1818,1),(6608,1819,1),(6608,2824,1),(6608,8550,1),(6608,13285,1),(6608,13295,1),(6608,21679,1),(6608,21693,1),(6608,1273,2),(6608,1278,2),(6608,1301,2),(6608,1302,2),(6608,1488,2),(6608,1489,2),(6608,1264,3),(6608,1265,3),(6608,1281,3),(6608,1285,6),(6608,1286,6),(6608,1295,6),(6608,1296,6),(6608,21677,6),(6608,21691,6),(6608,17190,10),(6608,17202,10),(6608,21678,10),(6608,21692,10),(6608,1283,32),(6608,1284,32),(6608,1293,32),(6608,1294,32),(6610,1303,1),(6610,1521,1),(6610,1817,1),(6610,1818,1),(6610,1819,1),(6610,2824,1),(6610,8550,1),(6610,21679,1),(6610,21693,1),(6610,1273,2),(6610,1278,2),(6610,1279,2),(6610,1301,2),(6610,1302,2),(6610,1488,2),(6610,1489,2),(6610,1264,3),(6610,1265,3),(6610,1267,3),(6610,1281,3),(6610,13285,3),(6610,13295,3),(6610,1285,6),(6610,1286,6),(6610,1295,6),(6610,1296,6),(6610,21712,6),(6610,21726,6),(6610,17190,10),(6610,17202,10),(6610,21713,10),(6610,21727,10),(6610,1283,32),(6610,1284,32),(6610,1293,32),(6610,1294,32),(6614,1303,1),(6614,1521,1),(6614,1817,1),(6614,1818,1),(6614,1819,1),(6614,2824,1),(6614,8550,1),(6614,21679,1),(6614,21693,1),(6614,1273,2),(6614,1278,2),(6614,1279,2),(6614,1301,2),(6614,1302,2),(6614,1488,2),(6614,1489,2),(6614,1264,3),(6614,1265,3),(6614,1267,3),(6614,1281,3),(6614,13285,3),(6614,13295,3),(6614,1285,6),(6614,1286,6),(6614,1295,6),(6614,1296,6),(6614,21748,6),(6614,21762,6),(6614,17190,10),(6614,17202,10),(6614,21749,10),(6614,21763,10),(6614,1283,32),(6614,1284,32),(6614,1293,32),(6614,1294,32),(6615,1303,1),(6615,1521,1),(6615,1817,1),(6615,1818,1),(6615,1819,1),(6615,2824,1),(6615,8550,1),(6615,21679,1),(6615,21693,1),(6615,1273,2),(6615,1278,2),(6615,1279,2),(6615,1301,2),(6615,1302,2),(6615,1488,2),(6615,1489,2),(6615,1264,3),(6615,1265,3),(6615,1267,3),(6615,1281,3),(6615,13285,3),(6615,13295,3),(6615,1285,6),(6615,1286,6),(6615,1295,6),(6615,1296,6),(6615,21820,6),(6615,21834,6),(6615,17190,10),(6615,17202,10),(6615,21821,10),(6615,21835,10),(6615,1283,32),(6615,1284,32),(6615,1293,32),(6615,1294,32),(6619,2825,1),(6619,2857,1),(6619,23649,1),(6619,23660,1),(6619,1521,2),(6619,5500,2),(6619,5501,2),(6619,5512,2),(6619,5513,2),(6619,5514,2),(6619,1512,3),(6619,9929,3),(6619,9938,3),(6619,13285,3),(6619,13295,3),(6619,23646,6),(6619,23647,6),(6619,23657,6),(6619,23658,6),(6619,23648,10),(6619,23659,10),(6619,10132,12),(6619,10145,12),(6620,2825,1),(6620,2857,1),(6620,23660,1),(6620,23671,1),(6620,1521,2),(6620,5500,2),(6620,5501,2),(6620,5512,2),(6620,5513,2),(6620,5514,2),(6620,1512,3),(6620,9929,3),(6620,9938,3),(6620,13285,3),(6620,13295,3),(6620,23669,6),(6620,23679,6),(6620,23670,10),(6620,23680,10),(6620,10132,12),(6620,10145,12),(6632,8,1),(6632,9,1),(6632,43,1),(6632,44,1),(6632,1330,1),(6632,1335,1),(6632,1339,1),(6632,1395,1),(6632,1606,1),(6632,1607,1),(6632,9498,1),(6632,11091,1),(6632,11190,1),(6632,22844,1),(6632,22845,1),(6632,22859,1),(6632,22860,1),(6632,10,2),(6632,1577,2),(6632,17101,2),(6632,25,3),(6632,1375,3),(6632,1399,3),(6632,1591,3),(6632,17085,3),(6632,1972,6),(6632,22841,6),(6632,22842,6),(6632,17100,7),(6632,5264,10),(6632,5278,10),(6632,22843,10),(6632,22858,10),(6632,1309,23),(6632,1310,23),(6632,1325,24),(6632,1326,24),(6633,8,1),(6633,9,1),(6633,43,1),(6633,44,1),(6633,1335,1),(6633,1339,1),(6633,1399,1),(6633,1591,1),(6633,1607,1),(6633,2523,1),(6633,2527,1),(6633,6165,1),(6633,6327,1),(6633,9498,1),(6633,11091,1),(6633,11191,1),(6633,11192,1),(6633,11312,1),(6633,23214,1),(6633,23215,1),(6633,23231,1),(6633,23232,1),(6633,10,2),(6633,1233,2),(6633,1234,2),(6633,1251,2),(6633,1252,2),(6633,1334,2),(6633,2528,2),(6633,25,3),(6633,1347,3),(6633,2542,3),(6633,2538,6),(6633,23211,6),(6633,23229,6),(6633,23212,7),(6633,3888,10),(6633,3902,10),(6633,23213,10),(6633,23230,10),(6633,1325,23),(6633,1326,23),(6633,1309,24),(6633,1310,24),(6634,8,1),(6634,9,1),(6634,25,1),(6634,43,1),(6634,44,1),(6634,1399,1),(6634,1591,1),(6634,1607,1),(6634,11312,1),(6634,22919,1),(6634,22934,1),(6634,1233,2),(6634,1234,2),(6634,1251,2),(6634,1252,2),(6634,10868,2),(6634,11330,2),(6634,10859,3),(6634,11347,3),(6634,22931,6),(6634,22932,6),(6634,22933,6),(6634,22916,7),(6634,22917,7),(6634,22918,7),(6634,3888,10),(6634,3902,10),(6634,11294,10),(6634,11310,10),(6634,1325,32),(6634,1326,32),(6634,1309,33),(6634,1310,33),(6635,8,1),(6635,9,1),(6635,43,1),(6635,44,1),(6635,1339,1),(6635,1399,1),(6635,1606,1),(6635,1607,1),(6635,11311,1),(6635,11312,1),(6635,22899,1),(6635,10,2),(6635,1233,2),(6635,1234,2),(6635,1251,2),(6635,1252,2),(6635,1337,2),(6635,1577,2),(6635,25,3),(6635,1319,3),(6635,1591,4),(6635,1550,6),(6635,1562,6),(6635,22878,6),(6635,22879,6),(6635,22896,6),(6635,22897,6),(6635,17100,7),(6635,22842,7),(6635,3888,10),(6635,3902,10),(6635,22880,10),(6635,22898,10),(6635,1972,13),(6635,1309,23),(6635,1310,23),(6635,1325,23),(6635,1326,23),(6636,4,1),(6636,8,1),(6636,9,1),(6636,25,1),(6636,43,1),(6636,44,1),(6636,1254,1),(6636,1335,1),(6636,1399,1),(6636,1591,1),(6636,6327,1),(6636,6993,1),(6636,16145,1),(6636,23030,1),(6636,23031,1),(6636,23032,1),(6636,23044,1),(6636,11312,2),(6636,23033,2),(6636,17085,3),(6636,17101,3),(6636,23045,3),(6636,23027,7),(6636,23028,7),(6636,23041,7),(6636,23042,7),(6636,3888,10),(6636,3902,10),(6636,23029,10),(6636,23043,10),(6636,1325,22),(6636,1326,22),(6636,1309,23),(6636,1310,23),(6638,8,1),(6638,9,1),(6638,25,1),(6638,43,1),(6638,44,1),(6638,1335,1),(6638,1339,1),(6638,1607,1),(6638,3916,1),(6638,5643,1),(6638,6165,1),(6638,6325,1),(6638,6327,1),(6638,11191,1),(6638,11312,1),(6638,11345,1),(6638,11346,1),(6638,22967,1),(6638,10,2),(6638,1337,2),(6638,1738,2),(6638,1319,3),(6638,1375,3),(6638,1399,3),(6638,1752,3),(6638,1677,6),(6638,22949,6),(6638,22950,6),(6638,1693,7),(6638,22964,7),(6638,22965,7),(6638,5627,10),(6638,5641,10),(6638,22951,10),(6638,22966,10),(6638,1309,22),(6638,1310,22),(6638,1325,23),(6638,1326,23),(6640,3023,1),(6640,3033,1),(6640,10240,1),(6640,10241,1),(6640,26818,1),(6640,26819,1),(6640,26820,1),(6640,26821,1),(6640,26839,1),(6640,1512,2),(6640,8708,2),(6640,10237,2),(6640,10252,2),(6640,10254,2),(6640,10257,2),(6640,13285,2),(6640,13295,2),(6640,20730,2),(6640,26822,2),(6640,26840,2),(6640,26841,2),(6640,9153,3),(6640,10235,3),(6640,1295,6),(6640,13067,6),(6640,26837,6),(6640,1285,7),(6640,10250,7),(6640,26816,7),(6640,26817,10),(6640,26838,10),(6640,1293,12),(6640,1294,12),(6640,1283,13),(6640,1284,13),(6641,8,1),(6641,9,1),(6641,3218,1),(6641,3315,1),(6641,4193,1),(6641,4194,1),(6641,4552,1),(6641,7249,1),(6641,9617,1),(6641,10,2),(6641,13,2),(6641,1238,2),(6641,1251,2),(6641,1252,2),(6641,1254,2),(6641,3197,2),(6641,3198,2),(6641,3211,2),(6641,3212,2),(6641,10859,2),(6641,10868,2),(6641,1233,3),(6641,1234,3),(6641,1460,6),(6641,13086,6),(6641,26872,6),(6641,1442,7),(6641,9498,7),(6641,26851,7),(6641,26852,10),(6641,26873,10),(6641,1458,12),(6641,1459,12),(6641,1440,13),(6641,1441,13),(6643,1817,1),(6643,2734,1),(6643,2748,1),(6643,8550,1),(6643,10147,1),(6643,10148,1),(6643,10149,1),(6643,1273,2),(6643,1279,2),(6643,1281,2),(6643,2136,2),(6643,2735,2),(6643,15712,2),(6643,1264,3),(6643,1265,3),(6643,1267,3),(6643,3840,3),(6643,3854,3),(6643,23760,6),(6643,23761,6),(6643,23770,6),(6643,23771,6),(6643,23762,10),(6643,23772,10),(6643,10132,12),(6643,10145,12),(6644,2825,1),(6644,2857,1),(6644,23671,1),(6644,23822,1),(6644,1521,2),(6644,5500,2),(6644,5501,2),(6644,5512,2),(6644,5513,2),(6644,5514,2),(6644,1512,3),(6644,9929,3),(6644,9938,3),(6644,13285,3),(6644,13295,3),(6644,23760,6),(6644,23761,6),(6644,23770,6),(6644,23771,6),(6644,23810,10),(6644,23821,10),(6644,10132,12),(6644,10145,12),(6645,2825,1),(6645,2857,1),(6645,23671,1),(6645,23822,1),(6645,1521,2),(6645,5500,2),(6645,5501,2),(6645,5512,2),(6645,5513,2),(6645,5514,2),(6645,1512,3),(6645,9929,3),(6645,9938,3),(6645,13285,3),(6645,13295,3),(6645,23856,6),(6645,23866,6),(6645,23857,10),(6645,23867,10),(6645,10132,12),(6645,10145,12),(6646,2825,1),(6646,2857,1),(6646,23671,1),(6646,23822,1),(6646,1521,2),(6646,5500,2),(6646,5501,2),(6646,5512,2),(6646,5513,2),(6646,5514,2),(6646,1512,3),(6646,9929,3),(6646,9938,3),(6646,13285,3),(6646,13295,3),(6646,23919,6),(6646,23929,6),(6646,23920,10),(6646,23930,10),(6646,10132,12),(6646,10145,12),(6647,2825,1),(6647,2857,1),(6647,23671,1),(6647,23822,1),(6647,1521,2),(6647,5500,2),(6647,5501,2),(6647,5512,2),(6647,5513,2),(6647,5514,2),(6647,1512,3),(6647,9929,3),(6647,9938,3),(6647,13285,3),(6647,13295,3),(6647,23961,6),(6647,23962,6),(6647,23972,6),(6647,23973,6),(6647,23963,10),(6647,23974,10),(6647,10132,12),(6647,10145,12),(6648,2825,1),(6648,2857,1),(6648,23671,1),(6648,23822,1),(6648,1521,2),(6648,5500,2),(6648,5501,2),(6648,5512,2),(6648,5513,2),(6648,5514,2),(6648,1512,3),(6648,9929,3),(6648,9938,3),(6648,13285,3),(6648,13295,3),(6648,5523,6),(6648,5535,6),(6648,24016,6),(6648,24028,6),(6648,24007,10),(6648,24017,10),(6648,10132,12),(6648,10145,12),(6649,2825,1),(6649,2857,1),(6649,24074,1),(6649,24083,1),(6649,1521,2),(6649,5500,2),(6649,5501,2),(6649,5512,2),(6649,5513,2),(6649,5514,2),(6649,1512,3),(6649,9929,3),(6649,9938,3),(6649,13285,3),(6649,13295,3),(6649,24060,6),(6649,24061,6),(6649,24072,6),(6649,24073,6),(6649,24051,10),(6649,24062,10),(6649,10132,12),(6649,10145,12),(6650,2825,1),(6650,2857,1),(6650,24097,1),(6650,24107,1),(6650,1521,2),(6650,5500,2),(6650,5501,2),(6650,5512,2),(6650,5513,2),(6650,5514,2),(6650,1512,3),(6650,9929,3),(6650,9938,3),(6650,13285,3),(6650,13295,3),(6650,24095,6),(6650,24105,6),(6650,24096,10),(6650,24106,10),(6650,10132,12),(6650,10145,12),(6651,2825,1),(6651,2857,1),(6651,24161,1),(6651,24173,1),(6651,1521,2),(6651,5500,2),(6651,5501,2),(6651,5513,2),(6651,5514,2),(6651,1512,3),(6651,9929,3),(6651,9938,3),(6651,13285,3),(6651,13295,3),(6651,24158,6),(6651,24159,6),(6651,24160,6),(6651,24170,6),(6651,24171,6),(6651,24172,6),(6651,5512,8),(6651,24137,10),(6651,24146,10),(6651,10132,12),(6651,10145,12),(6654,1806,1),(6654,1817,1),(6654,2125,1),(6654,2135,1),(6654,8550,1),(6654,9929,1),(6654,9938,1),(6654,24231,1),(6654,1273,2),(6654,1279,2),(6654,1281,2),(6654,1301,2),(6654,1302,2),(6654,1488,2),(6654,1489,2),(6654,2126,2),(6654,2136,2),(6654,1264,3),(6654,1265,3),(6654,1267,3),(6654,13285,3),(6654,13295,3),(6654,9249,6),(6654,24229,6),(6654,24243,6),(6654,24230,10),(6654,24244,10),(6654,10132,12),(6654,10145,12),(6655,1806,1),(6655,1817,1),(6655,2125,1),(6655,2135,1),(6655,8550,1),(6655,9929,1),(6655,9938,1),(6655,24231,1),(6655,1273,2),(6655,1279,2),(6655,1281,2),(6655,1301,2),(6655,1302,2),(6655,1488,2),(6655,1489,2),(6655,2126,2),(6655,2136,2),(6655,1264,3),(6655,1265,3),(6655,1267,3),(6655,13285,3),(6655,13295,3),(6655,24557,6),(6655,24571,6),(6655,24257,10),(6655,24271,10),(6655,10132,12),(6655,10145,12),(6656,1267,1),(6656,1806,1),(6656,1817,1),(6656,8550,1),(6656,9929,1),(6656,9938,1),(6656,11490,1),(6656,24231,1),(6656,24357,1),(6656,1273,2),(6656,1281,2),(6656,1301,2),(6656,1302,2),(6656,1488,2),(6656,1489,2),(6656,1794,2),(6656,1801,2),(6656,1264,3),(6656,1265,3),(6656,13285,3),(6656,13295,3),(6656,11463,6),(6656,11464,6),(6656,11476,6),(6656,11477,6),(6656,24341,10),(6656,24356,10),(6656,10132,12),(6656,10145,12),(6657,8727,1),(6657,10240,1),(6657,10241,1),(6657,10256,1),(6657,10748,1),(6657,24614,1),(6657,24615,1),(6657,24616,1),(6657,24617,1),(6657,24633,1),(6657,24634,1),(6657,24635,1),(6657,1512,2),(6657,2825,2),(6657,8230,2),(6657,8246,2),(6657,8708,2),(6657,10257,2),(6657,10749,2),(6657,10803,2),(6657,10804,2),(6657,10818,2),(6657,10819,2),(6657,13285,2),(6657,13295,2),(6657,24618,2),(6657,24636,2),(6657,24637,2),(6657,9153,3),(6657,10235,3),(6657,10252,3),(6657,13067,6),(6657,23919,6),(6657,23929,6),(6657,10250,7),(6657,24613,10),(6657,24632,10),(6657,10132,12),(6657,10145,12),(6658,8,1),(6658,9,1),(6658,1335,1),(6658,2583,1),(6658,2595,1),(6658,3576,1),(6658,6327,1),(6658,6329,1),(6658,6978,1),(6658,22665,1),(6658,22681,1),(6658,24797,1),(6658,10,2),(6658,13,2),(6658,25,2),(6658,390,2),(6658,424,2),(6658,1252,2),(6658,3490,2),(6658,3504,2),(6658,6165,2),(6658,8088,2),(6658,8089,2),(6658,8108,2),(6658,8109,2),(6658,10859,2),(6658,10868,2),(6658,10967,2),(6658,1233,3),(6658,1234,3),(6658,1251,3),(6658,11740,6),(6658,11741,6),(6658,11762,6),(6658,11763,6),(6658,13086,6),(6658,9498,7),(6658,24815,10),(6658,24835,10),(6658,11739,12),(6658,11761,12),(6659,8727,1),(6659,10240,1),(6659,10241,1),(6659,10250,1),(6659,10256,1),(6659,24614,1),(6659,24615,1),(6659,24616,1),(6659,24633,1),(6659,24634,1),(6659,24635,1),(6659,24694,1),(6659,1512,2),(6659,2825,2),(6659,8230,2),(6659,8246,2),(6659,8708,2),(6659,10257,2),(6659,10803,2),(6659,10804,2),(6659,10818,2),(6659,10819,2),(6659,13285,2),(6659,13295,2),(6659,24618,2),(6659,24636,2),(6659,24637,2),(6659,9153,3),(6659,10235,3),(6659,10252,3),(6659,10748,3),(6659,23646,6),(6659,23647,6),(6659,23657,6),(6659,23658,6),(6659,24693,10),(6659,24712,10),(6659,10132,12),(6659,10145,12),(6660,8,1),(6660,9,1),(6660,1335,1),(6660,2002,1),(6660,2583,1),(6660,2595,1),(6660,6327,1),(6660,6978,1),(6660,8085,1),(6660,8086,1),(6660,8105,1),(6660,22665,1),(6660,22681,1),(6660,24797,1),(6660,24859,1),(6660,24919,1),(6660,10,2),(6660,13,2),(6660,390,2),(6660,1233,2),(6660,1234,2),(6660,1252,2),(6660,6165,2),(6660,8088,2),(6660,8089,2),(6660,8108,2),(6660,8109,2),(6660,10859,2),(6660,10868,2),(6660,10966,2),(6660,26153,2),(6660,26175,2),(6660,1251,3),(6660,6329,3),(6660,9498,6),(6660,13086,6),(6660,25220,7),(6660,25244,7),(6660,24897,10),(6660,24918,10),(6660,11739,12),(6660,11761,12),(6661,2824,1),(6661,25663,1),(6661,25673,1),(6661,25674,1),(6661,1273,2),(6661,1279,2),(6661,1264,3),(6661,1265,3),(6661,1267,3),(6661,1281,3),(6661,13285,3),(6661,13295,3),(6661,25664,4),(6661,25675,4),(6661,24060,6),(6661,24061,6),(6661,24072,6),(6661,24073,6),(6661,25662,10),(6661,25672,10),(6661,10132,12),(6661,10145,12),(6664,8,1),(6664,9,1),(6664,43,1),(6664,44,1),(6664,815,1),(6664,1139,1),(6664,2077,1),(6664,6979,1),(6664,15839,1),(6664,10,2),(6664,1234,2),(6664,1251,2),(6664,1252,2),(6664,1337,2),(6664,13,3),(6664,25,3),(6664,377,3),(6664,1233,3),(6664,1237,3),(6664,1319,3),(6664,25390,3),(6664,6088,6),(6664,11157,6),(6664,11158,6),(6664,11159,6),(6664,6076,7),(6664,11143,7),(6664,11144,7),(6664,25389,10),(6664,25412,10),(6664,25481,10),(6664,25503,10),(6664,463,32),(6664,464,32),(6664,388,33),(6664,389,33),(6666,8,1),(6666,9,1),(6666,43,1),(6666,44,1),(6666,815,1),(6666,1139,1),(6666,2076,1),(6666,2077,1),(6666,15839,1),(6666,10,2),(6666,1234,2),(6666,1251,2),(6666,1252,2),(6666,1337,2),(6666,13,3),(6666,25,3),(6666,377,3),(6666,1233,3),(6666,1237,3),(6666,1319,3),(6666,25390,3),(6666,25408,6),(6666,25409,6),(6666,25410,6),(6666,25385,7),(6666,25386,7),(6666,25387,7),(6666,25388,10),(6666,25389,10),(6666,25411,10),(6666,25412,10),(6666,25407,12),(6666,463,32),(6666,464,32),(6666,388,33),(6666,389,33),(6668,8,1),(6668,9,1),(6668,25,1),(6668,43,1),(6668,44,1),(6668,815,1),(6668,1233,1),(6668,2192,1),(6668,25425,1),(6668,10,2),(6668,1337,2),(6668,1399,2),(6668,6329,2),(6668,1319,3),(6668,1375,3),(6668,4456,6),(6668,25437,6),(6668,25438,6),(6668,25439,6),(6668,25421,7),(6668,25422,7),(6668,25423,7),(6668,25389,10),(6668,25412,10),(6668,25424,10),(6668,25440,10),(6668,463,32),(6668,464,32),(6668,388,33),(6668,389,33),(6674,3031,3),(6674,25788,3),(6674,25785,6),(6674,25786,6),(6674,25787,6),(6674,25789,6),(6674,25790,6),(6675,3031,3),(6675,25788,3),(6675,25799,6),(6675,25800,6),(6675,25801,6),(6675,25803,6),(6675,25804,6),(6675,25805,6),(6675,25806,6),(6676,13,1),(6676,1139,1),(6676,1335,1),(6676,6165,1),(6676,6327,1),(6676,9498,1),(6676,15839,1),(6676,25810,1),(6676,25811,1),(6676,25830,1),(6676,10,2),(6676,390,2),(6676,424,2),(6676,1233,2),(6676,1234,2),(6676,1251,2),(6676,1252,2),(6676,3490,2),(6676,3504,2),(6676,3198,3),(6676,3212,3),(6676,6329,3),(6676,10859,3),(6676,10868,3),(6676,15840,3),(6676,15841,3),(6676,22713,3),(6676,22714,3),(6676,15731,6),(6676,15749,6),(6676,15835,6),(6676,15856,6),(6676,25808,6),(6676,25828,6),(6676,25809,10),(6676,25829,10),(6676,15730,12),(6676,15748,12),(6712,8727,1),(6712,10240,1),(6712,10241,1),(6712,10250,1),(6712,10256,1),(6712,24614,1),(6712,24615,1),(6712,24616,1),(6712,24633,1),(6712,24634,1),(6712,24635,1),(6712,24694,1),(6712,1512,2),(6712,2825,2),(6712,8230,2),(6712,8246,2),(6712,10257,2),(6712,10803,2),(6712,10804,2),(6712,10818,2),(6712,10819,2),(6712,13285,2),(6712,13295,2),(6712,24618,2),(6712,24636,2),(6712,24637,2),(6712,3031,3),(6712,9153,3),(6712,10235,3),(6712,10252,3),(6712,25788,3),(6712,23646,6),(6712,23647,6),(6712,23657,6),(6712,23658,6),(6712,25785,6),(6712,25789,6),(6712,26925,6),(6712,26946,6),(6712,10132,9),(6712,10145,9),(6712,24693,10),(6712,24712,10),(6714,8,1),(6714,9,1),(6714,25,1),(6714,428,1),(6714,1330,1),(6714,1346,1),(6714,1394,1),(6714,3401,1),(6714,3416,1),(6714,27004,1),(6714,13,2),(6714,22,2),(6714,1331,2),(6714,1332,2),(6714,1399,2),(6714,1777,2),(6714,11330,2),(6714,1375,3),(6714,10859,3),(6714,10868,3),(6714,11347,3),(6714,1972,7),(6714,27001,7),(6714,27002,7),(6714,27017,7),(6714,27018,7),(6714,3400,10),(6714,3415,10),(6714,27003,10),(6714,27019,10),(6714,1309,23),(6714,1310,23),(6714,1325,23),(6714,1326,23),(6715,8247,1),(6715,13066,1),(6715,27375,1),(6715,27376,1),(6715,27377,1),(6715,27378,1),(6715,27379,1),(6715,27386,1),(6715,27387,1),(6715,27388,1),(6715,27389,1),(6715,27390,1),(6715,27391,1),(6715,27392,1),(6715,13285,2),(6715,13295,2),(6715,27373,6),(6715,27374,6),(6715,27385,6),(6715,26820,7),(6715,26821,7),(6715,26839,7),(6715,10179,12),(6715,10188,12);

--
