-- Table structure for table `pre3305_customer_group`
--

CREATE TABLE `pre3305_customer_group` (
  `id_customer` int(10) unsigned NOT NULL,
  `id_group` int(10) unsigned NOT NULL,
  PRIMARY KEY (`id_customer`,`id_group`),
  KEY `customer_login` (`id_group`),
  KEY `id_customer` (`id_customer`)
) ENGINE=InnoDB DEFAULT CHARSET=utf8;

--
-- Dumping data for table `pre3305_customer_group`
--

INSERT INTO `pre3305_customer_group` VALUES (6188,1),(6224,1),(6283,1),(6295,1),(6301,1),(6302,1),(6309,1),(6314,1),(6315,1),(6317,1),(6337,1),(6338,1),(6339,1),(6353,1),(6176,2),(6177,2),(6178,2),(6179,2),(6180,2),(6188,2),(6193,2),(6220,2),(6221,2),(6223,2),(6224,2),(6234,2),(6235,2),(6264,2),(6274,2),(6280,2),(6282,2),(6283,2),(6284,2),(6285,2),(6289,2),(6295,2),(6301,2),(6302,2),(6304,2),(6305,2),(6306,2),(6307,2),(6309,2),(6312,2),(6314,2),(6315,2),(6317,2),(6327,2),(6331,2),(6333,2),(6334,2),(6335,2),(6336,2),(6337,2),(6338,2),(6339,2),(6340,2),(6341,2),(6342,2),(6346,2),(6353,2),(6357,2),(1000,3),(1001,3),(1004,3),(1005,3),(1007,3),(1008,3),(1009,3),(1010,3),(1011,3),(1012,3),(1013,3),(1014,3),(1015,3),(1016,3),(1017,3),(1018,3),(1019,3),(1020,3),(1021,3),(1022,3),(1023,3),(1024,3),(1025,3),(1030,3),(1032,3),(1033,3),(1036,3),(1037,3),(1039,3),(1040,3),(1041,3),(1042,3),(1043,3),(1045,3),(1046,3),(1048,3),(1049,3),(1050,3),(1051,3),(1052,3),(1053,3),(1055,3),(1056,3),(1057,3),(1058,3),(1059,3),(1060,3),(1062,3),(1063,3),(1064,3),(1065,3),(1066,3),(1067,3),(1068,3),(1069,3),(1070,3),(1071,3),(1077,3),(1078,3),(1079,3),(1083,3),(1085,3),(1086,3),(1087,3),(1089,3),(1091,3),(1092,3),(1100,3),(1102,3),(1104,3),(1105,3),(1107,3),(1109,3),(1110,3),(1112,3),(1118,3),(1122,3),(1125,3),(1127,3),(1128,3),(1132,3),(1135,3),(1142,3),(1143,3),(1144,3),(1149,3),(1152,3),(1155,3),(1167,3),(1172,3),(1176,3),(1188,3),(1192,3),(1193,3),(1198,3),(1213,3),(1215,3),(1216,3),(1218,3),(1219,3),(1221,3),(1223,3),(1239,3),(1242,3),(1244,3),(1253,3),(1258,3),(1261,3),(1264,3),(1267,3),(1268,3),(1270,3),(1271,3),(1273,3),(2876,3),(2911,3),(2915,3),(2916,3),(2918,3),(2922,3),(2925,3),(2927,3),(2930,3),(2931,3),(2947,3),(2950,3),(2956,3),(2958,3),(2961,3),(2974,3),(3030,3),(3032,3),(3035,3),(3044,3),(3046,3),(3048,3),(3050,3),(3051,3),(3075,3),(3076,3),(3077,3),(3078,3),(3080,3),(3082,3),(3083,3),(3084,3),(3095,3),(3114,3),(3115,3),(3117,3),(3118,3),(3119,3),(3120,3),(3128,3),(3129,3),(3130,3),(3132,3),(3133,3),(3134,3),(3135,3),(3136,3),(3137,3),(3140,3),(3142,3),(3143,3),(3144,3),(3146,3),(3147,3),(3148,3),(3151,3),(3152,3),(3156,3),(3157,3),(3160,3),(3161,3),(3163,3),(3165,3),(3166,3),(3167,3),(3169,3),(3170,3),(3173,3),(3175,3),(3178,3),(3180,3),(3187,3),(3192,3),(3193,3),(3194,3),(3209,3),(3236,3),(3237,3),(3238,3),(3239,3),(3240,3),(3242,3),(3292,3),(3293,3),(3294,3),(3296,3),(3297,3),(3302,3),(3303,3),(3307,3),(3308,3),(3323,3),(3328,3),(3331,3),(3338,3),(3341,3),(3344,3),(3352,3),(3362,3),(3377,3),(3380,3),(3381,3),(3391,3),(3393,3),(3394,3),(3395,3),(3397,3),(3399,3),(3406,3),(3407,3),(3410,3),(3412,3),(3416,3),(3418,3),(3434,3),(3440,3),(3444,3),(3449,3),(3451,3),(3452,3),(3458,3),(3460,3),(3471,3),(3485,3),(3487,3),(3488,3),(3490,3),(3492,3),(3493,3),(3494,3),(3496,3),(3497,3),(3498,3),(3505,3),(3510,3),(3511,3),(3514,3),(3515,3),(3516,3),(3517,3),(3518,3),(3519,3),(3521,3),(3523,3),(3538,3),(3542,3),(3545,3),(3568,3),(3569,3),(3570,3),(3572,3),(3574,3),(3575,3),(3585,3),(3587,3),(3619,3),(3621,3),(3622,3),(3623,3),(3625,3),(3626,3),(3627,3),(3638,3),(3640,3),(3642,3),(3643,3),(3644,3),(3653,3),(3654,3),(3655,3),(3665,3),(3666,3),(3667,3),(3674,3),(3677,3),(3678,3),(3679,3),(3694,3),(3715,3),(3716,3),(3734,3),(3737,3),(3744,3),(3745,3),(3746,3),(3747,3),(3750,3),(3751,3),(3758,3),(3760,3),(3770,3),(3771,3),(3774,3),(3778,3),(3783,3),(3784,3),(3785,3),(3787,3),(3799,3),(3850,3),(3859,3),(3874,3),(3876,3),(3882,3),(3884,3),(3886,3),(3887,3),(3903,3),(3916,3),(3917,3),(3924,3),(3936,3),(3937,3),(3938,3),(3939,3),(3941,3),(3942,3),(3943,3),(4067,3),(4076,3),(4091,3),(4095,3),(4097,3),(4098,3),(4099,3),(4100,3),(4102,3),(4105,3),(4113,3),(4114,3),(4115,3),(4123,3),(4126,3),(4171,3),(4174,3),(4179,3),(4181,3),(4185,3),(4218,3),(4221,3),(4225,3),(4226,3),(4254,3),(4256,3),(4268,3),(4297,3),(4311,3),(4315,3),(4316,3),(4326,3),(4330,3),(4331,3),(4333,3),(4335,3),(4337,3),(4338,3),(4345,3),(4361,3),(4362,3),(4368,3),(4371,3),(4395,3),(4408,3),(4409,3),(4413,3),(4416,3),(4418,3),(4435,3),(4440,3),(4445,3),(4446,3),(4456,3),(4486,3),(4492,3),(4494,3),(4496,3),(4500,3),(4504,3),(4508,3),(4509,3),(4514,3),(4515,3),(4516,3),(4523,3),(4524,3),(4526,3),(4528,3),(4530,3),(4532,3),(4535,3),(4542,3),(4548,3),(4552,3),(4558,3),(4564,3),(4572,3),(4580,3),(4582,3),(4585,3),(4589,3),(4591,3),(4592,3),(4593,3),(4603,3),(4606,3),(4608,3),(4610,3),(4612,3),(4616,3),(4621,3),(4624,3),(4625,3),(4627,3),(4631,3),(4637,3),(4661,3),(4662,3),(4676,3),(4680,3),(4683,3),(4687,3),(4688,3),(4690,3),(4704,3),(4706,3),(4716,3),(4718,3),(4750,3),(4753,3),(4754,3),(4855,3),(4857,3),(4939,3),(4989,3),(5048,3),(5063,3),(5064,3),(5065,3),(5067,3),(5070,3),(5071,3),(5074,3),(5076,3),(5080,3),(5082,3),(5083,3),(5084,3),(5088,3),(5089,3),(5093,3),(5114,3),(5180,3),(5181,3),(5182,3),(5183,3),(5187,3),(5188,3),(5190,3),(5191,3),(5192,3),(5195,3),(5196,3),(5198,3),(5199,3),(5202,3),(5208,3),(5213,3),(5215,3),(5216,3),(5217,3),(5219,3),(5221,3),(5222,3),(5228,3),(5229,3),(5230,3),(5231,3),(5237,3),(5238,3),(5247,3),(5255,3),(5256,3),(5257,3),(5259,3),(5329,3),(5331,3),(5334,3),(5336,3),(5337,3),(5342,3),(5343,3),(5344,3),(5348,3),(5356,3),(5357,3),(5366,3),(5388,3),(5389,3),(5392,3),(5406,3),(5409,3),(5410,3),(5417,3),(5424,3),(5428,3),(5466,3),(5471,3),(5505,3),(5508,3),(5509,3),(5516,3),(5540,3),(5575,3),(5577,3),(5602,3),(5603,3),(5604,3),(5605,3),(5606,3),(5608,3),(5609,3),(5610,3),(5611,3),(5613,3),(5614,3),(5616,3),(5620,3),(5621,3),(5624,3),(5625,3),(5648,3),(5649,3),(5688,3),(5693,3),(5694,3),(5695,3),(5697,3),(5698,3),(5704,3),(5705,3),(5712,3),(5720,3),(5721,3),(5723,3),(5724,3),(5725,3),(5727,3),(5739,3),(5745,3),(5747,3),(5750,3),(5770,3),(5771,3),(5780,3),(5782,3),(5783,3),(5786,3),(5788,3),(5799,3),(5808,3),(5811,3),(5812,3),(5813,3),(5815,3),(5827,3),(5828,3),(5830,3),(5832,3),(5834,3),(5836,3),(5838,3),(5839,3),(5845,3),(5849,3),(5853,3),(5855,3),(5856,3),(5858,3),(5890,3),(5895,3),(5916,3),(5918,3),(5919,3),(5923,3),(5925,3),(5928,3),(5936,3),(5940,3),(5941,3),(5947,3),(5948,3),(5952,3),(5959,3),(5961,3),(5964,3),(5970,3),(5973,3),(5999,3),(6004,3),(6009,3),(6011,3),(6024,3),(6026,3),(6028,3),(6029,3),(6034,3),(6035,3),(6036,3),(6043,3),(6049,3),(6050,3),(6055,3),(6056,3),(6057,3),(6058,3),(6059,3),(6063,3),(6072,3),(6073,3),(6075,3),(6076,3),(6082,3),(6084,3),(6085,3),(6086,3),(6091,3),(6092,3),(6093,3),(6095,3),(6103,3),(6105,3),(6106,3),(6109,3),(6110,3),(6116,3),(6117,3),(6133,3),(6134,3),(6141,3),(6157,3),(6165,3),(6167,3),(6168,3),(6173,3),(6181,3),(6182,3),(6183,3),(6184,3),(6186,3),(6187,3),(6188,3),(6189,3),(6190,3),(6192,3),(6194,3),(6195,3),(6197,3),(6198,3),(6199,3),(6200,3),(6201,3),(6202,3),(6203,3),(6204,3),(6205,3),(6206,3),(6207,3),(6208,3),(6209,3),(6210,3),(6211,3),(6212,3),(6213,3),(6214,3),(6215,3),(6216,3),(6217,3),(6218,3),(6219,3),(6222,3),(6224,3),(6225,3),(6226,3),(6227,3),(6228,3),(6229,3),(6231,3),(6232,3),(6233,3),(6236,3),(6237,3),(6238,3),(6239,3),(6240,3),(6241,3),(6242,3),(6243,3),(6244,3),(6246,3),(6247,3),(6248,3),(6249,3),(6250,3),(6251,3),(6252,3),(6253,3),(6254,3),(6255,3),(6256,3),(6257,3),(6258,3),(6259,3),(6260,3),(6261,3),(6262,3),(6263,3),(6265,3),(6266,3),(6267,3),(6268,3),(6269,3),(6270,3),(6271,3),(6272,3),(6273,3),(6275,3),(6276,3),(6277,3),(6278,3),(6279,3),(6281,3),(6283,3),(6286,3),(6288,3),(6290,3),(6291,3),(6292,3),(6293,3),(6294,3),(6295,3),(6297,3),(6298,3),(6299,3),(6300,3),(6301,3),(6302,3),(6303,3),(6308,3),(6309,3),(6310,3),(6311,3),(6313,3),(6314,3),(6315,3),(6316,3),(6317,3),(6318,3),(6319,3),(6320,3),(6321,3),(6322,3),(6323,3),(6324,3),(6325,3),(6326,3),(6328,3),(6329,3),(6330,3),(6332,3),(6337,3),(6338,3),(6339,3),(6343,3),(6344,3),(6345,3),(6347,3),(6348,3),(6349,3),(6350,3),(6351,3),(6352,3),(6353,3),(6354,3),(6355,3),(6356,3),(6358,3),(6359,3),(6360,3),(6361,3),(1002,4),(1028,4),(1044,4),(1106,4),(1141,4),(1166,4),(1179,4),(1243,4),(3079,4),(3113,4),(3121,4),(3141,4),(3145,4),(3288,4),(3290,4),(3291,4),(3295,4),(3304,4),(3382,4),(3396,4),(3400,4),(3455,4),(3464,4),(3531,4),(3571,4),(3618,4),(3672,4),(3717,4),(3851,4),(3907,4),(3915,4),(4094,4),(4258,4),(4314,4),(4352,4),(4402,4),(4456,4),(4485,4),(4517,4),(4546,4),(4571,4),(4620,4),(4629,4),(4668,4),(4717,4),(5079,4),(5090,4),(5189,4),(5193,4),(5207,4),(5214,4),(5227,4),(5253,4),(5391,4),(5504,4),(5510,4),(5559,4),(5768,4),(5798,4),(5816,4),(5819,4),(5901,4),(5917,4),(5934,4),(5950,4),(5963,4),(6023,4),(6060,4),(6062,4),(6083,4),(6107,4),(6111,4),(6139,4),(6196,4),(6283,4),(6309,4),(1003,5),(1120,5),(2932,5),(2951,5),(3171,5),(3227,5),(3314,5),(3429,5),(3461,5),(3748,5),(3860,5),(4507,5),(4696,5),(4996,5),(5081,5),(5205,5),(5346,5),(5350,5),(5622,5),(6065,5),(6166,5),(6175,5),(6185,5),(6191,5),(6245,5),(6287,5),(6309,5),(6174,6),(6025,7),(1003,10),(1032,10),(1042,10),(1060,10),(1071,10),(1120,10),(1166,10),(1167,10),(1221,10),(1268,10),(2916,10),(2925,10),(2932,10),(2951,10),(3121,10),(3130,10),(3140,10),(3144,10),(3145,10),(3209,10),(3295,10),(3391,10),(3429,10),(3455,10),(3461,10),(3464,10),(3531,10),(3618,10),(3744,10),(3748,10),(3778,10),(3860,10),(4097,10),(4126,10),(4546,10),(4668,10),(4687,10),(4696,10),(5079,10),(5081,10),(5350,10),(5391,10),(5504,10),(5622,10),(5695,10),(5768,10),(5816,10),(5901,10),(5950,10),(5963,10),(6062,10),(6065,10),(6166,10),(6175,10),(6184,10),(6185,10);

--
-- Table structure for table `pre3305_customer_message`
--

CREATE TABLE `pre3305_customer_message` (
  `id_customer_message` int(10) unsigned NOT NULL AUTO_INCREMENT,
  `id_customer_thread` int(11) DEFAULT NULL,
  `id_employee` int(10) unsigned DEFAULT NULL,
  `message` mediumtext NOT NULL,
  `file_name` varchar(18) DEFAULT NULL,
  `ip_address` varchar(16) DEFAULT NULL,
  `user_agent` varchar(128) DEFAULT NULL,
  `date_add` datetime NOT NULL,
  `date_upd` datetime NOT NULL,
  `private` tinyint(4) NOT NULL DEFAULT '0',
  `read` tinyint(1) NOT NULL DEFAULT '0',
  PRIMARY KEY (`id_customer_message`),
  KEY `id_customer_thread` (`id_customer_thread`),
  KEY `id_employee` (`id_employee`)
) ENGINE=InnoDB AUTO_INCREMENT=53 DEFAULT CHARSET=utf8;

--
-- Dumping data for table `pre3305_customer_message`
--

INSERT INTO `pre3305_customer_message` VALUES (5,4,0,'Commande payée via ARTSPER','','','','2018-09-21 17:16:25','2018-09-21 17:16:25',1,0),(6,5,0,'Commande via Artsper','','','','2018-10-06 11:34:55','2018-10-06 11:34:55',1,0),(7,6,0,'Merci de laisser d&eacute;dicacer la lithographie par M. Gottfried Salzmann &agrave; mon nom. ','','','','2018-10-18 15:55:28','2018-10-18 15:55:28',1,0),(8,6,2,'Cher client, \r\nNous vous remercions de votre commande et nous ferons dédicacer votre lithographie par Mr Salzmann.\r\nNous vous recontactons dans les meilleurs délais suite à cette signature.\r\nCordialement, \r\nLe Service Client \r\nGalerie Joël Knafo','','631917121','','2018-10-19 14:18:18','2018-10-19 14:18:18',0,1),(9,7,0,'Merci pour une d&eacute;dicace de l&#039;artiste :\r\nF&uuml;r Sabine und Igor\r\n\r\nBon week-end et au plaisir de vous revoir lors du retrait dans la galerie\r\nSabine Bimbaud (Forum Culturel Autrichien)\r\n\r\n','','','','2018-10-20 10:37:33','2018-10-20 10:37:33',1,0),(10,8,0,'Bonjour,\r\n\r\nPouvez-vous me donner plus d\'informations sur les articles de DRAN que vous vendez?\r\n\r\nMerci par avance,\r\nUgo','','1829192182','Mozilla/5.0 (Windows NT 10.0; Win64; x64) AppleWebKit/537.36 (KHTML, like Gecko) Chrome/69.0.3497.100 Safari/537.36','2018-10-24 10:15:56','2018-10-24 10:15:56',0,0),(12,10,0,'Réglé via la campagne KISS KISS BANK BANK pour Graffiti Art Magazine','','','','2018-10-24 16:14:24','2018-10-24 16:14:24',1,0),(13,11,0,'Réglé via la campagne KISS KISS BANK BANK pour Graffiti Art Magazine','','','','2018-10-24 16:49:02','2018-10-24 16:49:02',1,0),(14,12,0,'Réglé via la campagne KISS KISS BANK BANK pour Graffiti Art Magazine\n','','','','2018-10-24 17:19:58','2018-10-24 17:19:58',1,0),(15,13,0,'Commande Via ARTSPER','','','','2018-10-25 16:19:59','2018-10-25 16:19:59',1,0),(16,8,1,'Bonsoir,\r\n\r\nnous vous remercions pour votre demande à propos des œuvres de DRAN.\r\nIl s\'agit principalement d\'éditions numériques réalisées directement par l\'artiste et tamponnées au dos. Ces œuvres sont des \"open edition\", le tirage total reste inconnu.\r\nN\'hésitez pas à nous contacter au 0781612157 pour de plus amples informations.\r\nBien cordialement','','1041746690','','2018-10-29 19:27:53','2018-10-29 19:27:53',0,1),(17,14,0,'Hi,\r\n\r\nMy name is Randy and I was looking at a few different sites online and came across your site litho.online.  I must say - your website is very impressive.  I found your website on the first page of the Search Engine. \r\n\r\nHave you noticed that 70 percent of visitors who leave your website will never return?  In most cases, this means that 95 percent to 98 percent of your marketing efforts are going to waste, not to mention that you are losing more money in customer acquisition costs than you need to.\r\n \r\nAs a business person, the time and money you put into your marketing efforts is extremely valuable.  So why let it go to waste?  Our users have seen staggering improvements in conversions with insane growths of 150 percent going upwards of 785 percent. Are you ready to unlock the highest conversion revenue from each of your website visitors?  \r\n\r\nTalkWithLead is a widget which captures a website visitor’s Name, Email address and Phone Number and then calls you immediately, so that you can talk to the Lead exactly when they are live on your website — while they\'re hot! Best feature of all, we offer FREE International Long Distance Calling!\r\n  \r\nTry the TalkWithLead Live Demo now to see exactly how it works.  Visit: https://www.talkwithlead.com/Contents/LiveDemo.aspx\r\n\r\nWhen targeting leads, speed is essential - there is a 100x decrease in Leads when a Lead is contacted within 30 minutes vs being contacted within 5 minutes.\r\n\r\nIf you would like to talk to me about this service, please give me a call.  We do offer a 14 days free trial.  \r\n\r\nThanks and Best Regards,\r\nRandy','','1138361430','Mozilla/5.0 (Windows NT 6.3; Win64; x64) AppleWebKit/537.36 (KHTML, like Gecko) Chrome/67.0.3396.99 Safari/537.36','2018-10-31 03:15:05','2018-10-31 03:15:05',0,0),(18,15,0,'Test','','522348140','Mozilla/5.0 (Windows NT 10.0; Win64; x64; rv:63.0) Gecko/20100101 Firefox/63.0','2018-10-31 18:23:31','2018-10-31 18:23:31',0,0),(19,16,0,'Bonjour Jo&euml;l, je poursuis ma collection de litho de shepard. Bien &agrave; vous','','','','2018-11-04 16:14:58','2018-11-04 16:14:58',1,0),(20,17,0,'\r\nBonjour,\r\n\r\nBienvenue dans votre nouvelle boîte mail Gandimail !\r\n\r\nPour rappel, cette nouvelle  boîte mail, vous permet d\'obtenir :\r\n\r\n- 1 000 adresses de redirection,\r\n- un nombre illimité d\'alias mail pour un confort d\'utilisation complet,\r\n- une protection anti-spam et anti-virus,\r\n- des accès POP, IMAP et SMTP à utiliser avec votre client de messagerie préféré,\r\n- Une interface webmail, vous fournissant de nombreuses fonctionnalités utiles.\r\n\r\nN\'hésitez pas à consulter notre documentation en ligne à l\'adresse, pour avoir des informations supplémentaires quant à l\'utilisation de votre nouvelle boîte mail Gandi :\r\nhttps://doc.gandi.net/fr/mail\r\n\r\nCordialement,\r\nL\'équipe de Gandi\r\n\r\n\r\nN\'hésitez pas à contacter notre service client en cas de problème ou pour toute autre question : http://www.gandi.net/faq/contact_support\r\n\r\nNous vous remercions de votre confiance.\r\n\r\nCordialement.\r\n\r\n-- \r\n\r\nGANDI - http://www.gandi.net/\r\n','','','','2018-11-06 14:43:27','2018-11-06 14:43:27',0,0),(21,18,0,'Reste à payer en 3x450 euros à partir du 10/11','','','','2018-11-07 18:01:23','2018-11-07 18:01:23',1,0),(22,19,0,'Acompte CB 350€\nA régler 800€','','','','2018-11-07 18:38:31','2018-11-07 18:38:31',1,0),(23,20,0,'Virement 3900 €\nAcompte CB 100 €','','','','2018-11-17 18:26:20','2018-11-17 18:26:20',1,0),(24,21,0,'Acompte 750€\nà payer 750€x2','','','','2018-11-17 19:10:41','2018-11-17 19:10:41',1,0),(25,22,0,'Livraison programmée le 21 novembre à 14h\nCode immeuble : 2598\n6ème étage','','','','2018-11-20 11:55:05','2018-11-20 11:55:05',1,0),(26,23,0,'Bail Art pour le compte de Goulon Olivier','','','','2018-11-20 14:49:31','2018-11-20 14:49:31',1,0),(27,24,0,'Bonjour, étabt collectionneur, je souhaiterai me séparer de quelques unes de mes oeuvres. Procédez-vous au rachat de celles-ci ?\r\nDans l’attente de votre retour,\r\nCordialement,\r\n\r\nValentin','5bf54920016ab.jpeg','1356232413','Mozilla/5.0 (iPhone; CPU iPhone OS 12_1 like Mac OS X) AppleWebKit/605.1.15 (KHTML, like Gecko) Mobile/16B92 Instagram 71.0.0.14','2018-11-21 13:01:36','2018-11-21 13:01:36',0,0),(28,25,0,'ID 2060680305','','','','2018-11-21 13:56:59','2018-11-21 13:56:59',1,0),(29,26,0,'A régler 1000 €','','','','2018-11-21 15:12:06','2018-11-21 15:12:06',1,0),(30,27,0,'TVA ','','','','2018-11-21 15:57:38','2018-11-21 15:57:38',1,0),(31,28,0,'Estampe numérique n°1/50 offerte\nPaiement 1000€ comptant\n4x800€ chèques','','','','2018-11-21 16:08:03','2018-11-21 16:08:03',1,0),(32,29,0,'CB 700€\n2 chèques 600x2 fin nov et fin dec','','','','2018-11-21 16:20:39','2018-11-21 16:20:39',1,0),(33,30,0,'Refaire encadrement cadre bois naturel\nAcompte CB 300 €\nreste à régler 800 €','','','','2018-11-21 16:40:53','2018-11-21 16:40:53',1,0),(34,31,0,'Payé par chèque fin novembre 900€\nchèque à encaisser fin mars 3000€','','','','2018-11-21 16:51:50','2018-11-21 16:51:50',1,0),(35,32,0,'Bonjour , j\'ai passé commande au début du mois d\'une lithographie de Shepard Fairey en utilisant un code promo qu\'on me proposait. Lors de la validation de ma commande , on m\'a envoyé un second code promo que j\'ai de suite utilisé pour faire un second achat . J\'ai alors reçu un mail qui m\'accuser d\'utiliser frauduleusement les codes promo ....Alors que je n\'avais rien demandé ....Depuis le statut de mes deux commandes restent en \"payement accepté\" et n\'évolue pas ...Pourriez vous me renseigner quant à ce mail dans lequel on m\'accuse de fraudeur et quant à l\'avancée de mes deux commandes s\'il vous plait ?','5bfbd9ea954fe8.pdf','0','Mozilla/5.0 (Macintosh; Intel Mac OS X 10_10_5) AppleWebKit/603.3.8 (KHTML, like Gecko) Version/10.1.2 Safari/603.3.8','2018-11-26 12:32:58','2018-11-26 12:32:58',0,0),(36,32,1,'Bonjour,\r\n\r\nvos commandes sont invalides car elles utilisent des codes promotionnels uniques qui ne vous étaient nullement destinés. Nous allons donc procéder au remboursement des frais de port dont vous vous êtes acquittés.\r\nPour comprendre comment vous avez obtenu ces codes, merci de nous transmettre en retour les mails ou autres éléments qui les mentionnent.\r\n\r\nCordialement, \r\nLe Service Client','','1391139330','','2018-11-26 14:46:02','2018-11-26 14:46:02',0,1),(37,24,1,'Bonjour,\r\n\r\nmerci pour votre message mais nous n\'achetons aucune œuvres à des particuliers.\r\n\r\nCordialement, \r\nLe Service Client','','1391139330','','2018-11-26 14:47:16','2018-11-26 14:47:16',0,1),(38,33,0,'success : 1;\rrefund_id : cenqptfq;\rtransaction_id : pjp1fqzr;\rstatus : settling;\ramount : 150.00;\rcurrency : EUR;\rpayment_type : ;\rmerchantAccountId : lisitonlinefr;\r','','','','2018-11-27 12:24:27','2018-11-27 12:24:27',1,0),(39,34,0,'Merci de mes r&eacute;server comme convenu les 3 premiers num&eacute;ros de la s&eacute;rigraphie...\r\nBien cordialement\r\n\r\nBonne soir&eacute;e\r\nEric GIRARD','','','','2018-11-27 19:44:12','2018-11-27 19:44:12',1,0),(40,35,0,'success : 1;\rrefund_id : jmcjg6y5;\rtransaction_id : h4x0q678;\rstatus : submitted_for_settlement;\ramount : 15.00;\rcurrency : EUR;\rpayment_type : ;\rmerchantAccountId : lisitonlinefr;\r','','','','2018-11-28 11:26:44','2018-11-28 11:26:44',1,0),(41,36,0,'success : 1;\rrefund_id : 6zxxv69k;\rtransaction_id : hzzwekzg;\rstatus : submitted_for_settlement;\ramount : 15.00;\rcurrency : EUR;\rpayment_type : ;\rmerchantAccountId : lisitonlinefr;\r','','','','2018-11-28 11:27:15','2018-11-28 11:27:15',1,0),(42,37,0,'700 à la commande\n1500 début janvier','','','','2018-11-28 13:20:20','2018-11-28 13:20:20',1,0),(43,38,0,'Bonjour,\r\nJe voulais savoir si ma commande était disponible pour le retrait dans la galerie?\r\nMerci d’avance pour les informations\r\nCordialement \r\nAdrien Girard','','1356233115','','2018-11-30 20:18:20','2018-11-30 20:18:20',0,0),(44,39,0,'du lundi au vendredi de 9h30 &agrave; 18h00','','','','2018-12-02 15:03:48','2018-12-02 15:03:48',1,0),(45,40,0,'paiement en deux fois\n2000 euros CB réglé\n1800 virement attente\nmontrer le détail des différents paiments sur la facture','','','','2018-12-07 18:47:18','2018-12-07 18:47:18',1,0),(46,41,0,'Bonjour,  le N&deg;1 est il disponible ? merci de me le r&eacute;server.\r\nCordialement','','','','2018-12-11 17:13:34','2018-12-11 17:13:34',1,0),(47,42,0,'Pinky\'s Celebrity Club is a very easy-to-use and powerful desktop software that will allow you to gain Instagram post likes, followers and comments completely organically! The way it works is you login via your Instagram account, set hashtags and enter your comments. The software will then search for all posts that have your hashtags and then like them, comment on them and follow the users (you can tell what the software should do: follow, comment or/and like posts). This is a great way to organically grow your Instagram followers. The software simply does what you would otherwise  do manually, but on a complete autopilot (24/7). The software also has some delay settings to make sure that all of your activity looks natural.\r\n\r\nTry PINKY\'S CELEBRITY CLUB INSTAGRAM BOT FOR REAL FOLLOWERS AND LIKES for free and see for yourself just how powerful and easy to use the Instagram software is! \r\n\r\nTo learn more head to https://wowitloveithaveit.com/products/pinkys-celebrity-club-instagram-management-software','','1843831317','Mozilla/5.0 (Windows NT 10.0; Win64; x64) AppleWebKit/537.36 (KHTML, like Gecko) Chrome/69.0.3497.100 Safari/537.36','2018-12-11 20:38:24','2018-12-11 20:38:24',0,0),(48,43,0,'Bonjour , pouvez vous me dire le prix de la lithographie de C215 , habitant en Bretagne et ne pouvant pas venir . \r\nCordialement','','1342973848','Mozilla/5.0 (iPhone; CPU iPhone OS 12_1 like Mac OS X) AppleWebKit/605.1.15 (KHTML, like Gecko) Mobile/16B92 [FBAN/FBIOS;FBAV/19','2018-12-13 11:52:18','2018-12-13 11:52:18',0,0),(49,43,1,'Bonjour,\r\n\r\nles estampes de C215 sont vendues 200,00 chaque ou 350,00 euros les deux (Une rouge et une bleue)\r\nElles ont les caractéristiques suivantes :\r\n70x50cm - Numérotées et signées en 50 exemplaires sur 320g - 2018\r\n\r\nVous pouvez directement commander sur notre site, nous livrons en Bretagne et nous sommes heureux de vous offrir les frais de port (Code GRAFFITI)\r\nLien direct vers les œuvres de C215 : https://litho.online/fr/134-c215\r\n\r\nN\'hésitez pas à revenir vers nous au 07 81 61 21 57 pour toute information complémentaire.\r\n\r\nBien cordialement\r\n\r\nL\'équipe Litho.Online\r\n\r\n','','0','','2018-12-13 12:58:56','2018-12-13 12:58:56',0,1),(50,44,0,'success : 1;\rrefund_id : 22qd2fqe;\rtransaction_id : 696r0w5g;\rstatus : settling;\ramount : 350.00;\rcurrency : EUR;\rpayment_type : ;\rmerchantAccountId : lisitonlinefr;\r','','','','2018-12-17 17:45:44','2018-12-17 17:45:44',1,0),(51,45,0,'Payé par Chèque remis le ','','','','2018-12-18 18:33:39','2018-12-18 18:33:39',1,0),(52,46,0,'Christine Jugla','','','','2018-12-18 18:42:00','2018-12-18 18:42:00',1,0);

--
-- Table structure for table `pre3305_customer_message_sync_imap`
--

CREATE TABLE `pre3305_customer_message_sync_imap` (
  `md5_header` varbinary(32) NOT NULL,
  KEY `md5_header_index` (`md5_header`(4))
) ENGINE=InnoDB DEFAULT CHARSET=utf8;

--
-- Dumping data for table `pre3305_customer_message_sync_imap`
--

INSERT INTO `pre3305_customer_message_sync_imap` VALUES ('4be3c9753291820646ff49b44501aa3b'),('39f0200fd34417c6bc03fb0625bb8a0c'),('d76cc2784a2806a17104467bbba10640'),('27a228470200e184774f76c9fac3026a');

--
-- Table structure for table `pre3305_customer_thread`
--

CREATE TABLE `pre3305_customer_thread` (
  `id_customer_thread` int(11) unsigned NOT NULL AUTO_INCREMENT,
  `id_shop` int(11) unsigned NOT NULL DEFAULT '1',
  `id_lang` int(10) unsigned NOT NULL,
  `id_contact` int(10) unsigned NOT NULL,
  `id_customer` int(10) unsigned DEFAULT NULL,
  `id_order` int(10) unsigned DEFAULT NULL,
  `id_product` int(10) unsigned DEFAULT NULL,
  `status` enum('open','closed','pending1','pending2') NOT NULL DEFAULT 'open',
  `email` varchar(128) NOT NULL,
  `token` varchar(12) DEFAULT NULL,
  `date_add` datetime NOT NULL,
  `date_upd` datetime NOT NULL,
  PRIMARY KEY (`id_customer_thread`),
  KEY `id_shop` (`id_shop`),
  KEY `id_lang` (`id_lang`),
  KEY `id_contact` (`id_contact`),
  KEY `id_customer` (`id_customer`),
  KEY `id_order` (`id_order`),
  KEY `id_product` (`id_product`)
) ENGINE=InnoDB AUTO_INCREMENT=47 DEFAULT CHARSET=utf8;

--
-- Dumping data for table `pre3305_customer_thread`
--

INSERT INTO `pre3305_customer_thread` VALUES (4,5,1,0,6181,6,0,'closed','jknafo@lisit.com','M1APEn7s3kjW','2018-09-21 17:16:25','2018-09-21 17:16:25'),(5,4,1,0,6190,10,0,'closed','nicole.Amato@litho.online','qXQ6HPk0P6XY','2018-10-06 11:34:55','2018-10-06 11:34:55'),(6,4,1,0,6193,14,0,'closed','siegrid.bigot-baumgartner@bmeia.gv.at','qICZMrGzCveD','2018-10-18 15:55:28','2018-10-19 14:18:18'),(7,4,1,0,6194,15,0,'open','s.bimbaud@laposte.net','qz6vqTtOtVRG','2018-10-20 10:37:33','2018-10-20 10:37:33'),(8,4,2,2,0,0,0,'closed','ugo.mailloux@gmail.com','3N0a7MMurBIP','2018-10-24 10:15:56','2018-10-29 19:27:54'),(10,4,1,0,6206,28,0,'closed','jean-pierre.Boyrie@litho.online','kVOmf8hHdOB5','2018-10-24 16:14:24','2018-10-24 16:14:24'),(11,4,1,0,6207,29,0,'closed','vincent.Ivars@litho.online','nXrUWeLLfYK7','2018-10-24 16:49:02','2018-10-24 16:49:02'),(12,4,1,0,6212,34,0,'closed','François-Xavier.paquin@litho.online','ZwjXXfMPPvAy','2018-10-24 17:19:58','2018-10-24 17:19:58'),(13,4,1,0,6214,38,0,'closed','anapaula.guedj@litho.online','Gdyb4qEFQURT','2018-10-25 16:19:59','2018-10-25 16:19:59'),(14,4,2,1,0,0,0,'open','Randy@TalkWithLead.com','qItIJkz2Taqe','2018-10-31 03:15:05','2018-10-31 03:15:05'),(15,2,1,5,0,0,0,'closed','contact@art-triberium.com','912Mk7rrTMWd','2018-10-31 18:23:31','2018-10-31 18:23:31'),(16,4,1,0,6221,43,0,'open','yves.cointrelle@gmail.com','8JAOK0I3wBM9','2018-11-04 16:14:58','2018-11-04 16:14:58'),(17,2,1,5,0,0,0,'open','notification@gandi.net','z96eSAXDjL9K','2018-11-06 14:43:27','2018-11-06 14:43:27'),(18,2,1,0,6226,47,0,'open','tevenin@litho.online','Us9yYPxXn9NC','2018-11-07 18:01:23','2018-11-07 18:01:23'),(19,2,1,0,6228,49,0,'open','guidi@litho.online','oUzTgz9Pj9pj','2018-11-07 18:38:31','2018-11-07 18:38:31'),(20,2,1,0,6242,57,0,'open','khalert@litho.online','V7FmHDGxT1TO','2018-11-17 18:26:20','2018-11-17 18:26:20'),(21,2,1,0,6244,60,0,'open','rietsch@litho.online','kOZY6z2r38YJ','2018-11-17 19:10:41','2018-11-17 19:10:41'),(22,2,1,0,6245,61,0,'open','eberle@litho.online','GG52mHTkcOJ0','2018-11-20 11:55:05','2018-11-20 11:55:05'),(23,2,1,0,6246,62,0,'open','bailart@litho.online','Nmg7B6GmxWtv','2018-11-20 14:49:31','2018-11-20 14:49:31'),(24,4,1,1,0,0,0,'closed','valentin.bouteculet@live.fr','swDpF866MjwR','2018-11-21 13:01:36','2018-11-26 14:47:16'),(25,2,1,0,6248,64,0,'open','arkman@litho.online','09ofnv2cTUR3','2018-11-21 13:56:59','2018-11-21 13:56:59'),(26,2,1,0,6252,67,0,'open','colmart@litho.online','0mbjDKKRzcrO','2018-11-21 15:12:06','2018-11-21 15:12:06'),(27,2,1,0,6253,68,0,'open','siriushome@litho.online','8CRSVVEo5vq0','2018-11-21 15:57:38','2018-11-21 15:57:38'),(28,2,1,0,6254,69,0,'open','gagnant@litho.online','eBVJUNdkQhNB','2018-11-21 16:08:03','2018-11-21 16:08:03'),(29,2,1,0,6255,70,0,'open','bedouelle@litho.online','qITyMJd7abup','2018-11-21 16:20:39','2018-11-21 16:20:39'),(30,2,1,0,6256,71,0,'open','delikat@litho.online','u7BMvbjkktQX','2018-11-21 16:40:53','2018-11-21 16:40:53'),(31,2,1,0,6257,72,0,'open','hmitti@litho.online','MFRvp2mBBSUE','2018-11-21 16:51:50','2018-11-21 16:51:50'),(32,4,1,2,6232,52,0,'closed','master-v@live.fr','HGrsaupqieGm','2018-11-26 12:32:58','2018-11-26 14:46:03'),(33,2,1,0,6280,97,0,'open','romain.schneider.fr@gmail.com','KW6VKMAkxwn5','2018-11-27 12:24:27','2018-11-27 12:24:27'),(34,4,1,0,6284,100,0,'open','54.ericgirard@gmail.com','yQTL4TPt3kQj','2018-11-27 19:44:12','2018-11-27 19:44:12'),(35,4,1,0,6232,52,0,'open','master-v@live.fr','jtqIjs6jA0Pq','2018-11-28 11:26:44','2018-11-28 11:26:44'),(36,4,1,0,6232,51,0,'open','master-v@live.fr','UesPyuysIHNp','2018-11-28 11:27:14','2018-11-28 11:27:14'),(37,2,1,0,6288,105,0,'open','florianeregnier@gmail.com','c6uqZxIJODPX','2018-11-28 13:20:20','2018-11-28 13:20:20'),(38,2,1,0,6286,103,6398,'open','adrien.girard@hotmail.com','DCRP1tpFDHHB','2018-11-30 20:18:20','2018-11-30 20:18:20'),(39,4,1,0,6311,123,0,'open','0686079884@orange.fr','4JUhoM4YYiiJ','2018-12-02 15:03:48','2018-12-02 15:03:48'),(40,2,1,0,6324,139,0,'open','aleksandrowicz@litho.online','q4qZgq1gdLkh','2018-12-07 18:47:18','2018-12-07 18:47:18'),(41,4,1,0,6326,142,0,'open','laurent.ledoux@orange.fr','7T6grmZjoI1C','2018-12-11 17:13:34','2018-12-11 17:13:34'),(42,4,2,1,0,0,0,'open','sophie.bradford1992@yahoo.com','yah6J9zWKGDj','2018-12-11 20:38:24','2018-12-11 20:38:24'),(43,4,1,1,0,0,0,'closed','ericgaonach@orange.fr','c6p17kfBxprR','2018-12-13 11:52:18','2018-12-13 12:58:56'),(44,4,1,0,6346,167,0,'open','neymhau@gmail.com','YWDf7zWdg4Kj','2018-12-17 17:45:44','2018-12-17 17:45:44'),(45,4,1,0,6272,170,0,'open','Clientgalerie@Litho.online','j4eLTWHN3i38','2018-12-18 18:33:39','2018-12-18 18:33:39'),(46,2,1,0,6224,171,0,'open','vente@litho.online','N8uikdr1PVu6','2018-12-18 18:42:00','2018-12-18 18:42:00');

--
-- Table structure for table `pre3305_customization`
--

CREATE TABLE `pre3305_customization` (
  `id_customization` int(10) unsigned NOT NULL AUTO_INCREMENT,
  `id_product_attribute` int(10) unsigned NOT NULL DEFAULT '0',
  `id_address_delivery` int(10) unsigned NOT NULL DEFAULT '0',
  `id_cart` int(10) unsigned NOT NULL,
  `id_product` int(10) NOT NULL,
  `quantity` int(10) NOT NULL,
  `quantity_refunded` int(11) NOT NULL DEFAULT '0',
  `quantity_returned` int(11) NOT NULL DEFAULT '0',
  `in_cart` tinyint(1) unsigned NOT NULL DEFAULT '0',
  PRIMARY KEY (`id_customization`,`id_cart`,`id_product`,`id_address_delivery`),
  KEY `id_product_attribute` (`id_product_attribute`),
  KEY `id_cart_product` (`id_cart`,`id_product`,`id_product_attribute`)
) ENGINE=InnoDB DEFAULT CHARSET=utf8;

--
-- Dumping data for table `pre3305_customization`
--


--
-- Table structure for table `pre3305_customization_field`
--

CREATE TABLE `pre3305_customization_field` (
  `id_customization_field` int(10) unsigned NOT NULL AUTO_INCREMENT,
  `id_product` int(10) unsigned NOT NULL,
  `type` tinyint(1) NOT NULL,
  `required` tinyint(1) NOT NULL,
  `is_module` tinyint(1) NOT NULL DEFAULT '0',
  `is_deleted` tinyint(1) NOT NULL DEFAULT '0',
  PRIMARY KEY (`id_customization_field`),
  KEY `id_product` (`id_product`)
) ENGINE=InnoDB DEFAULT CHARSET=utf8;

--
-- Dumping data for table `pre3305_customization_field`
--


--
-- Table structure for table `pre3305_customization_field_lang`
--

CREATE TABLE `pre3305_customization_field_lang` (
  `id_customization_field` int(10) unsigned NOT NULL,
  `id_lang` int(10) unsigned NOT NULL,
  `id_shop` int(10) unsigned NOT NULL DEFAULT '1',
  `name` varchar(255) NOT NULL,
  PRIMARY KEY (`id_customization_field`,`id_lang`,`id_shop`)
) ENGINE=InnoDB DEFAULT CHARSET=utf8;

--
-- Dumping data for table `pre3305_customization_field_lang`
--


--
-- Table structure for table `pre3305_customized_data`
--

CREATE TABLE `pre3305_customized_data` (
  `id_customization` int(10) unsigned NOT NULL,
  `type` tinyint(1) NOT NULL,
  `index` int(3) NOT NULL,
  `value` varchar(255) NOT NULL,
  `id_module` int(10) NOT NULL DEFAULT '0',
  `price` decimal(20,6) NOT NULL DEFAULT '0.000000',
  `weight` decimal(20,6) NOT NULL DEFAULT '0.000000',
  PRIMARY KEY (`id_customization`,`type`,`index`)
) ENGINE=InnoDB DEFAULT CHARSET=utf8;

--
-- Dumping data for table `pre3305_customized_data`
--


--
-- Table structure for table `pre3305_date_range`
--

CREATE TABLE `pre3305_date_range` (
  `id_date_range` int(10) unsigned NOT NULL AUTO_INCREMENT,
  `time_start` datetime NOT NULL,
  `time_end` datetime NOT NULL,
  PRIMARY KEY (`id_date_range`)
) ENGINE=InnoDB DEFAULT CHARSET=utf8;

--
-- Dumping data for table `pre3305_date_range`
--


--
-- Table structure for table `pre3305_delivery`
--

CREATE TABLE `pre3305_delivery` (
  `id_delivery` int(10) unsigned NOT NULL AUTO_INCREMENT,
  `id_shop` int(10) unsigned DEFAULT NULL,
  `id_shop_group` int(10) unsigned DEFAULT NULL,
  `id_carrier` int(10) unsigned NOT NULL,
  `id_range_price` int(10) unsigned DEFAULT NULL,
  `id_range_weight` int(10) unsigned DEFAULT NULL,
  `id_zone` int(10) unsigned NOT NULL,
  `price` decimal(20,6) NOT NULL,
  PRIMARY KEY (`id_delivery`),
  KEY `id_zone` (`id_zone`),
  KEY `id_carrier` (`id_carrier`,`id_zone`),
  KEY `id_range_price` (`id_range_price`),
  KEY `id_range_weight` (`id_range_weight`)
) ENGINE=InnoDB AUTO_INCREMENT=491 DEFAULT CHARSET=utf8;

--
-- Dumping data for table `pre3305_delivery`
--

INSERT INTO `pre3305_delivery` VALUES (1,NULL,NULL,2,0,1,1,5.000000),(2,NULL,NULL,2,0,1,2,5.000000),(3,NULL,NULL,2,1,0,1,5.000000),(4,NULL,NULL,2,1,0,2,5.000000),(5,NULL,NULL,4,NULL,1,1,5.000000),(6,NULL,NULL,4,NULL,1,2,5.000000),(9,NULL,NULL,5,NULL,2,1,5.000000),(10,NULL,NULL,5,NULL,2,2,10.000000),(13,NULL,NULL,5,NULL,3,1,10.000000),(14,NULL,NULL,5,NULL,3,2,20.000000),(17,NULL,NULL,5,NULL,4,1,15.000000),(18,NULL,NULL,5,NULL,4,2,30.000000),(21,NULL,NULL,5,NULL,5,1,25.000000),(22,NULL,NULL,5,NULL,5,2,60.000000),(23,NULL,NULL,6,NULL,2,1,15.000000),(24,NULL,NULL,6,NULL,2,7,20.000000),(25,NULL,NULL,6,NULL,2,2,27.000000),(26,NULL,NULL,6,NULL,3,1,17.000000),(27,NULL,NULL,6,NULL,3,7,22.000000),(28,NULL,NULL,6,NULL,3,2,37.000000),(32,NULL,NULL,6,NULL,6,1,22.000000),(33,NULL,NULL,6,NULL,6,7,28.000000),(34,NULL,NULL,6,NULL,6,2,54.000000),(38,NULL,NULL,6,NULL,7,1,35.000000),(39,NULL,NULL,6,NULL,7,7,46.000000),(40,NULL,NULL,6,NULL,7,2,102.000000),(44,NULL,NULL,6,NULL,8,1,60.000000),(45,NULL,NULL,6,NULL,8,7,71.000000),(46,NULL,NULL,6,NULL,8,2,162.000000),(50,NULL,NULL,7,2,NULL,1,10.000000),(51,NULL,NULL,7,2,NULL,7,15.000000),(52,NULL,NULL,7,2,NULL,2,20.000000),(56,NULL,NULL,7,3,NULL,1,20.000000),(57,NULL,NULL,7,3,NULL,7,30.000000),(58,NULL,NULL,7,3,NULL,2,40.000000),(62,NULL,NULL,7,4,NULL,1,30.000000),(63,NULL,NULL,7,4,NULL,7,45.000000),(64,NULL,NULL,7,4,NULL,2,60.000000),(68,NULL,NULL,7,5,NULL,1,45.000000),(69,NULL,NULL,7,5,NULL,7,68.000000),(70,NULL,NULL,7,5,NULL,2,90.000000),(74,NULL,NULL,7,6,NULL,1,100.000000),(75,NULL,NULL,7,6,NULL,7,150.000000),(76,NULL,NULL,7,6,NULL,2,200.000000),(80,NULL,NULL,7,7,NULL,1,250.000000),(81,NULL,NULL,7,7,NULL,7,375.000000),(82,NULL,NULL,7,7,NULL,2,500.000000),(83,NULL,NULL,8,2,NULL,1,9.000000),(84,NULL,NULL,8,2,NULL,7,14.000000),(85,NULL,NULL,8,2,NULL,2,18.000000),(86,NULL,NULL,8,3,NULL,1,20.000000),(87,NULL,NULL,8,3,NULL,7,30.000000),(88,NULL,NULL,8,3,NULL,2,40.000000),(89,NULL,NULL,8,4,NULL,1,25.000000),(90,NULL,NULL,8,4,NULL,7,38.000000),(91,NULL,NULL,8,4,NULL,2,50.000000),(92,NULL,NULL,8,5,NULL,1,40.000000),(93,NULL,NULL,8,5,NULL,7,60.000000),(94,NULL,NULL,8,5,NULL,2,80.000000),(98,NULL,NULL,8,8,NULL,1,80.000000),(99,NULL,NULL,8,8,NULL,7,120.000000),(100,NULL,NULL,8,8,NULL,2,160.000000),(101,NULL,NULL,9,2,NULL,1,9.000000),(102,NULL,NULL,9,2,NULL,7,14.000000),(103,NULL,NULL,9,2,NULL,2,18.000000),(104,NULL,NULL,9,3,NULL,1,20.000000),(105,NULL,NULL,9,3,NULL,7,30.000000),(106,NULL,NULL,9,3,NULL,2,40.000000),(107,NULL,NULL,9,4,NULL,1,25.000000),(108,NULL,NULL,9,4,NULL,7,38.000000),(109,NULL,NULL,9,4,NULL,2,50.000000),(110,NULL,NULL,9,5,NULL,1,40.000000),(111,NULL,NULL,9,5,NULL,7,60.000000),(112,NULL,NULL,9,5,NULL,2,80.000000),(113,NULL,NULL,9,8,NULL,1,80.000000),(114,NULL,NULL,9,8,NULL,7,120.000000),(115,NULL,NULL,9,8,NULL,2,160.000000),(116,NULL,NULL,10,2,NULL,4,18.000000),(117,NULL,NULL,10,2,NULL,3,18.000000),(118,NULL,NULL,10,2,NULL,8,18.000000),(119,NULL,NULL,10,2,NULL,1,9.000000),(120,NULL,NULL,10,2,NULL,7,14.000000),(121,NULL,NULL,10,2,NULL,2,18.000000),(122,NULL,NULL,10,2,NULL,5,18.000000),(123,NULL,NULL,10,2,NULL,6,18.000000),(124,NULL,NULL,10,3,NULL,4,40.000000),(125,NULL,NULL,10,3,NULL,3,40.000000),(126,NULL,NULL,10,3,NULL,8,40.000000),(127,NULL,NULL,10,3,NULL,1,20.000000),(128,NULL,NULL,10,3,NULL,7,30.000000),(129,NULL,NULL,10,3,NULL,2,40.000000),(130,NULL,NULL,10,3,NULL,5,40.000000),(131,NULL,NULL,10,3,NULL,6,40.000000),(132,NULL,NULL,10,4,NULL,4,50.000000),(133,NULL,NULL,10,4,NULL,3,50.000000),(134,NULL,NULL,10,4,NULL,8,50.000000),(135,NULL,NULL,10,4,NULL,1,25.000000),(136,NULL,NULL,10,4,NULL,7,38.000000),(137,NULL,NULL,10,4,NULL,2,50.000000),(138,NULL,NULL,10,4,NULL,5,50.000000),(139,NULL,NULL,10,4,NULL,6,50.000000),(140,NULL,NULL,10,5,NULL,4,80.000000),(141,NULL,NULL,10,5,NULL,3,80.000000),(142,NULL,NULL,10,5,NULL,8,80.000000),(143,NULL,NULL,10,5,NULL,1,40.000000),(144,NULL,NULL,10,5,NULL,7,60.000000),(145,NULL,NULL,10,5,NULL,2,80.000000),(146,NULL,NULL,10,5,NULL,5,80.000000),(147,NULL,NULL,10,5,NULL,6,80.000000),(148,NULL,NULL,10,8,NULL,4,160.000000),(149,NULL,NULL,10,8,NULL,3,160.000000),(150,NULL,NULL,10,8,NULL,8,160.000000),(151,NULL,NULL,10,8,NULL,1,80.000000),(152,NULL,NULL,10,8,NULL,7,120.000000),(153,NULL,NULL,10,8,NULL,2,160.000000),(154,NULL,NULL,10,8,NULL,5,160.000000),(155,NULL,NULL,10,8,NULL,6,160.000000),(164,NULL,NULL,11,9,NULL,4,40.700000),(165,NULL,NULL,11,9,NULL,3,34.300000),(166,NULL,NULL,11,9,NULL,8,40.700000),(167,NULL,NULL,11,9,NULL,1,19.500000),(168,NULL,NULL,11,9,NULL,7,20.800000),(169,NULL,NULL,11,9,NULL,2,34.300000),(170,NULL,NULL,11,9,NULL,5,34.300000),(171,NULL,NULL,11,9,NULL,6,40.700000),(180,NULL,NULL,11,10,NULL,4,40.700000),(181,NULL,NULL,11,10,NULL,3,34.300000),(182,NULL,NULL,11,10,NULL,8,40.700000),(183,NULL,NULL,11,10,NULL,1,19.500000),(184,NULL,NULL,11,10,NULL,7,20.800000),(185,NULL,NULL,11,10,NULL,2,34.300000),(186,NULL,NULL,11,10,NULL,5,34.300000),(187,NULL,NULL,11,10,NULL,6,40.700000),(188,NULL,NULL,12,9,NULL,4,40.700000),(189,NULL,NULL,12,9,NULL,3,34.300000),(190,NULL,NULL,12,9,NULL,8,40.700000),(191,NULL,NULL,12,9,NULL,1,19.500000),(192,NULL,NULL,12,9,NULL,7,20.800000),(193,NULL,NULL,12,9,NULL,2,34.300000),(194,NULL,NULL,12,9,NULL,5,34.300000),(195,NULL,NULL,12,9,NULL,6,40.700000),(196,NULL,NULL,12,9,NULL,9,13.700000),(197,NULL,NULL,12,10,NULL,4,40.700000),(198,NULL,NULL,12,10,NULL,3,34.300000),(199,NULL,NULL,12,10,NULL,8,40.700000),(200,NULL,NULL,12,10,NULL,1,19.500000),(201,NULL,NULL,12,10,NULL,7,20.800000),(202,NULL,NULL,12,10,NULL,2,34.300000),(203,NULL,NULL,12,10,NULL,5,34.300000),(204,NULL,NULL,12,10,NULL,6,40.700000),(205,NULL,NULL,12,10,NULL,9,13.700000),(206,NULL,NULL,13,9,NULL,4,40.700000),(207,NULL,NULL,13,9,NULL,3,34.300000),(208,NULL,NULL,13,9,NULL,8,40.700000),(209,NULL,NULL,13,9,NULL,1,19.500000),(210,NULL,NULL,13,9,NULL,7,20.800000),(211,NULL,NULL,13,9,NULL,2,34.300000),(212,NULL,NULL,13,9,NULL,5,34.300000),(213,NULL,NULL,13,9,NULL,6,40.700000),(214,NULL,NULL,13,9,NULL,9,13.700000),(215,NULL,NULL,13,10,NULL,4,40.700000),(216,NULL,NULL,13,10,NULL,3,34.300000),(217,NULL,NULL,13,10,NULL,8,40.700000),(218,NULL,NULL,13,10,NULL,1,19.500000),(219,NULL,NULL,13,10,NULL,7,20.800000),(220,NULL,NULL,13,10,NULL,2,34.300000),(221,NULL,NULL,13,10,NULL,5,34.300000),(222,NULL,NULL,13,10,NULL,6,40.700000),(223,NULL,NULL,13,10,NULL,9,13.700000),(227,NULL,NULL,14,11,NULL,1,85.000000),(228,NULL,NULL,14,11,NULL,7,100.000000),(229,NULL,NULL,14,11,NULL,9,70.000000),(233,NULL,NULL,14,12,NULL,1,135.000000),(234,NULL,NULL,14,12,NULL,7,150.000000),(235,NULL,NULL,14,12,NULL,9,120.000000),(239,NULL,NULL,14,13,NULL,1,300.000000),(240,NULL,NULL,14,13,NULL,7,310.000000),(241,NULL,NULL,14,13,NULL,9,280.000000),(242,NULL,NULL,15,9,NULL,4,40.700000),(243,NULL,NULL,15,9,NULL,3,34.300000),(244,NULL,NULL,15,9,NULL,8,40.700000),(245,NULL,NULL,15,9,NULL,1,19.500000),(246,NULL,NULL,15,9,NULL,7,20.800000),(247,NULL,NULL,15,9,NULL,2,34.300000),(248,NULL,NULL,15,9,NULL,5,34.300000),(249,NULL,NULL,15,9,NULL,6,40.700000),(250,NULL,NULL,15,9,NULL,9,12.500000),(251,NULL,NULL,15,10,NULL,4,40.700000),(252,NULL,NULL,15,10,NULL,3,34.300000),(253,NULL,NULL,15,10,NULL,8,40.700000),(254,NULL,NULL,15,10,NULL,1,19.500000),(255,NULL,NULL,15,10,NULL,7,20.800000),(256,NULL,NULL,15,10,NULL,2,34.300000),(257,NULL,NULL,15,10,NULL,5,34.300000),(258,NULL,NULL,15,10,NULL,6,40.700000),(259,NULL,NULL,15,10,NULL,9,12.500000),(260,NULL,NULL,17,9,NULL,4,40.700000),(261,NULL,NULL,17,9,NULL,3,34.300000),(262,NULL,NULL,17,9,NULL,8,40.700000),(263,NULL,NULL,17,9,NULL,1,19.500000),(264,NULL,NULL,17,9,NULL,7,20.800000),(265,NULL,NULL,17,9,NULL,2,34.300000),(266,NULL,NULL,17,9,NULL,5,34.300000),(267,NULL,NULL,17,9,NULL,6,40.700000),(268,NULL,NULL,17,9,NULL,9,12.500000),(269,NULL,NULL,17,10,NULL,4,40.700000),(270,NULL,NULL,17,10,NULL,3,34.300000),(271,NULL,NULL,17,10,NULL,8,40.700000),(272,NULL,NULL,17,10,NULL,1,19.500000),(273,NULL,NULL,17,10,NULL,7,20.800000),(274,NULL,NULL,17,10,NULL,2,34.300000),(275,NULL,NULL,17,10,NULL,5,34.300000),(276,NULL,NULL,17,10,NULL,6,40.700000),(277,NULL,NULL,17,10,NULL,9,12.500000),(287,NULL,NULL,19,14,NULL,4,0.000000),(288,NULL,NULL,19,14,NULL,3,0.000000),(289,NULL,NULL,19,14,NULL,8,0.000000),(290,NULL,NULL,19,14,NULL,1,0.000000),(291,NULL,NULL,19,14,NULL,7,0.000000),(292,NULL,NULL,19,14,NULL,2,0.000000),(293,NULL,NULL,19,14,NULL,5,0.000000),(294,NULL,NULL,19,14,NULL,6,0.000000),(295,NULL,NULL,19,14,NULL,9,0.000000),(296,NULL,NULL,20,14,NULL,4,0.000000),(297,NULL,NULL,20,14,NULL,3,0.000000),(298,NULL,NULL,20,14,NULL,8,0.000000),(299,NULL,NULL,20,14,NULL,1,0.000000),(300,NULL,NULL,20,14,NULL,7,0.000000),(301,NULL,NULL,20,14,NULL,2,0.000000),(302,NULL,NULL,20,14,NULL,5,0.000000),(303,NULL,NULL,20,14,NULL,6,0.000000),(304,NULL,NULL,20,14,NULL,9,0.000000),(305,NULL,NULL,22,11,NULL,1,55.000000),(306,NULL,NULL,22,11,NULL,7,55.000000),(307,NULL,NULL,22,11,NULL,9,30.000000),(308,NULL,NULL,22,12,NULL,1,70.000000),(309,NULL,NULL,22,12,NULL,7,70.000000),(310,NULL,NULL,22,12,NULL,9,55.000000),(311,NULL,NULL,22,13,NULL,1,90.000000),(312,NULL,NULL,22,13,NULL,7,90.000000),(313,NULL,NULL,22,13,NULL,9,70.000000),(314,NULL,NULL,23,11,NULL,1,55.000000),(315,NULL,NULL,23,11,NULL,7,55.000000),(316,NULL,NULL,23,11,NULL,9,30.000000),(317,NULL,NULL,23,12,NULL,1,70.000000),(318,NULL,NULL,23,12,NULL,7,70.000000),(319,NULL,NULL,23,12,NULL,9,55.000000),(320,NULL,NULL,23,13,NULL,1,90.000000),(321,NULL,NULL,23,13,NULL,7,90.000000),(322,NULL,NULL,23,13,NULL,9,70.000000),(327,NULL,NULL,24,15,NULL,1,50.000000),(328,NULL,NULL,24,15,NULL,7,55.000000),(329,NULL,NULL,24,15,NULL,2,70.000000),(330,NULL,NULL,24,15,NULL,9,45.833330),(331,NULL,NULL,25,15,NULL,1,50.000000),(332,NULL,NULL,25,15,NULL,7,55.000000),(333,NULL,NULL,25,15,NULL,2,70.000000),(334,NULL,NULL,25,15,NULL,9,45.833330),(335,NULL,NULL,26,15,NULL,1,50.000000),(336,NULL,NULL,26,15,NULL,7,55.000000),(337,NULL,NULL,26,15,NULL,2,70.000000),(338,NULL,NULL,26,15,NULL,9,45.833330),(340,NULL,NULL,27,16,NULL,9,15.000000),(341,NULL,NULL,28,16,NULL,1,25.000000),(342,NULL,NULL,28,16,NULL,9,15.000000),(343,NULL,NULL,29,16,NULL,1,20.000000),(344,NULL,NULL,29,16,NULL,9,12.000000),(345,NULL,NULL,30,16,NULL,1,20.000000),(346,NULL,NULL,30,16,NULL,9,12.500000),(347,NULL,NULL,31,9,NULL,4,40.700000),(348,NULL,NULL,31,9,NULL,3,34.300000),(349,NULL,NULL,31,9,NULL,8,40.700000),(350,NULL,NULL,31,9,NULL,1,19.500000),(351,NULL,NULL,31,9,NULL,7,20.800000),(352,NULL,NULL,31,9,NULL,2,34.300000),(353,NULL,NULL,31,9,NULL,5,34.300000),(354,NULL,NULL,31,9,NULL,6,40.700000),(355,NULL,NULL,31,9,NULL,9,10.833000),(356,NULL,NULL,31,10,NULL,4,40.700000),(357,NULL,NULL,31,10,NULL,3,34.300000),(358,NULL,NULL,31,10,NULL,8,40.700000),(359,NULL,NULL,31,10,NULL,1,19.500000),(360,NULL,NULL,31,10,NULL,7,20.800000),(361,NULL,NULL,31,10,NULL,2,34.300000),(362,NULL,NULL,31,10,NULL,5,34.300000),(363,NULL,NULL,31,10,NULL,6,40.700000),(364,NULL,NULL,31,10,NULL,9,10.833000),(365,NULL,NULL,32,9,NULL,4,40.700000),(366,NULL,NULL,32,9,NULL,3,34.300000),(367,NULL,NULL,32,9,NULL,8,40.700000),(368,NULL,NULL,32,9,NULL,1,19.500000),(369,NULL,NULL,32,9,NULL,7,20.800000),(370,NULL,NULL,32,9,NULL,2,34.300000),(371,NULL,NULL,32,9,NULL,5,34.300000),(372,NULL,NULL,32,9,NULL,6,40.700000),(373,NULL,NULL,32,9,NULL,9,12.500000),(374,NULL,NULL,32,10,NULL,4,40.700000),(375,NULL,NULL,32,10,NULL,3,34.300000),(376,NULL,NULL,32,10,NULL,8,40.700000),(377,NULL,NULL,32,10,NULL,1,19.500000),(378,NULL,NULL,32,10,NULL,7,20.800000),(379,NULL,NULL,32,10,NULL,2,34.300000),(380,NULL,NULL,32,10,NULL,5,34.300000),(381,NULL,NULL,32,10,NULL,6,40.700000),(382,NULL,NULL,32,10,NULL,9,12.500000),(383,NULL,NULL,35,9,NULL,4,40.700000),(384,NULL,NULL,35,9,NULL,3,34.300000),(385,NULL,NULL,35,9,NULL,8,40.700000),(386,NULL,NULL,35,9,NULL,1,19.500000),(387,NULL,NULL,35,9,NULL,7,20.800000),(388,NULL,NULL,35,9,NULL,2,34.300000),(389,NULL,NULL,35,9,NULL,5,34.300000),(390,NULL,NULL,35,9,NULL,6,40.700000),(391,NULL,NULL,35,9,NULL,9,12.500000),(392,NULL,NULL,35,10,NULL,4,40.700000),(393,NULL,NULL,35,10,NULL,3,34.300000),(394,NULL,NULL,35,10,NULL,8,40.700000),(395,NULL,NULL,35,10,NULL,1,19.500000),(396,NULL,NULL,35,10,NULL,7,20.800000),(397,NULL,NULL,35,10,NULL,2,34.300000),(398,NULL,NULL,35,10,NULL,5,34.300000),(399,NULL,NULL,35,10,NULL,6,40.700000),(400,NULL,NULL,35,10,NULL,9,12.500000),(410,NULL,NULL,36,17,NULL,4,0.000000),(411,NULL,NULL,36,17,NULL,3,0.000000),(412,NULL,NULL,36,17,NULL,8,0.000000),(413,NULL,NULL,36,17,NULL,1,0.000000),(414,NULL,NULL,36,17,NULL,7,0.000000),(415,NULL,NULL,36,17,NULL,2,0.000000),(416,NULL,NULL,36,17,NULL,5,0.000000),(417,NULL,NULL,36,17,NULL,6,0.000000),(418,NULL,NULL,36,17,NULL,9,0.000000),(419,NULL,NULL,38,9,NULL,4,40.700000),(420,NULL,NULL,38,9,NULL,3,34.300000),(421,NULL,NULL,38,9,NULL,8,40.700000),(422,NULL,NULL,38,9,NULL,1,19.500000),(423,NULL,NULL,38,9,NULL,7,20.800000),(424,NULL,NULL,38,9,NULL,2,34.300000),(425,NULL,NULL,38,9,NULL,5,34.300000),(426,NULL,NULL,38,9,NULL,6,40.700000),(427,NULL,NULL,38,9,NULL,9,10.833333),(428,NULL,NULL,38,10,NULL,4,40.700000),(429,NULL,NULL,38,10,NULL,3,34.300000),(430,NULL,NULL,38,10,NULL,8,40.700000),(431,NULL,NULL,38,10,NULL,1,19.500000),(432,NULL,NULL,38,10,NULL,7,20.800000),(433,NULL,NULL,38,10,NULL,2,34.300000),(434,NULL,NULL,38,10,NULL,5,34.300000),(435,NULL,NULL,38,10,NULL,6,40.700000),(436,NULL,NULL,38,10,NULL,9,10.833333),(437,NULL,NULL,39,9,NULL,4,40.700000),(438,NULL,NULL,39,9,NULL,3,34.300000),(439,NULL,NULL,39,9,NULL,8,40.700000),(440,NULL,NULL,39,9,NULL,1,19.500000),(441,NULL,NULL,39,9,NULL,7,20.800000),(442,NULL,NULL,39,9,NULL,2,34.300000),(443,NULL,NULL,39,9,NULL,5,34.300000),(444,NULL,NULL,39,9,NULL,6,40.700000),(445,NULL,NULL,39,9,NULL,9,12.500000),(446,NULL,NULL,39,10,NULL,4,40.700000),(447,NULL,NULL,39,10,NULL,3,34.300000),(448,NULL,NULL,39,10,NULL,8,40.700000),(449,NULL,NULL,39,10,NULL,1,19.500000),(450,NULL,NULL,39,10,NULL,7,20.800000),(451,NULL,NULL,39,10,NULL,2,34.300000),(452,NULL,NULL,39,10,NULL,5,34.300000),(453,NULL,NULL,39,10,NULL,6,40.700000),(454,NULL,NULL,39,10,NULL,9,12.500000),(455,NULL,NULL,40,9,NULL,4,40.700000),(456,NULL,NULL,40,9,NULL,3,34.300000),(457,NULL,NULL,40,9,NULL,8,40.700000),(458,NULL,NULL,40,9,NULL,1,12.500000),(459,NULL,NULL,40,9,NULL,7,20.800000),(460,NULL,NULL,40,9,NULL,2,34.300000),(461,NULL,NULL,40,9,NULL,5,34.300000),(462,NULL,NULL,40,9,NULL,6,40.700000),(463,NULL,NULL,40,9,NULL,9,12.500000),(464,NULL,NULL,40,10,NULL,4,40.700000),(465,NULL,NULL,40,10,NULL,3,34.300000),(466,NULL,NULL,40,10,NULL,8,40.700000),(467,NULL,NULL,40,10,NULL,1,12.500000),(468,NULL,NULL,40,10,NULL,7,20.800000),(469,NULL,NULL,40,10,NULL,2,34.300000),(470,NULL,NULL,40,10,NULL,5,34.300000),(471,NULL,NULL,40,10,NULL,6,40.700000),(472,NULL,NULL,40,10,NULL,9,12.500000),(476,NULL,NULL,41,18,NULL,1,60.000000),(477,NULL,NULL,41,18,NULL,7,70.000000),(478,NULL,NULL,41,18,NULL,9,50.000000),(482,NULL,NULL,41,19,NULL,1,90.000000),(483,NULL,NULL,41,19,NULL,7,100.000000),(484,NULL,NULL,41,19,NULL,9,80.000000),(488,NULL,NULL,41,20,NULL,1,180.000000),(489,NULL,NULL,41,20,NULL,7,200.000000),(490,NULL,NULL,41,20,NULL,9,150.000000);

--
-- Table structure for table `pre3305_emailsubscription`
--

CREATE TABLE `pre3305_emailsubscription` (
  `id` int(6) NOT NULL AUTO_INCREMENT,
  `id_shop` int(10) unsigned NOT NULL DEFAULT '1',
  `id_shop_group` int(10) unsigned NOT NULL DEFAULT '1',
  `email` varchar(255) NOT NULL,
  `newsletter_date_add` datetime DEFAULT NULL,
  `ip_registration_newsletter` varchar(15) NOT NULL,
  `http_referer` varchar(255) DEFAULT NULL,
  `active` tinyint(1) NOT NULL DEFAULT '0',
  PRIMARY KEY (`id`)
) ENGINE=InnoDB AUTO_INCREMENT=5 DEFAULT CHARSET=utf8;

--
-- Dumping data for table `pre3305_emailsubscription`
--

INSERT INTO `pre3305_emailsubscription` VALUES (1,5,1,'bruno.coulon@free.fr','2018-08-28 18:31:40','37.171.250.50',NULL,1),(3,5,1,'Bruno.palier@sciencespo.fr','2018-10-05 17:49:00','80.215.94.249',NULL,1),(4,5,1,'Juliette.raynaud@gmail.com','2018-10-05 18:01:35','80.215.94.249',NULL,1);

--
-- Table structure for table `pre3305_employee`
--

CREATE TABLE `pre3305_employee` (
  `id_employee` int(10) unsigned NOT NULL AUTO_INCREMENT,
  `id_profile` int(10) unsigned NOT NULL,
  `id_lang` int(10) unsigned NOT NULL DEFAULT '0',
  `lastname` varchar(32) NOT NULL,
  `firstname` varchar(32) NOT NULL,
  `email` varchar(128) NOT NULL,
  `passwd` varchar(60) NOT NULL,
  `last_passwd_gen` timestamp NOT NULL DEFAULT CURRENT_TIMESTAMP,
  `stats_date_from` date DEFAULT NULL,
  `stats_date_to` date DEFAULT NULL,
  `stats_compare_from` date DEFAULT NULL,
  `stats_compare_to` date DEFAULT NULL,
  `stats_compare_option` int(1) unsigned NOT NULL DEFAULT '1',
  `preselect_date_range` varchar(32) DEFAULT NULL,
  `bo_color` varchar(32) DEFAULT NULL,
  `bo_theme` varchar(32) DEFAULT NULL,
  `bo_css` varchar(64) DEFAULT NULL,
  `default_tab` int(10) unsigned NOT NULL DEFAULT '0',
  `bo_width` int(10) unsigned NOT NULL DEFAULT '0',
  `bo_menu` tinyint(1) NOT NULL DEFAULT '1',
  `active` tinyint(1) unsigned NOT NULL DEFAULT '0',
  `optin` tinyint(1) unsigned NOT NULL DEFAULT '1',
  `id_last_order` int(10) unsigned NOT NULL DEFAULT '0',
  `id_last_customer_message` int(10) unsigned NOT NULL DEFAULT '0',
  `id_last_customer` int(10) unsigned NOT NULL DEFAULT '0',
  `last_connection_date` date DEFAULT NULL,
  `reset_password_token` varchar(40) DEFAULT NULL,
  `reset_password_validity` datetime DEFAULT NULL,
  PRIMARY KEY (`id_employee`),
  KEY `employee_login` (`email`,`passwd`),
  KEY `id_employee_passwd` (`id_employee`,`passwd`),
  KEY `id_profile` (`id_profile`)
) ENGINE=InnoDB AUTO_INCREMENT=8 DEFAULT CHARSET=utf8;

--
-- Dumping data for table `pre3305_employee`
--

INSERT INTO `pre3305_employee` VALUES (1,1,1,'Knafo Joël','Joseph','jknafo@lisit.com','$2y$10$7NGpRadmZ6FvcOca7sVfHuv.ZhRnkMCaEdyPtxO56KEf13NOp1umO','2018-05-23 10:48:13','2018-06-01','2018-06-30','0000-00-00','0000-00-00',1,'','','default','theme.css',1,0,1,1,1,0,0,0,NULL,'','0000-00-00 00:00:00'),(2,1,1,'PEDEN','Thierry','thierry.peden@free.fr','$2y$10$PBj7YI7pX13MVxB3JC7EWuNUGHcNSbCPWANa9PhPfCBsiOg7ZWV0i','2018-05-26 08:34:37','2018-11-30','2018-11-30','0000-00-00','0000-00-00',1,'prev-day','','default','theme.css',1,0,1,1,0,0,0,0,NULL,'','0000-00-00 00:00:00'),(3,4,1,'Vendeur GJKA','Prenom','test@mail.com','$2y$10$NKQkMF5twGHIpVnn4ZG/Te5YbOVs2xVJpIEzr/OnTRPPRnyq5.W5C','2018-07-11 08:54:36','2018-06-11','2018-07-11','0000-00-00','0000-00-00',1,'','','','theme.css',4,0,1,0,0,0,0,0,NULL,'','0000-00-00 00:00:00'),(4,4,1,'Vendeur Litho','Prenom','vendeurLitho@mail.com','$2y$10$PYXAdCp0psnqJwx6HEXkh.z5oI8G0gkLDeodiz.MumHN2HTEuJ7dS','2018-07-11 08:55:42','2018-06-11','2018-07-11','0000-00-00','0000-00-00',1,NULL,NULL,NULL,'theme.css',4,0,1,0,1,0,0,0,NULL,NULL,'0000-00-00 00:00:00'),(5,1,2,'Prestashop','Support','support.prestashop@lisit.com','$2y$10$rYqFzbRrav55tEKOMiQure7ubphhxtu6F447qmig.xGT47dE42d9.','2018-07-19 06:22:01','2018-06-19','2018-07-19','0000-00-00','0000-00-00',1,'','','default','theme.css',1,0,1,0,0,0,0,0,NULL,'','0000-00-00 00:00:00'),(6,4,1,'Mazac','Pascaline','pascaline@litho.online','$2y$10$AI6J8cKjVe39Y8P9DJwrGu5xj.1peTds3LE0X/1FVdsuZvvJBqEfi','2018-11-08 05:51:03','2018-10-08','2018-11-08','0000-00-00','0000-00-00',1,'','','default','theme.css',4,0,1,1,0,0,0,0,NULL,'','0000-00-00 00:00:00'),(7,8,1,'Kasinski','Marek','mkasinski@me.com','$2y$10$JnqDsKeu2p.5iGPQIAdZ4e5YRHokgeRA2NFIe6trLQ4ngdb0x/cQS','2018-11-22 11:29:04','2018-11-23','2018-11-26','0000-00-00','0000-00-00',1,'day','','default','theme.css',1,0,1,1,1,0,0,0,NULL,'','0000-00-00 00:00:00');

--
-- Table structure for table `pre3305_employee_shop`
--

CREATE TABLE `pre3305_employee_shop` (
  `id_employee` int(11) unsigned NOT NULL,
  `id_shop` int(11) unsigned NOT NULL,
  PRIMARY KEY (`id_employee`,`id_shop`),
  KEY `id_shop` (`id_shop`)
) ENGINE=InnoDB DEFAULT CHARSET=utf8;

--
-- Dumping data for table `pre3305_employee_shop`
--

INSERT INTO `pre3305_employee_shop` VALUES (1,2),(2,2),(3,2),(5,2),(1,4),(2,4),(3,4),(5,4),(6,4),(7,4),(1,5),(2,5),(3,5),(5,5);

--
-- Table structure for table `pre3305_ets_mm_block`
--

CREATE TABLE `pre3305_ets_mm_block` (
  `id_block` int(10) unsigned NOT NULL AUTO_INCREMENT,
  `id_column` int(11) DEFAULT NULL,
  `block_type` varchar(20) CHARACTER SET utf8 COLLATE utf8_bin NOT NULL DEFAULT 'HTML',
  `image` varchar(500) NOT NULL,
  `sort_order` int(11) NOT NULL DEFAULT '1',
  `enabled` tinyint(1) NOT NULL DEFAULT '1',
  `id_categories` varchar(500) DEFAULT NULL,
  `order_by_category` varchar(500) DEFAULT NULL,
  `id_manufacturers` varchar(500) DEFAULT NULL,
  `order_by_manufacturers` varchar(500) DEFAULT NULL,
  `display_mnu_img` tinyint(1) NOT NULL DEFAULT '1',
  `display_mnu_name` tinyint(1) NOT NULL DEFAULT '1',
  `display_mnu_inline` varchar(500) DEFAULT NULL,
  `id_suppliers` varchar(500) DEFAULT NULL,
  `order_by_suppliers` varchar(500) DEFAULT NULL,
  `display_suppliers_img` tinyint(1) NOT NULL DEFAULT '1',
  `display_suppliers_name` tinyint(1) NOT NULL DEFAULT '1',
  `display_suppliers_inline` varchar(500) DEFAULT NULL,
  `product_type` varchar(50) NOT NULL,
  `id_products` varchar(500) NOT NULL,
  `product_count` int(11) NOT NULL,
  `id_cmss` varchar(500) DEFAULT NULL,
  `display_title` tinyint(1) NOT NULL DEFAULT '1',
  `show_description` tinyint(1) NOT NULL DEFAULT '0',
  `show_clock` tinyint(1) NOT NULL DEFAULT '0',
  PRIMARY KEY (`id_block`)
) ENGINE=MyISAM AUTO_INCREMENT=15 DEFAULT CHARSET=utf8;

--
-- Dumping data for table `pre3305_ets_mm_block`
--

INSERT INTO `pre3305_ets_mm_block` VALUES (1,1,'CATEGORY','',1,1,'105,78,104,96,97,80,103,228,232,233','cl.name ASC,c.id_category ASC','','name ASC,m.id_manufacturer ASC',0,1,'1','','name ASC,s.id_supplier ASC',0,1,'1','specific','',2,'',1,0,0),(2,2,'CATEGORY','',1,1,'202,223,222,215,207,205,95','cl.name ASC,c.id_category ASC','','name ASC,m.id_manufacturer ASC',0,1,'1','','name ASC,s.id_supplier ASC',0,1,'1','specific','',2,'',1,0,0),(3,3,'PRODUCT','',1,1,'','cl.name ASC,c.id_category ASC','','name ASC,m.id_manufacturer ASC',0,1,'1','','name ASC,s.id_supplier ASC',0,1,'1','popular','',2,'',1,0,0),(4,4,'HTML','',1,1,'','cl.name ASC,c.id_category ASC','','name ASC,m.id_manufacturer ASC',0,1,'1','','name ASC,s.id_supplier ASC',0,1,'1','specific','',2,'',0,0,0),(5,5,'HTML','',1,1,'','cl.name ASC,c.id_category ASC','','name ASC,m.id_manufacturer ASC',0,1,'1','','name ASC,s.id_supplier ASC',0,1,'1','specific','',2,'',0,0,0),(6,6,'CATEGORY','',1,1,'230,211,225,212,229','cl.name ASC,c.id_category ASC','','name ASC,m.id_manufacturer ASC',0,1,'1','','name ASC,s.id_supplier ASC',0,1,'1','specific','',2,'',1,0,0),(7,7,'HTML','',1,1,'','cl.name ASC,c.id_category ASC','','name ASC,m.id_manufacturer ASC',0,1,'1','','name ASC,s.id_supplier ASC',0,1,'1','specific','',2,'',1,0,0),(8,8,'IMAGE','8ff1cafc70-variations[1].jpg',1,1,'','cl.name ASC,c.id_category ASC','','name ASC,m.id_manufacturer ASC',0,1,'1','','name ASC,s.id_supplier ASC',0,1,'1','specific','',2,'',1,0,0),(9,9,'CATEGORY','',1,1,'134,147,129,142,105,101,106,113,98,107,143','cl.name ASC,c.id_category ASC','','name ASC,m.id_manufacturer ASC',0,1,'1','','name ASC,s.id_supplier ASC',0,1,'1','specific','',2,'',1,0,0),(10,10,'CATEGORY','',1,1,'83,91,94,82,85,92,93,95,122,140,141','cl.name ASC,c.id_category ASC','','name ASC,m.id_manufacturer ASC',0,1,'1','','name ASC,s.id_supplier ASC',0,1,'1','specific','',2,'',1,0,0),(11,11,'CATEGORY','',1,1,'100,78,112,104,96,97,80,103,79,81,145,109','cl.name ASC,c.id_category ASC','','name ASC,m.id_manufacturer ASC',0,1,'1','','name ASC,s.id_supplier ASC',0,1,'1','specific','',2,'',1,0,0),(12,12,'PRODUCT','',1,1,'','cl.name ASC,c.id_category ASC','','name ASC,m.id_manufacturer ASC',0,1,'1','','name ASC,s.id_supplier ASC',0,1,'1','new','',2,'',1,0,0),(13,13,'HTML','',1,1,'','cl.name ASC,c.id_category ASC','','name ASC,m.id_manufacturer ASC',0,1,'1','','name ASC,s.id_supplier ASC',0,1,'1','specific','',2,'',0,0,0),(14,14,'HTML','',1,1,'','cl.name ASC,c.id_category ASC','','name ASC,m.id_manufacturer ASC',0,1,'1','','name ASC,s.id_supplier ASC',0,1,'1','specific','',2,'',0,0,0);

--
-- Table structure for table `pre3305_ets_mm_block_lang`
--

CREATE TABLE `pre3305_ets_mm_block_lang` (
  `id_block` int(11) NOT NULL,
  `id_lang` int(11) NOT NULL,
  `title` varchar(500) CHARACTER SET utf8 COLLATE utf8_bin DEFAULT NULL,
  `content` text CHARACTER SET utf8 COLLATE utf8_bin,
  `title_link` varchar(500) CHARACTER SET utf8 COLLATE utf8_bin DEFAULT NULL,
  `image_link` varchar(500) CHARACTER SET utf8 COLLATE utf8_bin DEFAULT NULL
) ENGINE=MyISAM DEFAULT CHARSET=utf8;

--
-- Dumping data for table `pre3305_ets_mm_block_lang`
--

INSERT INTO `pre3305_ets_mm_block_lang` VALUES (1,1,'Par Artiste','','',''),(1,2,'Artists','','',''),(2,1,'Par Technique','','',''),(2,2,'Techniques','','',''),(3,1,'Aperçu','','',''),(3,2,'Quickview','','',''),(4,1,'Toutes les techniques','<a href=\"../fr/77-techniques\">Toutes les techniques</a>','',''),(4,2,'All techniques','<a href=\"../en/77-techniques\">Toutes les techniques</a>','',''),(5,1,'Toutes les artistes','<a href=\"../fr/76-artistes\">Tous les artistes</a>','',''),(5,2,'All artists','<a href=\"./en/76-artistes\">Tous les artistes</a>','',''),(6,1,'Les œuvres présentées','','',''),(6,2,'Artworks seen','','',''),(7,1,'Variations – Exposition collective avec Kool Koor – Lady M – Lek – Romain Froquet','<div class=\"ets_mm_block_content\">        \n                            <p>Du 15 novembre au 22 décembre 2018 la <strong>galerie Joël Knafo</strong> accueille l’exposition « <strong><em> Variations </em></strong>» dans son nouvel espace du 182 rue du Faubourg Saint-Honoré, Paris 8ème.</p>\n<h4 style=\"text-align: center;\"><strong>Quatre artistes s’y confrontent, quatre écritures, quatre mouvements.</strong></h4>\n<p><strong>Kool Koor,</strong> <strong>Lady M</strong>, <strong>Lek</strong> et <strong>Romain Froquet</strong> y déploient une énergie rare au travers de lignes abruptes parfois courbes, saccadées ou encore concentriques.</p>\n<p>Ce travail audacieux autour de la ligne s’inscrit dans une histoire longue ; son ondulation est associée à la beauté au XVIIIe quand les avant-gardes du XXe siècle ont cherché dans la contrainte à la rendre libre.</p>\n<p><strong>C’est justement cette liberté que présente l’exposition « <em>Variations</em> ». </strong></p>\n<p>Ces signes issus pour la plupart du graffiti, se détachent de la lettre, s’émancipent de leur sens. Cette écriture ainsi dépouillée laisse une trace sensible dont le <strong>langage touche universellement</strong>.</p>\n<p>Les murs sur lesquels ces artistes ont le plus souvent débuté ont constitué pour eux un laboratoire à ciel ouvert. L’énergie brute de la rue a été transférée dans leur atelier leur offrant ainsi une nouvelle respiration dans des styles renouvelés.</p>\n<h4 style=\"text-align: center;\"><strong>« <em>Variations</em> » associe le temps d’une exposition des artistes mués en chorégraphe</strong>.</h4>\n<p>Car si en danse une variation correspond à un solo, ici nous assistons à quatre variations incarnant la personnalité et le mouvement propre à chacun.</p>\n<p><strong>Romain Froquet</strong> apprivoise la calligraphie à l’encre, à l’aquarelle et à l’acrylique quand <strong>Lek</strong> matérialise le mouvement au scotch tout en le déstructurant. Les lignes concentriques de <strong>Lady M</strong> envahissent l’espace jusqu’à créer plusieurs dimensions qui se côtoient sans interaction. <strong>Kool Koor</strong> quant à lui, s’abstrait du trait pour laisser serpenter sa ligne elle-même envahie par un langage secret.</p>\n<p>«<strong><em> Variations </em></strong>» présente des lignes domptées issues de gestes qui à force d’être réitérés leur donne une exactitude et une tension extrême. Loin de tout systématisme cependant, cette maîtrise de la ligne est trahie par les hasards de la combinaison de la matière et du geste dans une infinie poésie.</p>\n<h4><strong> </strong></h4>\n<h4><strong>Exposition collective – Variations &#8211; Du 15 novembre au 22 décembre 2018<br />\n</strong><em><strong>Kool Koor – Lady M – Lek – Romain Froquet<br />\n</strong>Vernissage jeudi 15 novembre à partir de 18h00 en présence des artistes</em></h4>\n<h4><strong> </strong><strong>Galerie Joël Knafo – 182 rue du Faubourg Saint-Honoré &#8211; 75008 Paris<br />\n</strong><em>Ouverture du mardi au vendredi de 11h00 à 19h00 – Samedi de 13h00 à 19h00</em></h4>','',''),(7,2,'Variations – Exposition collective avec Kool Koor – Lady M – Lek – Romain Froquet','<h4  style=\"font-size:16px\">Variations – Exposition collective avec Kool Koor – Lady M – Lek – Romain Froquet</h4>\n        <div class=\"ets_mm_block_content\">        \n                            <p>Du 15 novembre au 22 décembre 2018 la <strong>galerie Joël Knafo</strong> accueille l’exposition « <strong><em> Variations </em></strong>» dans son nouvel espace du 182 rue du Faubourg Saint-Honoré, Paris 8ème.</p>\n<h4 style=\"text-align: center;\"><strong>Quatre artistes s’y confrontent, quatre écritures, quatre mouvements.</strong></h4>\n<p><strong>Kool Koor,</strong> <strong>Lady M</strong>, <strong>Lek</strong> et <strong>Romain Froquet</strong> y déploient une énergie rare au travers de lignes abruptes parfois courbes, saccadées ou encore concentriques.</p>\n<p>Ce travail audacieux autour de la ligne s’inscrit dans une histoire longue ; son ondulation est associée à la beauté au XVIIIe quand les avant-gardes du XXe siècle ont cherché dans la contrainte à la rendre libre.</p>\n<p><strong>C’est justement cette liberté que présente l’exposition « <em>Variations</em> ». </strong></p>\n<p>Ces signes issus pour la plupart du graffiti, se détachent de la lettre, s’émancipent de leur sens. Cette écriture ainsi dépouillée laisse une trace sensible dont le <strong>langage touche universellement</strong>.</p>\n<p>Les murs sur lesquels ces artistes ont le plus souvent débuté ont constitué pour eux un laboratoire à ciel ouvert. L’énergie brute de la rue a été transférée dans leur atelier leur offrant ainsi une nouvelle respiration dans des styles renouvelés.</p>\n<h4 style=\"text-align: center;\"><strong>« <em>Variations</em> » associe le temps d’une exposition des artistes mués en chorégraphe</strong>.</h4>\n<p>Car si en danse une variation correspond à un solo, ici nous assistons à quatre variations incarnant la personnalité et le mouvement propre à chacun.</p>\n<p><strong>Romain Froquet</strong> apprivoise la calligraphie à l’encre, à l’aquarelle et à l’acrylique quand <strong>Lek</strong> matérialise le mouvement au scotch tout en le déstructurant. Les lignes concentriques de <strong>Lady M</strong> envahissent l’espace jusqu’à créer plusieurs dimensions qui se côtoient sans interaction. <strong>Kool Koor</strong> quant à lui, s’abstrait du trait pour laisser serpenter sa ligne elle-même envahie par un langage secret.</p>\n<p>«<strong><em> Variations </em></strong>» présente des lignes domptées issues de gestes qui à force d’être réitérés leur donne une exactitude et une tension extrême. Loin de tout systématisme cependant, cette maîtrise de la ligne est trahie par les hasards de la combinaison de la matière et du geste dans une infinie poésie.</p>\n<h4><strong> </strong></h4>\n<h4><strong>Exposition collective – Variations &#8211; Du 15 novembre au 22 décembre 2018<br />\n</strong><em><strong>Kool Koor – Lady M – Lek – Romain Froquet<br />\n</strong>Vernissage jeudi 15 novembre à partir de 18h00 en présence des artistes</em></h4>\n<h4><strong> </strong><strong>Galerie Joël Knafo – 182 rue du Faubourg Saint-Honoré &#8211; 75008 Paris<br />\n</strong><em>Ouverture du mardi au vendredi de 11h00 à 19h00 – Samedi de 13h00 à 19h00</em></h4>','',''),(8,1,'Exposition \"Variations\"','','',''),(8,2,'Exposition \"Variations\"','','',''),(9,1,'Par Artiste','','',''),(9,2,'Artists','','',''),(10,1,'Par Technique','','',''),(10,2,'Techniques','','',''),(11,1,'','','',''),(11,2,'','','',''),(12,1,'Nouveautés','','',''),(12,2,'New','','',''),(13,1,'Toutes les techniques','<a href=\"../fr/77-techniques\">Toutes les techniques</a>','',''),(13,2,'All techniques','<a href=\"../en/77-techniques\">Toutes les techniques</a>','',''),(14,1,'Toutes les artistes','<a href=\"../fr/76-artistes\">Tous les artistes</a>','',''),(14,2,'All artists','<a href=\"./en/76-artistes\">Tous les artistes</a>','','');

--
-- Table structure for table `pre3305_ets_mm_column`
--

CREATE TABLE `pre3305_ets_mm_column` (
  `id_column` int(10) unsigned NOT NULL AUTO_INCREMENT,
  `id_menu` int(11) DEFAULT NULL,
  `id_tab` int(11) DEFAULT NULL,
  `is_breaker` tinyint(1) NOT NULL DEFAULT '0',
  `column_size` varchar(20) CHARACTER SET utf8 COLLATE utf8_bin DEFAULT NULL,
  `sort_order` int(11) NOT NULL DEFAULT '1',
  PRIMARY KEY (`id_column`)
) ENGINE=MyISAM AUTO_INCREMENT=15 DEFAULT CHARSET=utf8;

--
-- Dumping data for table `pre3305_ets_mm_column`
--

INSERT INTO `pre3305_ets_mm_column` VALUES (1,5,0,0,'3',2),(2,5,0,0,'3',1),(3,5,0,0,'3',3),(4,5,0,0,'4',4),(5,5,0,0,'4',5),(6,7,0,0,'2',1),(7,7,0,0,'8',3),(8,7,0,0,'2',2),(9,11,0,0,'3',2),(10,11,0,0,'3',1),(11,11,0,0,'3',3),(12,11,0,0,'3',4),(13,11,0,0,'4',5),(14,11,0,0,'4',6);

--
-- Table structure for table `pre3305_ets_mm_menu`
--

CREATE TABLE `pre3305_ets_mm_menu` (
  `id_menu` int(10) unsigned NOT NULL AUTO_INCREMENT,
  `sort_order` int(11) NOT NULL DEFAULT '1',
  `enabled` tinyint(1) unsigned NOT NULL DEFAULT '1',
  `enabled_vertical` int(1) NOT NULL DEFAULT '1',
  `menu_open_new_tab` tinyint(1) unsigned NOT NULL DEFAULT '1',
  `id_cms` int(11) DEFAULT NULL,
  `id_manufacturer` int(11) DEFAULT NULL,
  `id_supplier` int(11) DEFAULT NULL,
  `id_category` int(11) DEFAULT NULL,
  `link_type` varchar(20) CHARACTER SET utf8 COLLATE utf8_bin NOT NULL DEFAULT 'FULL',
  `sub_menu_type` varchar(20) CHARACTER SET utf8 COLLATE utf8_bin NOT NULL DEFAULT 'FULL',
  `sub_menu_max_width` varchar(50) CHARACTER SET utf8 COLLATE utf8_bin NOT NULL,
  `custom_class` varchar(50) CHARACTER SET utf8 COLLATE utf8_bin DEFAULT NULL,
  `menu_icon` varchar(50) CHARACTER SET utf8 COLLATE utf8_bin DEFAULT NULL,
  `menu_img_link` varchar(50) CHARACTER SET utf8 COLLATE utf8_bin DEFAULT NULL,
  `bubble_text_color` varchar(50) DEFAULT NULL,
  `menu_item_width` varchar(50) DEFAULT NULL,
  `tab_item_width` varchar(50) DEFAULT NULL,
  `bubble_background_color` varchar(50) DEFAULT NULL,
  `menu_ver_text_color` varchar(50) DEFAULT NULL,
  `menu_ver_background_color` varchar(50) DEFAULT NULL,
  `background_image` varchar(200) DEFAULT NULL,
  `position_background` varchar(50) DEFAULT NULL,
  `menu_ver_alway_show` tinyint(1) unsigned NOT NULL DEFAULT '0',
  `menu_ver_hidden_border` tinyint(1) unsigned NOT NULL DEFAULT '0',
  `display_tabs_in_full_width` int(1) NOT NULL,
  PRIMARY KEY (`id_menu`)
) ENGINE=MyISAM AUTO_INCREMENT=19 DEFAULT CHARSET=utf8;

--
-- Dumping data for table `pre3305_ets_mm_menu`
--

INSERT INTO `pre3305_ets_mm_menu` VALUES (4,0,1,0,0,0,0,0,0,'HOME','FULL','100%','','fa-home','','#ffffff','230px','230px','#FC4444','#ffffff','#666666','','center',0,0,1),(10,0,1,0,0,0,0,0,0,'HOME','FULL','100%','','fa-home','','#ffffff','230px','230px','#FC4444','#ffffff','#666666','','center',0,0,1),(3,0,1,0,0,0,0,0,0,'HOME','FULL','100%','','fa-home','','#ffffff','230px','230px','#FC4444','#ffffff','#666666','','center',0,0,1),(5,1,1,0,0,0,0,0,0,'CUSTOM','FULL','100%','','','','#ffffff','230px','230px','#FC4444','#ffffff','#666666','','center',0,0,0),(6,2,1,0,0,0,6,0,0,'MNFT','FULL','100%','','','','#ffffff','230px','230px','#FC4444','#ffffff','#666666','','center',0,0,0),(7,5,1,0,0,0,0,0,229,'CATEGORY','FULL','100%','','','','#ffffff','230px','230px','#FC4444','#ffffff','#666666','','center',0,0,0),(8,3,1,0,0,0,11,0,0,'MNFT','FULL','100%','','','','#ffffff','230px','230px','#FC4444','#ffffff','#666666','','center',0,0,0),(9,4,1,0,0,0,13,0,0,'MNFT','FULL','100%','','','','#ffffff','230px','230px','#FC4444','#ffffff','#666666','','center',0,0,0),(11,1,1,0,0,0,0,0,0,'CUSTOM','FULL','100%','','','','#ffffff','230px','230px','#FC4444','#ffffff','#666666','','center',0,0,0),(12,2,1,0,0,0,35,0,0,'MNFT','FULL','100%','','','','#ffffff','230px','230px','#FC4444','#ffffff','#666666','','center',0,0,0),(13,2,1,0,0,0,17,0,0,'MNFT','FULL','100%','','','','#ffffff','230px','230px','#FC4444','#ffffff','#666666','','center',0,0,0),(14,2,1,0,0,0,38,0,0,'MNFT','FULL','100%','','','','#ffffff','230px','230px','#FC4444','#ffffff','#666666','','center',0,0,0),(15,2,1,0,0,0,4,0,0,'MNFT','FULL','100%','','','','#ffffff','230px','230px','#FC4444','#ffffff','#666666','','center',0,0,0),(16,2,1,0,0,0,12,0,0,'MNFT','FULL','100%','','','','#ffffff','230px','230px','#FC4444','#ffffff','#666666','','center',0,0,0),(17,2,1,0,0,0,32,0,0,'MNFT','FULL','100%','','','','#ffffff','230px','230px','#FC4444','#ffffff','#666666','','center',0,0,0),(18,5,1,0,0,0,0,0,229,'CATEGORY','FULL','100%','','','','#ffffff','230px','230px','#FC4444','#ffffff','#666666','','center',0,0,0);

--
-- Table structure for table `pre3305_ets_mm_menu_lang`
--

CREATE TABLE `pre3305_ets_mm_menu_lang` (
  `id_menu` int(10) unsigned NOT NULL,
  `id_lang` int(10) unsigned NOT NULL,
  `title` varchar(500) CHARACTER SET utf8 COLLATE utf8_bin NOT NULL,
  `link` varchar(500) CHARACTER SET utf8 COLLATE utf8_bin DEFAULT NULL,
  `bubble_text` varchar(50) CHARACTER SET utf8 COLLATE utf8_bin DEFAULT NULL
) ENGINE=MyISAM DEFAULT CHARSET=utf8;

--
-- Dumping data for table `pre3305_ets_mm_menu_lang`
--

INSERT INTO `pre3305_ets_mm_menu_lang` VALUES (4,2,'Accueil','',''),(4,1,'Accueil','',''),(10,2,'Accueil','',''),(10,1,'Accueil','',''),(3,1,'Accueil','',''),(3,2,'Accueil','',''),(5,1,'Toutes les Œuvres','../fr/61-lithoonline',''),(5,2,'All Artworks','https://storetest2.joelknafo-art.com/en/61-lithoonline',''),(6,1,'Philippe Hérard','',''),(6,2,'Philippe Hérard','',''),(7,1,'Evénements','','En ce moment'),(7,2,'Evénements','','En ce moment'),(8,1,'Gottfried Salzmann','',''),(8,2,'Gottfried Salzmann','',''),(9,1,'Romain Froquet','',''),(9,2,'Romain Froquet','',''),(11,1,'Toutes les Œuvres','https://storetest2.joelknafo-art.com/fr/61-lithoonline',''),(11,2,'All Artworks','https://storetest2.joelknafo-art.com/en/61-lithoonline',''),(12,1,'Shepard Fairey (Obey)','',''),(12,2,'Shepard Fairey (Obey)','',''),(13,1,'Speedy Graphito','',''),(13,2,'Speedy Graphito','',''),(14,1,'Dran','',''),(14,2,'Dran','',''),(15,1,'Miss Tic','',''),(15,2,'Miss Tic','',''),(16,1,'Levalet','',''),(16,2,'Levalet','',''),(17,1,'Cleon Peterson','',''),(17,2,'Cleon Peterson','',''),(18,1,'Evénements','','En ce moment'),(18,2,'Evénements','','En ce moment');

--
-- Table structure for table `pre3305_ets_mm_menu_shop`
--

CREATE TABLE `pre3305_ets_mm_menu_shop` (
  `id_menu` int(10) unsigned NOT NULL,
  `id_shop` int(11) DEFAULT NULL
) ENGINE=MyISAM DEFAULT CHARSET=utf8;

--
-- Dumping data for table `pre3305_ets_mm_menu_shop`
--

INSERT INTO `pre3305_ets_mm_menu_shop` VALUES (1,2),(2,4),(3,5),(4,2),(5,2),(6,2),(7,2),(8,2),(9,2),(10,4),(11,4),(12,4),(13,4),(14,4),(15,4),(16,4),(17,4),(18,4);

--
-- Table structure for table `pre3305_ets_mm_tab`
--

CREATE TABLE `pre3305_ets_mm_tab` (
  `id_tab` int(10) unsigned NOT NULL AUTO_INCREMENT,
  `id_menu` int(11) NOT NULL,
  `enabled` int(11) NOT NULL,
  `tab_img_link` text,
  `tab_sub_width` text,
  `tab_sub_content_pos` int(11) NOT NULL,
  `tab_icon` varchar(22) DEFAULT NULL,
  `bubble_text_color` varchar(50) DEFAULT NULL,
  `bubble_background_color` varchar(50) DEFAULT NULL,
  `sort_order` int(11) DEFAULT NULL,
  `background_image` varchar(200) DEFAULT NULL,
  `position_background` varchar(50) DEFAULT NULL,
  PRIMARY KEY (`id_tab`)
) ENGINE=MyISAM DEFAULT CHARSET=utf8;

--
-- Dumping data for table `pre3305_ets_mm_tab`
--


--
-- Table structure for table `pre3305_ets_mm_tab_lang`
--

CREATE TABLE `pre3305_ets_mm_tab_lang` (
  `id_tab` int(10) unsigned NOT NULL,
  `id_lang` int(10) unsigned NOT NULL,
  `title` varchar(500) CHARACTER SET utf8 COLLATE utf8_bin NOT NULL,
  `url` text,
  `bubble_text` varchar(500) CHARACTER SET utf8 COLLATE utf8_bin NOT NULL
) ENGINE=MyISAM DEFAULT CHARSET=utf8;

--
-- Dumping data for table `pre3305_ets_mm_tab_lang`
--


--
-- Table structure for table `pre3305_feature`
--

CREATE TABLE `pre3305_feature` (
  `id_feature` int(10) unsigned NOT NULL AUTO_INCREMENT,
  `position` int(10) unsigned NOT NULL DEFAULT '0',
  PRIMARY KEY (`id_feature`)
) ENGINE=InnoDB AUTO_INCREMENT=16 DEFAULT CHARSET=utf8;

--
-- Dumping data for table `pre3305_feature`
--

INSERT INTO `pre3305_feature` VALUES (1,3),(2,4),(3,5),(4,6),(8,9),(9,8),(10,2),(11,0),(12,7),(14,1),(15,10);

--
-- Table structure for table `pre3305_feature_lang`
--

CREATE TABLE `pre3305_feature_lang` (
  `id_feature` int(10) unsigned NOT NULL,
  `id_lang` int(10) unsigned NOT NULL,
  `name` varchar(128) DEFAULT NULL,
  PRIMARY KEY (`id_feature`,`id_lang`),
  KEY `id_lang` (`id_lang`,`name`)
) ENGINE=InnoDB DEFAULT CHARSET=utf8;

--
-- Dumping data for table `pre3305_feature_lang`
--

INSERT INTO `pre3305_feature_lang` VALUES (11,1,'Année'),(14,1,'Diamètre en cm'),(10,1,'Encadrement'),(1,1,'Hauteur en cm'),(2,1,'Largeur en cm'),(4,1,'Poids en kg'),(3,1,'Profondeur en cm'),(15,1,'Signature'),(9,1,'Support'),(8,1,'Technique'),(12,1,'Tirage numéroté sur'),(11,2,'Date'),(3,2,'Depth in cm'),(14,2,'Diametre in cm'),(10,2,'Frame'),(1,2,'Height in cm'),(12,2,'Numbered copies'),(15,2,'Signature'),(9,2,'Support'),(8,2,'Technique'),(4,2,'Weight'),(2,2,'Width in cm');

--
-- Table structure for table `pre3305_feature_product`
--

CREATE TABLE `pre3305_feature_product` (
  `id_feature` int(10) unsigned NOT NULL,
  `id_product` int(10) unsigned NOT NULL,
  `id_feature_value` int(10) unsigned NOT NULL,
  PRIMARY KEY (`id_feature`,`id_product`,`id_feature_value`),
  KEY `id_feature_value` (`id_feature_value`),
  KEY `id_product` (`id_product`)
) ENGINE=InnoDB DEFAULT CHARSET=utf8;

--
-- Dumping data for table `pre3305_feature_product`
--

INSERT INTO `pre3305_feature_product` VALUES (8,2617,34),(8,2619,34),(8,2621,34),(8,2624,34),(8,4028,34),(8,4030,34),(8,4034,34),(8,4039,34),(8,4588,34),(8,4830,34),(8,4832,34),(8,4843,34),(8,5436,34),(8,5440,34),(8,5442,34),(8,6132,34),(8,6133,34),(8,6134,34),(8,6135,34),(8,6136,34),(8,6137,34),(8,6138,34),(8,6139,34),(8,6140,34),(8,6154,34),(8,6155,34),(8,6156,34),(8,6167,34),(8,6202,34),(8,6315,34),(8,6317,34),(8,6318,34),(8,6320,34),(8,6321,34),(8,6322,34),(8,6323,34),(8,6324,34),(8,6325,34),(8,6326,34),(8,6328,34),(8,6363,34),(8,6364,34),(8,6365,34),(8,6366,34),(8,2937,35),(8,3820,35),(8,4487,35),(8,6072,35),(8,6157,36),(8,2694,37),(8,2695,37),(8,2696,37),(8,2697,37),(8,2702,37),(8,2706,37),(8,2746,37),(8,2747,37),(8,2748,37),(8,2749,37),(8,2750,37),(8,2753,37),(8,2754,37),(8,2756,37),(8,2757,37),(8,2758,37),(8,2759,37),(8,2760,37),(8,3052,37),(8,3071,37),(8,3818,37),(8,3836,37),(8,3846,37),(8,3955,37),(8,3957,37),(8,4026,37),(8,4059,37),(8,4214,37),(8,4216,37),(8,4287,37),(8,4737,37),(8,4837,37),(8,4847,37),(8,4851,37),(8,4853,37),(8,4890,37),(8,4892,37),(8,4896,37),(8,4898,37),(8,4910,37),(8,4917,37),(8,4919,37),(8,4921,37),(8,4923,37),(8,4927,37),(8,4929,37),(8,4959,37),(8,4963,37),(8,4979,37),(8,5149,37),(8,5151,37),(8,5154,37),(8,5155,37),(8,5286,37),(8,5299,37),(8,5301,37),(8,5302,37),(8,5303,37),(8,5432,37),(8,5522,37),(8,5578,37),(8,5580,37),(8,5582,37),(8,5902,37),(8,5903,37),(8,5905,37),(8,5909,37),(8,5911,37),(8,5943,37),(8,5944,37),(8,5945,37),(8,5956,37),(8,5975,37),(8,5977,37),(8,5980,37),(8,5982,37),(8,5983,37),(8,5988,37),(8,5993,37),(8,5994,37),(8,5995,37),(8,6030,37),(8,6031,37),(8,6037,37),(8,6112,37),(8,6113,37),(8,6118,37),(8,6128,37),(8,6129,37),(8,6130,37),(8,6131,37),(8,6141,37),(8,6142,37),(8,6143,37),(8,6144,37),(8,6145,37),(8,6146,37),(8,6147,37),(8,6148,37),(8,6149,37),(8,6150,37),(8,6151,37),(8,6152,37),(8,6153,37),(8,6158,37),(8,6162,37),(8,6163,37),(8,6164,37),(8,6165,37),(8,6166,37),(8,6168,37),(8,6169,37),(8,6170,37),(8,6171,37),(8,6172,37),(8,6173,37),(8,6174,37),(8,6175,37),(8,6176,37),(8,6177,37),(8,6178,37),(8,6179,37),(8,6180,37),(8,6187,37),(8,6203,37),(8,6206,37),(8,6218,37),(8,6219,37),(8,6220,37),(8,6221,37),(8,6222,37),(8,6223,37),(8,6224,37),(8,6225,37),(8,6226,37),(8,6227,37),(8,6228,37),(8,6229,37),(8,6230,37),(8,6231,37),(8,6306,37),(8,6307,37),(8,6308,37),(8,6309,37),(8,6311,37),(8,6312,37),(8,6319,37),(8,6327,37),(8,6329,37),(8,6330,37),(8,6331,37),(8,6332,37),(8,6334,37),(8,6335,37),(8,6339,37),(8,6340,37),(8,6341,37),(8,6342,37),(8,6367,37),(8,6368,37),(8,6369,37),(8,6370,37),(8,6371,37),(8,6372,37),(8,6373,37),(8,6374,37),(8,6375,37),(8,6377,37),(8,6378,37),(8,6379,37),(8,6380,37),(8,6381,37),(8,6382,37),(8,6383,37),(8,6386,37),(8,6387,37),(8,6388,37),(8,6389,37),(8,6390,37),(8,6391,37),(8,6393,37),(8,6394,37),(9,2617,39),(9,2619,39),(9,2621,39),(9,2624,39),(9,2702,39),(9,2937,39),(9,3052,39),(9,3836,39),(9,3846,39),(9,4059,39),(9,4487,39),(9,4739,39),(9,4959,39),(9,4963,39),(9,4979,39),(9,5149,39),(9,5151,39),(9,5154,39),(9,5155,39),(9,5578,39),(9,5580,39),(9,5582,39),(9,5909,39),(9,5911,39),(9,5943,39),(9,5956,39),(9,5975,39),(9,5977,39),(9,5983,39),(9,6132,39),(9,6133,39),(9,6141,39),(9,6142,39),(9,6143,39),(9,6144,39),(9,6145,39),(9,6146,39),(9,6147,39),(9,6148,39),(9,6149,39),(9,6150,39),(9,6151,39),(9,6152,39),(9,6157,39),(9,6202,39),(9,6203,39),(9,6204,39),(9,6205,39),(9,6246,39),(9,6306,39),(9,6307,39),(9,6308,39),(9,6309,39),(9,6324,39),(9,6328,39),(9,6334,39),(9,6335,39),(9,6339,39),(9,6340,39),(9,6341,39),(9,6357,39),(9,6358,39),(9,6359,39),(9,6360,39),(9,6361,39),(9,6362,39),(9,6363,39),(9,6364,39),(9,6365,39),(9,6366,39),(9,6380,39),(9,6381,39),(9,6382,39),(9,3818,40),(9,3820,40),(9,4588,40),(9,4737,40),(9,4830,40),(9,6128,40),(9,6129,40),(9,6130,40),(9,6131,40),(9,6323,40),(9,6327,40),(9,6329,40),(9,6330,40),(9,6331,40),(9,6332,40),(9,4931,41),(9,2753,42),(9,2754,42),(9,2756,42),(9,2757,42),(9,2758,42),(9,2759,42),(9,2760,42),(9,3096,42),(9,3097,42),(9,3955,42),(9,3957,42),(9,4016,42),(9,4118,42),(9,4910,42),(9,4917,42),(9,4919,42),(9,4921,42),(9,4923,42),(9,4927,42),(9,5140,42),(9,5142,42),(9,5144,42),(9,5145,42),(9,5146,42),(9,5286,42),(9,5299,42),(9,5301,42),(9,5302,42),(9,5303,42),(9,5520,42),(9,5521,42),(9,5522,42),(9,5902,42),(9,5903,42),(9,5945,42),(9,6038,42),(9,6045,42),(9,6046,42),(9,6065,42),(9,6066,42),(9,6077,42),(9,6093,42),(9,6111,42),(9,6115,42),(9,6116,42),(9,6134,42),(9,6135,42),(9,6136,42),(9,6137,42),(9,6138,42),(9,6139,42),(9,6140,42),(9,6207,42),(9,6208,42),(9,6209,42),(9,6210,42),(9,6213,42),(9,6214,42),(9,6215,42),(9,6216,42),(9,6232,42),(9,6233,42),(9,6234,42),(9,6235,42),(9,6236,42),(9,6237,42),(9,6238,42),(9,6239,42),(9,6241,42),(9,6242,42),(9,6243,42),(9,6244,42),(9,6245,42),(9,6248,42),(9,6249,42),(9,6250,42),(9,6251,42),(9,6252,42),(9,6253,42),(9,6254,42),(9,6255,42),(9,6256,42),(9,6257,42),(9,6258,42),(9,6259,42),(9,6260,42),(9,6261,42),(9,6262,42),(9,6263,42),(9,6264,42),(9,6265,42),(9,6266,42),(9,6267,42),(9,6268,42),(9,6269,42),(9,6270,42),(9,6288,42),(9,6289,42),(9,6290,42),(9,6291,42),(9,6292,42),(9,6293,42),(9,6294,42),(9,6295,42),(9,6296,42),(9,6297,42),(9,6298,42),(9,6299,42),(9,6300,42),(9,6302,42),(9,6303,42),(9,6304,42),(9,6310,42),(9,6325,42),(9,6336,42),(9,6337,42),(9,6338,42),(9,6342,42),(9,6344,42),(9,6367,42),(9,6368,42),(9,6369,42),(9,6370,42),(9,6371,42),(9,6372,42),(9,6373,42),(9,6374,42),(9,6375,42),(9,6383,42),(9,6385,42),(9,6386,42),(9,6387,42),(9,6393,42),(9,6394,42),(9,6398,42),(9,6405,42),(9,6420,42),(9,6422,42),(9,6424,42),(9,4028,43),(9,4030,43),(9,4034,43),(9,4039,43),(10,6383,47),(9,2546,70),(9,2547,70),(9,2574,70),(9,2576,70),(9,2577,70),(9,2578,70),(9,2579,70),(9,2580,70),(9,2582,70),(9,2583,70),(9,2585,70),(9,2586,70),(9,2587,70),(9,2588,70),(9,2589,70),(9,2590,70),(9,4320,70),(9,4883,70),(9,4987,70),(9,5031,70),(9,6044,70),(9,6061,70),(9,4944,71),(9,4947,71),(9,3071,72),(9,4832,72),(9,5523,72),(9,6033,72),(9,6047,72),(9,4965,73),(9,4983,73),(9,6416,73),(9,6417,73),(9,6419,73),(8,2703,75),(8,2705,75),(8,5527,75),(8,5113,76),(8,5524,76),(8,6079,76),(8,6080,76),(8,6081,76),(8,6082,76),(9,4950,77),(9,4953,77),(9,5338,77),(11,2617,80),(11,2619,80),(11,2621,80),(11,2624,80),(11,2696,80),(11,3329,80),(11,3556,80),(11,6064,80),(11,6067,80),(11,6071,80),(11,6106,80),(11,2547,81),(11,2574,81),(11,2576,81),(11,2577,81),(11,2578,81),(11,2579,81),(11,2580,81),(11,2582,81),(11,2583,81),(11,2590,81),(11,2694,81),(11,2695,81),(11,2697,81),(11,2702,81),(11,2703,81),(11,2705,81),(11,2706,81),(11,2746,81),(11,2747,81),(11,2748,81),(11,2749,81),(11,2750,81),(11,2753,81),(11,2754,81),(11,2759,81),(11,2760,81),(11,3982,81),(11,4026,81),(11,4878,81),(11,4987,81),(11,5031,81),(11,6044,81),(11,6057,81),(11,6058,81),(11,6063,81),(11,6074,81),(11,6259,81),(11,6260,81),(11,2546,82),(11,2585,82),(11,2586,82),(11,2587,82),(11,2588,82),(11,2589,82),(11,2756,82),(11,2757,82),(11,2758,82),(11,2763,82),(11,2844,82),(11,2937,82),(11,3818,82),(11,3820,82),(11,3966,82),(11,3980,82),(11,3996,82),(11,4487,82),(11,4742,82),(11,4744,82),(11,4746,82),(11,4748,82),(11,4793,82),(11,4858,82),(11,6059,82),(11,6065,82),(11,6066,82),(11,6157,82),(11,6192,82),(11,6202,82),(11,6253,82),(11,6305,82),(11,6420,82),(11,6422,82),(11,2977,84),(11,3052,84),(11,3071,84),(11,3310,84),(11,3325,84),(11,3836,84),(11,3846,84),(11,3974,84),(11,4000,84),(11,4008,84),(11,4010,84),(11,4298,84),(11,4795,84),(11,4860,84),(11,5432,84),(11,5881,84),(11,5884,84),(11,5885,84),(11,6030,84),(11,6031,84),(11,6038,84),(11,6042,84),(11,6043,84),(11,6115,84),(11,6149,84),(11,6214,84),(11,6302,84),(11,6303,84),(11,3097,85),(11,3364,85),(11,3650,85),(11,3661,85),(11,3662,85),(11,3955,85),(11,3957,85),(11,4028,85),(11,4030,85),(11,4034,85),(11,4039,85),(11,4059,85),(11,4070,85),(11,4072,85),(11,4074,85),(11,4081,85),(11,4082,85),(11,4214,85),(11,4216,85),(11,4287,85),(11,4320,85),(11,4474,85),(11,4475,85),(11,4482,85),(11,4547,85),(11,4588,85),(11,4737,85),(11,4739,85),(11,4830,85),(11,4832,85),(11,4837,85),(11,4839,85),(11,4841,85),(11,4843,85),(11,4847,85),(11,4851,85),(11,4853,85),(11,4890,85),(11,4892,85),(11,4896,85),(11,4898,85),(11,4910,85),(11,4917,85),(11,4919,85),(11,4921,85),(11,4923,85),(11,4925,85),(11,4927,85),(11,4929,85),(11,4931,85),(11,4933,85),(11,4944,85),(11,4947,85),(11,4950,85),(11,4953,85),(11,4959,85),(11,4963,85),(11,4965,85),(11,4979,85),(11,5049,85),(11,5057,85),(11,5058,85),(11,5113,85),(11,5149,85),(11,5151,85),(11,5154,85),(11,5155,85),(11,5162,85),(11,5163,85),(11,5164,85),(11,5165,85),(11,5166,85),(11,5169,85),(11,5170,85),(11,5286,85),(11,5299,85),(11,5301,85),(11,5302,85),(11,5303,85),(11,5338,85),(11,5445,85),(11,5459,85),(11,5462,85),(11,5487,85),(11,5497,85),(11,5498,85),(11,5499,85),(11,5500,85),(11,5501,85),(11,5502,85),(11,5503,85),(11,5522,85),(11,5524,85),(11,5526,85),(11,5530,85),(11,5560,85),(11,5566,85),(11,5568,85),(11,5578,85),(11,5580,85),(11,5582,85),(11,5722,85),(11,5756,85),(11,5757,85),(11,5758,85),(11,5759,85),(11,5824,85),(11,5864,85),(11,5865,85),(11,5902,85),(11,5903,85),(11,5935,85),(11,5960,85),(11,5975,85),(11,6028,85),(11,6040,85),(11,6047,85),(11,6053,85),(11,6056,85),(11,6070,85),(11,6089,85),(11,6090,85),(11,6094,85),(11,6095,85),(11,6096,85),(11,6097,85),(11,6098,85),(11,6099,85),(11,6100,85),(11,6101,85),(11,6102,85),(11,6103,85),(11,6104,85),(11,6109,85),(11,6110,85),(11,6119,85),(11,6120,85),(11,6121,85),(11,6123,85),(11,6124,85),(11,6125,85),(11,6126,85),(11,6127,85),(11,6150,85),(11,6151,85),(11,6152,85),(11,6153,85),(11,6154,85),(11,6155,85),(11,6166,85),(11,6216,85),(11,6234,85),(11,6235,85),(11,6244,85),(11,6248,85),(11,6249,85),(11,6251,85),(11,6252,85),(11,6256,85),(11,6257,85),(11,6258,85),(11,6288,85),(11,6289,85),(11,6290,85),(11,6291,85),(11,6292,85),(11,6293,85),(11,6294,85),(11,6296,85),(11,6297,85),(11,6354,85),(11,6385,85),(11,6409,85),(11,6421,85),(11,6423,85),(11,3096,86),(11,4983,86),(11,5140,86),(11,5141,86),(11,5142,86),(11,5144,86),(11,5145,86),(11,5146,86),(11,5436,86),(11,5440,86),(11,5442,86),(11,5523,86),(11,5589,86),(11,5595,86),(11,5683,86),(11,5703,86),(11,5740,86),(11,5744,86),(11,5763,86),(11,5776,86),(11,5777,86),(11,5778,86),(11,5779,86),(11,5867,86),(11,5875,86),(11,5876,86),(11,5877,86),(11,5878,86),(11,5879,86),(11,5899,86),(11,5905,86),(11,5909,86),(11,5911,86),(11,5943,86),(11,5944,86),(11,5945,86),(11,5956,86),(11,5977,86),(11,5980,86),(11,5982,86),(11,5983,86),(11,5988,86),(11,5993,86),(11,5994,86),(11,5995,86),(11,6012,86),(11,6017,86),(11,6019,86),(11,6033,86),(11,6034,86),(11,6035,86),(11,6068,86),(11,6072,86),(11,6107,86),(11,6112,86),(11,6113,86),(11,6114,86),(11,6116,86),(11,6117,86),(11,6118,86),(11,6128,86),(11,6129,86),(11,6130,86),(11,6131,86),(11,6132,86),(11,6133,86),(11,6134,86),(11,6135,86),(11,6136,86),(11,6137,86),(11,6138,86),(11,6139,86),(11,6140,86),(11,6141,86),(11,6142,86),(11,6143,86),(11,6144,86),(11,6145,86),(11,6146,86),(11,6147,86),(11,6148,86),(11,6156,86),(11,6162,86),(11,6163,86),(11,6164,86),(11,6165,86),(11,6167,86),(11,6168,86),(11,6169,86),(11,6170,86),(11,6171,86),(11,6172,86),(11,6173,86),(11,6174,86),(11,6175,86),(11,6176,86),(11,6177,86),(11,6178,86),(11,6179,86),(11,6180,86),(11,6181,86),(11,6182,86),(11,6183,86),(11,6184,86),(11,6187,86),(11,6207,86),(11,6208,86),(11,6209,86),(11,6210,86),(11,6213,86),(11,6215,86),(11,6218,86),(11,6219,86),(11,6220,86),(11,6221,86),(11,6222,86),(11,6223,86),(11,6224,86),(11,6225,86),(11,6226,86),(11,6227,86),(11,6228,86),(11,6229,86),(11,6230,86),(11,6231,86),(11,6232,86),(11,6233,86),(11,6236,86),(11,6237,86),(11,6238,86),(11,6239,86),(11,6241,86),(11,6242,86),(11,6243,86),(11,6261,86),(11,6262,86),(11,6263,86),(11,6264,86),(11,6265,86),(11,6266,86),(11,6267,86),(11,6268,86),(11,6269,86),(11,6270,86),(11,6271,86),(11,6272,86),(11,6273,86),(11,6274,86),(11,6275,86),(11,6276,86),(11,6277,86),(11,6278,86),(11,6279,86),(11,6280,86),(11,6281,86),(11,6282,86),(11,6283,86),(11,6284,86),(11,6295,86),(11,6298,86),(11,6299,86),(11,6300,86),(11,6301,86),(11,6304,86),(11,6306,86),(11,6307,86),(11,6308,86),(11,6309,86),(11,6310,86),(11,6311,86),(11,6312,86),(11,6315,86),(11,6317,86),(11,6318,86),(11,6319,86),(11,6320,86),(11,6321,86),(11,6322,86),(11,6323,86),(11,6324,86),(11,6325,86),(11,6326,86),(11,6327,86),(11,6328,86),(11,6329,86),(11,6330,86),(11,6331,86),(11,6332,86),(11,6334,86),(11,6335,86),(11,6336,86),(11,6337,86),(11,6338,86),(11,6339,86),(11,6340,86),(11,6341,86),(11,6342,86),(11,6344,86),(11,6350,86),(11,6353,86),(11,6357,86),(11,6358,86),(11,6359,86),(11,6360,86),(11,6361,86),(11,6362,86),(11,6363,86),(11,6364,86),(11,6365,86),(11,6366,86),(11,6367,86),(11,6368,86),(11,6369,86),(11,6370,86),(11,6371,86),(11,6372,86),(11,6373,86),(11,6374,86),(11,6375,86),(11,6377,86),(11,6378,86),(11,6379,86),(11,6380,86),(11,6381,86),(11,6382,86),(11,6386,86),(11,6387,86),(11,6388,86),(11,6389,86),(11,6390,86),(11,6391,86),(11,6393,86),(11,6394,86),(11,6398,86),(11,6399,86),(11,6400,86),(11,6407,86),(11,6411,86),(11,6412,86),(11,6413,86),(11,6415,86),(11,6416,86),(11,6417,86),(11,6419,86),(11,6424,86),(11,6425,86),(11,3535,87),(11,4220,87),(11,4462,87),(1,2546,89),(1,2585,89),(1,2586,89),(1,2588,89),(1,2589,89),(1,4830,89),(1,6152,89),(2,2546,90),(2,2585,90),(2,2586,90),(2,2588,90),(2,2589,90),(2,3556,90),(2,3836,90),(2,3846,90),(2,6235,90),(8,2546,91),(8,2547,91),(8,2574,91),(8,2576,91),(8,2577,91),(8,2578,91),(8,2579,91),(8,2580,91),(8,2582,91),(8,2583,91),(8,2585,91),(8,2586,91),(8,2587,91),(8,2588,91),(8,2589,91),(8,2590,91),(8,2844,91),(8,4081,91),(8,4082,91),(8,4872,91),(8,4987,91),(8,5031,91),(8,6036,91),(8,6044,91),(8,6045,91),(8,6046,91),(8,6050,91),(8,6051,91),(8,6056,91),(8,6057,91),(8,6058,91),(8,6114,91),(8,6115,91),(8,6116,91),(8,6189,91),(8,6190,91),(8,6193,91),(8,6194,91),(8,6195,91),(8,6197,91),(8,6198,91),(8,6305,91),(11,4118,92),(11,5453,92),(11,5525,92),(11,5564,92),(11,6111,92),(11,5562,93),(11,6048,93),(1,2547,94),(1,2574,94),(1,2576,94),(1,2577,94),(1,2578,94),(1,2579,94),(1,2580,94),(1,2696,94),(1,2697,94),(2,2547,95),(2,2574,95),(2,2576,95),(2,2577,95),(2,2578,95),(2,2579,95),(2,2580,95),(1,2582,96),(1,2583,96),(1,5521,96),(2,2582,97),(2,2583,97),(2,2763,97),(2,4070,97),(2,4072,97),(2,4074,97),(2,4739,97),(2,5776,97),(2,5777,97),(2,5778,97),(2,5779,97),(2,6047,97),(2,6206,97),(2,6301,97),(2,6350,97),(1,2587,98),(1,4216,98),(1,4837,98),(2,2587,99),(2,4216,99),(2,4837,99),(2,4874,99),(2,4885,99),(2,6154,99),(2,6155,99),(2,6296,99),(2,6297,99),(2,6298,99),(2,6299,99),(2,6300,99),(2,6304,99),(1,2590,100),(1,2844,100),(1,5031,100),(1,6057,100),(1,6058,100),(1,6254,100),(1,6305,100),(2,2590,101),(2,2844,101),(2,5031,101),(2,6057,101),(2,6058,101),(2,6094,101),(2,6097,101),(2,6233,101),(2,6305,101),(9,2694,102),(9,2695,102),(9,2696,102),(9,2697,102),(1,2694,103),(1,2695,103),(1,2746,103),(1,2747,103),(1,2748,103),(1,2749,103),(1,2750,103),(1,2753,103),(1,2754,103),(1,5020,103),(1,5049,103),(2,2694,104),(2,2695,104),(2,2746,104),(2,2747,104),(2,2748,104),(2,2749,104),(2,2750,104),(2,6246,104),(2,2696,105),(2,2697,105),(3,2696,106),(3,2697,106),(1,2702,107),(1,2977,107),(1,3556,107),(1,3836,107),(1,3846,107),(1,4739,107),(1,4853,107),(1,4874,107),(1,4883,107),(1,4885,107),(1,5018,107),(1,5162,107),(1,5286,107),(1,5299,107),(1,5301,107),(1,5302,107),(1,5303,107),(1,5683,107),(1,5703,107),(1,5960,107),(1,6129,107),(1,6195,107),(1,6342,107),(1,6354,107),(1,6367,107),(1,6368,107),(1,6369,107),(1,6370,107),(1,6371,107),(1,6372,107),(1,6373,107),(1,6374,107),(1,6375,107),(1,6393,107),(1,6394,107),(1,6411,107),(2,2702,108),(2,2753,108),(2,2754,108),(2,4008,108),(2,5525,108),(2,6056,108),(2,6253,108),(3,2702,109),(3,4965,109),(3,4983,109),(3,6416,109),(3,6417,109),(3,6419,109),(9,2703,110),(9,2705,110),(9,5527,110),(1,2703,111),(1,2705,111),(1,4944,111),(1,4947,111),(2,2703,112),(2,2705,112),(2,4933,112),(9,2706,113),(9,4214,113),(9,4216,113),(9,4837,113),(9,4843,113),(9,4847,113),(9,4851,113),(9,4853,113),(9,4890,113),(9,4892,113),(9,4896,113),(9,4898,113),(9,5436,113),(9,5440,113),(9,5442,113),(9,5905,113),(9,5980,113),(9,5982,113),(9,6034,113),(9,6035,113),(9,6153,113),(9,6162,113),(9,6163,113),(9,6164,113),(9,6165,113),(9,6166,113),(9,6167,113),(9,6168,113),(9,6169,113),(9,6170,113),(9,6171,113),(9,6172,113),(9,6173,113),(9,6174,113),(9,6175,113),(9,6176,113),(9,6177,113),(9,6178,113),(9,6179,113),(9,6180,113),(9,6187,113),(9,6218,113),(9,6219,113),(9,6220,113),(9,6221,113),(9,6222,113),(9,6223,113),(9,6224,113),(9,6225,113),(9,6226,113),(9,6227,113),(9,6228,113),(9,6229,113),(9,6230,113),(9,6231,113),(9,6311,113),(9,6312,113),(9,6315,113),(9,6317,113),(9,6318,113),(9,6319,113),(9,6320,113),(9,6321,113),(9,6322,113),(9,6326,113),(9,6377,113),(9,6378,113),(9,6379,113),(9,6389,113),(9,6390,113),(9,6391,113),(1,2706,114),(2,2706,115),(2,4588,115),(3,2706,116),(9,2746,117),(9,2748,117),(1,2756,118),(1,2757,118),(1,2758,118),(1,2759,118),(1,2760,118),(1,4917,118),(1,6419,118),(2,2756,119),(2,2757,119),(2,2758,119),(2,2759,119),(2,2760,119),(1,2763,121),(1,3820,121),(1,6112,121),(1,6113,121),(1,6117,121),(1,6241,121),(1,6242,121),(1,6243,121),(1,6246,121),(1,6301,121),(1,6302,121),(1,6350,121),(1,2617,122),(1,2937,122),(1,5909,122),(1,6149,122),(1,6150,122),(2,2937,123),(2,2977,125),(2,3310,125),(2,4910,125),(2,5018,125),(2,5530,125),(2,5899,125),(2,5902,125),(2,5903,125),(2,5945,125),(2,6067,125),(2,6386,125),(2,6387,125),(1,3052,126),(1,5149,126),(1,5151,126),(1,5154,126),(1,5155,126),(1,5578,126),(1,5945,126),(1,5980,126),(1,5982,126),(1,5983,126),(1,6067,126),(1,6334,126),(1,6339,126),(1,6341,126),(1,6386,126),(2,3052,127),(2,5149,127),(2,5151,127),(2,5154,127),(2,5155,127),(2,5578,127),(2,5980,127),(2,5982,127),(2,5983,127),(2,6070,127),(2,6128,127),(2,6310,127),(2,6334,127),(2,6383,127),(1,3071,128),(1,4475,128),(1,4742,128),(1,4744,128),(1,4746,128),(1,4748,128),(1,4872,128),(1,5722,128),(1,5756,128),(1,5757,128),(1,5758,128),(1,5759,128),(1,6059,128),(1,6389,128),(2,3071,129),(2,3661,129),(2,3662,129),(2,4214,129),(2,4830,129),(2,5911,129),(2,6151,129),(2,6203,129),(2,6236,129),(2,6237,129),(2,6238,129),(2,6248,129),(2,6409,129),(8,3310,130),(8,3364,130),(8,3556,130),(8,3966,130),(8,3974,130),(8,3980,130),(8,3982,130),(8,3996,130),(8,4000,130),(8,4008,130),(8,4118,130),(8,4298,130),(8,4742,130),(8,4744,130),(8,4746,130),(8,4748,130),(8,4793,130),(8,4795,130),(8,4858,130),(8,4860,130),(8,5016,130),(8,5018,130),(8,5020,130),(8,5028,130),(8,5445,130),(8,5453,130),(8,5455,130),(8,5459,130),(8,5462,130),(8,5464,130),(8,5487,130),(8,5497,130),(8,5498,130),(8,5499,130),(8,5500,130),(8,5501,130),(8,5502,130),(8,5503,130),(8,5560,130),(8,5562,130),(8,5564,130),(8,5566,130),(8,5568,130),(8,5824,130),(8,5864,130),(8,5865,130),(8,5867,130),(8,5875,130),(8,5876,130),(8,5877,130),(8,5878,130),(8,5879,130),(8,5881,130),(8,5884,130),(8,5885,130),(8,6012,130),(8,6017,130),(8,6019,130),(8,6042,130),(8,6043,130),(8,6047,130),(8,6053,130),(8,6059,130),(8,6065,130),(8,6066,130),(8,6067,130),(8,6074,130),(8,6090,130),(8,6106,130),(8,6107,130),(8,6111,130),(8,6425,130),(1,3096,131),(1,3097,131),(1,3364,131),(1,5140,131),(1,5141,131),(1,5142,131),(1,6344,131),(2,3096,132),(2,3097,132),(2,3364,132),(2,5140,132),(2,5141,132),(2,5142,132),(2,6167,132),(2,6288,132),(2,6289,132),(2,6344,132),(1,3310,133),(1,6255,133),(8,3325,134),(8,3329,134),(8,3535,134),(8,4462,134),(8,4482,134),(8,4547,134),(8,5525,134),(8,5526,134),(1,3325,135),(1,5057,135),(1,5522,135),(1,5740,135),(1,5744,135),(2,3325,136),(2,4963,136),(2,5521,136),(2,5589,136),(2,5595,136),(1,3329,137),(2,3329,138),(2,6255,138),(8,3650,139),(1,3661,140),(1,3662,140),(1,5977,140),(1,6157,140),(1,6167,140),(1,6306,140),(1,6307,140),(1,6308,140),(1,6309,140),(1,6340,140),(1,6409,140),(1,3818,141),(2,3818,142),(2,4878,142),(2,5909,142),(2,6149,142),(2,6150,142),(2,6204,142),(2,6205,142),(2,6207,142),(2,3820,143),(2,3955,143),(2,3957,143),(1,3955,144),(1,3957,144),(1,5911,144),(1,6072,144),(1,6151,144),(1,6210,144),(1,6216,144),(1,6233,144),(1,6234,144),(1,3966,145),(1,3974,145),(1,3980,145),(1,3982,145),(1,3996,145),(1,4000,145),(1,4028,145),(1,4793,145),(1,4795,145),(1,4832,145),(1,4858,145),(1,4860,145),(1,5144,145),(1,5145,145),(1,5146,145),(1,5445,145),(1,5453,145),(1,5455,145),(1,5459,145),(1,5462,145),(1,5464,145),(1,5487,145),(1,5497,145),(1,5498,145),(1,5499,145),(1,5500,145),(1,5501,145),(1,5502,145),(1,5503,145),(1,5560,145),(1,5564,145),(1,5824,145),(1,5864,145),(1,5865,145),(1,5867,145),(1,5875,145),(1,5881,145),(1,5884,145),(1,5885,145),(1,6012,145),(1,6017,145),(1,6019,145),(1,6042,145),(1,6043,145),(1,6074,145),(1,6106,145),(1,6107,145),(1,6239,145),(1,6420,145),(1,6421,145),(1,6422,145),(1,6423,145),(1,6424,145),(2,3966,146),(2,3974,146),(2,3980,146),(2,3982,146),(2,3996,146),(2,4000,146),(2,4030,146),(2,4793,146),(2,4795,146),(2,4858,146),(2,4860,146),(2,5144,146),(2,5145,146),(2,5146,146),(2,5445,146),(2,5453,146),(2,5455,146),(2,5459,146),(2,5462,146),(2,5464,146),(2,5487,146),(2,5497,146),(2,5498,146),(2,5499,146),(2,5500,146),(2,5501,146),(2,5502,146),(2,5503,146),(2,5560,146),(2,5564,146),(2,5824,146),(2,5864,146),(2,5865,146),(2,5867,146),(2,5875,146),(2,5876,146),(2,5877,146),(2,5878,146),(2,5881,146),(2,5884,146),(2,5885,146),(2,6012,146),(2,6017,146),(2,6019,146),(2,6042,146),(2,6043,146),(2,6106,146),(2,6107,146),(2,6196,146),(2,6252,146),(2,6420,146),(2,6421,146),(2,6422,146),(2,6423,146),(2,6424,146),(1,4008,147),(1,4963,147),(1,6253,147),(8,4010,148),(1,4010,149),(1,5520,149),(2,4010,150),(2,6036,150),(11,4016,151),(11,4872,151),(11,4874,151),(11,4883,151),(11,4885,151),(11,5020,151),(11,6191,151),(11,6199,151),(11,6203,151),(11,6205,151),(11,6206,151),(1,4016,152),(1,4214,152),(1,6288,152),(2,4016,153),(1,4026,154),(1,4929,154),(1,4931,154),(1,6148,154),(2,4026,155),(2,6317,155),(2,4028,156),(2,4059,156),(2,4081,156),(2,4082,156),(2,4320,156),(2,4474,156),(2,4475,156),(2,4917,156),(2,5028,156),(2,5162,156),(2,5286,156),(2,5299,156),(2,5301,156),(2,5302,156),(2,5303,156),(2,5683,156),(2,5703,156),(2,5763,156),(2,5944,156),(2,5960,156),(2,5988,156),(2,5993,156),(2,5994,156),(2,5995,156),(2,6068,156),(2,6114,156),(2,6115,156),(2,6116,156),(2,6181,156),(2,6182,156),(2,6183,156),(2,6184,156),(2,6197,156),(2,6199,156),(2,6353,156),(2,6354,156),(2,6385,156),(2,6398,156),(2,6399,156),(2,6400,156),(2,6411,156),(2,6412,156),(2,6413,156),(1,4030,157),(1,4983,157),(1,6198,157),(1,6388,157),(1,4034,158),(1,4487,158),(1,4965,158),(1,6131,158),(1,6202,158),(2,4034,159),(2,4487,159),(2,6195,159),(2,6249,159),(1,4039,160),(1,4059,160),(1,4081,160),(1,4082,160),(1,5944,160),(1,5988,160),(1,5993,160),(1,5994,160),(1,5995,160),(1,6115,160),(1,6199,160),(1,6312,160),(1,6317,160),(2,4039,161),(2,6216,161),(8,4070,162),(8,4072,162),(8,4074,162),(8,5530,162),(8,6048,162),(8,6068,162),(8,6196,162),(8,6411,162),(1,4070,163),(1,4072,163),(1,4074,163),(1,5163,163),(1,5164,163),(1,5165,163),(1,5166,163),(1,5169,163),(1,5170,163),(1,5776,163),(1,5777,163),(1,5778,163),(1,5779,163),(1,5935,163),(1,6128,163),(1,6141,163),(1,6142,163),(1,6143,163),(1,6144,163),(1,6145,163),(1,6146,163),(1,6147,163),(1,6165,163),(1,6166,163),(1,6218,163),(1,6219,163),(1,6220,163),(1,6221,163),(1,6222,163),(1,6223,163),(1,6224,163),(1,6225,163),(1,6226,163),(1,6227,163),(1,6228,163),(1,6229,163),(1,6230,163),(1,6231,163),(1,6251,163),(1,6252,163),(8,4220,164),(1,4287,165),(2,4287,166),(1,4925,167),(1,5016,167),(2,4987,168),(2,6050,168),(1,4320,169),(1,4474,169),(1,4910,169),(1,5530,169),(1,5763,169),(1,5899,169),(1,5902,169),(1,5903,169),(1,6068,169),(1,6070,169),(1,6114,169),(1,6116,169),(1,6181,169),(1,6182,169),(1,6183,169),(1,6184,169),(1,6310,169),(1,6353,169),(1,6385,169),(1,6387,169),(1,6398,169),(1,6399,169),(1,6400,169),(1,6407,169),(1,6412,169),(1,6413,169),(8,5170,171),(8,5776,171),(8,5777,171),(8,5778,171),(8,5779,171),(8,5935,171),(8,5960,171),(8,6040,171),(8,6084,171),(8,6117,171),(8,6354,171),(1,4588,173),(1,5440,173),(1,5442,173),(1,5580,173),(1,5582,173),(1,5956,173),(1,6204,173),(1,6205,173),(1,6335,173),(1,6377,173),(1,6378,173),(1,6379,173),(1,4737,174),(2,4737,175),(2,4742,176),(2,4744,176),(2,4746,176),(2,4748,176),(2,4851,176),(2,4872,176),(2,5016,176),(2,5163,176),(2,5164,176),(2,5165,176),(2,5166,176),(2,5169,176),(2,5170,176),(2,5722,176),(2,5740,176),(2,5744,176),(2,5756,176),(2,5757,176),(2,5758,176),(2,5759,176),(2,5935,176),(2,6059,176),(2,6141,176),(2,6142,176),(2,6143,176),(2,6144,176),(2,6145,176),(2,6146,176),(2,6147,176),(2,6192,176),(2,6256,176),(2,6259,176),(2,4832,177),(2,6152,177),(2,6156,177),(2,6213,177),(8,4839,178),(8,4841,178),(8,4944,178),(8,4947,178),(8,4950,178),(8,4953,178),(8,4965,178),(8,4983,178),(8,5338,178),(8,6034,178),(8,6035,178),(8,6077,178),(8,6416,178),(8,6417,178),(8,6419,178),(1,4298,179),(1,4839,179),(1,6034,179),(1,6035,179),(1,6036,179),(2,4839,180),(2,6193,180),(1,4841,181),(2,4841,182),(1,4843,183),(1,4987,183),(1,5058,183),(1,6099,183),(1,6124,183),(1,6126,183),(1,6232,183),(2,4843,184),(1,4847,185),(2,4847,186),(2,6153,186),(1,4851,187),(1,6189,187),(1,6190,187),(1,6311,187),(2,4853,188),(2,5520,188),(9,2763,189),(9,4874,189),(9,4878,189),(9,4885,189),(9,5113,189),(9,6030,189),(9,6031,189),(9,6191,189),(9,6192,189),(9,6196,189),(9,6199,189),(9,6206,189),(8,2763,190),(8,4874,190),(8,4878,190),(8,4883,190),(8,4885,190),(8,6036,190),(8,6052,190),(8,6054,190),(8,6061,190),(8,6069,190),(8,6092,190),(8,6093,190),(8,6191,190),(8,6192,190),(8,6196,190),(8,6199,190),(1,4878,191),(2,4883,192),(2,4925,192),(1,4890,193),(1,4892,193),(1,4896,193),(1,4898,193),(1,5943,193),(1,5975,193),(1,6206,193),(2,4890,194),(2,4892,194),(2,4896,194),(2,4898,194),(2,6157,194),(2,6306,194),(2,6307,194),(2,6308,194),(2,6309,194),(2,6340,194),(1,4919,195),(2,4919,196),(2,5057,196),(1,4921,197),(1,4923,197),(2,4921,198),(2,4923,198),(9,4925,199),(8,4925,200),(8,4931,200),(1,4927,201),(2,4927,202),(9,4929,203),(2,4929,204),(2,4931,204),(8,4933,205),(1,4933,206),(2,4944,207),(2,4947,207),(3,4944,208),(3,4947,208),(3,4950,208),(3,4953,208),(3,5338,208),(1,4950,209),(1,4953,209),(1,5338,209),(1,6162,209),(1,6163,209),(1,6164,209),(2,4950,210),(2,4953,210),(2,5338,210),(2,6254,210),(1,4959,212),(1,4979,212),(1,5113,212),(1,5589,212),(1,5595,212),(1,6090,212),(1,6095,212),(1,6096,212),(1,6100,212),(1,6109,212),(1,6110,212),(1,6119,212),(1,6120,212),(1,6121,212),(1,6123,212),(1,6125,212),(1,6127,212),(2,4959,213),(2,4979,213),(2,6061,213),(2,6090,213),(2,6095,213),(2,6096,213),(2,6100,213),(2,6109,213),(2,6110,213),(2,6119,213),(2,6120,213),(2,6121,213),(2,6123,213),(2,6125,213),(2,6127,213),(1,4118,214),(1,5432,214),(1,6050,214),(1,6111,214),(1,6130,214),(1,6192,214),(1,6417,214),(2,4965,215),(2,4983,215),(2,6416,215),(2,6417,215),(2,6419,215),(11,5016,216),(11,5018,216),(11,6077,216),(2,5020,217),(11,5028,218),(11,6246,218),(11,6383,218),(1,5028,219),(1,6196,219),(2,5049,220),(2,5058,221),(2,5524,221),(2,5526,221),(2,6032,221),(2,6099,221),(2,6124,221),(2,6126,221),(2,5432,222),(1,6236,223),(1,6237,223),(1,6238,223),(2,5440,224),(2,5442,224),(11,5455,225),(11,6061,225),(1,5566,227),(1,5568,227),(2,5566,228),(2,5568,228),(1,5562,229),(1,6069,229),(1,6197,229),(2,4118,230),(2,5562,230),(2,6111,230),(2,6194,230),(2,5580,231),(2,5582,231),(2,5956,231),(1,5876,232),(1,5877,232),(1,5878,232),(1,5905,232),(1,6416,232),(1,5879,233),(1,6425,233),(2,5879,234),(2,5905,235),(2,5943,236),(9,5944,237),(9,5988,237),(9,5993,237),(9,5994,237),(9,5995,237),(2,5975,238),(2,5977,239),(2,6357,239),(2,6358,239),(2,6359,239),(2,6360,239),(12,4944,255),(12,4947,255),(12,4950,255),(12,5338,255),(12,2703,256),(12,2705,256),(12,6030,256),(12,6031,256),(12,6385,256),(12,5049,257),(12,5057,257),(12,5058,257),(12,5722,257),(12,5778,257),(12,5779,257),(12,4082,258),(12,4320,258),(12,4872,258),(12,5163,258),(12,5164,258),(12,5165,258),(12,5166,258),(12,5169,258),(12,5170,258),(12,5763,258),(12,5776,258),(12,5777,258),(12,6398,258),(12,6399,258),(12,6409,258),(12,6410,258),(12,2977,259),(12,3661,259),(12,3662,259),(12,5162,259),(12,5530,259),(12,5683,259),(12,5703,259),(12,2588,260),(12,4474,260),(12,4475,260),(12,6199,260),(12,2546,261),(12,2585,261),(12,2586,261),(12,2589,261),(12,4878,261),(12,6052,261),(12,6193,261),(12,6195,261),(12,6196,261),(12,4858,262),(12,5566,262),(12,5568,262),(12,6074,262),(12,6106,262),(12,6423,262),(12,3310,263),(12,5455,263),(12,5876,263),(12,5877,263),(12,5878,263),(12,5881,263),(12,5884,263),(12,5885,263),(12,6042,263),(12,6043,263),(12,5487,264),(12,5497,264),(12,5499,264),(12,5500,264),(12,5502,264),(12,5503,264),(12,5864,264),(12,5865,264),(12,3974,265),(12,3980,265),(12,3982,265),(12,4008,265),(12,4298,265),(12,4793,265),(12,4795,265),(12,4860,265),(12,5445,265),(12,5459,265),(12,5462,265),(12,5464,265),(12,5560,265),(12,5564,265),(12,6019,265),(12,6420,265),(12,5867,266),(12,5875,266),(11,5520,303),(11,5527,303),(8,5520,304),(8,6266,304),(8,6267,304),(8,6268,304),(8,6269,304),(8,6270,304),(8,5521,307),(11,5521,309),(2,5522,310),(1,5524,311),(1,5526,311),(1,6032,311),(1,6094,311),(1,6097,311),(1,5525,312),(1,6056,312),(1,6061,312),(2,5527,315),(9,2977,322),(9,3661,322),(9,3662,322),(9,4070,322),(9,4072,322),(9,4074,322),(9,5162,322),(9,5163,322),(9,5164,322),(9,5165,322),(9,5166,322),(9,5169,322),(9,5170,322),(9,5530,322),(9,5589,322),(9,5595,322),(9,5683,322),(9,5703,322),(9,5722,322),(9,5740,322),(9,5744,322),(9,5763,322),(9,5776,322),(9,5777,322),(9,5778,322),(9,5779,322),(9,5899,322),(9,5935,322),(9,6028,322),(9,6056,322),(9,6070,322),(9,6301,322),(9,6350,322),(9,6399,322),(9,6411,322),(1,6031,333),(2,6031,334),(8,2977,339),(8,3661,339),(8,3662,339),(8,4320,339),(8,4474,339),(8,4475,339),(8,5049,339),(8,5057,339),(8,5058,339),(8,5162,339),(8,5163,339),(8,5164,339),(8,5165,339),(8,5166,339),(8,5169,339),(8,5589,339),(8,5595,339),(8,5683,339),(8,5703,339),(8,5722,339),(8,5740,339),(8,5744,339),(8,5756,339),(8,5757,339),(8,5758,339),(8,5759,339),(8,5763,339),(8,5899,339),(8,6028,339),(8,6038,339),(8,6070,339),(8,6089,339),(8,6094,339),(8,6095,339),(8,6096,339),(8,6097,339),(8,6098,339),(8,6099,339),(8,6100,339),(8,6101,339),(8,6102,339),(8,6103,339),(8,6104,339),(8,6109,339),(8,6110,339),(8,6119,339),(8,6120,339),(8,6121,339),(8,6123,339),(8,6124,339),(8,6125,339),(8,6126,339),(8,6127,339),(8,6181,339),(8,6182,339),(8,6183,339),(8,6184,339),(8,6301,339),(8,6350,339),(8,6353,339),(8,6385,339),(8,6398,339),(8,6399,339),(8,6400,339),(8,6407,339),(8,6409,339),(8,6410,339),(8,6412,339),(8,6413,339),(8,6421,339),(8,6423,339),(1,6028,342),(2,6028,343),(12,5759,347),(12,5758,348),(12,5757,350),(12,5756,351),(12,5595,356),(12,5589,358),(12,3096,362),(12,3097,362),(12,4016,362),(12,5140,362),(12,5141,362),(12,5142,362),(12,5144,362),(12,5145,362),(12,6344,362),(2,4298,363),(12,3996,367),(12,3966,368),(9,4474,378),(9,5049,378),(9,5057,378),(9,5058,378),(12,4883,387),(9,4082,396),(12,4081,401),(9,4081,402),(12,2574,403),(12,2576,403),(12,2577,403),(12,2582,403),(12,2583,403),(12,5524,422),(1,5523,429),(2,5523,430),(1,6033,439),(2,6033,440),(2,6034,450),(3,6034,451),(2,6035,460),(3,6035,461),(12,4010,462),(1,6045,492),(2,6045,493),(11,6045,494),(1,6046,498),(2,6046,499),(11,6046,500),(12,5740,555),(12,5031,558),(12,6059,566),(1,6054,567),(2,6054,568),(11,6054,569),(1,6047,572),(1,6044,573),(2,6044,574),(12,6044,575),(1,6052,576),(2,6052,577),(1,6051,578),(2,6051,579),(1,6048,584),(2,6048,585),(12,6058,589),(12,6056,590),(1,6038,591),(2,6038,592),(2,5113,595),(12,5113,596),(9,6063,597),(9,6064,597),(9,6071,597),(1,5527,781),(1,6092,790),(2,6092,791),(11,6092,792),(12,6092,793),(1,6093,798),(2,6093,799),(11,6093,800),(12,6093,801),(1,6084,802),(2,6084,803),(11,6084,804),(2,6074,841),(1,6103,856),(2,6103,857),(1,6102,858),(2,6102,859),(1,6101,860),(2,6101,861),(1,6098,862),(2,6098,863),(12,4987,866),(2,6072,868),(1,6071,872),(2,6071,873),(12,6071,874),(12,6070,875),(12,4118,880),(2,6069,882),(11,6069,883),(12,6069,884),(12,6067,885),(1,6064,886),(2,6064,887),(12,6064,888),(1,6063,892),(2,6063,893),(12,6063,894),(1,6065,917),(2,6065,918),(12,6065,919),(14,6077,921),(12,6114,933),(12,6116,935),(2,6117,939),(12,6117,940),(1,6089,954),(2,6089,955),(12,6111,956),(1,6118,957),(2,6118,958),(2,6113,959),(2,6112,960),(12,5744,961),(12,5453,963),(1,6037,1046),(2,6037,1047),(11,6037,1048),(9,6154,1054),(9,6155,1054),(9,6156,1054),(1,6154,1057),(1,6296,1057),(1,6297,1057),(1,6298,1057),(1,6299,1057),(1,6300,1057),(1,6304,1057),(1,6153,1060),(2,2617,1070),(9,6181,1252),(9,6182,1252),(9,6183,1252),(9,6184,1252),(9,6400,1252),(9,6412,1252),(9,6413,1252),(2,6198,1367),(12,6198,1368),(15,6306,1370),(15,6307,1370),(15,6308,1370),(15,6309,1370),(15,6340,1370),(15,6411,1370),(15,6131,1371),(15,6202,1371),(15,6176,1375),(15,6187,1375),(2,6190,1398),(12,6190,1399),(8,6213,1452),(8,6214,1452),(8,6215,1452),(8,6216,1452),(8,6232,1452),(8,6233,1452),(8,6234,1452),(8,6235,1452),(8,6236,1452),(8,6237,1452),(8,6238,1452),(8,6239,1452),(8,6241,1452),(8,6242,1452),(8,6243,1452),(8,6244,1452),(8,6245,1452),(8,6246,1452),(8,6248,1452),(8,6249,1452),(8,6250,1452),(8,6251,1452),(8,6252,1452),(8,6253,1452),(8,6254,1452),(8,6255,1452),(8,6256,1452),(8,6257,1452),(8,6258,1452),(8,6259,1452),(8,6260,1452),(8,6302,1452),(8,6303,1452),(2,6219,1623),(12,6219,1624),(2,6220,1625),(12,6220,1626),(2,6231,1627),(12,6231,1628),(2,6230,1629),(12,6230,1630),(2,6223,1631),(12,6223,1632),(2,6229,1633),(12,6229,1634),(2,6228,1635),(12,6228,1636),(2,6227,1637),(12,6227,1638),(2,6225,1641),(12,6225,1642),(2,6224,1643),(12,6224,1644),(2,6221,1645),(12,6221,1646),(2,6222,1647),(12,6222,1648),(2,6202,1680),(8,6261,1831),(8,6262,1831),(8,6263,1831),(8,6264,1831),(8,6265,1831),(8,6271,1832),(8,6272,1832),(8,6273,1832),(8,6274,1832),(8,6275,1832),(8,6276,1832),(8,6277,1832),(8,6278,1832),(8,6279,1832),(8,6280,1832),(8,6281,1832),(8,6282,1832),(8,6283,1832),(8,6284,1832),(8,6357,1832),(8,6358,1832),(8,6359,1832),(8,6360,1832),(8,6361,1832),(8,6362,1832),(1,6405,1836),(9,6271,1936),(9,6272,1936),(9,6273,1936),(9,6274,1936),(9,6275,1936),(9,6276,1936),(9,6277,1936),(9,6278,1936),(9,6279,1936),(9,6280,1936),(9,6281,1936),(9,6282,1936),(9,6283,2119),(9,6284,2119),(10,6261,2134),(10,6262,2134),(10,6263,2134),(10,6264,2134),(10,6265,2134),(10,6266,2134),(10,6267,2134),(10,6268,2134),(10,6269,2134),(10,6270,2134),(10,6271,2134),(10,6272,2134),(10,6273,2134),(10,6274,2134),(10,6275,2134),(10,6276,2134),(10,6277,2134),(10,6278,2134),(10,6279,2134),(10,6280,2134),(10,6281,2134),(10,6282,2134),(10,6294,2134),(10,6366,2134),(1,6284,2197),(2,6284,2198),(1,6191,2222),(2,6191,2223),(12,6191,2224),(12,2579,2225),(12,2763,2227),(11,6255,2261),(2,6251,2265),(1,6256,2269),(1,6245,2270),(2,6245,2271),(11,6245,2272),(2,6232,2273),(2,6234,2274),(1,6259,2275),(1,6260,2276),(2,6260,2277),(2,6242,2280),(2,6243,2281),(1,6244,2282),(2,6244,2283),(1,6248,2284),(1,6235,2285),(1,6208,2292),(2,6208,2293),(8,6208,2294),(2,6210,2301),(8,6210,2302),(1,6213,2303),(1,6214,2304),(2,6214,2305),(1,6258,2310),(2,6258,2311),(1,6207,2312),(8,6207,2313),(1,6203,2314),(8,6204,2315),(11,6204,2316),(3,6206,2322),(1,6257,2323),(2,6257,2324),(8,6288,2325),(8,6289,2325),(8,6290,2325),(8,6291,2325),(8,6292,2325),(8,6293,2325),(8,6294,2325),(8,6295,2325),(8,6296,2325),(8,6297,2325),(8,6298,2325),(8,6299,2325),(8,6300,2325),(8,6304,2325),(1,6293,2420),(2,6293,2421),(12,6293,2422),(1,6292,2423),(2,6292,2424),(12,6292,2425),(1,6291,2426),(2,6291,2427),(12,6291,2428),(1,6290,2429),(2,6290,2430),(12,6290,2431),(1,6289,2432),(12,6289,2433),(12,6288,2435),(2,6302,2485),(12,6304,2491),(12,6300,2492),(12,6299,2493),(12,6298,2494),(1,6295,2495),(2,6295,2496),(12,6295,2497),(2,6189,2499),(12,6189,2500),(12,4874,2502),(1,6249,2533),(2,6239,2534),(8,6310,2536),(8,6336,2536),(8,6337,2536),(8,6338,2536),(1,6319,2587),(2,6319,2588),(1,6318,2595),(2,6318,2596),(1,6321,2605),(2,6321,2606),(1,6322,2611),(2,6322,2612),(1,6324,2643),(2,6324,2644),(1,6323,2645),(2,6323,2646),(1,6326,2659),(2,6326,2660),(1,6328,2689),(2,6328,2690),(12,6107,2717),(12,6017,2718),(12,4000,2720),(1,6331,2749),(2,6331,2750),(2,6335,2756),(2,6241,2760),(8,6205,2784),(1,6250,2785),(2,6250,2786),(11,6250,2787),(1,6320,2788),(2,6320,2789),(1,6327,2792),(2,6327,2793),(1,6329,2796),(2,6329,2797),(2,6218,2812),(12,6218,2813),(2,6226,2814),(12,6226,2815),(2,6339,2816),(1,6270,2835),(2,6270,2836),(1,6315,2837),(2,6315,2838),(1,6265,2839),(2,6265,2840),(1,6187,2849),(2,6187,2850),(1,6180,2853),(2,6180,2854),(1,6179,2859),(2,6179,2860),(1,6178,2861),(2,6178,2862),(1,6177,2865),(2,6177,2866),(1,6176,2867),(2,6176,2868),(1,6174,2871),(2,6174,2872),(1,6172,2877),(2,6172,2878),(1,6170,2879),(2,6170,2880),(1,6169,2881),(2,6169,2882),(2,6166,2885),(2,6164,2887),(2,6165,2888),(2,6163,2889),(2,6162,2891),(1,5436,2892),(2,5436,2893),(1,6140,2906),(2,6140,2907),(1,6139,2908),(2,6139,2909),(1,6138,2910),(2,6138,2911),(1,6137,2914),(2,6137,2915),(1,6136,2916),(2,6136,2917),(1,6135,2918),(2,6135,2919),(1,6134,2920),(2,6134,2921),(1,6133,2924),(2,6133,2925),(1,6132,2926),(2,6132,2927),(2,6131,2928),(2,6130,2929),(2,6312,2931),(3,6312,2932),(14,6158,2934),(1,6156,2935),(1,6155,2936),(2,6148,2939),(1,6330,2951),(2,6330,2952),(1,6175,2959),(2,6175,2960),(1,6168,2961),(2,6168,2962),(1,6171,2963),(2,6171,2964),(2,6129,2967),(1,6337,2970),(2,6337,2971),(1,6338,2972),(2,6338,2973),(1,6104,2988),(2,6104,2989),(1,6053,2991),(2,6053,2992),(12,2587,2997),(12,2580,2999),(12,2590,3001),(12,5879,3002),(1,6066,3009),(2,6066,3010),(12,6066,3011),(1,6325,3017),(2,6325,3018),(1,6359,3041),(1,6358,3042),(1,6357,3043),(1,6360,3044),(1,6361,3045),(2,6361,3046),(1,6365,3065),(2,6365,3066),(1,6364,3067),(2,6364,3068),(2,6367,3079),(2,6368,3081),(2,6369,3083),(2,6370,3085),(2,6371,3087),(2,6372,3089),(2,6373,3091),(2,6374,3093),(2,6375,3095),(2,6377,3099),(2,6378,3101),(2,6379,3103),(1,6281,3110),(2,6281,3111),(1,6282,3150),(2,6282,3151),(1,6279,3152),(2,6279,3153),(1,6278,3154),(2,6278,3155),(1,6277,3156),(2,6277,3157),(1,6276,3158),(2,6276,3159),(1,6273,3160),(2,6273,3161),(1,6272,3162),(2,6272,3163),(1,6271,3164),(2,6271,3165),(1,6269,3166),(2,6269,3167),(1,6268,3168),(2,6268,3169),(1,6267,3170),(2,6267,3171),(1,6266,3172),(2,6266,3173),(1,6264,3174),(2,6264,3175),(1,6263,3176),(2,6263,3177),(1,6262,3178),(2,6262,3179),(1,6261,3180),(2,6261,3181),(1,6383,3185),(1,6362,3194),(2,6362,3195),(2,6341,3196),(1,6173,3211),(2,6173,3212),(2,6311,3248),(3,6311,3249),(11,6254,3251),(1,6215,3256),(2,6215,3257),(1,6209,3264),(2,6209,3265),(8,6209,3266),(1,6380,3271),(2,6380,3272),(2,6342,3273),(1,6381,3274),(2,6381,3275),(1,6332,3276),(2,6332,3277),(1,6294,3290),(2,6294,3291),(12,6294,3292),(1,6303,3293),(2,6303,3294),(2,6393,3296),(2,6394,3299),(12,6296,3307),(12,6297,3309),(12,5146,3314),(12,5899,3315),(12,6400,3323),(2,6388,3327),(3,6388,3328),(9,6388,3329),(2,6389,3330),(3,6389,3331),(1,6391,3332),(2,6391,3333),(3,6391,3334),(1,6390,3335),(2,6390,3336),(3,6390,3337),(2,6405,3341),(2,6407,3356),(12,6407,3357),(1,6410,3362),(2,6410,3363),(12,6411,3364),(12,6115,3365),(1,6415,3381),(2,6415,3382),(9,6415,3383),(12,6415,3384),(1,6194,3385),(1,6193,3387),(12,6301,3390),(12,6422,3408),(12,6421,3409),(12,6424,3412),(2,6425,3415),(12,6425,3416),(12,4885,3417),(12,6192,3419),(12,2578,3421),(12,4748,3422),(12,4746,3423),(12,4744,3424),(12,4742,3425),(9,2844,3426),(12,2547,3427),(1,6283,3432),(2,6283,3433),(1,6382,3434),(2,6382,3435),(12,6412,3438),(12,6413,3439),(1,6030,3440),(2,6030,3441),(9,6305,3442),(1,6275,3443),(2,6275,3444),(1,6366,3445),(2,6366,3446),(1,6363,3447),(2,6363,3448),(1,6280,3451),(2,6280,3452),(1,6274,3453),(2,6274,3454),(12,6350,3455),(1,6336,3458),(2,6336,3459);

--
-- Table structure for table `pre3305_feature_shop`
--

CREATE TABLE `pre3305_feature_shop` (
  `id_feature` int(11) unsigned NOT NULL,
  `id_shop` int(11) unsigned NOT NULL,
  PRIMARY KEY (`id_feature`,`id_shop`),
  KEY `id_shop` (`id_shop`)
) ENGINE=InnoDB DEFAULT CHARSET=utf8;

--
-- Dumping data for table `pre3305_feature_shop`
--

INSERT INTO `pre3305_feature_shop` VALUES (1,2),(2,2),(3,2),(4,2),(8,2),(9,2),(10,2),(11,2),(12,2),(14,2),(15,2),(1,4),(2,4),(3,4),(4,4),(8,4),(9,4),(10,4),(11,4),(12,4),(14,4),(15,4),(1,5),(2,5),(3,5),(4,5),(8,5),(9,5),(10,5),(11,5),(12,5),(14,5),(15,5);

--
-- Table structure for table `pre3305_feature_value`
--

CREATE TABLE `pre3305_feature_value` (
  `id_feature_value` int(10) unsigned NOT NULL AUTO_INCREMENT,
  `id_feature` int(10) unsigned NOT NULL,
  `custom` tinyint(3) unsigned DEFAULT NULL,
  PRIMARY KEY (`id_feature_value`),
  KEY `feature` (`id_feature`)
) ENGINE=InnoDB AUTO_INCREMENT=3460 DEFAULT CHARSET=utf8;

--
-- Dumping data for table `pre3305_feature_value`
--

INSERT INTO `pre3305_feature_value` VALUES (22,1,1),(23,2,1),(24,4,1),(25,3,1),(26,1,1),(27,2,1),(28,4,1),(29,3,1),(30,1,1),(31,2,1),(32,4,1),(33,3,1),(34,8,0),(35,8,0),(36,8,0),(37,8,0),(38,8,0),(39,9,0),(40,9,0),(41,9,0),(42,9,0),(43,9,0),(44,9,0),(45,10,0),(46,10,0),(47,10,0),(70,9,0),(71,9,0),(72,9,0),(73,9,0),(74,8,0),(75,8,0),(76,8,0),(77,9,0),(78,9,0),(79,9,0),(80,11,0),(81,11,0),(82,11,0),(84,11,0),(85,11,0),(86,11,0),(87,11,0),(89,1,0),(90,2,0),(91,8,0),(92,11,0),(93,11,0),(94,1,0),(95,2,0),(96,1,0),(97,2,0),(98,1,0),(99,2,0),(100,1,0),(101,2,0),(102,9,0),(103,1,0),(104,2,0),(105,2,0),(106,3,0),(107,1,0),(108,2,0),(109,3,0),(110,9,0),(111,1,0),(112,2,0),(113,9,0),(114,1,0),(115,2,0),(116,3,0),(117,9,0),(118,1,0),(119,2,0),(121,1,0),(122,1,0),(123,2,0),(124,8,0),(125,2,0),(126,1,0),(127,2,0),(128,1,0),(129,2,0),(130,8,0),(131,1,0),(132,2,0),(133,1,0),(134,8,0),(135,1,0),(136,2,0),(137,1,0),(138,2,0),(139,8,0),(140,1,0),(141,1,0),(142,2,0),(143,2,0),(144,1,0),(145,1,0),(146,2,0),(147,1,0),(148,8,0),(149,1,0),(150,2,0),(151,11,0),(152,1,0),(153,2,0),(154,1,0),(155,2,0),(156,2,0),(157,1,0),(158,1,0),(159,2,0),(160,1,0),(161,2,0),(162,8,0),(163,1,0),(164,8,0),(165,1,0),(166,2,0),(167,1,0),(168,2,0),(169,1,0),(170,8,0),(171,8,0),(172,8,0),(173,1,0),(174,1,0),(175,2,0),(176,2,0),(177,2,0),(178,8,0),(179,1,0),(180,2,0),(181,1,0),(182,2,0),(183,1,0),(184,2,0),(185,1,0),(186,2,0),(187,1,0),(188,2,0),(189,9,0),(190,8,0),(191,1,0),(192,2,0),(193,1,0),(194,2,0),(195,1,0),(196,2,0),(197,1,0),(198,2,0),(199,9,0),(200,8,0),(201,1,0),(202,2,0),(203,9,0),(204,2,0),(205,8,0),(206,1,0),(207,2,0),(208,3,0),(209,1,0),(210,2,0),(211,8,0),(212,1,0),(213,2,0),(214,1,0),(215,2,0),(216,11,0),(217,2,0),(218,11,0),(219,1,0),(220,2,0),(221,2,0),(222,2,0),(223,1,0),(224,2,0),(225,11,0),(227,1,0),(228,2,0),(229,1,0),(230,2,0),(231,2,0),(232,1,0),(233,1,0),(234,2,0),(235,2,0),(236,2,0),(237,9,0),(238,2,0),(239,2,0),(255,12,0),(256,12,0),(257,12,0),(258,12,0),(259,12,0),(260,12,0),(261,12,0),(262,12,0),(263,12,0),(264,12,0),(265,12,0),(266,12,0),(303,11,0),(304,8,0),(307,8,0),(308,9,0),(309,11,0),(310,2,0),(311,1,0),(312,1,0),(313,11,0),(314,1,0),(315,2,0),(322,9,0),(333,1,1),(334,2,1),(339,8,0),(342,1,1),(343,2,1),(347,12,1),(348,12,1),(350,12,1),(351,12,1),(356,12,1),(358,12,1),(362,12,0),(363,2,1),(367,12,1),(368,12,1),(378,9,0),(387,12,1),(396,9,1),(401,12,1),(402,9,1),(403,12,0),(422,12,1),(429,1,1),(430,2,1),(439,1,1),(440,2,1),(450,2,1),(451,3,1),(460,2,1),(461,3,1),(462,12,1),(492,1,1),(493,2,1),(494,11,1),(498,1,1),(499,2,1),(500,11,1),(555,12,1),(558,12,1),(566,12,1),(567,1,1),(568,2,1),(569,11,1),(572,1,1),(573,1,1),(574,2,1),(575,12,1),(576,1,1),(577,2,1),(578,1,1),(579,2,1),(584,1,1),(585,2,1),(589,12,1),(590,12,1),(591,1,1),(592,2,1),(595,2,1),(596,12,1),(597,9,0),(781,1,1),(790,1,1),(791,2,1),(792,11,1),(793,12,1),(798,1,1),(799,2,1),(800,11,1),(801,12,1),(802,1,1),(803,2,1),(804,11,1),(841,2,1),(856,1,1),(857,2,1),(858,1,1),(859,2,1),(860,1,1),(861,2,1),(862,1,1),(863,2,1),(866,12,1),(868,2,1),(872,1,1),(873,2,1),(874,12,1),(875,12,1),(880,12,1),(882,2,1),(883,11,1),(884,12,1),(885,12,1),(886,1,1),(887,2,1),(888,12,1),(892,1,1),(893,2,1),(894,12,1),(917,1,1),(918,2,1),(919,12,1),(921,14,1),(933,12,1),(935,12,1),(939,2,1),(940,12,1),(954,1,1),(955,2,1),(956,12,1),(957,1,1),(958,2,1),(959,2,1),(960,2,1),(961,12,1),(963,12,1),(1046,1,1),(1047,2,1),(1048,11,1),(1054,9,0),(1057,1,0),(1060,1,0),(1070,2,1),(1252,9,0),(1367,2,1),(1368,12,1),(1370,15,0),(1371,15,0),(1373,15,0),(1374,15,0),(1375,15,0),(1398,2,1),(1399,12,1),(1452,8,0),(1623,2,1),(1624,12,1),(1625,2,1),(1626,12,1),(1627,2,1),(1628,12,1),(1629,2,1),(1630,12,1),(1631,2,1),(1632,12,1),(1633,2,1),(1634,12,1),(1635,2,1),(1636,12,1),(1637,2,1),(1638,12,1),(1641,2,1),(1642,12,1),(1643,2,1),(1644,12,1),(1645,2,1),(1646,12,1),(1647,2,1),(1648,12,1),(1680,2,1),(1831,8,0),(1832,8,0),(1836,1,0),(1837,1,0),(1936,9,0),(2119,9,0),(2134,10,0),(2197,1,1),(2198,2,1),(2222,1,1),(2223,2,1),(2224,12,1),(2225,12,1),(2227,12,1),(2261,11,1),(2265,2,1),(2269,1,1),(2270,1,1),(2271,2,1),(2272,11,1),(2273,2,1),(2274,2,1),(2275,1,1),(2276,1,1),(2277,2,1),(2280,2,1),(2281,2,1),(2282,1,1),(2283,2,1),(2284,1,1),(2285,1,1),(2292,1,1),(2293,2,1),(2294,8,1),(2301,2,1),(2302,8,1),(2303,1,1),(2304,1,1),(2305,2,1),(2310,1,1),(2311,2,1),(2312,1,1),(2313,8,1),(2314,1,1),(2315,8,1),(2316,11,1),(2322,3,1),(2323,1,1),(2324,2,1),(2325,8,0),(2420,1,1),(2421,2,1),(2422,12,1),(2423,1,1),(2424,2,1),(2425,12,1),(2426,1,1),(2427,2,1),(2428,12,1),(2429,1,1),(2430,2,1),(2431,12,1),(2432,1,1),(2433,12,1),(2435,12,1),(2485,2,1),(2491,12,1),(2492,12,1),(2493,12,1),(2494,12,1),(2495,1,1),(2496,2,1),(2497,12,1),(2499,2,1),(2500,12,1),(2502,12,1),(2533,1,1),(2534,2,1),(2536,8,0),(2587,1,1),(2588,2,1),(2595,1,1),(2596,2,1),(2605,1,1),(2606,2,1),(2611,1,1),(2612,2,1),(2643,1,1),(2644,2,1),(2645,1,1),(2646,2,1),(2659,1,1),(2660,2,1),(2689,1,1),(2690,2,1),(2717,12,1),(2718,12,1),(2720,12,1),(2749,1,1),(2750,2,1),(2756,2,1),(2760,2,1),(2784,8,1),(2785,1,1),(2786,2,1),(2787,11,1),(2788,1,1),(2789,2,1),(2792,1,1),(2793,2,1),(2796,1,1),(2797,2,1),(2812,2,1),(2813,12,1),(2814,2,1),(2815,12,1),(2816,2,1),(2835,1,1),(2836,2,1),(2837,1,1),(2838,2,1),(2839,1,1),(2840,2,1),(2849,1,1),(2850,2,1),(2853,1,1),(2854,2,1),(2859,1,1),(2860,2,1),(2861,1,1),(2862,2,1),(2865,1,1),(2866,2,1),(2867,1,1),(2868,2,1),(2871,1,1),(2872,2,1),(2877,1,1),(2878,2,1),(2879,1,1),(2880,2,1),(2881,1,1),(2882,2,1),(2885,2,1),(2887,2,1),(2888,2,1),(2889,2,1),(2891,2,1),(2892,1,1),(2893,2,1),(2906,1,1),(2907,2,1),(2908,1,1),(2909,2,1),(2910,1,1),(2911,2,1),(2914,1,1),(2915,2,1),(2916,1,1),(2917,2,1),(2918,1,1),(2919,2,1),(2920,1,1),(2921,2,1),(2924,1,1),(2925,2,1),(2926,1,1),(2927,2,1),(2928,2,1),(2929,2,1),(2931,2,1),(2932,3,1),(2934,14,1),(2935,1,1),(2936,1,1),(2939,2,1),(2951,1,1),(2952,2,1),(2959,1,1),(2960,2,1),(2961,1,1),(2962,2,1),(2963,1,1),(2964,2,1),(2967,2,1),(2970,1,1),(2971,2,1),(2972,1,1),(2973,2,1),(2988,1,1),(2989,2,1),(2991,1,1),(2992,2,1),(2997,12,1),(2999,12,1),(3001,12,1),(3002,12,1),(3009,1,1),(3010,2,1),(3011,12,1),(3017,1,1),(3018,2,1),(3041,1,1),(3042,1,1),(3043,1,1),(3044,1,1),(3045,1,1),(3046,2,1),(3065,1,1),(3066,2,1),(3067,1,1),(3068,2,1),(3079,2,1),(3081,2,1),(3083,2,1),(3085,2,1),(3087,2,1),(3089,2,1),(3091,2,1),(3093,2,1),(3095,2,1),(3099,2,1),(3101,2,1),(3103,2,1),(3110,1,1),(3111,2,1),(3150,1,1),(3151,2,1),(3152,1,1),(3153,2,1),(3154,1,1),(3155,2,1),(3156,1,1),(3157,2,1),(3158,1,1),(3159,2,1),(3160,1,1),(3161,2,1),(3162,1,1),(3163,2,1),(3164,1,1),(3165,2,1),(3166,1,1),(3167,2,1),(3168,1,1),(3169,2,1),(3170,1,1),(3171,2,1),(3172,1,1),(3173,2,1),(3174,1,1),(3175,2,1),(3176,1,1),(3177,2,1),(3178,1,1),(3179,2,1),(3180,1,1),(3181,2,1),(3185,1,1),(3194,1,1),(3195,2,1),(3196,2,1),(3211,1,1),(3212,2,1),(3248,2,1),(3249,3,1),(3251,11,1),(3256,1,1),(3257,2,1),(3264,1,1),(3265,2,1),(3266,8,1),(3271,1,1),(3272,2,1),(3273,2,1),(3274,1,1),(3275,2,1),(3276,1,1),(3277,2,1),(3290,1,1),(3291,2,1),(3292,12,1),(3293,1,1),(3294,2,1),(3296,2,1),(3299,2,1),(3307,12,1),(3309,12,1),(3314,12,1),(3315,12,1),(3323,12,1),(3327,2,1),(3328,3,1),(3329,9,1),(3330,2,1),(3331,3,1),(3332,1,1),(3333,2,1),(3334,3,1),(3335,1,1),(3336,2,1),(3337,3,1),(3341,2,1),(3356,2,1),(3357,12,1),(3362,1,1),(3363,2,1),(3364,12,1),(3365,12,1),(3381,1,1),(3382,2,1),(3383,9,1),(3384,12,1),(3385,1,1),(3387,1,1),(3390,12,1),(3408,12,1),(3409,12,1),(3412,12,1),(3415,2,1),(3416,12,1),(3417,12,1),(3419,12,1),(3421,12,1),(3422,12,1),(3423,12,1),(3424,12,1),(3425,12,1),(3426,9,1),(3427,12,1),(3432,1,1),(3433,2,1),(3434,1,1),(3435,2,1),(3438,12,1),(3439,12,1),(3440,1,1),(3441,2,1),(3442,9,1),(3443,1,1),(3444,2,1),(3445,1,1),(3446,2,1),(3447,1,1),(3448,2,1),(3451,1,1),(3452,2,1),(3453,1,1),(3454,2,1),(3455,12,1),(3458,1,1),(3459,2,1);

--
-- Table structure for table `pre3305_feature_value_lang`
--

CREATE TABLE `pre3305_feature_value_lang` (
  `id_feature_value` int(10) unsigned NOT NULL,
  `id_lang` int(10) unsigned NOT NULL,
  `value` varchar(255) DEFAULT NULL,
  PRIMARY KEY (`id_feature_value`,`id_lang`)
) ENGINE=InnoDB DEFAULT CHARSET=utf8;

--
-- Dumping data for table `pre3305_feature_value_lang`
--

INSERT INTO `pre3305_feature_value_lang` VALUES (22,1,'2.75 in'),(22,2,'2.75 in'),(23,1,'2.06 in'),(23,2,'2.06 in'),(24,1,'49,2 g'),(24,2,'49.2 g'),(25,1,'0.26 in'),(25,2,'0.26 in'),(26,1,'1.07 in'),(26,2,'1.07 in'),(27,1,'1.62 in'),(27,2,'1.62 in'),(28,1,'15,5 g'),(28,2,'15.5 g'),(29,1,'0.41 in (clip included)'),(29,2,'0.41 in (clip included)'),(30,1,'4.33 in'),(30,2,'4.33 in'),(31,1,'2.76 in'),(31,2,'2.76 in'),(32,1,'120 g'),(32,2,'120g'),(33,1,'0.31 in'),(33,2,'0.31 in'),(34,1,'Acrylique'),(34,2,'Acrylique'),(35,1,'Aérosol'),(35,2,'Aérosol'),(36,1,'Huile'),(36,2,'Oil'),(37,1,'Technique mixte'),(37,2,'Mixed Technique'),(38,1,'Collage'),(38,2,'Collage'),(39,1,'Toile'),(39,2,'Toile'),(40,1,'Tôle'),(40,2,'Tôle'),(41,1,'Panneau de Bois'),(41,2,'Panneau de Bois'),(42,1,'Papier'),(42,2,'Papier'),(43,1,'Papier Kraft'),(43,2,'Papier Kraft'),(44,1,'Papier Kraft marouflé sur bois'),(44,2,'Papier Kraft marouflé sur bois'),(45,1,'sans cadre'),(45,2,'sans cadre'),(46,1,'caisse américaine'),(46,2,'caisse américaine'),(47,1,'cadre sous verre'),(47,2,'cadre sous verre'),(70,1,'Papier Rives BFK 270 gr'),(70,2,'Papier Rives BFK 270 gr'),(71,1,'Brique'),(71,2,'Brique'),(72,1,'Carton'),(72,2,'Carton'),(73,1,'Parpaing'),(73,2,'Parpaing'),(74,1,'Bronze'),(74,2,'Bronze'),(75,1,'Sculpture'),(75,2,'sculpture'),(76,1,'Photographie'),(76,2,'Photographie'),(77,1,'Pavé'),(77,2,'Pavé'),(78,1,'Plexiglass'),(78,2,'Plexiglass'),(79,1,'Tissus'),(79,2,'Tissus'),(80,1,'2013'),(80,2,'2013'),(81,1,'2014'),(81,2,'2014'),(82,1,'2015'),(82,2,'2015'),(84,1,'2016'),(84,2,'2016'),(85,1,'2017'),(85,2,'2017'),(86,1,'2018'),(86,2,'2018'),(87,1,'2020'),(87,2,'2020'),(89,1,'92'),(89,2,'92'),(90,1,'65'),(90,2,'65'),(91,1,'Lithographie'),(91,2,'Lithographie'),(92,1,'2008'),(92,2,'2008'),(93,1,'2009'),(93,2,'2009'),(94,1,'51'),(94,2,'51'),(95,1,'37'),(95,2,'37'),(96,1,'32'),(96,2,'32'),(97,1,'40'),(97,2,'40'),(98,1,'105'),(98,2,'105'),(99,1,'75'),(99,2,'75'),(100,1,'34'),(100,2,'34'),(101,1,'27'),(101,2,'27'),(102,1,'Plâtre'),(102,2,'Plâtre'),(103,1,'35'),(103,2,'35'),(104,1,'35'),(104,2,'35'),(105,1,'41'),(105,2,'41'),(106,1,'6'),(106,2,'6'),(107,1,'50'),(107,2,'50'),(108,1,'25'),(108,2,'25'),(109,1,'10'),(109,2,'10'),(110,1,'Bronze'),(110,2,'Bronze'),(111,1,'22'),(111,2,'22'),(112,1,'16'),(112,2,'16'),(113,1,'Bois'),(113,2,'Bois'),(114,1,'129'),(114,2,'129'),(115,1,'97'),(115,2,'97'),(116,1,'8'),(116,2,'8'),(117,1,'?'),(117,2,'?'),(118,1,'42'),(118,2,'42'),(119,1,'29'),(119,2,'29'),(121,1,'60'),(121,2,'60'),(122,1,'116'),(122,2,'116'),(123,1,'119'),(123,2,'119'),(124,1,'Digigraphie'),(124,2,'Digigraphie'),(125,1,'70'),(125,2,'70'),(126,1,'100'),(126,2,'100'),(127,1,'100'),(127,2,'100'),(128,1,'40'),(128,2,'40'),(129,1,'60'),(129,2,'60'),(130,1,'Sérigraphie'),(130,2,'Sérigraphie'),(131,1,'91'),(131,2,'91'),(132,1,'61'),(132,2,'61'),(133,1,'23'),(133,2,'23'),(134,1,'Livre'),(134,2,'Livre'),(135,1,'24'),(135,2,'24'),(136,1,'24'),(136,2,'24'),(137,1,'15'),(137,2,'15'),(138,1,'15'),(138,2,'15'),(139,1,'Coffret'),(139,2,'Coffret'),(140,1,'80'),(140,2,'80'),(141,1,'55'),(141,2,'55'),(142,1,'89'),(142,2,'89'),(143,1,'92'),(143,2,'92'),(144,1,'73'),(144,2,'73'),(145,1,'61'),(145,2,'61'),(146,1,'46'),(146,2,'46'),(147,1,'33'),(147,2,'33'),(148,1,'Sérigraphie et vinyle'),(148,2,'Sérigraphie et vinyle'),(149,1,'31'),(149,2,'31'),(150,1,'31'),(150,2,'31'),(151,1,'2010'),(151,2,'2010'),(152,1,'78'),(152,2,'78'),(153,1,'64'),(153,2,'64'),(154,1,'180'),(154,2,'180'),(155,1,'110'),(155,2,'110'),(156,1,'50'),(156,2,'50'),(157,1,'38'),(157,2,'38'),(158,1,'41'),(158,2,'41'),(159,1,'33'),(159,2,'33'),(160,1,'65'),(160,2,'65'),(161,1,'54'),(161,2,'54'),(162,1,'Estampe rehaussée'),(162,2,'Digigraphie réhaussée'),(163,1,'30'),(163,2,'30'),(164,1,'Cadre'),(164,2,'Cadre'),(165,1,'11'),(165,2,'11'),(166,1,'11'),(166,2,'11'),(167,1,'44'),(167,2,'44'),(168,1,'34'),(168,2,'34'),(169,1,'70'),(169,2,'70'),(170,1,'Catalogue'),(170,2,'Catalogue'),(171,1,'Estampe'),(171,2,'Estampe'),(172,1,'Tôle'),(172,2,'Tôle'),(173,1,'130'),(173,2,'130'),(174,1,'29'),(174,2,'29'),(175,1,'39'),(175,2,'39'),(176,1,'30'),(176,2,'30'),(177,1,'73'),(177,2,'73'),(178,1,'Pochoir'),(178,2,'Pochoir'),(179,1,'43'),(179,2,'43'),(180,1,'63'),(180,2,'63'),(181,1,'64'),(181,2,'64'),(182,1,'56'),(182,2,'56'),(183,1,'27'),(183,2,'27'),(184,1,'107'),(184,2,'107'),(185,1,'94'),(185,2,'94'),(186,1,'85'),(186,2,'85'),(187,1,'52'),(187,2,'52'),(188,1,'36'),(188,2,'36'),(189,1,'Photographie'),(189,2,'Photographie'),(190,1,'Gravure'),(190,2,'Gravure'),(191,1,'59'),(191,2,'59'),(192,1,'66'),(192,2,'66'),(193,1,'120'),(193,2,'120'),(194,1,'80'),(194,2,'80'),(195,1,'28'),(195,2,'28'),(196,1,'32'),(196,2,'32'),(197,1,'12'),(197,2,'12'),(198,1,'12'),(198,2,'12'),(199,1,'Installation'),(199,2,'Installation'),(200,1,'Installation'),(200,2,'Installation'),(201,1,'103'),(201,2,'103'),(202,1,'198'),(202,2,'198'),(203,1,'Papier et bois'),(203,2,'Papier et bois'),(204,1,'94'),(204,2,'94'),(205,1,'Papier'),(205,2,'Papier'),(206,1,'16'),(206,2,'16'),(207,1,'10'),(207,2,'10'),(208,1,'5'),(208,2,'5'),(209,1,'14'),(209,2,'14'),(210,1,'14'),(210,2,'14'),(211,1,'Toile'),(211,2,'Canvas'),(212,1,'20'),(212,2,'20'),(213,1,'20'),(213,2,'20'),(214,1,'45'),(214,2,'45'),(215,1,'19'),(215,2,'19'),(216,1,'2011'),(216,2,'2011'),(217,1,'68'),(217,2,'68'),(218,1,'2012'),(218,2,'2012'),(219,1,'36'),(219,2,'36'),(220,1,'22'),(220,2,'22'),(221,1,'21'),(221,2,'21'),(222,1,'109'),(222,2,'109'),(223,1,'48'),(223,2,'48'),(224,1,'122'),(224,2,'122'),(225,1,'2007'),(225,2,'2007'),(227,1,'57'),(227,2,'57'),(228,1,'57'),(228,2,'57'),(229,1,'66'),(229,2,'66'),(230,1,'45'),(230,2,'45'),(231,1,'195'),(231,2,'195'),(232,1,'46'),(232,2,'46'),(233,1,'85'),(233,2,'85'),(234,1,'121'),(234,2,'121'),(235,1,'38'),(235,2,'38'),(236,1,'160'),(236,2,'160'),(237,1,'Médium MDF'),(237,2,'Médium MDF'),(238,1,'140'),(238,2,'140'),(239,1,'120'),(239,2,'120'),(255,1,'7 exemplaires'),(255,2,'7 exemplaires'),(256,1,'8 exemplaires'),(256,2,'8 exemplaires'),(257,1,'12 exemplaires'),(257,2,'12 exemplaires'),(258,1,'20 exemplaires'),(258,2,'20 exemplaires'),(259,1,'33 exemplaires'),(259,2,'33 exemplaires'),(260,1,'40 exemplaires'),(260,2,'40 exemplaires'),(261,1,'60 exemplaires'),(261,2,'60 exemplaires'),(262,1,'200 exemplaires'),(262,2,'200 exemplaires'),(263,1,'300 exemplaires'),(263,2,'300 exemplaires'),(264,1,'400 exemplaires'),(264,2,'400 exemplaires'),(265,1,'450 exemplaires'),(265,2,'450 exemplaires'),(266,1,'700 exemplaires'),(266,2,'700 exemplaires'),(303,1,'1993'),(303,2,'1993'),(304,1,'Encre'),(304,2,'Ink'),(307,1,'Mine de plomb et crayon rouge'),(307,2,'Mine de plomb et crayon rouge'),(308,1,'Disque Vinyl'),(308,2,'Disque Vinyl'),(309,1,'1991'),(309,2,'1991'),(310,1,'18'),(310,2,'18'),(311,1,'21'),(311,2,'21'),(312,1,'25'),(312,2,'25'),(313,1,'1990'),(313,2,'1990'),(314,1,'10'),(314,2,'10'),(315,1,'5'),(315,2,'5'),(322,1,'Papier Museum Etching 350g'),(322,2,'Museum Etching 350g'),(333,1,'60'),(333,2,''),(334,1,'40'),(334,2,''),(339,1,'Estampe numérique'),(339,2,'Digital printing'),(342,1,'44,5'),(342,2,''),(343,1,'32'),(343,2,''),(347,1,'5 exemplaires'),(347,2,''),(348,1,'5 exemplaires'),(348,2,''),(350,1,'5 exemplaires'),(350,2,''),(351,1,'5 exempalires'),(351,2,''),(356,1,'25 exemplaires'),(356,2,''),(358,1,'25 exemplaires'),(358,2,''),(362,1,'Open Edition'),(362,2,'Open Edition'),(363,1,'34,5'),(363,2,''),(367,1,'150 exemplaires'),(367,2,''),(368,1,'350 exemplaires'),(368,2,''),(378,1,'Papier German Etching 310g'),(378,2,'German Etching 310g'),(387,1,'50 exemplaires'),(387,2,''),(396,1,'Rivoli 240g'),(396,2,''),(401,1,'Exemplaire unique'),(401,2,''),(402,1,'Rivoli 240g'),(402,2,''),(403,1,'55 exemplaires'),(403,2,'55 exemplaires'),(422,1,'50 exemplaires'),(422,2,''),(429,1,'18'),(429,2,''),(430,1,'18'),(430,2,''),(439,1,'18'),(439,2,''),(440,1,'18'),(440,2,''),(450,1,'28'),(450,2,''),(451,1,'1'),(451,2,''),(460,1,'28'),(460,2,''),(461,1,'1'),(461,2,''),(462,1,'500 exemplaires'),(462,2,''),(492,1,'40'),(492,2,''),(493,1,'30'),(493,2,''),(494,1,'2014'),(494,2,''),(498,1,'40'),(498,2,''),(499,1,'30'),(499,2,''),(500,1,'2014'),(500,2,''),(555,1,'25 exemplaires'),(555,2,''),(558,1,'EA'),(558,2,''),(566,1,'50 exemplaires'),(566,2,''),(567,1,'50'),(567,2,''),(568,1,'66'),(568,2,''),(569,1,'2001'),(569,2,''),(572,1,'50'),(572,2,''),(573,1,'43'),(573,2,''),(574,1,'60'),(574,2,''),(575,1,'60 exemplaires'),(575,2,''),(576,1,'62'),(576,2,''),(577,1,'49'),(577,2,''),(578,1,'50'),(578,2,''),(579,1,'37'),(579,2,''),(584,1,'70'),(584,2,''),(585,1,'50'),(585,2,''),(589,1,'55 exemplaires'),(589,2,''),(590,1,'25 exemplaires'),(590,2,''),(591,1,'50'),(591,2,''),(592,1,'50'),(592,2,''),(595,1,'20'),(595,2,''),(596,1,'50 exemplaires'),(596,2,''),(597,1,'Papier Velin d\'arche 270g '),(597,2,'Papier Velin d\'arche 270g '),(781,1,'8'),(781,2,''),(790,1,'38'),(790,2,''),(791,1,'28'),(791,2,''),(792,1,'1988'),(792,2,''),(793,1,'80 exemplaires'),(793,2,''),(798,1,'40'),(798,2,''),(799,1,'56'),(799,2,''),(800,1,'1988'),(800,2,''),(801,1,'99 exemplaires'),(801,2,''),(802,1,'76'),(802,2,''),(803,1,'56'),(803,2,''),(804,1,'1986'),(804,2,''),(841,1,'86'),(841,2,''),(856,1,'40'),(856,2,''),(857,1,'30'),(857,2,''),(858,1,'40'),(858,2,''),(859,1,'30'),(859,2,''),(860,1,'40'),(860,2,''),(861,1,'30'),(861,2,''),(862,1,'30'),(862,2,''),(863,1,'40'),(863,2,''),(866,1,'EA'),(866,2,''),(868,1,'59'),(868,2,''),(872,1,'75'),(872,2,''),(873,1,'105'),(873,2,''),(874,1,'30 exemplaires'),(874,2,''),(875,1,'1 exemplaire'),(875,2,''),(880,1,'140 exemplaires'),(880,2,''),(882,1,'51'),(882,2,''),(883,1,'1994'),(883,2,''),(884,1,'80 exemplaires'),(884,2,''),(885,1,'50 exemplaires'),(885,2,''),(886,1,'105'),(886,2,''),(887,1,'75'),(887,2,''),(888,1,'30 exemplaires'),(888,2,''),(892,1,'75'),(892,2,''),(893,1,'105'),(893,2,''),(894,1,'50 exemplaires'),(894,2,''),(917,1,'58'),(917,2,''),(918,1,'58'),(918,2,''),(919,1,'148 exemplaires'),(919,2,''),(921,1,'50'),(921,2,''),(933,1,'1 exemplaire'),(933,2,''),(935,1,'20 exemplaires'),(935,2,''),(939,1,'42'),(939,2,''),(940,1,'150 exemplaires'),(940,2,''),(954,1,'27'),(954,2,''),(955,1,'21'),(955,2,''),(956,1,'140 exemplaires'),(956,2,''),(957,1,'56'),(957,2,''),(958,1,'28'),(958,2,''),(959,1,'43'),(959,2,''),(960,1,'43'),(960,2,''),(961,1,'25 exemplaires'),(961,2,''),(963,1,'500 exemplaires'),(963,2,''),(1046,1,'50'),(1046,2,''),(1047,1,'50'),(1047,2,''),(1048,1,'2017'),(1048,2,''),(1054,1,'Sac de jute'),(1054,2,'Sac de jute'),(1057,1,'110'),(1057,2,'110'),(1058,1,'165'),(1058,2,''),(1059,1,'165'),(1059,2,''),(1060,1,'165'),(1060,2,'165'),(1070,1,'81'),(1070,2,''),(1252,1,'Papier Coton 320 gr'),(1252,2,'Cotton Paper 320 gr'),(1367,1,'43'),(1367,2,'43'),(1368,1,'150 exemplaires'),(1368,2,'150 exemplaires'),(1370,1,'de l\'artiste, en bas à droite'),(1370,2,'de l\'artiste, en bas à droite'),(1371,1,'de l\'artiste, en bas à gauche'),(1371,2,'de l\'artiste, en bas à droite'),(1373,1,'de l\'artiste, en bas'),(1373,2,'de l\'artiste, en bas'),(1374,1,'de l\'artiste, en haut'),(1374,2,'de l\'artiste, en haut'),(1375,1,'de l\'artiste, au dos'),(1375,2,'de l\'artiste, au dos'),(1398,1,'77'),(1398,2,'77'),(1399,1,'30 exemplaires'),(1399,2,''),(1452,1,'Aquarelle'),(1452,2,'Watercolor'),(1623,1,'17,5'),(1623,2,'17,5'),(1624,1,'10 exemplaires'),(1624,2,'10 prints'),(1625,1,'17,5'),(1625,2,'17,5'),(1626,1,'10 exemplaires'),(1626,2,'10 prints'),(1627,1,'17,5'),(1627,2,'17,5'),(1628,1,'10 exemplaires'),(1628,2,'10 prints'),(1629,1,'17,5'),(1629,2,'17,5'),(1630,1,'10 exemplaires'),(1630,2,'10 prints'),(1631,1,'17,5'),(1631,2,'17,5'),(1632,1,'10 exemplaires'),(1632,2,'10 prints'),(1633,1,'17,5'),(1633,2,'17,5'),(1634,1,'10 exemplaires'),(1634,2,'10 prints'),(1635,1,'17,5'),(1635,2,'17,5'),(1636,1,'10 exemplaires'),(1636,2,'10 prints'),(1637,1,'17,5'),(1637,2,'17,5'),(1638,1,'10 exemplaires'),(1638,2,'10 prints'),(1641,1,'17,5'),(1641,2,'17,5'),(1642,1,'10 exemplaires'),(1642,2,'10 prints'),(1643,1,'17,5'),(1643,2,'17,5'),(1644,1,'10 exemplaires'),(1644,2,'10 prints'),(1645,1,'17,5'),(1645,2,'17,5'),(1646,1,'10 exemplaires'),(1646,2,'10 prints'),(1647,1,'17,5'),(1647,2,'17,5'),(1648,1,'10 exemplaires'),(1648,2,'10 prints'),(1680,1,'33'),(1680,2,''),(1831,1,'Encre et pastel'),(1831,2,'Ink and pastel'),(1832,1,'Encre et acrylique'),(1832,2,'Ink and acrylic'),(1836,1,'30,5'),(1836,2,'30,5'),(1837,1,'76'),(1837,2,'76'),(1936,1,'Papier 600 gr'),(1936,2,'Paper 600 gr'),(2119,1,'Papier marouflé sur toile'),(2119,2,'Papier marouflé sur toile'),(2134,1,'Box sous verre'),(2134,2,'Box sous verre'),(2197,1,'162'),(2197,2,'162'),(2198,1,'114'),(2198,2,'114'),(2222,1,'69'),(2222,2,'69'),(2223,1,'49'),(2223,2,'49'),(2224,1,'30 exemplaires'),(2224,2,'30 exemplaires'),(2225,1,'55 exemplaires'),(2225,2,''),(2227,1,'50 exemplaires'),(2227,2,''),(2261,1,'2000'),(2261,2,'2000'),(2265,1,'47'),(2265,2,'47'),(2269,1,'47'),(2269,2,''),(2270,1,'60'),(2270,2,'60'),(2271,1,'26'),(2271,2,'26'),(2272,1,'2004'),(2272,2,'2004'),(2273,1,'74'),(2273,2,'73'),(2274,1,'26,5'),(2274,2,''),(2275,1,'75'),(2275,2,'75'),(2276,1,'51'),(2276,2,'51'),(2277,1,'49'),(2277,2,'49'),(2280,1,'47'),(2280,2,'47'),(2281,1,'47'),(2281,2,'47'),(2282,1,'47'),(2282,2,'47'),(2283,1,'60'),(2283,2,'60'),(2284,1,'47'),(2284,2,'47'),(2285,1,'50,5'),(2285,2,'50,5'),(2292,1,'74'),(2292,2,'74'),(2293,1,'53'),(2293,2,'53'),(2294,1,'Aquarelle'),(2294,2,'Aquarelle'),(2301,1,'53'),(2301,2,''),(2302,1,'Aquarelle'),(2302,2,''),(2303,1,'53'),(2303,2,''),(2304,1,'75'),(2304,2,'75'),(2305,1,'55'),(2305,2,'55'),(2310,1,'53'),(2310,2,'74'),(2311,1,'74'),(2311,2,'53'),(2312,1,'73,5'),(2312,2,'73,5'),(2313,1,'Aquarelle'),(2313,2,'Aquarelle'),(2314,1,'161'),(2314,2,'161'),(2315,1,'Acrylique sur photo'),(2315,2,''),(2316,1,'2004'),(2316,2,'2004'),(2322,1,'40'),(2322,2,''),(2323,1,'73'),(2323,2,'73'),(2324,1,'53'),(2324,2,'53'),(2325,1,'Estampe numérique 3D'),(2325,2,'3D numeric print'),(2420,1,'83'),(2420,2,'83'),(2421,1,'61'),(2421,2,'61'),(2422,1,'30 exemplaires'),(2422,2,'30 prints'),(2423,1,'75'),(2423,2,'75'),(2424,1,'61'),(2424,2,'61'),(2425,1,'30 exemplaires'),(2425,2,'30 prints'),(2426,1,'81,5'),(2426,2,'81,5'),(2427,1,'61'),(2427,2,'61'),(2428,1,'30 exemplaires'),(2428,2,'30 prints'),(2429,1,'77,5'),(2429,2,'77,5'),(2430,1,'60,7'),(2430,2,'60,7'),(2431,1,'30 exemplaires'),(2431,2,'30 prints'),(2432,1,'83,3'),(2432,2,'83,3'),(2433,1,'30 exemplaires'),(2433,2,'30 prints'),(2435,1,'30 exemplaires'),(2435,2,'30 prints'),(2485,1,'72'),(2485,2,'72'),(2491,1,'6 exemplaires'),(2491,2,'6 prints'),(2492,1,'6 exemplaires'),(2492,2,'6 prints'),(2493,1,'6 exemplaires'),(2493,2,'6 prints'),(2494,1,'6 exemplaires'),(2494,2,'6 prints'),(2495,1,'100'),(2495,2,'100'),(2496,1,'70'),(2496,2,'70'),(2497,1,'25 exemplaires'),(2497,2,'30 prints'),(2499,1,'77'),(2499,2,'77'),(2500,1,'30 exemplaires'),(2500,2,'30 exemplaires'),(2502,1,'49 exemplaires'),(2502,2,''),(2533,1,'48,5'),(2533,2,'48,5'),(2534,1,'47'),(2534,2,'47'),(2536,1,'Crayon'),(2536,2,'Pencil'),(2587,1,'111'),(2587,2,'111'),(2588,1,'71'),(2588,2,'71'),(2595,1,'111'),(2595,2,'111'),(2596,1,'71'),(2596,2,'71'),(2605,1,'111'),(2605,2,'111'),(2606,1,'71'),(2606,2,'71'),(2611,1,'111'),(2611,2,'111'),(2612,1,'71'),(2612,2,'71'),(2643,1,'73'),(2643,2,'73'),(2644,1,'100'),(2644,2,'100'),(2645,1,'65'),(2645,2,'65'),(2646,1,'81'),(2646,2,'81'),(2659,1,'76'),(2659,2,'76'),(2660,1,'146'),(2660,2,'146'),(2689,1,'75'),(2689,2,'75'),(2690,1,'65'),(2690,2,'65'),(2717,1,'500 exemplaires'),(2717,2,''),(2718,1,'325 exemplaires'),(2718,2,''),(2720,1,'350 exemplaires'),(2720,2,''),(2749,1,'220'),(2749,2,'220'),(2750,1,'30'),(2750,2,'30'),(2756,1,'81'),(2756,2,'81'),(2760,1,'48'),(2760,2,'48'),(2784,1,'Acrylique sur photo'),(2784,2,'Acrylique sur photo'),(2785,1,'30'),(2785,2,'30'),(2786,1,'47'),(2786,2,'47'),(2787,1,'2005'),(2787,2,'2005'),(2788,1,'111'),(2788,2,'111'),(2789,1,'71'),(2789,2,'71'),(2792,1,'220'),(2792,2,'220'),(2793,1,'30'),(2793,2,'30'),(2796,1,'220'),(2796,2,'220'),(2797,1,'30'),(2797,2,'30'),(2812,1,'17,5'),(2812,2,'17,5'),(2813,1,'10 exemplaires'),(2813,2,'10 prints'),(2814,1,'17,5'),(2814,2,'17,5'),(2815,1,'10 exemplaires'),(2815,2,'10 prints'),(2816,1,'81'),(2816,2,'81'),(2835,1,'36'),(2835,2,'36'),(2836,1,'26'),(2836,2,'26'),(2837,1,'55'),(2837,2,'55'),(2838,1,'143'),(2838,2,'143'),(2839,1,'26'),(2839,2,'26'),(2840,1,'36'),(2840,2,'36'),(2849,1,'105'),(2849,2,'105'),(2850,1,'138'),(2850,2,'138'),(2853,1,'33'),(2853,2,'33'),(2854,1,'36'),(2854,2,'36'),(2859,1,'32,5'),(2859,2,'64,5'),(2860,1,'38'),(2860,2,'64'),(2861,1,'64,5'),(2861,2,'64,5'),(2862,1,'64'),(2862,2,'64'),(2865,1,'44'),(2865,2,'44'),(2866,1,'54'),(2866,2,'54'),(2867,1,'32,5'),(2867,2,'32,5'),(2868,1,'29,5'),(2868,2,'29,5'),(2871,1,'68'),(2871,2,'68'),(2872,1,'52'),(2872,2,'52'),(2877,1,'52,5'),(2877,2,'52,5'),(2878,1,'62'),(2878,2,'62'),(2879,1,'72'),(2879,2,'72'),(2880,1,'53'),(2880,2,'53'),(2881,1,'69,5'),(2881,2,'72'),(2882,1,'56'),(2882,2,'49,5'),(2885,1,'30'),(2885,2,'30'),(2887,1,'42'),(2887,2,'42'),(2888,1,'30'),(2888,2,'42'),(2889,1,'42'),(2889,2,'42'),(2891,1,'42'),(2891,2,'42'),(2892,1,'37'),(2892,2,'37'),(2893,1,'48'),(2893,2,'48'),(2906,1,'40'),(2906,2,''),(2907,1,'30'),(2907,2,''),(2908,1,'35'),(2908,2,''),(2909,1,'50'),(2909,2,''),(2910,1,'32'),(2910,2,''),(2911,1,'48'),(2911,2,''),(2914,1,'30'),(2914,2,''),(2915,1,'40'),(2915,2,''),(2916,1,'30'),(2916,2,''),(2917,1,'40'),(2917,2,''),(2918,1,'30'),(2918,2,''),(2919,1,'40'),(2919,2,''),(2920,1,'50'),(2920,2,''),(2921,1,'70'),(2921,2,''),(2924,1,'100'),(2924,2,''),(2925,1,'81'),(2925,2,''),(2926,1,'114'),(2926,2,''),(2927,1,'146'),(2927,2,''),(2928,1,'50'),(2928,2,''),(2929,1,'14,5'),(2929,2,''),(2931,1,'90'),(2931,2,'90'),(2932,1,'30'),(2932,2,'30'),(2934,1,'30'),(2934,2,''),(2935,1,'106'),(2935,2,''),(2936,1,'110'),(2936,2,''),(2937,1,'165'),(2937,2,''),(2938,1,'165'),(2938,2,''),(2939,1,'180'),(2939,2,''),(2951,1,'220'),(2951,2,'220'),(2952,1,'30'),(2952,2,'30'),(2959,1,'32,5'),(2959,2,'32,5'),(2960,1,'29,5'),(2960,2,'29,5'),(2961,1,'72'),(2961,2,'72'),(2962,1,'49,5'),(2962,2,'49,5'),(2963,1,'52,5'),(2963,2,'52,5'),(2964,1,'62,5'),(2964,2,'62,5'),(2967,1,'17'),(2967,2,''),(2970,1,'41'),(2970,2,'41'),(2971,1,'29,5'),(2971,2,'29,5'),(2972,1,'29,5'),(2972,2,'41'),(2973,1,'29,5'),(2973,2,'29,5'),(2988,1,'40'),(2988,2,''),(2989,1,'30'),(2989,2,''),(2991,1,'66'),(2991,2,''),(2992,1,'51'),(2992,2,''),(2997,1,'5 coffrets'),(2997,2,''),(2999,1,'55 exemplaires'),(2999,2,''),(3001,1,'110 exemplaires'),(3001,2,''),(3002,1,'75 exemplaires'),(3002,2,''),(3009,1,'58'),(3009,2,'58'),(3010,1,'58'),(3010,2,'58'),(3011,1,'133 exemplaires'),(3011,2,''),(3017,1,'100'),(3017,2,'100'),(3018,1,'45'),(3018,2,'45'),(3041,1,'95'),(3041,2,''),(3042,1,'95'),(3042,2,''),(3043,1,'95'),(3043,2,''),(3044,1,'95'),(3044,2,''),(3045,1,'200'),(3045,2,''),(3046,1,'165'),(3046,2,''),(3065,1,'100'),(3065,2,''),(3066,1,'81'),(3066,2,''),(3067,1,'100'),(3067,2,''),(3068,1,'81'),(3068,2,''),(3079,1,'50'),(3079,2,'50'),(3081,1,'50'),(3081,2,'50'),(3083,1,'50'),(3083,2,'50'),(3085,1,'50'),(3085,2,'50'),(3087,1,'50'),(3087,2,'50'),(3089,1,'50'),(3089,2,'50'),(3091,1,'50'),(3091,2,'50'),(3093,1,'50'),(3093,2,'50'),(3095,1,'50'),(3095,2,'50'),(3099,1,'97'),(3099,2,'50'),(3101,1,'97'),(3101,2,'50'),(3103,1,'97'),(3103,2,'50'),(3110,1,'76'),(3110,2,'76'),(3111,1,'58'),(3111,2,'58'),(3150,1,'76'),(3150,2,'76'),(3151,1,'58'),(3151,2,'58'),(3152,1,'76'),(3152,2,'76'),(3153,1,'58'),(3153,2,'58'),(3154,1,'76'),(3154,2,'76'),(3155,1,'58'),(3155,2,'58'),(3156,1,'76'),(3156,2,'76'),(3157,1,'58'),(3157,2,'58'),(3158,1,'76'),(3158,2,'76'),(3159,1,'58'),(3159,2,'58'),(3160,1,'76'),(3160,2,'76'),(3161,1,'58'),(3161,2,'58'),(3162,1,'76'),(3162,2,'76'),(3163,1,'58'),(3163,2,'58'),(3164,1,'76'),(3164,2,'76'),(3165,1,'58'),(3165,2,'58'),(3166,1,'36'),(3166,2,'36'),(3167,1,'26'),(3167,2,'26'),(3168,1,'36'),(3168,2,'36'),(3169,1,'26'),(3169,2,'26'),(3170,1,'36'),(3170,2,'36'),(3171,1,'26'),(3171,2,'26'),(3172,1,'36'),(3172,2,'36'),(3173,1,'26'),(3173,2,'26'),(3174,1,'30,5'),(3174,2,'30,5'),(3175,1,'23'),(3175,2,'23'),(3176,1,'30,5'),(3176,2,'30,5'),(3177,1,'23'),(3177,2,'23'),(3178,1,'30,5'),(3178,2,'30,5'),(3179,1,'23'),(3179,2,'23'),(3180,1,'30,5'),(3180,2,'30,5'),(3181,1,'23'),(3181,2,'23'),(3185,1,'70'),(3185,2,''),(3194,1,'200'),(3194,2,'200'),(3195,1,'180'),(3195,2,'180'),(3196,1,'81'),(3196,2,'81'),(3211,1,'69'),(3211,2,'69'),(3212,1,'52'),(3212,2,'52'),(3248,1,'26,5'),(3248,2,'26,5'),(3249,1,'23'),(3249,2,'23'),(3251,1,'2006'),(3251,2,'2006'),(3256,1,'54'),(3256,2,'54'),(3257,1,'73'),(3257,2,'73'),(3264,1,'53'),(3264,2,'53'),(3265,1,'74'),(3265,2,'74'),(3266,1,'Aquarelle'),(3266,2,'Aquarelle'),(3271,1,'140'),(3271,2,'140'),(3272,1,'100'),(3272,2,'100'),(3273,1,'50'),(3273,2,'50'),(3274,1,'130'),(3274,2,'130'),(3275,1,'97'),(3275,2,'97'),(3276,1,'220'),(3276,2,'220'),(3277,1,'30'),(3277,2,'30'),(3290,1,'61'),(3290,2,'61'),(3291,1,'37'),(3291,2,'37'),(3292,1,'30 exemplaires'),(3292,2,'30 prints'),(3293,1,'75'),(3293,2,'75'),(3294,1,'110'),(3294,2,'110'),(3296,1,'50'),(3296,2,'50'),(3299,1,'50'),(3299,2,'50'),(3307,1,'6 exemplaires'),(3307,2,'6 prints'),(3309,1,'6 exemplaires'),(3309,2,'6 prints'),(3314,1,'Open Edition'),(3314,2,''),(3315,1,'50 exemplaires'),(3315,2,''),(3323,1,'15 exemplaires'),(3323,2,''),(3327,1,'105'),(3327,2,'26,5'),(3328,1,'15'),(3328,2,'23'),(3329,1,'Etui à guitard'),(3329,2,''),(3330,1,'200'),(3330,2,'200'),(3331,1,'50'),(3331,2,'50'),(3332,1,'200'),(3332,2,'200'),(3333,1,'70'),(3333,2,'70'),(3334,1,'20'),(3334,2,'20'),(3335,1,'200'),(3335,2,'200'),(3336,1,'100'),(3336,2,'100'),(3337,1,'10'),(3337,2,'10'),(3341,1,'30,5'),(3341,2,''),(3356,1,'50'),(3356,2,'50'),(3357,1,'20 exemplaires'),(3357,2,'20'),(3362,1,'42'),(3362,2,''),(3363,1,'29,7'),(3363,2,''),(3364,1,'15 exemplaires'),(3364,2,''),(3365,1,'1 exemplaire'),(3365,2,''),(3381,1,'71'),(3381,2,''),(3382,1,'71'),(3382,2,''),(3383,1,'Rag Paper 290g'),(3383,2,''),(3384,1,'150 exemplaires'),(3384,2,''),(3385,1,'76'),(3385,2,'76'),(3387,1,'82'),(3387,2,'82'),(3390,1,'50 exemplaires'),(3390,2,''),(3408,1,'350'),(3408,2,''),(3409,1,'150 exemplaires'),(3409,2,''),(3412,1,'550'),(3412,2,''),(3415,1,'121'),(3415,2,''),(3416,1,'75'),(3416,2,''),(3417,1,'49 exemplaires'),(3417,2,''),(3419,1,'50 exemplaires'),(3419,2,'30 exemplaires'),(3421,1,'55 exemplaires'),(3421,2,''),(3422,1,'50 exemplaires'),(3422,2,''),(3423,1,'50 exemplaires'),(3423,2,''),(3424,1,'50 exemplaires'),(3424,2,''),(3425,1,'50 exemplaires'),(3425,2,''),(3426,1,'Rives 250g'),(3426,2,''),(3427,1,'55 exemplaires'),(3427,2,''),(3432,1,'97'),(3432,2,'97'),(3433,1,'146'),(3433,2,'146'),(3434,1,'130'),(3434,2,'130'),(3435,1,'97'),(3435,2,'97'),(3438,1,'50 exemplaires'),(3438,2,''),(3439,1,'50 exemplaires'),(3439,2,''),(3440,1,'60'),(3440,2,''),(3441,1,'40'),(3441,2,''),(3442,1,'Rives BFK 270g'),(3442,2,''),(3443,1,'76'),(3443,2,'76'),(3444,1,'58'),(3444,2,'58'),(3445,1,'65'),(3445,2,''),(3446,1,'50'),(3446,2,''),(3447,1,'97'),(3447,2,''),(3448,1,'162'),(3448,2,''),(3451,1,'76'),(3451,2,'76'),(3452,1,'58'),(3452,2,'58'),(3453,1,'76'),(3453,2,'76'),(3454,1,'58'),(3454,2,'58'),(3455,1,'50 exemplaires'),(3455,2,''),(3458,1,'29,5'),(3458,2,''),(3459,1,'21,5'),(3459,2,'');

--
-- Table structure for table `pre3305_feedbiz_amazon_options`
--

CREATE TABLE `pre3305_feedbiz_amazon_options` (
  `id_product` int(11) NOT NULL,
  `region` varchar(2) NOT NULL,
  `id_product_attribute` int(11) NOT NULL DEFAULT '0',
  `force` int(11) DEFAULT NULL,
  `nopexport` tinyint(4) DEFAULT NULL,
  `noqexport` tinyint(4) DEFAULT NULL,
  `fba` tinyint(4) DEFAULT NULL,
  `fba_value` float DEFAULT NULL,
  `latency` tinyint(4) DEFAULT NULL,
  `disable` tinyint(4) DEFAULT NULL,
  `price` float DEFAULT NULL,
  `asin1` varchar(16) DEFAULT NULL,
  `asin2` varchar(16) DEFAULT NULL,
  `asin3` varchar(16) DEFAULT NULL,
  `text` varchar(256) DEFAULT NULL,
  `bullet_point1` varchar(500) DEFAULT NULL,
  `bullet_point2` varchar(500) DEFAULT NULL,
  `bullet_point3` varchar(500) DEFAULT NULL,
  `bullet_point4` varchar(500) DEFAULT NULL,
  `bullet_point5` varchar(500) DEFAULT NULL,
  `shipping` float DEFAULT NULL,
  `shipping_type` tinyint(4) DEFAULT NULL,
  `gift_wrap` tinyint(4) DEFAULT NULL,
  `gift_message` tinyint(4) DEFAULT NULL,
  `browsenode` varchar(16) DEFAULT NULL,
  `repricing_min` float DEFAULT NULL,
  `repricing_max` float DEFAULT NULL,
  `repricing_gap` float DEFAULT NULL,
  `shipping_group` varchar(200) DEFAULT NULL,
  PRIMARY KEY (`id_product`,`id_product_attribute`,`region`),
  KEY `ASIN` (`asin1`)
) ENGINE=MyISAM DEFAULT CHARSET=utf8;

--
-- Dumping data for table `pre3305_feedbiz_amazon_options`
--


--
-- Table structure for table `pre3305_feedbiz_configuration`
--

CREATE TABLE `pre3305_feedbiz_configuration` (
  `configuration` varchar(32) DEFAULT NULL,
  `id_shop` int(11) DEFAULT '1',
  `value` longtext NOT NULL,
  UNIQUE KEY `configuration` (`configuration`)
) ENGINE=MyISAM DEFAULT CHARSET=utf8;

--
-- Dumping data for table `pre3305_feedbiz_configuration`
--

INSERT INTO `pre3305_feedbiz_configuration` VALUES ('feedbiz_categories',4,'a:59:{i:0;s:2:\"61\";i:1;s:2:\"62\";i:2;s:2:\"76\";i:3;s:2:\"78\";i:4;s:2:\"79\";i:5;s:2:\"80\";i:6;s:2:\"81\";i:7;s:2:\"90\";i:8;s:2:\"96\";i:9;s:2:\"97\";i:10;s:2:\"98\";i:11;s:2:\"99\";i:12;s:3:\"100\";i:13;s:3:\"101\";i:14;s:3:\"103\";i:15;s:3:\"104\";i:16;s:3:\"105\";i:17;s:3:\"106\";i:18;s:3:\"107\";i:19;s:3:\"108\";i:20;s:3:\"109\";i:21;s:3:\"110\";i:22;s:3:\"111\";i:23;s:3:\"112\";i:24;s:3:\"113\";i:25;s:3:\"114\";i:26;s:3:\"115\";i:27;s:3:\"116\";i:28;s:3:\"120\";i:29;s:3:\"123\";i:30;s:3:\"129\";i:31;s:3:\"134\";i:32;s:3:\"142\";i:33;s:3:\"143\";i:34;s:3:\"144\";i:35;s:3:\"145\";i:36;s:3:\"146\";i:37;s:3:\"147\";i:38;s:3:\"149\";i:39;s:3:\"150\";i:40;s:3:\"151\";i:41;s:3:\"152\";i:42;s:3:\"153\";i:43;s:3:\"154\";i:44;s:3:\"155\";i:45;s:3:\"158\";i:46;s:3:\"159\";i:47;s:2:\"77\";i:48;s:2:\"82\";i:49;s:2:\"83\";i:50;s:2:\"85\";i:51;s:2:\"91\";i:52;s:2:\"92\";i:53;s:2:\"93\";i:54;s:2:\"94\";i:55;s:2:\"95\";i:56;s:3:\"122\";i:57;s:3:\"140\";i:58;s:3:\"141\";}'),('context',4,'a:1:{s:0:\"\";O:8:\"stdClass\":15:{s:4:\"cart\";N;s:8:\"customer\";N;s:6:\"cookie\";N;s:4:\"link\";N;s:7:\"country\";O:8:\"stdClass\":14:{s:2:\"id\";i:8;s:7:\"id_zone\";s:1:\"9\";s:11:\"id_currency\";s:1:\"0\";s:8:\"iso_code\";s:2:\"FR\";s:11:\"call_prefix\";s:2:\"33\";s:4:\"name\";O:8:\"stdClass\":2:{s:1:\"1\";s:6:\"France\";s:1:\"2\";s:6:\"France\";}s:15:\"contains_states\";s:1:\"0\";s:26:\"need_identification_number\";s:1:\"0\";s:13:\"need_zip_code\";s:1:\"1\";s:15:\"zip_code_format\";s:5:\"NNNNN\";s:17:\"display_tax_label\";s:1:\"0\";s:6:\"active\";s:1:\"1\";s:12:\"id_shop_list\";N;s:8:\"force_id\";b:0;}s:8:\"employee\";O:8:\"stdClass\":31:{s:2:\"id\";i:2;s:10:\"id_profile\";s:1:\"1\";s:7:\"id_lang\";s:1:\"1\";s:8:\"lastname\";s:5:\"PEDEN\";s:9:\"firstname\";s:7:\"Thierry\";s:5:\"email\";s:21:\"thierry.peden@free.fr\";s:6:\"passwd\";s:60:\"$2y$10$PBj7YI7pX13MVxB3JC7EWuNUGHcNSbCPWANa9PhPfCBsiOg7ZWV0i\";s:15:\"last_passwd_gen\";s:19:\"2018-05-26 10:34:37\";s:15:\"stats_date_from\";s:10:\"2018-01-01\";s:13:\"stats_date_to\";s:10:\"2018-12-31\";s:18:\"stats_compare_from\";s:10:\"0000-00-00\";s:16:\"stats_compare_to\";s:10:\"0000-00-00\";s:20:\"stats_compare_option\";s:1:\"1\";s:20:\"preselect_date_range\";s:0:\"\";s:8:\"bo_color\";s:0:\"\";s:11:\"default_tab\";s:1:\"1\";s:8:\"bo_theme\";s:7:\"default\";s:6:\"bo_css\";s:15:\"admin-theme.css\";s:8:\"bo_width\";s:1:\"0\";s:7:\"bo_menu\";s:1:\"1\";s:18:\"bo_show_screencast\";b:0;s:6:\"active\";s:1:\"1\";s:5:\"optin\";s:1:\"0\";s:11:\"remote_addr\";N;s:13:\"id_last_order\";s:1:\"3\";s:24:\"id_last_customer_message\";s:1:\"0\";s:16:\"id_last_customer\";s:4:\"6028\";s:20:\"reset_password_token\";s:0:\"\";s:23:\"reset_password_validity\";s:19:\"0000-00-00 00:00:00\";s:12:\"id_shop_list\";N;s:8:\"force_id\";b:0;}s:10:\"controller\";N;s:41:\"override_controller_name_for_translations\";N;s:8:\"language\";O:8:\"stdClass\":11:{s:2:\"id\";i:1;s:4:\"name\";s:18:\"Français (French)\";s:8:\"iso_code\";s:2:\"fr\";s:6:\"locale\";s:5:\"fr-FR\";s:13:\"language_code\";s:2:\"fr\";s:16:\"date_format_lite\";s:5:\"d/m/Y\";s:16:\"date_format_full\";s:11:\"d/m/Y H:i:s\";s:6:\"is_rtl\";s:1:\"0\";s:6:\"active\";s:1:\"1\";s:12:\"id_shop_list\";N;s:8:\"force_id\";b:0;}s:8:\"currency\";O:8:\"stdClass\":16:{s:2:\"id\";i:1;s:4:\"name\";s:4:\"euro\";s:8:\"iso_code\";s:3:\"EUR\";s:12:\"iso_code_num\";s:3:\"978\";s:15:\"conversion_rate\";s:8:\"1.000000\";s:7:\"deleted\";s:1:\"0\";s:6:\"active\";s:1:\"1\";s:4:\"sign\";s:3:\"€\";s:6:\"format\";s:12:\"#,##0.00 ¤\";s:5:\"blank\";i:1;s:8:\"decimals\";i:1;s:6:\"prefix\";N;s:6:\"suffix\";N;s:12:\"id_shop_list\";N;s:8:\"force_id\";b:0;s:4:\"cldr\";O:8:\"stdClass\":0:{}}s:3:\"tab\";N;s:4:\"shop\";O:8:\"stdClass\":14:{s:13:\"id_shop_group\";s:1:\"1\";s:11:\"id_category\";s:2:\"61\";s:10:\"theme_name\";s:17:\"leo_fashion_store\";s:4:\"name\";s:5:\"Litho\";s:6:\"active\";s:1:\"1\";s:7:\"deleted\";s:1:\"0\";s:12:\"physical_uri\";s:1:\"/\";s:11:\"virtual_uri\";s:0:\"\";s:6:\"domain\";s:12:\"litho.online\";s:10:\"domain_ssl\";s:12:\"litho.online\";s:5:\"theme\";O:8:\"stdClass\":0:{}s:2:\"id\";i:4;s:12:\"id_shop_list\";N;s:8:\"force_id\";b:0;}s:6:\"smarty\";N;s:13:\"mobile_detect\";N;s:4:\"mode\";N;}}'),('feedbiz_filter_manufacturers',4,'b:0;'),('feedbiz_filter_suppliers',4,'b:0;');

--
-- Table structure for table `pre3305_feedbiz_ebay_options`
--

CREATE TABLE `pre3305_feedbiz_ebay_options` (
  `id_product` int(11) NOT NULL,
  `region` varchar(5) NOT NULL,
  `id_product_attribute` int(11) NOT NULL DEFAULT '0',
  `force` int(11) DEFAULT NULL,
  `disable` tinyint(4) DEFAULT NULL,
  `price` float DEFAULT NULL,
  PRIMARY KEY (`id_product`,`id_product_attribute`,`region`)
) ENGINE=MyISAM DEFAULT CHARSET=utf8;

--
-- Dumping data for table `pre3305_feedbiz_ebay_options`
--


--
-- Table structure for table `pre3305_feedbiz_orders`
--

CREATE TABLE `pre3305_feedbiz_orders` (
  `id_order` int(11) NOT NULL,
  `mp_order_id` varchar(32) NOT NULL,
  `channel_id` int(11) DEFAULT '1',
  `channel_name` varchar(32) DEFAULT NULL,
  `mp_reference` varchar(64) DEFAULT NULL,
  `mp_number` varchar(32) NOT NULL,
  `mp_status` int(11) DEFAULT NULL,
  `multichannel` varchar(32) NOT NULL,
  `shipping_type` varchar(255) DEFAULT NULL,
  `is_prime` tinyint(4) DEFAULT NULL,
  `is_premium` tinyint(4) DEFAULT NULL,
  `is_business` tinyint(4) DEFAULT NULL,
  `earliest_ship_date` datetime DEFAULT NULL,
  `latest_ship_date` datetime DEFAULT NULL,
  `cancelled_reason` varchar(200) DEFAULT NULL,
  PRIMARY KEY (`id_order`),
  UNIQUE KEY `mp_order_id` (`mp_order_id`)
) ENGINE=MyISAM DEFAULT CHARSET=utf8;

--
-- Dumping data for table `pre3305_feedbiz_orders`
--


--
-- Table structure for table `pre3305_feedbiz_product_option`
--

CREATE TABLE `pre3305_feedbiz_product_option` (
  `id_product` int(11) NOT NULL,
  `id_product_attribute` int(11) NOT NULL,
  `id_lang` int(11) NOT NULL,
  `force` int(11) DEFAULT NULL,
  `disable` tinyint(4) DEFAULT NULL,
  `price` float DEFAULT NULL,
  `shipping` float DEFAULT NULL,
  `text` varchar(200) DEFAULT NULL,
  UNIQUE KEY `id_product` (`id_product`,`id_product_attribute`,`id_lang`)
) ENGINE=MyISAM DEFAULT CHARSET=utf8;

--
-- Dumping data for table `pre3305_feedbiz_product_option`
--


--
-- Table structure for table `pre3305_gact_orders`
--

CREATE TABLE `pre3305_gact_orders` (
  `id_conversion` int(11) NOT NULL AUTO_INCREMENT,
  `type` enum('confirmation','payment') DEFAULT 'confirmation',
  `cart_id` int(11) NOT NULL,
  `is_sent` int(2) NOT NULL DEFAULT '0',
  `order_id` int(10) NOT NULL,
  `confirmation` int(2) NOT NULL DEFAULT '0',
  PRIMARY KEY (`id_conversion`),
  KEY `x_btr_cart` (`cart_id`),
  KEY `x_btr_order` (`order_id`)
) ENGINE=MyISAM AUTO_INCREMENT=153 DEFAULT CHARSET=utf8;

--
-- Dumping data for table `pre3305_gact_orders`
--

INSERT INTO `pre3305_gact_orders` VALUES (1,'confirmation',28,0,4,0),(2,'confirmation',30,1,5,1),(3,'confirmation',31,0,6,0),(4,'confirmation',38,0,7,0),(5,'confirmation',41,0,8,0),(6,'confirmation',43,0,9,0),(7,'confirmation',44,0,10,0),(8,'confirmation',56,0,11,0),(9,'confirmation',57,0,12,0),(10,'confirmation',60,0,13,0),(11,'confirmation',61,1,14,1),(12,'confirmation',62,1,15,1),(13,'confirmation',67,0,16,0),(14,'confirmation',68,0,17,0),(15,'confirmation',70,0,18,0),(16,'confirmation',71,0,19,0),(17,'confirmation',72,0,20,0),(18,'confirmation',74,1,21,1),(19,'confirmation',77,0,22,0),(20,'confirmation',91,0,23,0),(21,'confirmation',94,0,24,0),(22,'confirmation',95,0,25,0),(23,'confirmation',96,0,26,0),(24,'confirmation',98,0,27,0),(25,'confirmation',99,0,28,0),(26,'confirmation',102,0,29,0),(27,'confirmation',105,0,30,0),(28,'confirmation',106,0,31,0),(29,'confirmation',107,0,32,0),(30,'confirmation',103,0,33,0),(31,'confirmation',108,0,34,0),(32,'confirmation',109,0,35,0),(33,'confirmation',110,0,36,0),(34,'confirmation',111,0,37,0),(35,'confirmation',114,0,38,0),(36,'confirmation',126,0,39,0),(37,'confirmation',127,0,40,0),(38,'confirmation',128,0,41,0),(39,'confirmation',131,1,42,1),(40,'confirmation',132,1,43,1),(41,'confirmation',141,1,44,1),(42,'confirmation',143,0,45,0),(43,'confirmation',145,0,46,0),(44,'confirmation',147,0,47,0),(45,'confirmation',148,0,48,0),(46,'confirmation',151,0,49,0),(47,'confirmation',152,0,50,0),(48,'confirmation',156,1,51,1),(49,'confirmation',157,1,52,1),(50,'confirmation',176,0,56,0),(51,'confirmation',178,0,57,0),(52,'confirmation',177,0,58,0),(53,'confirmation',179,0,59,0),(54,'confirmation',181,0,60,0),(55,'confirmation',184,0,61,0),(56,'confirmation',185,0,62,0),(57,'confirmation',186,0,63,0),(58,'confirmation',187,0,64,0),(59,'confirmation',189,0,65,0),(60,'confirmation',190,0,66,0),(61,'confirmation',191,0,67,0),(62,'confirmation',192,0,68,0),(63,'confirmation',193,0,69,0),(64,'confirmation',194,0,70,0),(65,'confirmation',195,0,71,0),(66,'confirmation',196,0,72,0),(67,'confirmation',197,0,73,0),(68,'confirmation',198,0,74,0),(69,'confirmation',214,0,77,0),(70,'confirmation',216,1,78,1),(71,'confirmation',218,0,79,0),(72,'confirmation',220,0,80,0),(73,'confirmation',222,0,81,0),(74,'confirmation',223,0,82,0),(75,'confirmation',224,0,83,0),(76,'confirmation',226,0,84,0),(77,'confirmation',227,0,85,0),(78,'confirmation',230,0,88,0),(79,'confirmation',233,0,89,0),(80,'confirmation',234,0,90,0),(81,'confirmation',235,0,91,0),(82,'confirmation',237,0,93,0),(83,'confirmation',225,0,95,0),(84,'confirmation',249,0,96,0),(85,'confirmation',250,0,97,0),(86,'confirmation',256,0,98,0),(87,'confirmation',257,0,99,0),(88,'confirmation',258,0,100,0),(89,'confirmation',263,0,101,0),(90,'confirmation',264,0,102,0),(91,'confirmation',266,0,103,0),(92,'confirmation',267,0,104,0),(93,'confirmation',268,0,105,0),(94,'confirmation',272,0,106,0),(95,'confirmation',273,0,107,0),(96,'confirmation',274,0,108,0),(97,'confirmation',275,0,109,0),(98,'confirmation',278,0,110,0),(99,'confirmation',279,0,111,0),(100,'confirmation',280,0,112,0),(101,'confirmation',271,1,113,1),(102,'confirmation',285,0,114,0),(103,'confirmation',287,0,115,0),(104,'confirmation',294,0,116,0),(105,'confirmation',295,0,117,0),(106,'confirmation',291,0,118,0),(107,'confirmation',297,0,119,0),(108,'confirmation',298,0,120,0),(109,'confirmation',300,0,121,0),(110,'confirmation',289,0,122,0),(111,'confirmation',316,0,123,0),(112,'confirmation',314,1,124,1),(113,'confirmation',313,0,125,0),(114,'confirmation',320,0,126,0),(115,'confirmation',321,0,127,0),(116,'confirmation',323,0,128,0),(117,'confirmation',325,0,129,0),(118,'confirmation',327,0,130,0),(119,'confirmation',346,0,131,0),(120,'confirmation',347,0,132,0),(121,'confirmation',349,0,133,0),(122,'confirmation',245,0,137,0),(123,'confirmation',357,0,139,0),(124,'confirmation',369,1,142,1),(125,'confirmation',373,0,143,0),(126,'confirmation',378,1,144,1),(127,'confirmation',396,0,147,0),(128,'confirmation',398,0,148,0),(129,'confirmation',399,0,149,0),(130,'confirmation',404,1,150,1),(131,'confirmation',413,1,157,1),(132,'confirmation',416,0,158,0),(133,'confirmation',420,0,159,0),(134,'confirmation',422,0,160,0),(135,'confirmation',424,0,161,0),(136,'confirmation',425,0,162,0),(137,'confirmation',426,0,163,0),(138,'confirmation',427,0,164,0),(139,'confirmation',428,0,165,0),(140,'confirmation',429,0,166,0),(141,'confirmation',430,1,167,1),(142,'confirmation',434,0,168,0),(143,'confirmation',435,0,169,0),(144,'confirmation',436,0,170,0),(145,'confirmation',437,0,171,0),(146,'confirmation',449,0,174,0),(147,'confirmation',454,0,178,0),(148,'confirmation',458,0,181,0),(149,'confirmation',466,1,185,1),(150,'confirmation',469,0,186,0),(151,'confirmation',470,0,187,0),(152,'confirmation',473,0,188,0);

--
-- Table structure for table `pre3305_gender`
--

CREATE TABLE `pre3305_gender` (
  `id_gender` int(11) NOT NULL AUTO_INCREMENT,
  `type` tinyint(1) NOT NULL,
  PRIMARY KEY (`id_gender`)
) ENGINE=InnoDB AUTO_INCREMENT=4 DEFAULT CHARSET=utf8;

--
-- Dumping data for table `pre3305_gender`
--

INSERT INTO `pre3305_gender` VALUES (1,0),(2,1),(3,2);

--
-- Table structure for table `pre3305_gender_lang`
--

CREATE TABLE `pre3305_gender_lang` (
  `id_gender` int(10) unsigned NOT NULL,
  `id_lang` int(10) unsigned NOT NULL,
  `name` varchar(20) NOT NULL,
  PRIMARY KEY (`id_gender`,`id_lang`),
  KEY `id_gender` (`id_gender`)
) ENGINE=InnoDB DEFAULT CHARSET=utf8;

--
-- Dumping data for table `pre3305_gender_lang`
--

INSERT INTO `pre3305_gender_lang` VALUES (1,1,'M'),(1,2,'Mr.'),(2,1,'Mme'),(2,2,'Mrs.'),(3,1,'Dr'),(3,2,'Dr');

--
-- Table structure for table `pre3305_gmc_brands`
--

CREATE TABLE `pre3305_gmc_brands` (
  `id_brands` int(11) NOT NULL,
  `id_shop` int(11) NOT NULL DEFAULT '1',
  UNIQUE KEY `id_brands` (`id_brands`,`id_shop`)
) ENGINE=MyISAM DEFAULT CHARSET=utf8;

--
-- Dumping data for table `pre3305_gmc_brands`
--


--
-- Table structure for table `pre3305_gmc_categories`
--

CREATE TABLE `pre3305_gmc_categories` (
  `id_category` int(11) NOT NULL,
  `id_shop` int(11) NOT NULL DEFAULT '1',
  UNIQUE KEY `id_category` (`id_category`,`id_shop`)
) ENGINE=MyISAM DEFAULT CHARSET=utf8;

--
-- Dumping data for table `pre3305_gmc_categories`
--

INSERT INTO `pre3305_gmc_categories` VALUES (61,4),(76,4),(78,4),(79,4),(80,4),(81,4),(90,4),(96,4),(97,4),(98,4),(99,4),(100,4),(101,4),(103,4),(104,4),(105,4),(106,4),(107,4),(108,4),(109,4),(110,4),(111,4),(112,4),(113,4),(114,4),(115,4),(116,4),(120,4),(123,4),(129,4),(134,4),(142,4),(143,4),(144,4),(145,4),(146,4),(147,4),(149,4),(150,4),(151,4),(152,4),(153,4),(154,4),(155,4),(158,4),(159,4);

--
-- Table structure for table `pre3305_gmc_features_by_cat`
--

CREATE TABLE `pre3305_gmc_features_by_cat` (
  `id_cat` int(11) NOT NULL DEFAULT '0',
  `values` text NOT NULL,
  `id_shop` int(11) NOT NULL DEFAULT '1',
  PRIMARY KEY (`id_cat`,`id_shop`),
  UNIQUE KEY `id_cat` (`id_cat`,`id_shop`)
) ENGINE=MyISAM DEFAULT CHARSET=utf8;

--
-- Dumping data for table `pre3305_gmc_features_by_cat`
--


--
-- Table structure for table `pre3305_gmc_tags`
--

CREATE TABLE `pre3305_gmc_tags` (
  `id_tag` int(11) NOT NULL AUTO_INCREMENT,
  `id_shop` int(11) NOT NULL DEFAULT '1',
  `name` char(255) NOT NULL,
  `type` char(255) NOT NULL,
  PRIMARY KEY (`id_tag`)
) ENGINE=MyISAM AUTO_INCREMENT=2 DEFAULT CHARSET=utf8;

--
-- Dumping data for table `pre3305_gmc_tags`
--

INSERT INTO `pre3305_gmc_tags` VALUES (1,4,'Litho','');

--
-- Table structure for table `pre3305_gmc_tags_brands`
--

CREATE TABLE `pre3305_gmc_tags_brands` (
  `id_tag` int(11) NOT NULL,
  `id_brand` int(11) NOT NULL,
  UNIQUE KEY `tag_brand` (`id_tag`,`id_brand`)
) ENGINE=MyISAM DEFAULT CHARSET=utf8;

--
-- Dumping data for table `pre3305_gmc_tags_brands`
--


--
-- Table structure for table `pre3305_gmc_tags_cats`
--

CREATE TABLE `pre3305_gmc_tags_cats` (
  `id_tag` int(11) NOT NULL,
  `id_category` int(11) NOT NULL,
  UNIQUE KEY `tag_cat` (`id_tag`,`id_category`)
) ENGINE=MyISAM DEFAULT CHARSET=utf8;

--
-- Dumping data for table `pre3305_gmc_tags_cats`
--

INSERT INTO `pre3305_gmc_tags_cats` VALUES (1,61),(1,76),(1,78),(1,79),(1,80),(1,81),(1,90),(1,96),(1,97),(1,98),(1,99),(1,100),(1,101),(1,103),(1,104),(1,105),(1,106),(1,107),(1,108),(1,109),(1,110),(1,111),(1,112),(1,113),(1,114),(1,115),(1,116),(1,120),(1,123),(1,129),(1,134),(1,142),(1,143),(1,144),(1,145),(1,146),(1,147),(1,149),(1,150),(1,151),(1,152),(1,153),(1,154),(1,155),(1,158),(1,159);

--
-- Table structure for table `pre3305_gmc_tags_suppliers`
--

CREATE TABLE `pre3305_gmc_tags_suppliers` (
  `id_tag` int(11) NOT NULL,
  `id_supplier` int(11) NOT NULL,
  UNIQUE KEY `tag_supplier` (`id_tag`,`id_supplier`)
) ENGINE=MyISAM DEFAULT CHARSET=utf8;

--
-- Dumping data for table `pre3305_gmc_tags_suppliers`
--


--
-- Table structure for table `pre3305_gmc_taxonomy`
--

CREATE TABLE `pre3305_gmc_taxonomy` (
  `id_taxonomy` int(11) NOT NULL AUTO_INCREMENT,
  `value` text NOT NULL,
  `lang` varchar(5) NOT NULL,
  PRIMARY KEY (`id_taxonomy`),
  KEY `lang` (`lang`),
  FULLTEXT KEY `ft_index` (`value`)
) ENGINE=MyISAM AUTO_INCREMENT=37990 DEFAULT CHARSET=utf8;

--
-- Dumping data for table `pre3305_gmc_taxonomy`
--

INSERT INTO `pre3305_gmc_taxonomy` VALUES (37989,'Équipements sportifs > Loisirs de plein air > Équitation > Équipement et accessoires d\'équitation > Pantalons d\'équitation','fr-FR'),(37988,'Équipements sportifs > Loisirs de plein air > Équitation > Équipement et accessoires d\'équitation > Gants d\'équitation','fr-FR'),(37985,'Équipements sportifs > Loisirs de plein air > Équitation > Équipement et accessoires d\'équitation','fr-FR'),(37987,'Équipements sportifs > Loisirs de plein air > Équitation > Équipement et accessoires d\'équitation > Cravaches','fr-FR'),(37986,'Équipements sportifs > Loisirs de plein air > Équitation > Équipement et accessoires d\'équitation > Bombes d\'équitation','fr-FR'),(37984,'Équipements sportifs > Loisirs de plein air > Équitation > Harnachement > Étriers','fr-FR'),(37981,'Équipements sportifs > Loisirs de plein air > Équitation > Harnachement > Rênes pour chevaux','fr-FR'),(37983,'Équipements sportifs > Loisirs de plein air > Équitation > Harnachement > Sous-ventrière','fr-FR'),(37982,'Équipements sportifs > Loisirs de plein air > Équitation > Harnachement > Selles','fr-FR'),(37978,'Équipements sportifs > Loisirs de plein air > Équitation > Harnachement > Licous pour chevaux','fr-FR'),(37979,'Équipements sportifs > Loisirs de plein air > Équitation > Harnachement > Mors','fr-FR'),(37980,'Équipements sportifs > Loisirs de plein air > Équitation > Harnachement > Rênes','fr-FR'),(37974,'Équipements sportifs > Loisirs de plein air > Équitation > Articles pour chevaux > Vitamines et compléments alimentaires pour chevaux','fr-FR'),(37975,'Équipements sportifs > Loisirs de plein air > Équitation > Harnachement','fr-FR'),(37976,'Équipements sportifs > Loisirs de plein air > Équitation > Harnachement > Brides','fr-FR'),(37977,'Équipements sportifs > Loisirs de plein air > Équitation > Harnachement > Harnais pour chevaux','fr-FR'),(37972,'Équipements sportifs > Loisirs de plein air > Équitation > Articles pour chevaux > Masques anti-mouches pour chevaux','fr-FR'),(37973,'Équipements sportifs > Loisirs de plein air > Équitation > Articles pour chevaux > Vermifuges pour chevaux','fr-FR'),(37971,'Équipements sportifs > Loisirs de plein air > Équitation > Articles pour chevaux > Guêtres et cloches pour chevaux','fr-FR'),(37968,'Équipements sportifs > Loisirs de plein air > Équitation > Articles pour chevaux > Articles de toilettage pour chevaux > Tondeuses pour chevaux','fr-FR'),(37970,'Équipements sportifs > Loisirs de plein air > Équitation > Articles pour chevaux > Friandises pour chevaux','fr-FR'),(37969,'Équipements sportifs > Loisirs de plein air > Équitation > Articles pour chevaux > Couvertures pour chevaux','fr-FR'),(37967,'Équipements sportifs > Loisirs de plein air > Équitation > Articles pour chevaux > Articles de toilettage pour chevaux > Peignes, brosses et gants de toilettage','fr-FR'),(37966,'Équipements sportifs > Loisirs de plein air > Équitation > Articles pour chevaux > Articles de toilettage pour chevaux','fr-FR'),(37963,'Équipements sportifs > Loisirs de plein air > Équitation > Accessoires de harnachement pour chevaux > Coffres d\'écurie','fr-FR'),(37964,'Équipements sportifs > Loisirs de plein air > Équitation > Articles pour chevaux','fr-FR'),(37965,'Équipements sportifs > Loisirs de plein air > Équitation > Articles pour chevaux > Aliments pour chevaux','fr-FR'),(37962,'Équipements sportifs > Loisirs de plein air > Équitation > Accessoires de harnachement pour chevaux > Accessoires de selles > Étuis et housses pour selles','fr-FR'),(37961,'Équipements sportifs > Loisirs de plein air > Équitation > Accessoires de harnachement pour chevaux > Accessoires de selles > Tapis de selles','fr-FR'),(37958,'Équipements sportifs > Loisirs de plein air > Équitation > Accessoires de harnachement pour chevaux > Accessoires de selles','fr-FR'),(37959,'Équipements sportifs > Loisirs de plein air > Équitation > Accessoires de harnachement pour chevaux > Accessoires de selles > Porte-selles','fr-FR'),(37954,'Équipements sportifs > Loisirs de plein air > Skateboarding > Équipement de protection de skateboard > Genouillères et coudières de skateboard','fr-FR'),(37960,'Équipements sportifs > Loisirs de plein air > Équitation > Accessoires de harnachement pour chevaux > Accessoires de selles > Sacs et sacoches de selles','fr-FR'),(37956,'Équipements sportifs > Loisirs de plein air > Équitation','fr-FR'),(37957,'Équipements sportifs > Loisirs de plein air > Équitation > Accessoires de harnachement pour chevaux','fr-FR'),(37955,'Équipements sportifs > Loisirs de plein air > Trottinettes','fr-FR'),(37951,'Équipements sportifs > Loisirs de plein air > Skateboarding > Équipement de protection de skateboard','fr-FR'),(37952,'Équipements sportifs > Loisirs de plein air > Skateboarding > Équipement de protection de skateboard > Casques de skateboard','fr-FR'),(37953,'Équipements sportifs > Loisirs de plein air > Skateboarding > Équipement de protection de skateboard > Gants de skateboard','fr-FR'),(37950,'Équipements sportifs > Loisirs de plein air > Skateboarding > Skateboards','fr-FR'),(37949,'Équipements sportifs > Loisirs de plein air > Skateboarding > Rampes de skate','fr-FR'),(37947,'Équipements sportifs > Loisirs de plein air > Skateboarding > Pièces de skateboard > Roues de skateboard','fr-FR'),(37948,'Équipements sportifs > Loisirs de plein air > Skateboarding > Rails de skate','fr-FR'),(37945,'Équipements sportifs > Loisirs de plein air > Skateboarding > Pièces de skateboard > Petites pièces de skateboard','fr-FR'),(37946,'Équipements sportifs > Loisirs de plein air > Skateboarding > Pièces de skateboard > Planches de skateboard','fr-FR'),(37944,'Équipements sportifs > Loisirs de plein air > Skateboarding > Pièces de skateboard > Essieux de skateboard','fr-FR'),(37941,'Équipements sportifs > Loisirs de plein air > Sacs d\'hydratation','fr-FR'),(37942,'Équipements sportifs > Loisirs de plein air > Skateboarding','fr-FR'),(37943,'Équipements sportifs > Loisirs de plein air > Skateboarding > Pièces de skateboard','fr-FR'),(37938,'Équipements sportifs > Loisirs de plein air > Pêche > Moulinets','fr-FR'),(37940,'Équipements sportifs > Loisirs de plein air > Pêche > Outils d\'extraction des hameçons','fr-FR'),(37939,'Équipements sportifs > Loisirs de plein air > Pêche > Nasses de pêche','fr-FR'),(37937,'Équipements sportifs > Loisirs de plein air > Pêche > Matériel de pêche > Plombs pour la pêche','fr-FR'),(37935,'Équipements sportifs > Loisirs de plein air > Pêche > Matériel de pêche > Hameçons','fr-FR'),(37936,'Équipements sportifs > Loisirs de plein air > Pêche > Matériel de pêche > Leurres et appâts pour la pêche','fr-FR'),(37934,'Équipements sportifs > Loisirs de plein air > Pêche > Matériel de pêche > Flotteurs pour la pêche','fr-FR'),(37930,'Équipements sportifs > Loisirs de plein air > Pêche > Matériaux de montage de mouches > Fil de pêche','fr-FR'),(37931,'Équipements sportifs > Loisirs de plein air > Pêche > Matériaux de montage de mouches > Perles pour la pêche','fr-FR'),(37933,'Équipements sportifs > Loisirs de plein air > Pêche > Matériel de pêche > Agrafes et émerillons pour la pêche','fr-FR'),(37932,'Équipements sportifs > Loisirs de plein air > Pêche > Matériel de pêche','fr-FR'),(37929,'Équipements sportifs > Loisirs de plein air > Pêche > Matériaux de montage de mouches','fr-FR'),(37928,'Équipements sportifs > Loisirs de plein air > Pêche > Lignes et bas de ligne pour la pêche','fr-FR'),(37925,'Équipements sportifs > Loisirs de plein air > Pêche > Filets de pêche','fr-FR'),(37926,'Équipements sportifs > Loisirs de plein air > Pêche > Gaffes de pêche','fr-FR'),(37927,'Équipements sportifs > Loisirs de plein air > Pêche > Harpons de pêche','fr-FR'),(37923,'Équipements sportifs > Loisirs de plein air > Pêche > Cuissardes pour la chasse et la pêche','fr-FR'),(37924,'Équipements sportifs > Loisirs de plein air > Pêche > Détecteurs de touches','fr-FR'),(37921,'Équipements sportifs > Loisirs de plein air > Pêche > Boîtes à appât','fr-FR'),(37922,'Équipements sportifs > Loisirs de plein air > Pêche > Cannes à pêche','fr-FR'),(37920,'Équipements sportifs > Loisirs de plein air > Pêche > Boîtes et sacoches de pêche','fr-FR'),(37919,'Équipements sportifs > Loisirs de plein air > Pêche > Appâts vivants','fr-FR'),(37917,'Équipements sportifs > Loisirs de plein air > Pêche > Accessoires pour cannes à pêche > Sacs et étuis pour cannes à pêche','fr-FR'),(37918,'Équipements sportifs > Loisirs de plein air > Pêche > Accessoires pour cannes à pêche > Stands et racks pour cannes à pêche','fr-FR'),(37914,'Équipements sportifs > Loisirs de plein air > Pêche > Accessoires de moulinets > Lubrifiants pour moulinets','fr-FR'),(37915,'Équipements sportifs > Loisirs de plein air > Pêche > Accessoires de moulinets > Sacs et étuis pour moulinets','fr-FR'),(37916,'Équipements sportifs > Loisirs de plein air > Pêche > Accessoires pour cannes à pêche','fr-FR'),(37911,'Équipements sportifs > Loisirs de plein air > Pêche','fr-FR'),(37912,'Équipements sportifs > Loisirs de plein air > Pêche > Accessoires de moulinets','fr-FR'),(37913,'Équipements sportifs > Loisirs de plein air > Pêche > Accessoires de moulinets > Bobines de rechange pour moulinets','fr-FR'),(37909,'Équipements sportifs > Loisirs de plein air > Plaisance et sports nautiques > Équipement de plaisance et sports nautiques > Éléments de combinaisons de plongée > Cagoules, gants et bottes de plongée','fr-FR'),(37910,'Équipements sportifs > Loisirs de plein air > Plaisance et sports nautiques > Équipement de plaisance et sports nautiques > Éléments de combinaisons de plongée > Hauts de combinaison','fr-FR'),(37908,'Équipements sportifs > Loisirs de plein air > Plaisance et sports nautiques > Équipement de plaisance et sports nautiques > Éléments de combinaisons de plongée > Bas de combinaison','fr-FR'),(37907,'Équipements sportifs > Loisirs de plein air > Plaisance et sports nautiques > Équipement de plaisance et sports nautiques > Éléments de combinaisons de plongée','fr-FR'),(37905,'Équipements sportifs > Loisirs de plein air > Plaisance et sports nautiques > Équipement de plaisance et sports nautiques > Gilets de sauvetage','fr-FR'),(37906,'Équipements sportifs > Loisirs de plein air > Plaisance et sports nautiques > Équipement de plaisance et sports nautiques > Vêtements anti-irritations et de baignade','fr-FR'),(37904,'Équipements sportifs > Loisirs de plein air > Plaisance et sports nautiques > Équipement de plaisance et sports nautiques > Combinaisons étanches','fr-FR'),(37903,'Équipements sportifs > Loisirs de plein air > Plaisance et sports nautiques > Équipement de plaisance et sports nautiques > Combinaisons de sports nautiques','fr-FR'),(37900,'Équipements sportifs > Loisirs de plein air > Plaisance et sports nautiques > Équipement de plaisance et sports nautiques','fr-FR'),(37902,'Équipements sportifs > Loisirs de plein air > Plaisance et sports nautiques > Équipement de plaisance et sports nautiques > Casques de sports nautiques','fr-FR'),(37901,'Équipements sportifs > Loisirs de plein air > Plaisance et sports nautiques > Équipement de plaisance et sports nautiques > Accessoires pour gilets de sauvetage','fr-FR'),(37899,'Équipements sportifs > Loisirs de plein air > Plaisance et sports nautiques > Windsurf > Voiles de windsurf','fr-FR'),(37898,'Équipements sportifs > Loisirs de plein air > Plaisance et sports nautiques > Windsurf > Planches de windsurf','fr-FR'),(37896,'Équipements sportifs > Loisirs de plein air > Plaisance et sports nautiques > Windsurf > Pièces pour planches de windsurf > Ailerons pour planches de windsurf','fr-FR'),(37897,'Équipements sportifs > Loisirs de plein air > Plaisance et sports nautiques > Windsurf > Pièces pour planches de windsurf > Mâts de planches de windsurf','fr-FR'),(37895,'Équipements sportifs > Loisirs de plein air > Plaisance et sports nautiques > Windsurf > Pièces pour planches de windsurf','fr-FR'),(37894,'Équipements sportifs > Loisirs de plein air > Plaisance et sports nautiques > Windsurf','fr-FR'),(37890,'Équipements sportifs > Loisirs de plein air > Plaisance et sports nautiques > Surf > Pads de surf','fr-FR'),(37891,'Équipements sportifs > Loisirs de plein air > Plaisance et sports nautiques > Surf > Planches de surf','fr-FR'),(37892,'Équipements sportifs > Loisirs de plein air > Plaisance et sports nautiques > Surf > Sangles pour planches de surf','fr-FR'),(37893,'Équipements sportifs > Loisirs de plein air > Plaisance et sports nautiques > Surf > Skimboards','fr-FR'),(37889,'Équipements sportifs > Loisirs de plein air > Plaisance et sports nautiques > Surf > Paddleboards','fr-FR'),(37888,'Équipements sportifs > Loisirs de plein air > Plaisance et sports nautiques > Surf > Housses de planche de surf','fr-FR'),(37887,'Équipements sportifs > Loisirs de plein air > Plaisance et sports nautiques > Surf > Gants de surf','fr-FR'),(37885,'Équipements sportifs > Loisirs de plein air > Plaisance et sports nautiques > Surf > Cire pour planches de surf','fr-FR'),(37886,'Équipements sportifs > Loisirs de plein air > Plaisance et sports nautiques > Surf > Dérives pour planches de surf','fr-FR'),(37883,'Équipements sportifs > Loisirs de plein air > Plaisance et sports nautiques > Surf','fr-FR'),(37884,'Équipements sportifs > Loisirs de plein air > Plaisance et sports nautiques > Surf > Bodyboards','fr-FR'),(37882,'Équipements sportifs > Loisirs de plein air > Plaisance et sports nautiques > Sports nautiques tractés > Wakeboard > Planches de wakeboard','fr-FR'),(37881,'Équipements sportifs > Loisirs de plein air > Plaisance et sports nautiques > Sports nautiques tractés > Wakeboard > Pièces de wakeboard','fr-FR'),(37879,'Équipements sportifs > Loisirs de plein air > Plaisance et sports nautiques > Sports nautiques tractés > Wakeboard','fr-FR'),(37880,'Équipements sportifs > Loisirs de plein air > Plaisance et sports nautiques > Sports nautiques tractés > Wakeboard > Fixations pour planches de kitesurf et wakeboard','fr-FR'),(37878,'Équipements sportifs > Loisirs de plein air > Plaisance et sports nautiques > Sports nautiques tractés > Ski nautique > Étuis et sacs pour skis nautiques','fr-FR'),(37876,'Équipements sportifs > Loisirs de plein air > Plaisance et sports nautiques > Sports nautiques tractés > Ski nautique > Hydrofoil','fr-FR'),(37877,'Équipements sportifs > Loisirs de plein air > Plaisance et sports nautiques > Sports nautiques tractés > Ski nautique > Skis nautiques','fr-FR'),(37875,'Équipements sportifs > Loisirs de plein air > Plaisance et sports nautiques > Sports nautiques tractés > Ski nautique > Fixations de ski nautique','fr-FR'),(37872,'Équipements sportifs > Loisirs de plein air > Plaisance et sports nautiques > Sports nautiques tractés > Kneeboard','fr-FR'),(37873,'Équipements sportifs > Loisirs de plein air > Plaisance et sports nautiques > Sports nautiques tractés > Kneeboard > Planches de kneeboard','fr-FR'),(37874,'Équipements sportifs > Loisirs de plein air > Plaisance et sports nautiques > Sports nautiques tractés > Ski nautique','fr-FR'),(37870,'Équipements sportifs > Loisirs de plein air > Plaisance et sports nautiques > Sports nautiques tractés > Câbles de traction pour sports nautiques','fr-FR'),(37871,'Équipements sportifs > Loisirs de plein air > Plaisance et sports nautiques > Sports nautiques tractés > Gants de sports nautiques tractés','fr-FR'),(37867,'Équipements sportifs > Loisirs de plein air > Plaisance et sports nautiques > Racks de stockage de bateaux > Racks de stockage pour bateaux','fr-FR'),(37868,'Équipements sportifs > Loisirs de plein air > Plaisance et sports nautiques > Sports nautiques tractés','fr-FR'),(37869,'Équipements sportifs > Loisirs de plein air > Plaisance et sports nautiques > Sports nautiques tractés > Bouées et radeaux tractables','fr-FR'),(37865,'Équipements sportifs > Loisirs de plein air > Plaisance et sports nautiques > Racks de stockage de bateaux','fr-FR'),(37866,'Équipements sportifs > Loisirs de plein air > Plaisance et sports nautiques > Racks de stockage de bateaux > Porte-planches','fr-FR'),(37862,'Équipements sportifs > Loisirs de plein air > Plaisance et sports nautiques > Plongée et snorkeling > Ordinateurs de plongée','fr-FR'),(37863,'Équipements sportifs > Loisirs de plein air > Plaisance et sports nautiques > Plongée et snorkeling > Palmes de plongée','fr-FR'),(37864,'Équipements sportifs > Loisirs de plein air > Plaisance et sports nautiques > Plongée et snorkeling > Tubas de natation','fr-FR'),(37860,'Équipements sportifs > Loisirs de plein air > Plaisance et sports nautiques > Plongée et snorkeling > Ensembles d\'équipements de plongée et snorkeling','fr-FR'),(37861,'Équipements sportifs > Loisirs de plein air > Plaisance et sports nautiques > Plongée et snorkeling > Masques de plongée','fr-FR'),(37859,'Équipements sportifs > Loisirs de plein air > Plaisance et sports nautiques > Plongée et snorkeling > Détendeurs de plongée','fr-FR'),(37858,'Équipements sportifs > Loisirs de plein air > Plaisance et sports nautiques > Plongée et snorkeling > Couteaux et cisailles de plongée','fr-FR'),(37855,'Équipements sportifs > Loisirs de plein air > Plaisance et sports nautiques > Plongée et snorkeling','fr-FR'),(37857,'Équipements sportifs > Loisirs de plein air > Plaisance et sports nautiques > Plongée et snorkeling > Compensateurs de flottabilité','fr-FR'),(37856,'Équipements sportifs > Loisirs de plein air > Plaisance et sports nautiques > Plongée et snorkeling > Ceintures de lestage','fr-FR'),(37853,'Équipements sportifs > Loisirs de plein air > Plaisance et sports nautiques > Plaisance et rafting > Pédalos','fr-FR'),(37854,'Équipements sportifs > Loisirs de plein air > Plaisance et sports nautiques > Plaisance et rafting > Raftings pour eaux vives','fr-FR'),(37852,'Équipements sportifs > Loisirs de plein air > Plaisance et sports nautiques > Plaisance et rafting > Pagaies et rames','fr-FR'),(37850,'Équipements sportifs > Loisirs de plein air > Plaisance et sports nautiques > Plaisance et rafting > Kayaks','fr-FR'),(37851,'Équipements sportifs > Loisirs de plein air > Plaisance et sports nautiques > Plaisance et rafting > Leash pour pagaies','fr-FR'),(37849,'Équipements sportifs > Loisirs de plein air > Plaisance et sports nautiques > Plaisance et rafting > Gants de navigation','fr-FR'),(37848,'Équipements sportifs > Loisirs de plein air > Plaisance et sports nautiques > Plaisance et rafting > Canoës','fr-FR'),(37847,'Équipements sportifs > Loisirs de plein air > Plaisance et sports nautiques > Plaisance et rafting > Avirons','fr-FR'),(37845,'Équipements sportifs > Loisirs de plein air > Plaisance et sports nautiques > Plaisance et rafting > Accessoires de canoë','fr-FR'),(37846,'Équipements sportifs > Loisirs de plein air > Plaisance et sports nautiques > Plaisance et rafting > Accessoires de kayak','fr-FR'),(37843,'Équipements sportifs > Loisirs de plein air > Plaisance et sports nautiques > Natation > Pince-nez de natation','fr-FR'),(37844,'Équipements sportifs > Loisirs de plein air > Plaisance et sports nautiques > Plaisance et rafting','fr-FR'),(37839,'Équipements sportifs > Loisirs de plein air > Plaisance et sports nautiques > Natation > Paddles de natation','fr-FR'),(37840,'Équipements sportifs > Loisirs de plein air > Plaisance et sports nautiques > Natation > Palmes','fr-FR'),(37841,'Équipements sportifs > Loisirs de plein air > Plaisance et sports nautiques > Natation > Palmes > Monopalmes','fr-FR'),(37842,'Équipements sportifs > Loisirs de plein air > Plaisance et sports nautiques > Natation > Palmes > Palmes d\'entraînement','fr-FR'),(37837,'Équipements sportifs > Loisirs de plein air > Plaisance et sports nautiques > Natation > Lunettes de natation','fr-FR'),(37838,'Équipements sportifs > Loisirs de plein air > Plaisance et sports nautiques > Natation > Machine de nage à contre-courant','fr-FR'),(37836,'Équipements sportifs > Loisirs de plein air > Plaisance et sports nautiques > Natation > Gants de natation','fr-FR'),(37834,'Équipements sportifs > Loisirs de plein air > Plaisance et sports nautiques > Natation > Flotteurs','fr-FR'),(37835,'Équipements sportifs > Loisirs de plein air > Plaisance et sports nautiques > Natation > Flotteurs Pull Buoy','fr-FR'),(37832,'Équipements sportifs > Loisirs de plein air > Plaisance et sports nautiques > Natation > Brassards et flotteurs de natation','fr-FR'),(37833,'Équipements sportifs > Loisirs de plein air > Plaisance et sports nautiques > Natation > Ceintures de natation','fr-FR'),(37831,'Équipements sportifs > Loisirs de plein air > Plaisance et sports nautiques > Natation > Bonnets de bain','fr-FR'),(37828,'Équipements sportifs > Loisirs de plein air > Plaisance et sports nautiques > Natation','fr-FR'),(37829,'Équipements sportifs > Loisirs de plein air > Plaisance et sports nautiques > Natation > Accessoires de lestage pour la natation','fr-FR'),(37830,'Équipements sportifs > Loisirs de plein air > Plaisance et sports nautiques > Natation > Accessoires pour masques et lunettes de natation','fr-FR'),(37827,'Équipements sportifs > Loisirs de plein air > Plaisance et sports nautiques > Kitesurf > Sacs et housses pour kitesurf','fr-FR'),(37825,'Équipements sportifs > Loisirs de plein air > Plaisance et sports nautiques > Kitesurf > Pièces détachées pour kitesurf','fr-FR'),(37826,'Équipements sportifs > Loisirs de plein air > Plaisance et sports nautiques > Kitesurf > Planches de kitesurf','fr-FR'),(37824,'Équipements sportifs > Loisirs de plein air > Plaisance et sports nautiques > Kitesurf > Harnais de kitesurf et windsurf','fr-FR'),(37821,'Équipements sportifs > Loisirs de plein air > Plaisance et sports nautiques','fr-FR'),(37822,'Équipements sportifs > Loisirs de plein air > Plaisance et sports nautiques > Kitesurf','fr-FR'),(37823,'Équipements sportifs > Loisirs de plein air > Plaisance et sports nautiques > Kitesurf > Ailes de kitesurf','fr-FR'),(37818,'Équipements sportifs > Loisirs de plein air > Patin à roulettes et roller > Rollerskis','fr-FR'),(37819,'Équipements sportifs > Loisirs de plein air > Patin à roulettes et roller > Équipement de protection pour roller et patin à roulettes','fr-FR'),(37820,'Équipements sportifs > Loisirs de plein air > Patin à roulettes et roller > Équipement de protection pour roller et patin à roulettes > Genouillères de patin à roulettes','fr-FR'),(37816,'Équipements sportifs > Loisirs de plein air > Patin à roulettes et roller > Pièces de rollers','fr-FR'),(37817,'Équipements sportifs > Loisirs de plein air > Patin à roulettes et roller > Roller en ligne','fr-FR'),(37815,'Équipements sportifs > Loisirs de plein air > Patin à roulettes et roller > Pièces de patins à roulettes','fr-FR'),(37813,'Équipements sportifs > Loisirs de plein air > Patin à roulettes et roller','fr-FR'),(37814,'Équipements sportifs > Loisirs de plein air > Patin à roulettes et roller > Patins à roulettes','fr-FR'),(37810,'Équipements sportifs > Loisirs de plein air > Jeux d\'extérieur > Spirobole > Balles de spiroballe','fr-FR'),(37811,'Équipements sportifs > Loisirs de plein air > Jeux d\'extérieur > Spirobole > Jeux de spiroballe','fr-FR'),(37812,'Équipements sportifs > Loisirs de plein air > Jeux d\'extérieur > Spirobole > Poteaux de spiroballe','fr-FR'),(37807,'Équipements sportifs > Loisirs de plein air > Jeux d\'extérieur > Shuffeboard d\'extérieur > Palets pour shuffleboard d\'extérieur','fr-FR'),(37808,'Équipements sportifs > Loisirs de plein air > Jeux d\'extérieur > Shuffeboard d\'extérieur > Palettes pour shuffleboard d\'extérieur','fr-FR'),(37809,'Équipements sportifs > Loisirs de plein air > Jeux d\'extérieur > Spirobole','fr-FR'),(37805,'Équipements sportifs > Loisirs de plein air > Jeux d\'extérieur > Pickleball > Palettes de pickleball','fr-FR'),(37806,'Équipements sportifs > Loisirs de plein air > Jeux d\'extérieur > Shuffeboard d\'extérieur','fr-FR'),(37802,'Équipements sportifs > Loisirs de plein air > Jeux d\'extérieur > Paddle-tennis > Raquettes de paddle-tennis','fr-FR'),(37803,'Équipements sportifs > Loisirs de plein air > Jeux d\'extérieur > Pickleball','fr-FR'),(37804,'Équipements sportifs > Loisirs de plein air > Jeux d\'extérieur > Pickleball > Balles de pickleball','fr-FR'),(37801,'Équipements sportifs > Loisirs de plein air > Jeux d\'extérieur > Paddle-tennis > Balles de paddle-tennis','fr-FR'),(37800,'Équipements sportifs > Loisirs de plein air > Jeux d\'extérieur > Paddle-tennis','fr-FR'),(37798,'Équipements sportifs > Loisirs de plein air > Jeux d\'extérieur > Jeux de bolo','fr-FR'),(37799,'Équipements sportifs > Loisirs de plein air > Jeux d\'extérieur > Jeux sur gazon','fr-FR'),(37797,'Équipements sportifs > Loisirs de plein air > Jeux d\'extérieur > Disque golf > Sacs de disque golf','fr-FR'),(37796,'Équipements sportifs > Loisirs de plein air > Jeux d\'extérieur > Disque golf > Paniers de disque golf','fr-FR'),(37793,'Équipements sportifs > Loisirs de plein air > Jeux d\'extérieur > Badminton > Raquettes et ensembles de badminton','fr-FR'),(37792,'Équipements sportifs > Loisirs de plein air > Jeux d\'extérieur > Badminton > Filets de badminton','fr-FR'),(37795,'Équipements sportifs > Loisirs de plein air > Jeux d\'extérieur > Disque golf','fr-FR'),(37794,'Équipements sportifs > Loisirs de plein air > Jeux d\'extérieur > Badminton > Volants de Badminton','fr-FR'),(37791,'Équipements sportifs > Loisirs de plein air > Jeux d\'extérieur > Badminton','fr-FR'),(37788,'Équipements sportifs > Loisirs de plein air > Golf > Serviettes de golf','fr-FR'),(37789,'Équipements sportifs > Loisirs de plein air > Golf > Tees de golf','fr-FR'),(37790,'Équipements sportifs > Loisirs de plein air > Jeux d\'extérieur','fr-FR'),(37786,'Équipements sportifs > Loisirs de plein air > Golf > Relève-pitch','fr-FR'),(37787,'Équipements sportifs > Loisirs de plein air > Golf > Sacs de golf','fr-FR'),(37785,'Équipements sportifs > Loisirs de plein air > Golf > Outils d\'entraînement pour le golf','fr-FR'),(37784,'Équipements sportifs > Loisirs de plein air > Golf > Marqueurs pour balles de golf','fr-FR'),(37780,'Équipements sportifs > Loisirs de plein air > Golf > Clubs de golf','fr-FR'),(37781,'Équipements sportifs > Loisirs de plein air > Golf > Ensembles d\'accessoires de golf','fr-FR'),(37782,'Équipements sportifs > Loisirs de plein air > Golf > Fanions de golf','fr-FR'),(37783,'Équipements sportifs > Loisirs de plein air > Golf > Gants de golf','fr-FR'),(37779,'Équipements sportifs > Loisirs de plein air > Golf > Balles de golf','fr-FR'),(37778,'Équipements sportifs > Loisirs de plein air > Golf > Accessoires pour sacs de golf > Housses et protections pour sacs de golf','fr-FR'),(37776,'Équipements sportifs > Loisirs de plein air > Golf > Accessoires pour sacs de golf','fr-FR'),(37777,'Équipements sportifs > Loisirs de plein air > Golf > Accessoires pour sacs de golf > Chariots pour sacs de golf','fr-FR'),(37775,'Équipements sportifs > Loisirs de plein air > Golf > Accessoires et pièces de clubs de golf > Poignées de clubs de golf','fr-FR'),(37774,'Équipements sportifs > Loisirs de plein air > Golf > Accessoires et pièces de clubs de golf > Manches de clubs de golf','fr-FR'),(37771,'Équipements sportifs > Loisirs de plein air > Golf','fr-FR'),(37772,'Équipements sportifs > Loisirs de plein air > Golf > Accessoires et pièces de clubs de golf','fr-FR'),(37773,'Équipements sportifs > Loisirs de plein air > Golf > Accessoires et pièces de clubs de golf > Couvre-fers pour clubs de golf','fr-FR'),(37769,'Équipements sportifs > Loisirs de plein air > Escalade > Équipement et accessoires d\'escalade > Crampons','fr-FR'),(37770,'Équipements sportifs > Loisirs de plein air > Escalade > Équipement et accessoires d\'escalade > Gants d\'escalade','fr-FR'),(37765,'Équipements sportifs > Loisirs de plein air > Escalade > Tapis de réception pour l\'escalade','fr-FR'),(37766,'Équipements sportifs > Loisirs de plein air > Escalade > Vis à glace','fr-FR'),(37768,'Équipements sportifs > Loisirs de plein air > Escalade > Équipement et accessoires d\'escalade > Casques d\'escalade','fr-FR'),(37767,'Équipements sportifs > Loisirs de plein air > Escalade > Équipement et accessoires d\'escalade','fr-FR'),(37763,'Équipements sportifs > Loisirs de plein air > Escalade > Sacs à magnésie pour l\'escalade','fr-FR'),(37764,'Équipements sportifs > Loisirs de plein air > Escalade > Sangles d\'escalade','fr-FR'),(37762,'Équipements sportifs > Loisirs de plein air > Escalade > Sacs à cordes d\'escalade','fr-FR'),(37760,'Équipements sportifs > Loisirs de plein air > Escalade > Mousquetons','fr-FR'),(37761,'Équipements sportifs > Loisirs de plein air > Escalade > Prises d\'escalade d\'intérieur','fr-FR'),(37757,'Équipements sportifs > Loisirs de plein air > Escalade > Dispositifs de protection pour l\'escalade','fr-FR'),(37758,'Équipements sportifs > Loisirs de plein air > Escalade > Dégaines','fr-FR'),(37759,'Équipements sportifs > Loisirs de plein air > Escalade > Matériel pour l\'escalade glacière','fr-FR'),(37756,'Équipements sportifs > Loisirs de plein air > Escalade > Corde d\'escalade','fr-FR'),(37755,'Équipements sportifs > Loisirs de plein air > Escalade > Bloqueurs et systèmes d\'assurage pour l\'escalade','fr-FR'),(37754,'Équipements sportifs > Loisirs de plein air > Escalade > Baudriers d\'escalade','fr-FR'),(37753,'Équipements sportifs > Loisirs de plein air > Escalade > Assureurs','fr-FR'),(37752,'Équipements sportifs > Loisirs de plein air > Escalade','fr-FR'),(37751,'Équipements sportifs > Loisirs de plein air > Deltaplane et parachutisme > Parachutes','fr-FR'),(37749,'Équipements sportifs > Loisirs de plein air > Deltaplane et parachutisme > Combinaisons pour sports aériens','fr-FR'),(37750,'Équipements sportifs > Loisirs de plein air > Deltaplane et parachutisme > Deltaplanes','fr-FR'),(37746,'Équipements sportifs > Loisirs de plein air > Cyclisme > Équipement et accessoires de cyclisme > Protections du cycliste','fr-FR'),(37747,'Équipements sportifs > Loisirs de plein air > Cyclisme > Équipement et accessoires de cyclisme > Sur-chaussures de cyclisme','fr-FR'),(37748,'Équipements sportifs > Loisirs de plein air > Deltaplane et parachutisme','fr-FR'),(37745,'Équipements sportifs > Loisirs de plein air > Cyclisme > Équipement et accessoires de cyclisme > Gants de cyclisme','fr-FR'),(37742,'Équipements sportifs > Loisirs de plein air > Cyclisme > Équipement et accessoires de cyclisme > Accessoires pour pédales de vélo > Protège-cales','fr-FR'),(37744,'Équipements sportifs > Loisirs de plein air > Cyclisme > Équipement et accessoires de cyclisme > Crampons de cyclisme','fr-FR'),(37743,'Équipements sportifs > Loisirs de plein air > Cyclisme > Équipement et accessoires de cyclisme > Casques de cyclisme','fr-FR'),(37741,'Équipements sportifs > Loisirs de plein air > Cyclisme > Équipement et accessoires de cyclisme > Accessoires pour pédales de vélo > Cales de pédales','fr-FR'),(37740,'Équipements sportifs > Loisirs de plein air > Cyclisme > Équipement et accessoires de cyclisme > Accessoires pour pédales de vélo > Boulons de fixation de cales de pédales','fr-FR'),(37738,'Équipements sportifs > Loisirs de plein air > Cyclisme > Équipement et accessoires de cyclisme > Accessoires et pièces de rechange pour casques de vélo','fr-FR'),(37739,'Équipements sportifs > Loisirs de plein air > Cyclisme > Équipement et accessoires de cyclisme > Accessoires pour pédales de vélo','fr-FR'),(37736,'Équipements sportifs > Loisirs de plein air > Cyclisme > Vélos','fr-FR'),(37737,'Équipements sportifs > Loisirs de plein air > Cyclisme > Équipement et accessoires de cyclisme','fr-FR'),(37735,'Équipements sportifs > Loisirs de plein air > Cyclisme > Tricycles','fr-FR'),(37732,'Équipements sportifs > Loisirs de plein air > Cyclisme > Pièces détachées vélo > Tiges de vélo','fr-FR'),(37733,'Équipements sportifs > Loisirs de plein air > Cyclisme > Pièces détachées vélo > Tubes de vélo','fr-FR'),(37734,'Équipements sportifs > Loisirs de plein air > Cyclisme > Pièces détachées vélo > Valves de pneus de vélo','fr-FR'),(37729,'Équipements sportifs > Loisirs de plein air > Cyclisme > Pièces détachées vélo > Roues de vélo','fr-FR'),(37730,'Équipements sportifs > Loisirs de plein air > Cyclisme > Pièces détachées vélo > Selles de vélo','fr-FR'),(37731,'Équipements sportifs > Loisirs de plein air > Cyclisme > Pièces détachées vélo > Tiges de selle de vélo','fr-FR'),(37728,'Équipements sportifs > Loisirs de plein air > Cyclisme > Pièces détachées vélo > Pneus de vélo','fr-FR'),(37727,'Équipements sportifs > Loisirs de plein air > Cyclisme > Pièces détachées vélo > Pièces pour roues de vélo > Écrous pour rayons de vélo','fr-FR'),(37725,'Équipements sportifs > Loisirs de plein air > Cyclisme > Pièces détachées vélo > Pièces pour roues de vélo > Rayons de vélo','fr-FR'),(37726,'Équipements sportifs > Loisirs de plein air > Cyclisme > Pièces détachées vélo > Pièces pour roues de vélo > Repose-pieds de vélo','fr-FR'),(37723,'Équipements sportifs > Loisirs de plein air > Cyclisme > Pièces détachées vélo > Pièces pour roues de vélo > Moyeux de vélo','fr-FR'),(37724,'Équipements sportifs > Loisirs de plein air > Cyclisme > Pièces détachées vélo > Pièces pour roues de vélo > Pièces de rechange pour moyeux','fr-FR'),(37722,'Équipements sportifs > Loisirs de plein air > Cyclisme > Pièces détachées vélo > Pièces pour roues de vélo > Jantes de vélo','fr-FR'),(37721,'Équipements sportifs > Loisirs de plein air > Cyclisme > Pièces détachées vélo > Pièces pour roues de vélo > Fonds de jante','fr-FR'),(37720,'Équipements sportifs > Loisirs de plein air > Cyclisme > Pièces détachées vélo > Pièces pour roues de vélo > Arbres de roues','fr-FR'),(37719,'Équipements sportifs > Loisirs de plein air > Cyclisme > Pièces détachées vélo > Pièces pour roues de vélo','fr-FR'),(37718,'Équipements sportifs > Loisirs de plein air > Cyclisme > Pièces détachées vélo > Pièces de transmission de vélo > Pédaliers de vélo','fr-FR'),(37716,'Équipements sportifs > Loisirs de plein air > Cyclisme > Pièces détachées vélo > Pièces de transmission de vélo > Pignons de vélo','fr-FR'),(37717,'Équipements sportifs > Loisirs de plein air > Cyclisme > Pièces détachées vélo > Pièces de transmission de vélo > Pédales de vélo','fr-FR'),(37715,'Équipements sportifs > Loisirs de plein air > Cyclisme > Pièces détachées vélo > Pièces de transmission de vélo > Leviers de vitesses de vélo','fr-FR'),(37713,'Équipements sportifs > Loisirs de plein air > Cyclisme > Pièces détachées vélo > Pièces de transmission de vélo > Chaînes de vélo','fr-FR'),(37714,'Équipements sportifs > Loisirs de plein air > Cyclisme > Pièces détachées vélo > Pièces de transmission de vélo > Dérailleurs de vélo','fr-FR'),(37710,'Équipements sportifs > Loisirs de plein air > Cyclisme > Pièces détachées vélo > Pièces de transmission de vélo','fr-FR'),(37711,'Équipements sportifs > Loisirs de plein air > Cyclisme > Pièces détachées vélo > Pièces de transmission de vélo > Axe de pédalier de vélo','fr-FR'),(37712,'Équipements sportifs > Loisirs de plein air > Cyclisme > Pièces détachées vélo > Pièces de transmission de vélo > Cassettes et roues libres de vélo','fr-FR'),(37709,'Équipements sportifs > Loisirs de plein air > Cyclisme > Pièces détachées vélo > Pièces de frein de vélo > Étriers de frein de vélo','fr-FR'),(37706,'Équipements sportifs > Loisirs de plein air > Cyclisme > Pièces détachées vélo > Pièces de frein de vélo > Disques de frein de vélo','fr-FR'),(37707,'Équipements sportifs > Loisirs de plein air > Cyclisme > Pièces détachées vélo > Pièces de frein de vélo > Ensemble de freinage pour vélo','fr-FR'),(37708,'Équipements sportifs > Loisirs de plein air > Cyclisme > Pièces détachées vélo > Pièces de frein de vélo > Poignées de frein de vélo','fr-FR'),(37705,'Équipements sportifs > Loisirs de plein air > Cyclisme > Pièces détachées vélo > Pièces de frein de vélo','fr-FR'),(37704,'Équipements sportifs > Loisirs de plein air > Cyclisme > Pièces détachées vélo > Pièces de direction pour vélo > Roulements de direction pour vélo','fr-FR'),(37702,'Équipements sportifs > Loisirs de plein air > Cyclisme > Pièces détachées vélo > Pièces de direction pour vélo','fr-FR'),(37703,'Équipements sportifs > Loisirs de plein air > Cyclisme > Pièces détachées vélo > Pièces de direction pour vélo > Entretoises de direction pour vélo','fr-FR'),(37701,'Équipements sportifs > Loisirs de plein air > Cyclisme > Pièces détachées vélo > Petites pièces de vélo','fr-FR'),(37700,'Équipements sportifs > Loisirs de plein air > Cyclisme > Pièces détachées vélo > Kits pour vélo','fr-FR'),(37698,'Équipements sportifs > Loisirs de plein air > Cyclisme > Pièces détachées vélo > Guidons de vélo','fr-FR'),(37699,'Équipements sportifs > Loisirs de plein air > Cyclisme > Pièces détachées vélo > Jeux de direction pour vélos','fr-FR'),(37697,'Équipements sportifs > Loisirs de plein air > Cyclisme > Pièces détachées vélo > Gaines de câbles de vélo','fr-FR'),(37696,'Équipements sportifs > Loisirs de plein air > Cyclisme > Pièces détachées vélo > Fourches de vélo','fr-FR'),(37695,'Équipements sportifs > Loisirs de plein air > Cyclisme > Pièces détachées vélo > Extensions de guidons de vélo','fr-FR'),(37694,'Équipements sportifs > Loisirs de plein air > Cyclisme > Pièces détachées vélo > Câbles de vélo','fr-FR'),(37693,'Équipements sportifs > Loisirs de plein air > Cyclisme > Pièces détachées vélo > Colliers de serrage pour tiges de selle de vélo','fr-FR'),(37692,'Équipements sportifs > Loisirs de plein air > Cyclisme > Pièces détachées vélo > Cadres de vélo','fr-FR'),(37691,'Équipements sportifs > Loisirs de plein air > Cyclisme > Pièces détachées vélo > Béquilles de vélos','fr-FR'),(37690,'Équipements sportifs > Loisirs de plein air > Cyclisme > Pièces détachées vélo > Bouchons de valves de pneus de vélo','fr-FR'),(37689,'Équipements sportifs > Loisirs de plein air > Cyclisme > Pièces détachées vélo > Adaptateurs pour valves de pneus de vélo','fr-FR'),(37688,'Équipements sportifs > Loisirs de plein air > Cyclisme > Pièces détachées vélo','fr-FR'),(37684,'Équipements sportifs > Loisirs de plein air > Cyclisme > Accessoires de cyclisme > Étuis et sacs de transport pour vélos','fr-FR'),(37685,'Équipements sportifs > Loisirs de plein air > Cyclisme > Accessoires de tricycles','fr-FR'),(37686,'Équipements sportifs > Loisirs de plein air > Cyclisme > Accessoires monocycles','fr-FR'),(37687,'Équipements sportifs > Loisirs de plein air > Cyclisme > Monocycles','fr-FR'),(37683,'Équipements sportifs > Loisirs de plein air > Cyclisme > Accessoires de cyclisme > Vélos d\'entraînement','fr-FR'),(37679,'Équipements sportifs > Loisirs de plein air > Cyclisme > Accessoires de cyclisme > Sacoches pour vélo','fr-FR'),(37680,'Équipements sportifs > Loisirs de plein air > Cyclisme > Accessoires de cyclisme > Sièges de vélo pour enfants','fr-FR'),(37681,'Équipements sportifs > Loisirs de plein air > Cyclisme > Accessoires de cyclisme > Sonnettes et klaxons de vélo','fr-FR'),(37682,'Équipements sportifs > Loisirs de plein air > Cyclisme > Accessoires de cyclisme > Supports et rangements pour vélos','fr-FR'),(37678,'Équipements sportifs > Loisirs de plein air > Cyclisme > Accessoires de cyclisme > Rétroviseurs vélo','fr-FR'),(37676,'Équipements sportifs > Loisirs de plein air > Cyclisme > Accessoires de cyclisme > Remorques de vélo','fr-FR'),(37677,'Équipements sportifs > Loisirs de plein air > Cyclisme > Accessoires de cyclisme > Roulettes de vélo','fr-FR'),(37675,'Équipements sportifs > Loisirs de plein air > Cyclisme > Accessoires de cyclisme > Portebidons','fr-FR'),(37673,'Équipements sportifs > Loisirs de plein air > Cyclisme > Accessoires de cyclisme > Porte-bagages de vélo','fr-FR'),(37674,'Équipements sportifs > Loisirs de plein air > Cyclisme > Accessoires de cyclisme > Porte-planches de sports nautiques pour vélos','fr-FR'),(37672,'Équipements sportifs > Loisirs de plein air > Cyclisme > Accessoires de cyclisme > Pompes pour vélos','fr-FR'),(37669,'Équipements sportifs > Loisirs de plein air > Cyclisme > Accessoires de cyclisme > Perles de rayons de vélo','fr-FR'),(37670,'Équipements sportifs > Loisirs de plein air > Cyclisme > Accessoires de cyclisme > Poignées et décorations pour guidons de vélo','fr-FR'),(37671,'Équipements sportifs > Loisirs de plein air > Cyclisme > Accessoires de cyclisme > Pompes pour amortisseurs de vélo','fr-FR'),(37668,'Équipements sportifs > Loisirs de plein air > Cyclisme > Accessoires de cyclisme > Paniers de vélo','fr-FR'),(37667,'Équipements sportifs > Loisirs de plein air > Cyclisme > Accessoires de cyclisme > Outils pour vélos','fr-FR'),(37666,'Équipements sportifs > Loisirs de plein air > Cyclisme > Accessoires de cyclisme > Kits de réparation de pneus de vélo','fr-FR'),(37665,'Équipements sportifs > Loisirs de plein air > Cyclisme > Accessoires de cyclisme > Kits de conversion pour vélo électrique','fr-FR'),(37664,'Équipements sportifs > Loisirs de plein air > Cyclisme > Accessoires de cyclisme > Housses de vélo','fr-FR'),(37663,'Équipements sportifs > Loisirs de plein air > Cyclisme > Accessoires de cyclisme > Garde-boue de vélo','fr-FR'),(37662,'Équipements sportifs > Loisirs de plein air > Cyclisme > Accessoires de cyclisme > Cyclomètres','fr-FR'),(37660,'Équipements sportifs > Loisirs de plein air > Cyclisme > Accessoires de cyclisme > Cale-pieds et sangles pour vélo','fr-FR'),(37661,'Équipements sportifs > Loisirs de plein air > Cyclisme > Accessoires de cyclisme > Couvre-selles pour vélos','fr-FR'),(37658,'Équipements sportifs > Loisirs de plein air > Cyclisme > Accessoires de cyclisme > Accessoires pour sièges enfants pour vélo','fr-FR'),(37659,'Équipements sportifs > Loisirs de plein air > Cyclisme > Accessoires de cyclisme > Antivols pour vélos','fr-FR'),(37656,'Équipements sportifs > Loisirs de plein air > Cyclisme > Accessoires de cyclisme','fr-FR'),(37657,'Équipements sportifs > Loisirs de plein air > Cyclisme > Accessoires de cyclisme > Accessoires de cyclomètres','fr-FR'),(37655,'Équipements sportifs > Loisirs de plein air > Cyclisme','fr-FR'),(37654,'Équipements sportifs > Loisirs de plein air > Chasse et tir > Tir à l\'arc > Protège-bras pour le tir à l\'arc','fr-FR'),(37652,'Équipements sportifs > Loisirs de plein air > Chasse et tir > Tir à l\'arc > Gants et décocheurs de tir à l\'arc','fr-FR'),(37653,'Équipements sportifs > Loisirs de plein air > Chasse et tir > Tir à l\'arc > Pièces et accessoires d\'arcs et arbalètes','fr-FR'),(37651,'Équipements sportifs > Loisirs de plein air > Chasse et tir > Tir à l\'arc > Flèches et carreaux','fr-FR'),(37645,'Équipements sportifs > Loisirs de plein air > Chasse et tir > Tir à l\'arc > Arcs et arbalètes','fr-FR'),(37646,'Équipements sportifs > Loisirs de plein air > Chasse et tir > Tir à l\'arc > Arcs et arbalètes > Arbalètes','fr-FR'),(37647,'Équipements sportifs > Loisirs de plein air > Chasse et tir > Tir à l\'arc > Arcs et arbalètes > Arcs classiques et droits','fr-FR'),(37648,'Équipements sportifs > Loisirs de plein air > Chasse et tir > Tir à l\'arc > Arcs et arbalètes > Arcs à poulies','fr-FR'),(37649,'Équipements sportifs > Loisirs de plein air > Chasse et tir > Tir à l\'arc > Carquois','fr-FR'),(37650,'Équipements sportifs > Loisirs de plein air > Chasse et tir > Tir à l\'arc > Cibles de tir à l\'arc','fr-FR'),(37644,'Équipements sportifs > Loisirs de plein air > Chasse et tir > Tir à l\'arc > Accessoires et pièces de flèches > Pointes à lames et pointes de parcours','fr-FR'),(37643,'Équipements sportifs > Loisirs de plein air > Chasse et tir > Tir à l\'arc > Accessoires et pièces de flèches > Encoches de flèches','fr-FR'),(37642,'Équipements sportifs > Loisirs de plein air > Chasse et tir > Tir à l\'arc > Accessoires et pièces de flèches > Empennes de flèches','fr-FR'),(37641,'Équipements sportifs > Loisirs de plein air > Chasse et tir > Tir à l\'arc > Accessoires et pièces de flèches','fr-FR'),(37640,'Équipements sportifs > Loisirs de plein air > Chasse et tir > Tir à l\'arc','fr-FR'),(37638,'Équipements sportifs > Loisirs de plein air > Chasse et tir > Protection pour la chasse et le tir > Gants de chasse et de tir','fr-FR'),(37639,'Équipements sportifs > Loisirs de plein air > Chasse et tir > Protection pour la chasse et le tir > Vestes de chasse et de tir','fr-FR'),(37637,'Équipements sportifs > Loisirs de plein air > Chasse et tir > Protection pour la chasse et le tir','fr-FR'),(37636,'Équipements sportifs > Loisirs de plein air > Chasse et tir > Paintball et airsoft > Protections de paintball et airsoft > Renforts spécial paintball et airsoft','fr-FR'),(37635,'Équipements sportifs > Loisirs de plein air > Chasse et tir > Paintball et airsoft > Protections de paintball et airsoft > Lunettes et masques de paintball et airsoft','fr-FR'),(37634,'Équipements sportifs > Loisirs de plein air > Chasse et tir > Paintball et airsoft > Protections de paintball et airsoft > Gilets de paintball et airsoft','fr-FR'),(37632,'Équipements sportifs > Loisirs de plein air > Chasse et tir > Paintball et airsoft > Protections de paintball et airsoft','fr-FR'),(37633,'Équipements sportifs > Loisirs de plein air > Chasse et tir > Paintball et airsoft > Protections de paintball et airsoft > Gants de paintball et airsoft','fr-FR'),(37631,'Équipements sportifs > Loisirs de plein air > Chasse et tir > Paintball et airsoft > Paintball > Pièces et accessoires de lanceurs de paintball > Chargeurs de lanceurs de paintball','fr-FR'),(37630,'Équipements sportifs > Loisirs de plein air > Chasse et tir > Paintball et airsoft > Paintball > Pièces et accessoires de lanceurs de paintball > Canons de lanceurs de paintball','fr-FR'),(37629,'Équipements sportifs > Loisirs de plein air > Chasse et tir > Paintball et airsoft > Paintball > Pièces et accessoires de lanceurs de paintball > Bouteilles d\'air pour paintball','fr-FR'),(37628,'Équipements sportifs > Loisirs de plein air > Chasse et tir > Paintball et airsoft > Paintball > Pièces et accessoires de lanceurs de paintball > Avance craddles','fr-FR'),(37626,'Équipements sportifs > Loisirs de plein air > Chasse et tir > Paintball et airsoft > Paintball > Lanceurs de paintball','fr-FR'),(37627,'Équipements sportifs > Loisirs de plein air > Chasse et tir > Paintball et airsoft > Paintball > Pièces et accessoires de lanceurs de paintball','fr-FR'),(37624,'Équipements sportifs > Loisirs de plein air > Chasse et tir > Paintball et airsoft > Paintball > Kits et porte-munitions de paintball','fr-FR'),(37625,'Équipements sportifs > Loisirs de plein air > Chasse et tir > Paintball et airsoft > Paintball > Lance-grenades de paintball','fr-FR'),(37623,'Équipements sportifs > Loisirs de plein air > Chasse et tir > Paintball et airsoft > Paintball > Grenades de paintball','fr-FR'),(37622,'Équipements sportifs > Loisirs de plein air > Chasse et tir > Paintball et airsoft > Paintball > Billes de peinture','fr-FR'),(37621,'Équipements sportifs > Loisirs de plein air > Chasse et tir > Paintball et airsoft > Paintball','fr-FR'),(37620,'Équipements sportifs > Loisirs de plein air > Chasse et tir > Paintball et airsoft > Airsoft > Pièces et accessoires pour armes d\'airsoft > Batteries d\'airsoft','fr-FR'),(37618,'Équipements sportifs > Loisirs de plein air > Chasse et tir > Paintball et airsoft > Airsoft > Billes d\'airsoft','fr-FR'),(37619,'Équipements sportifs > Loisirs de plein air > Chasse et tir > Paintball et airsoft > Airsoft > Pièces et accessoires pour armes d\'airsoft','fr-FR'),(37615,'Équipements sportifs > Loisirs de plein air > Chasse et tir > Paintball et airsoft','fr-FR'),(37616,'Équipements sportifs > Loisirs de plein air > Chasse et tir > Paintball et airsoft > Airsoft','fr-FR'),(37617,'Équipements sportifs > Loisirs de plein air > Chasse et tir > Paintball et airsoft > Airsoft > Armes d\'airsoft','fr-FR'),(37614,'Équipements sportifs > Loisirs de plein air > Chasse et tir > Chasse > Postes de chasse','fr-FR'),(37612,'Équipements sportifs > Loisirs de plein air > Chasse et tir > Chasse > Pièges pour animaux','fr-FR'),(37613,'Équipements sportifs > Loisirs de plein air > Chasse et tir > Chasse > Postes d\'affût de chasse','fr-FR'),(37611,'Équipements sportifs > Loisirs de plein air > Chasse et tir > Chasse > Oreillettes amplificatrices','fr-FR'),(37610,'Équipements sportifs > Loisirs de plein air > Chasse et tir > Chasse > Mangeoires pour le gibier','fr-FR'),(37608,'Équipements sportifs > Loisirs de plein air > Chasse et tir > Chasse > Attractifs pour le gibier > Attractants et masquants d\'odeur pour chasse','fr-FR'),(37609,'Équipements sportifs > Loisirs de plein air > Chasse et tir > Chasse > Attractifs pour le gibier > Leurres pour la chasse','fr-FR'),(37606,'Équipements sportifs > Loisirs de plein air > Chasse et tir > Chasse > Attractifs pour le gibier > Appeaux','fr-FR'),(37607,'Équipements sportifs > Loisirs de plein air > Chasse et tir > Chasse > Attractifs pour le gibier > Appâts et leurres pour le gibier','fr-FR'),(37603,'Équipements sportifs > Loisirs de plein air > Chasse et tir > Chasse','fr-FR'),(37605,'Équipements sportifs > Loisirs de plein air > Chasse et tir > Chasse > Attractifs pour le gibier','fr-FR'),(37604,'Équipements sportifs > Loisirs de plein air > Chasse et tir > Chasse > Accessoires pour chiens de chasse','fr-FR'),(37602,'Équipements sportifs > Loisirs de plein air > Chasse et tir > Ball-trap > Plateaux d\'argile','fr-FR'),(37600,'Équipements sportifs > Loisirs de plein air > Chasse et tir > Ball-trap','fr-FR'),(37601,'Équipements sportifs > Loisirs de plein air > Chasse et tir > Ball-trap > Machines à lancer les plateaux d\'argile','fr-FR'),(37599,'Équipements sportifs > Loisirs de plein air > Chasse et tir > Accessoires de tir > Supports de tir','fr-FR'),(37597,'Équipements sportifs > Loisirs de plein air > Chasse et tir > Accessoires de tir > Cibles de tir','fr-FR'),(37598,'Équipements sportifs > Loisirs de plein air > Chasse et tir > Accessoires de tir > Pieds et bipieds de tir','fr-FR'),(37594,'Équipements sportifs > Loisirs de plein air > Char à cerf-volant > Chars à cerf-volant','fr-FR'),(37595,'Équipements sportifs > Loisirs de plein air > Chasse et tir','fr-FR'),(37596,'Équipements sportifs > Loisirs de plein air > Chasse et tir > Accessoires de tir','fr-FR'),(37592,'Équipements sportifs > Loisirs de plein air > Char à cerf-volant','fr-FR'),(37587,'Équipements sportifs > Loisirs de plein air > Camping et randonnée > Tentes','fr-FR'),(37588,'Équipements sportifs > Loisirs de plein air > Camping et randonnée > Toilettes et douches mobiles','fr-FR'),(37593,'Équipements sportifs > Loisirs de plein air > Char à cerf-volant > Accessoires pour chars à cerf-volant','fr-FR'),(37591,'Équipements sportifs > Loisirs de plein air > Camping et randonnée > Ustensiles et vaisselle de cuisine pour le camping','fr-FR'),(37590,'Équipements sportifs > Loisirs de plein air > Camping et randonnée > Toilettes et douches mobiles > Toilettes et dispositifs urinaires mobiles ','fr-FR'),(37589,'Équipements sportifs > Loisirs de plein air > Camping et randonnée > Toilettes et douches mobiles > Douches et cabines temporaires mobiles','fr-FR'),(37586,'Équipements sportifs > Loisirs de plein air > Camping et randonnée > Sacs de couchage','fr-FR'),(37585,'Équipements sportifs > Loisirs de plein air > Camping et randonnée > Sacs de compression','fr-FR'),(37584,'Équipements sportifs > Loisirs de plein air > Camping et randonnée > Pare-vents','fr-FR'),(37582,'Équipements sportifs > Loisirs de plein air > Camping et randonnée > Outils de camping > Couteaux de chasse','fr-FR'),(37583,'Équipements sportifs > Loisirs de plein air > Camping et randonnée > Outils de camping > Outils et couteaux multi-usages','fr-FR'),(37577,'Équipements sportifs > Loisirs de plein air > Camping et randonnée > Matériel de camping > Accessoires pour matelas gonflables et matelas en mousse','fr-FR'),(37578,'Équipements sportifs > Loisirs de plein air > Camping et randonnée > Matériel de camping > Lits de camp','fr-FR'),(37581,'Équipements sportifs > Loisirs de plein air > Camping et randonnée > Outils de camping','fr-FR'),(37580,'Équipements sportifs > Loisirs de plein air > Camping et randonnée > Moustiquaires','fr-FR'),(37579,'Équipements sportifs > Loisirs de plein air > Camping et randonnée > Matériel de camping > Matelas gonflables','fr-FR'),(37575,'Équipements sportifs > Loisirs de plein air > Camping et randonnée > Matelas de sol','fr-FR'),(37576,'Équipements sportifs > Loisirs de plein air > Camping et randonnée > Matériel de camping','fr-FR'),(37573,'Équipements sportifs > Loisirs de plein air > Camping et randonnée > Filtres portables et épurateurs d\'eau','fr-FR'),(37574,'Équipements sportifs > Loisirs de plein air > Camping et randonnée > Lampes et lanternes de camping','fr-FR'),(37569,'Équipements sportifs > Loisirs de plein air > Camping et randonnée > Boussoles de navigation','fr-FR'),(37570,'Équipements sportifs > Loisirs de plein air > Camping et randonnée > Bâtons de marche','fr-FR'),(37572,'Équipements sportifs > Loisirs de plein air > Camping et randonnée > Doublures pour sacs de couchage','fr-FR'),(37571,'Équipements sportifs > Loisirs de plein air > Camping et randonnée > Chauffe-mains chimiques','fr-FR'),(37566,'Équipements sportifs > Loisirs de plein air > Camping et randonnée > Accessoires de tente > Tapis de sol pour tente','fr-FR'),(37568,'Équipements sportifs > Loisirs de plein air > Camping et randonnée > Accessoires pour bâtons de marche','fr-FR'),(37567,'Équipements sportifs > Loisirs de plein air > Camping et randonnée > Accessoires de tente > Toiles intérieures','fr-FR'),(37565,'Équipements sportifs > Loisirs de plein air > Camping et randonnée > Accessoires de tente > Mâts et piquets de tente','fr-FR'),(37561,'Équipements sportifs > Loisirs de plein air > Activités et sports d\'hiver > Traîneaux','fr-FR'),(37562,'Équipements sportifs > Loisirs de plein air > Camping et randonnée','fr-FR'),(37564,'Équipements sportifs > Loisirs de plein air > Camping et randonnée > Accessoires de tente > Espaces de rangement pour tente','fr-FR'),(37563,'Équipements sportifs > Loisirs de plein air > Camping et randonnée > Accessoires de tente','fr-FR'),(37560,'Équipements sportifs > Loisirs de plein air > Activités et sports d\'hiver > Sécurité anti-avalanche > Sondes anti-avalanche','fr-FR'),(37559,'Équipements sportifs > Loisirs de plein air > Activités et sports d\'hiver > Sécurité anti-avalanche > Ballons gonflables d\'avalanche','fr-FR'),(37558,'Équipements sportifs > Loisirs de plein air > Activités et sports d\'hiver > Sécurité anti-avalanche','fr-FR'),(37557,'Équipements sportifs > Loisirs de plein air > Activités et sports d\'hiver > Ski et snowboard > Skis > Skis de fond','fr-FR'),(37556,'Équipements sportifs > Loisirs de plein air > Activités et sports d\'hiver > Ski et snowboard > Skis > Skis alpins','fr-FR'),(37555,'Équipements sportifs > Loisirs de plein air > Activités et sports d\'hiver > Ski et snowboard > Skis','fr-FR'),(37554,'Équipements sportifs > Loisirs de plein air > Activités et sports d\'hiver > Ski et snowboard > Sangles de ski et snowboard','fr-FR'),(37553,'Équipements sportifs > Loisirs de plein air > Activités et sports d\'hiver > Ski et snowboard > Racks à skis et snowboards','fr-FR'),(37550,'Équipements sportifs > Loisirs de plein air > Activités et sports d\'hiver > Ski et snowboard > Pièces de fixation pour snowboards','fr-FR'),(37551,'Équipements sportifs > Loisirs de plein air > Activités et sports d\'hiver > Ski et snowboard > Pièces de fixations pour skis','fr-FR'),(37552,'Équipements sportifs > Loisirs de plein air > Activités et sports d\'hiver > Ski et snowboard > Planches de snowboard','fr-FR'),(37548,'Équipements sportifs > Loisirs de plein air > Activités et sports d\'hiver > Ski et snowboard > Housses de ski et de snowboard','fr-FR'),(37549,'Équipements sportifs > Loisirs de plein air > Activités et sports d\'hiver > Ski et snowboard > Lunettes de ski et de snowboard','fr-FR'),(37546,'Équipements sportifs > Loisirs de plein air > Activités et sports d\'hiver > Ski et snowboard > Fixations de snowboard','fr-FR'),(37547,'Équipements sportifs > Loisirs de plein air > Activités et sports d\'hiver > Ski et snowboard > Fixations pour skis','fr-FR'),(37541,'Équipements sportifs > Loisirs de plein air > Activités et sports d\'hiver > Ski et snowboard > Boots de snowboard','fr-FR'),(37542,'Équipements sportifs > Loisirs de plein air > Activités et sports d\'hiver > Ski et snowboard > Bâtons de ski','fr-FR'),(37543,'Équipements sportifs > Loisirs de plein air > Activités et sports d\'hiver > Ski et snowboard > Casques de ski et de snowboard','fr-FR'),(37544,'Équipements sportifs > Loisirs de plein air > Activités et sports d\'hiver > Ski et snowboard > Chaussures de ski','fr-FR'),(37545,'Équipements sportifs > Loisirs de plein air > Activités et sports d\'hiver > Ski et snowboard > Cire pour ski et snowboard','fr-FR'),(37540,'Équipements sportifs > Loisirs de plein air > Activités et sports d\'hiver > Ski et snowboard > Articles d\'entretien pour skis et snowboards','fr-FR'),(37539,'Équipements sportifs > Loisirs de plein air > Activités et sports d\'hiver > Ski et snowboard > Accessoires de lunettes de ski et de snowboard > Verres pour masques de ski et de snowboard','fr-FR'),(37537,'Équipements sportifs > Loisirs de plein air > Activités et sports d\'hiver > Ski et snowboard','fr-FR'),(37538,'Équipements sportifs > Loisirs de plein air > Activités et sports d\'hiver > Ski et snowboard > Accessoires de lunettes de ski et de snowboard','fr-FR'),(37535,'Équipements sportifs > Loisirs de plein air > Activités et sports d\'hiver > Raquette à neige > Fixations pour raquettes à neige','fr-FR'),(37536,'Équipements sportifs > Loisirs de plein air > Activités et sports d\'hiver > Raquette à neige > Raquettes à neige','fr-FR'),(37534,'Équipements sportifs > Loisirs de plein air > Activités et sports d\'hiver > Raquette à neige','fr-FR'),(37533,'Équipements sportifs > Loisirs de plein air > Activités et sports d\'hiver','fr-FR'),(37532,'Équipements sportifs > Loisirs de plein air > Accessoires pour systèmes d\'hydratation','fr-FR'),(37530,'Équipements sportifs > Jeux d\'intérieur > Tables multi-jeux','fr-FR'),(37531,'Équipements sportifs > Loisirs de plein air','fr-FR'),(37528,'Équipements sportifs > Jeux d\'intérieur > Shuffleboard de table > Poudre pour shuffleboard de table','fr-FR'),(37529,'Équipements sportifs > Jeux d\'intérieur > Shuffleboard de table > Tables de shuffleboard','fr-FR'),(37527,'Équipements sportifs > Jeux d\'intérieur > Shuffleboard de table > Palets pour shuffleboard de table','fr-FR'),(37525,'Équipements sportifs > Jeux d\'intérieur > Ping Pong > Tables de ping pong','fr-FR'),(37526,'Équipements sportifs > Jeux d\'intérieur > Shuffleboard de table','fr-FR'),(37523,'Équipements sportifs > Jeux d\'intérieur > Ping Pong > Raquettes de ping pong','fr-FR'),(37524,'Équipements sportifs > Jeux d\'intérieur > Ping Pong > Robots de ping pong','fr-FR'),(37522,'Équipements sportifs > Jeux d\'intérieur > Ping Pong > Filets et poteaux de ping pong','fr-FR'),(37520,'Équipements sportifs > Jeux d\'intérieur > Ping Pong > Accessoires de robots de ping pong','fr-FR'),(37521,'Équipements sportifs > Jeux d\'intérieur > Ping Pong > Balles de ping pong','fr-FR'),(37516,'Équipements sportifs > Jeux d\'intérieur > Jeux de fléchettes > Pièces de fléchettes > Pointes de fléchettes','fr-FR'),(37517,'Équipements sportifs > Jeux d\'intérieur > Jeux de fléchettes > Pièces de fléchettes > Shafts de fléchettes','fr-FR'),(37518,'Équipements sportifs > Jeux d\'intérieur > Ping Pong','fr-FR'),(37519,'Équipements sportifs > Jeux d\'intérieur > Ping Pong > Accessoires de raquettes de ping pong','fr-FR'),(37514,'Équipements sportifs > Jeux d\'intérieur > Jeux de fléchettes > Pièces de fléchettes','fr-FR'),(37515,'Équipements sportifs > Jeux d\'intérieur > Jeux de fléchettes > Pièces de fléchettes > Ailettes de fléchettes','fr-FR'),(37512,'Équipements sportifs > Jeux d\'intérieur > Jeux de fléchettes > Fléchettes','fr-FR'),(37513,'Équipements sportifs > Jeux d\'intérieur > Jeux de fléchettes > Panneaux de protection pour fléchettes','fr-FR'),(37510,'Équipements sportifs > Jeux d\'intérieur > Jeux de fléchettes','fr-FR'),(37511,'Équipements sportifs > Jeux d\'intérieur > Jeux de fléchettes > Cibles','fr-FR'),(37508,'Équipements sportifs > Jeux d\'intérieur > Bowling > Quilles de bowling','fr-FR'),(37509,'Équipements sportifs > Jeux d\'intérieur > Bowling > Sacs de boules de bowling','fr-FR'),(37505,'Équipements sportifs > Jeux d\'intérieur > Bowling > Boules de bowling','fr-FR'),(37506,'Équipements sportifs > Jeux d\'intérieur > Bowling > Gants de bowling','fr-FR'),(37507,'Équipements sportifs > Jeux d\'intérieur > Bowling > Protège-poignets de bowling','fr-FR'),(37503,'Équipements sportifs > Jeux d\'intérieur > Billard > Tables de billard','fr-FR'),(37504,'Équipements sportifs > Jeux d\'intérieur > Bowling','fr-FR'),(37501,'Équipements sportifs > Jeux d\'intérieur > Billard > Queues et chevalets de billard','fr-FR'),(37502,'Équipements sportifs > Jeux d\'intérieur > Billard > Racks pour boules de billard','fr-FR'),(37498,'Équipements sportifs > Jeux d\'intérieur > Billard > Boules de billard','fr-FR'),(37499,'Équipements sportifs > Jeux d\'intérieur > Billard > Gants de billard','fr-FR'),(37500,'Équipements sportifs > Jeux d\'intérieur > Billard > Lumières de table de billard','fr-FR'),(37497,'Équipements sportifs > Jeux d\'intérieur > Billard > Accessoires pour queues de billard > Étuis pour queues de billard','fr-FR'),(37496,'Équipements sportifs > Jeux d\'intérieur > Billard > Accessoires pour queues de billard > Racks pour queues de billard','fr-FR'),(37494,'Équipements sportifs > Jeux d\'intérieur > Billard > Accessoires pour queues de billard','fr-FR'),(37495,'Équipements sportifs > Jeux d\'intérieur > Billard > Accessoires pour queues de billard > Craie de billard','fr-FR'),(37492,'Équipements sportifs > Jeux d\'intérieur > Billard > Accessoires et pièces de table de billard > Poches de billard','fr-FR'),(37493,'Équipements sportifs > Jeux d\'intérieur > Billard > Accessoires et pièces de table de billard > Tapis de billard','fr-FR'),(37490,'Équipements sportifs > Jeux d\'intérieur > Billard > Accessoires et pièces de table de billard > Brosses de table de billard','fr-FR'),(37491,'Équipements sportifs > Jeux d\'intérieur > Billard > Accessoires et pièces de table de billard > Housses de protection pour tables de billard','fr-FR'),(37489,'Équipements sportifs > Jeux d\'intérieur > Billard > Accessoires et pièces de table de billard','fr-FR'),(37488,'Équipements sportifs > Jeux d\'intérieur > Billard','fr-FR'),(37486,'Équipements sportifs > Jeux d\'intérieur > Baby-foot > Pièces et accessoires pour tables de baby-foot','fr-FR'),(37487,'Équipements sportifs > Jeux d\'intérieur > Baby-foot > Tables de baby-foot','fr-FR'),(37484,'Équipements sportifs > Jeux d\'intérieur > Baby-foot','fr-FR'),(37485,'Équipements sportifs > Jeux d\'intérieur > Baby-foot > Balles de baby-foot','fr-FR'),(37482,'Équipements sportifs > Jeux d\'intérieur > Air Hockey > Tables de Air hockey','fr-FR'),(37483,'Équipements sportifs > Jeux d\'intérieur > Air Hockey > Équipement de air hockey','fr-FR'),(37481,'Équipements sportifs > Jeux d\'intérieur > Air Hockey > Pièces de table de hockey','fr-FR'),(37477,'Équipements sportifs > Entraînement et fitness > Tapis pour machines d\'exercice','fr-FR'),(37478,'Équipements sportifs > Entraînement et fitness > Vêtements alourdis','fr-FR'),(37479,'Équipements sportifs > Jeux d\'intérieur','fr-FR'),(37480,'Équipements sportifs > Jeux d\'intérieur > Air Hockey','fr-FR'),(37476,'Équipements sportifs > Entraînement et fitness > Tables et systèmes d\'inversion','fr-FR'),(37475,'Équipements sportifs > Entraînement et fitness > Steps d\'aérobic','fr-FR'),(37473,'Équipements sportifs > Entraînement et fitness > Rouleaux en mousse','fr-FR'),(37474,'Équipements sportifs > Entraînement et fitness > Sangles de suspension','fr-FR'),(37469,'Équipements sportifs > Entraînement et fitness > Plans inclinés','fr-FR'),(37470,'Équipements sportifs > Entraînement et fitness > Plate-formes vibrantes','fr-FR'),(37471,'Équipements sportifs > Entraînement et fitness > Plateaux d\'équilibre','fr-FR'),(37472,'Équipements sportifs > Entraînement et fitness > Roues et rollers abdominaux','fr-FR'),(37468,'Équipements sportifs > Entraînement et fitness > Pilates et yoga > Tapis pilates et yoga','fr-FR'),(37466,'Équipements sportifs > Entraînement et fitness > Pilates et yoga > Sacs pour matelas de yoga','fr-FR'),(37467,'Équipements sportifs > Entraînement et fitness > Pilates et yoga > Serviettes de yoga et Pilates','fr-FR'),(37463,'Équipements sportifs > Entraînement et fitness > Pilates et yoga','fr-FR'),(37465,'Équipements sportifs > Entraînement et fitness > Pilates et yoga > Machines pilates','fr-FR'),(37464,'Équipements sportifs > Entraînement et fitness > Pilates et yoga > Blocs de yoga et Pilates','fr-FR'),(37462,'Équipements sportifs > Entraînement et fitness > Parachutes de vitesse et résistance','fr-FR'),(37460,'Équipements sportifs > Entraînement et fitness > Haltérophilie > Machines d\'haltérophilie et supports pour barres','fr-FR'),(37461,'Équipements sportifs > Entraînement et fitness > Haltérophilie > Poids libres','fr-FR'),(37459,'Équipements sportifs > Entraînement et fitness > Haltérophilie > Gants d\'haltérophilie et accessoires pour les mains','fr-FR'),(37457,'Équipements sportifs > Entraînement et fitness > Haltérophilie > Accessoires pour machines et bancs d\'haltérophilie','fr-FR'),(37458,'Équipements sportifs > Entraînement et fitness > Haltérophilie > Ceintures d\'haltérophilie','fr-FR'),(37456,'Équipements sportifs > Entraînement et fitness > Haltérophilie > Accessoires de musculation avec des poids libres > Rack de rangement pour poids libres','fr-FR'),(37455,'Équipements sportifs > Entraînement et fitness > Haltérophilie > Accessoires de musculation avec des poids libres > Colliers d\'haltères','fr-FR'),(37454,'Équipements sportifs > Entraînement et fitness > Haltérophilie > Accessoires de musculation avec des poids libres > Barres pour barres à disques','fr-FR'),(37453,'Équipements sportifs > Entraînement et fitness > Haltérophilie > Accessoires de musculation avec des poids libres','fr-FR'),(37451,'Équipements sportifs > Entraînement et fitness > Feux et réflecteurs de sécurité pour le sport','fr-FR'),(37452,'Équipements sportifs > Entraînement et fitness > Haltérophilie','fr-FR'),(37450,'Équipements sportifs > Entraînement et fitness > Ensembles de matériel et de machines de sport','fr-FR'),(37449,'Équipements sportifs > Entraînement et fitness > Chronomètres','fr-FR'),(37448,'Équipements sportifs > Entraînement et fitness > Chaises romaines','fr-FR'),(37447,'Équipements sportifs > Entraînement et fitness > Cardio > Machines de cardiotraining > Vélos elliptiques','fr-FR'),(37446,'Équipements sportifs > Entraînement et fitness > Cardio > Machines de cardiotraining > Vélos d\'appartement','fr-FR'),(37445,'Équipements sportifs > Entraînement et fitness > Cardio > Machines de cardiotraining > Tapis de course','fr-FR'),(37444,'Équipements sportifs > Entraînement et fitness > Cardio > Machines de cardiotraining > Rameurs','fr-FR'),(37441,'Équipements sportifs > Entraînement et fitness > Cardio > Cordes à sauter','fr-FR'),(37442,'Équipements sportifs > Entraînement et fitness > Cardio > Machines de cardiotraining','fr-FR'),(37443,'Équipements sportifs > Entraînement et fitness > Cardio > Machines de cardiotraining > Marchepieds et steps d\'exercice','fr-FR'),(37440,'Équipements sportifs > Entraînement et fitness > Cardio > Accessoires pour machines de cardiotraining > Accessoires pour vélos elliptiques','fr-FR'),(37439,'Équipements sportifs > Entraînement et fitness > Cardio > Accessoires pour machines de cardiotraining > Accessoires pour vélos d\'exercice','fr-FR'),(37437,'Équipements sportifs > Entraînement et fitness > Cardio > Accessoires pour machines de cardiotraining > Accessoires pour rameurs','fr-FR'),(37438,'Équipements sportifs > Entraînement et fitness > Cardio > Accessoires pour machines de cardiotraining > Accessoires pour tapis de course','fr-FR'),(37434,'Équipements sportifs > Entraînement et fitness > Cardio','fr-FR'),(37435,'Équipements sportifs > Entraînement et fitness > Cardio > Accessoires pour machines de cardiotraining','fr-FR'),(37436,'Équipements sportifs > Entraînement et fitness > Cardio > Accessoires pour machines de cardiotraining > Accessoires pour marchepieds et steps d\'exercice','fr-FR'),(37433,'Équipements sportifs > Entraînement et fitness > Barres de traction et de tirage','fr-FR'),(37431,'Équipements sportifs > Entraînement et fitness > Bancs d\'exercice','fr-FR'),(37432,'Équipements sportifs > Entraînement et fitness > Bandes d\'exercice','fr-FR'),(37427,'Équipements sportifs > Entraînement et fitness > Appareils d\'exercice pour les mains','fr-FR'),(37428,'Équipements sportifs > Entraînement et fitness > Balles de réaction','fr-FR'),(37430,'Équipements sportifs > Entraînement et fitness > Ballons lestés','fr-FR'),(37429,'Équipements sportifs > Entraînement et fitness > Ballons d\'exercice','fr-FR'),(37426,'Équipements sportifs > Entraînement et fitness > Accessoires pour rouleau en mousse > Sacs pour rouleau en mousse','fr-FR'),(37424,'Équipements sportifs > Entraînement et fitness','fr-FR'),(37425,'Équipements sportifs > Entraînement et fitness > Accessoires pour rouleau en mousse','fr-FR'),(37421,'Équipements sportifs > Divers sports > Water polo > Buts de water polo','fr-FR'),(37422,'Équipements sportifs > Divers sports > Équipement de ballon-balai','fr-FR'),(37423,'Équipements sportifs > Divers sports > Équipement de wallyball','fr-FR'),(37418,'Équipements sportifs > Divers sports > Water polo','fr-FR'),(37419,'Équipements sportifs > Divers sports > Water polo > Ballons de water polo','fr-FR'),(37420,'Équipements sportifs > Divers sports > Water polo > Bonnets de water polo','fr-FR'),(37417,'Équipements sportifs > Divers sports > Volley-ball > Protections de volley-ball > Genouillères de volley-ball','fr-FR'),(37416,'Équipements sportifs > Divers sports > Volley-ball > Protections de volley-ball','fr-FR'),(37415,'Équipements sportifs > Divers sports > Volley-ball > Matériel d\'entraînement de volley-ball','fr-FR'),(37414,'Équipements sportifs > Divers sports > Volley-ball > Filets de volley-ball','fr-FR'),(37412,'Équipements sportifs > Divers sports > Volley-ball','fr-FR'),(37413,'Équipements sportifs > Divers sports > Volley-ball > Ballons de volley','fr-FR'),(37409,'Équipements sportifs > Divers sports > Tennis > Lanceurs de balles de tennis','fr-FR'),(37410,'Équipements sportifs > Divers sports > Tennis > Paniers de tennis ramasse-balles','fr-FR'),(37411,'Équipements sportifs > Divers sports > Tennis > Raquettes de tennis','fr-FR'),(37406,'Équipements sportifs > Divers sports > Tennis > Balles de tennis','fr-FR'),(37407,'Équipements sportifs > Divers sports > Tennis > Boîtes de balles de tennis','fr-FR'),(37408,'Équipements sportifs > Divers sports > Tennis > Filets de tennis','fr-FR'),(37405,'Équipements sportifs > Divers sports > Tennis > Accessoires pour raquettes de tennis > Œillets de raquettes de tennis','fr-FR'),(37404,'Équipements sportifs > Divers sports > Tennis > Accessoires pour raquettes de tennis > Sacs de raquettes de tennis','fr-FR'),(37403,'Équipements sportifs > Divers sports > Tennis > Accessoires pour raquettes de tennis > Cordages de raquettes de tennis','fr-FR'),(37399,'Équipements sportifs > Divers sports > Tennis','fr-FR'),(37402,'Équipements sportifs > Divers sports > Tennis > Accessoires pour raquettes de tennis > Bandes antidérapantes pour raquettes de tennis','fr-FR'),(37401,'Équipements sportifs > Divers sports > Tennis > Accessoires pour raquettes de tennis > Antivibrateurs pour raquettes','fr-FR'),(37400,'Équipements sportifs > Divers sports > Tennis > Accessoires pour raquettes de tennis','fr-FR'),(37397,'Équipements sportifs > Divers sports > Rugby > Protections de rugby','fr-FR'),(37398,'Équipements sportifs > Divers sports > Rugby > Protections de rugby > Casques de rugby','fr-FR'),(37394,'Équipements sportifs > Divers sports > Rugby > Gants de rugby','fr-FR'),(37395,'Équipements sportifs > Divers sports > Rugby > Matériel d\'entraînement de rugby','fr-FR'),(37396,'Équipements sportifs > Divers sports > Rugby > Poteaux de rugby','fr-FR'),(37393,'Équipements sportifs > Divers sports > Rugby > Ballons de rugby','fr-FR'),(37390,'Équipements sportifs > Divers sports > Rounders > Battes de rounders','fr-FR'),(37391,'Équipements sportifs > Divers sports > Rounders > Gants de rounders','fr-FR'),(37392,'Équipements sportifs > Divers sports > Rugby','fr-FR'),(37386,'Équipements sportifs > Divers sports > Racquetball et squash > Lunettes de squash et de racquetball','fr-FR'),(37387,'Équipements sportifs > Divers sports > Racquetball et squash > Raquettes de racquetball','fr-FR'),(37388,'Équipements sportifs > Divers sports > Racquetball et squash > Raquettes de squash','fr-FR'),(37389,'Équipements sportifs > Divers sports > Rounders','fr-FR'),(37385,'Équipements sportifs > Divers sports > Racquetball et squash > Gants de squash et de racquetball','fr-FR'),(37383,'Équipements sportifs > Divers sports > Racquetball et squash','fr-FR'),(37384,'Équipements sportifs > Divers sports > Racquetball et squash > Balles de racquetball et de squash','fr-FR'),(37381,'Équipements sportifs > Divers sports > Patinage artistique et hockey > Équipement de protection de hockey > Épaulières et plastrons de hockey','fr-FR'),(37382,'Équipements sportifs > Divers sports > Patinage artistique et hockey > Équipement de protection de hockey > Équipement de gardien','fr-FR'),(37379,'Équipements sportifs > Divers sports > Patinage artistique et hockey > Équipement de protection de hockey > Protège-coudes de hockey','fr-FR'),(37380,'Équipements sportifs > Divers sports > Patinage artistique et hockey > Équipement de protection de hockey > Protège-tibias et jambières de hockey','fr-FR'),(37378,'Équipements sportifs > Divers sports > Patinage artistique et hockey > Équipement de protection de hockey > Pantalons de hockey','fr-FR'),(37376,'Équipements sportifs > Divers sports > Patinage artistique et hockey > Équipement de protection de hockey > Ceintures et bretelles pour hockey','fr-FR'),(37377,'Équipements sportifs > Divers sports > Patinage artistique et hockey > Équipement de protection de hockey > Gants de hockey','fr-FR'),(37374,'Équipements sportifs > Divers sports > Patinage artistique et hockey > Équipement de protection de hockey','fr-FR'),(37375,'Équipements sportifs > Divers sports > Patinage artistique et hockey > Équipement de protection de hockey > Casques de hockey','fr-FR'),(37373,'Équipements sportifs > Divers sports > Patinage artistique et hockey > Pièces et accessoires de patins à glace > Tendeurs de lacets pour patins','fr-FR'),(37372,'Équipements sportifs > Divers sports > Patinage artistique et hockey > Pièces et accessoires de patins à glace > Protège-lame de patins','fr-FR'),(37370,'Équipements sportifs > Divers sports > Patinage artistique et hockey > Pièces et accessoires de patins à glace > Chaussures de patinage artistique','fr-FR'),(37367,'Équipements sportifs > Divers sports > Patinage artistique et hockey > Pièces de crosses de hockey > Manches de crosses de hockey','fr-FR'),(37371,'Équipements sportifs > Divers sports > Patinage artistique et hockey > Pièces et accessoires de patins à glace > Lames de patins à glace','fr-FR'),(37369,'Équipements sportifs > Divers sports > Patinage artistique et hockey > Pièces et accessoires de patins à glace > Affûteuses de patins à glace','fr-FR'),(37368,'Équipements sportifs > Divers sports > Patinage artistique et hockey > Pièces et accessoires de patins à glace','fr-FR'),(37365,'Équipements sportifs > Divers sports > Patinage artistique et hockey > Pièces de crosses de hockey','fr-FR'),(37366,'Équipements sportifs > Divers sports > Patinage artistique et hockey > Pièces de crosses de hockey > Lames de crosses de hockey','fr-FR'),(37364,'Équipements sportifs > Divers sports > Patinage artistique et hockey > Patins à glace','fr-FR'),(37363,'Équipements sportifs > Divers sports > Patinage artistique et hockey > Luges de hockey','fr-FR'),(37361,'Équipements sportifs > Divers sports > Patinage artistique et hockey > Buts de hockey','fr-FR'),(37362,'Équipements sportifs > Divers sports > Patinage artistique et hockey > Crosses de hockey','fr-FR'),(37360,'Équipements sportifs > Divers sports > Patinage artistique et hockey > Balles et palets de hockey','fr-FR'),(37359,'Équipements sportifs > Divers sports > Patinage artistique et hockey > Articles d\'entretien des crosses de hockey','fr-FR'),(37358,'Équipements sportifs > Divers sports > Patinage artistique et hockey','fr-FR'),(37354,'Équipements sportifs > Divers sports > Matériel de sport > Protège-dents pour sportifs','fr-FR'),(37356,'Équipements sportifs > Divers sports > Matériel de sport > Spray ou poudre de magnésie','fr-FR'),(37357,'Équipements sportifs > Divers sports > Matériel de sport > Tapis de gym','fr-FR'),(37355,'Équipements sportifs > Divers sports > Matériel de sport > Sièges et coussins de stade','fr-FR'),(37353,'Équipements sportifs > Divers sports > Matériel de sport > Porte-voix de supporters','fr-FR'),(37352,'Équipements sportifs > Divers sports > Matériel de sport > Pompes de gonflage de ballons','fr-FR'),(37351,'Équipements sportifs > Divers sports > Matériel de sport > Masques d\'entraînement à l\'altitude','fr-FR'),(37350,'Équipements sportifs > Divers sports > Matériel de sport > Haies et échelles d\'entraînement','fr-FR'),(37347,'Équipements sportifs > Divers sports > Matériel de sport > Coupes de récompense','fr-FR'),(37348,'Équipements sportifs > Divers sports > Matériel de sport > Cônes de sport et d\'agilité','fr-FR'),(37349,'Équipements sportifs > Divers sports > Matériel de sport > Filets d\'entraînement','fr-FR'),(37346,'Équipements sportifs > Divers sports > Matériel de sport > Chariots et sacs de transport pour ballons','fr-FR'),(37345,'Équipements sportifs > Divers sports > Matériel de sport > Chariots et racks de rangement de tapis de gym','fr-FR'),(37342,'Équipements sportifs > Divers sports > Matériel de sport','fr-FR'),(37343,'Équipements sportifs > Divers sports > Matériel de sport > Accessoires de gonflage de ballons','fr-FR'),(37344,'Équipements sportifs > Divers sports > Matériel de sport > Accessoires de gonflage de ballons > Aiguilles de gonflage de ballons','fr-FR'),(37341,'Équipements sportifs > Divers sports > Lutte > Protections pour la lutte > Genouillères pour la lutte','fr-FR'),(37340,'Équipements sportifs > Divers sports > Lutte > Protections pour la lutte > Casque de protection pour la lutte','fr-FR'),(37338,'Équipements sportifs > Divers sports > Lutte','fr-FR'),(37339,'Équipements sportifs > Divers sports > Lutte > Protections pour la lutte','fr-FR'),(37337,'Équipements sportifs > Divers sports > Hockey sur gazon et lacrosse > Équipement de protection de hockey sur gazon et lacrosse > Protections pour hockey sur gazon et lacrosse','fr-FR'),(37335,'Équipements sportifs > Divers sports > Hockey sur gazon et lacrosse > Équipement de protection de hockey sur gazon et lacrosse > Gants de hockey sur gazon et lacrosse','fr-FR'),(37336,'Équipements sportifs > Divers sports > Hockey sur gazon et lacrosse > Équipement de protection de hockey sur gazon et lacrosse > Masques et lunettes de hockey sur gazon et lacrosse','fr-FR'),(37334,'Équipements sportifs > Divers sports > Hockey sur gazon et lacrosse > Équipement de protection de hockey sur gazon et lacrosse > Casques de hockey sur gazon et lacrosse','fr-FR'),(37332,'Équipements sportifs > Divers sports > Hockey sur gazon et lacrosse > Équipement de lacrosse','fr-FR'),(37333,'Équipements sportifs > Divers sports > Hockey sur gazon et lacrosse > Équipement de protection de hockey sur gazon et lacrosse','fr-FR'),(37331,'Équipements sportifs > Divers sports > Hockey sur gazon et lacrosse > Pièces pour bâtons de lacrosse > Têtes de crosse de lacrosse','fr-FR'),(37330,'Équipements sportifs > Divers sports > Hockey sur gazon et lacrosse > Pièces pour bâtons de lacrosse > Manches de lacrosse','fr-FR'),(37329,'Équipements sportifs > Divers sports > Hockey sur gazon et lacrosse > Pièces pour bâtons de lacrosse > Filets et mailles de lacrosse','fr-FR'),(37328,'Équipements sportifs > Divers sports > Hockey sur gazon et lacrosse > Pièces pour bâtons de lacrosse','fr-FR'),(37327,'Équipements sportifs > Divers sports > Hockey sur gazon et lacrosse > Matériel d\'entraînement de lacrosse','fr-FR'),(37325,'Équipements sportifs > Divers sports > Hockey sur gazon et lacrosse > Crosses de hockey sur gazon','fr-FR'),(37326,'Équipements sportifs > Divers sports > Hockey sur gazon et lacrosse > Crosses de lacrosse','fr-FR'),(37323,'Équipements sportifs > Divers sports > Hockey sur gazon et lacrosse > Buts de hockey sur gazon','fr-FR'),(37324,'Équipements sportifs > Divers sports > Hockey sur gazon et lacrosse > Buts de lacrosse','fr-FR'),(37322,'Équipements sportifs > Divers sports > Hockey sur gazon et lacrosse > Balles de lacrosse','fr-FR'),(37320,'Équipements sportifs > Divers sports > Hockey sur gazon et lacrosse','fr-FR'),(37321,'Équipements sportifs > Divers sports > Hockey sur gazon et lacrosse > Balles de hockey sur gazon','fr-FR'),(37319,'Équipements sportifs > Divers sports > Handball > Ballons de handball','fr-FR'),(37318,'Équipements sportifs > Divers sports > Handball','fr-FR'),(37317,'Équipements sportifs > Divers sports > Gymnastique > Tremplins de gymnastique','fr-FR'),(37316,'Équipements sportifs > Divers sports > Gymnastique > Poutres et barres de gymnastique','fr-FR'),(37315,'Équipements sportifs > Divers sports > Gymnastique > Matériel de protection > Maniques de gymnastique','fr-FR'),(37313,'Équipements sportifs > Divers sports > Gymnastique > Chevaux de saut','fr-FR'),(37314,'Équipements sportifs > Divers sports > Gymnastique > Matériel de protection','fr-FR'),(37311,'Équipements sportifs > Divers sports > Gymnastique > Anneaux de gymnastique','fr-FR'),(37312,'Équipements sportifs > Divers sports > Gymnastique > Chevaux d\'arçons','fr-FR'),(37310,'Équipements sportifs > Divers sports > Gymnastique','fr-FR'),(37308,'Équipements sportifs > Divers sports > Football américain > Protections de football américain > Épaulières de football américain','fr-FR'),(37309,'Équipements sportifs > Divers sports > Football américain > Tees et holders de football américain','fr-FR'),(37307,'Équipements sportifs > Divers sports > Football américain > Protections de football américain > Protège-cervicales de football américain','fr-FR'),(37305,'Équipements sportifs > Divers sports > Football américain > Protections de football américain > Gaines de football américain','fr-FR'),(37306,'Équipements sportifs > Divers sports > Football américain > Protections de football américain > Maillots et protège-sternum','fr-FR'),(37303,'Équipements sportifs > Divers sports > Football américain > Protections de football américain > Accessoires pour casques de football américain > Visières pour casques de football américain','fr-FR'),(37304,'Équipements sportifs > Divers sports > Football américain > Protections de football américain > Casques de football américain','fr-FR'),(37301,'Équipements sportifs > Divers sports > Football américain > Protections de football américain > Accessoires pour casques de football américain > Jugulaires de football américain','fr-FR'),(37302,'Équipements sportifs > Divers sports > Football américain > Protections de football américain > Accessoires pour casques de football américain > Protections pour casque de football américain','fr-FR'),(37300,'Équipements sportifs > Divers sports > Football américain > Protections de football américain > Accessoires pour casques de football américain > Grilles de casque de football américain','fr-FR'),(37298,'Équipements sportifs > Divers sports > Football américain > Protections de football américain','fr-FR'),(37299,'Équipements sportifs > Divers sports > Football américain > Protections de football américain > Accessoires pour casques de football américain','fr-FR'),(37296,'Équipements sportifs > Divers sports > Football américain > Matériel d\'entraînement de football américain > Mannequins et traîneaux de blocage','fr-FR'),(37297,'Équipements sportifs > Divers sports > Football américain > Poteaux de but de football américain','fr-FR'),(37295,'Équipements sportifs > Divers sports > Football américain > Matériel d\'entraînement de football américain','fr-FR'),(37294,'Équipements sportifs > Divers sports > Football américain > Gants de football américain','fr-FR'),(37292,'Équipements sportifs > Divers sports > Football américain','fr-FR'),(37293,'Équipements sportifs > Divers sports > Football américain > Ballons de football américain','fr-FR'),(37290,'Équipements sportifs > Divers sports > Football > Protections de football','fr-FR'),(37291,'Équipements sportifs > Divers sports > Football > Protections de football > Protège-tibias de football','fr-FR'),(37289,'Équipements sportifs > Divers sports > Football > Gants de gardien de buts de football','fr-FR'),(37288,'Équipements sportifs > Divers sports > Football > Drapeaux de corner','fr-FR'),(37286,'Équipements sportifs > Divers sports > Football > Ballons de football','fr-FR'),(37287,'Équipements sportifs > Divers sports > Football > Buts et filets de football','fr-FR'),(37285,'Équipements sportifs > Divers sports > Football > Accessoires pour buts de football','fr-FR'),(37282,'Équipements sportifs > Divers sports > Escrime > Tenue d\'escrime > Masques d\'escrime','fr-FR'),(37283,'Équipements sportifs > Divers sports > Escrime > Tenue d\'escrime > Vestes d\'escrime','fr-FR'),(37284,'Équipements sportifs > Divers sports > Football','fr-FR'),(37281,'Équipements sportifs > Divers sports > Escrime > Tenue d\'escrime > Gants et poignées d\'escrime','fr-FR'),(37279,'Équipements sportifs > Divers sports > Escrime > Armes d\'escrime','fr-FR'),(37280,'Équipements sportifs > Divers sports > Escrime > Tenue d\'escrime','fr-FR'),(37276,'Équipements sportifs > Divers sports > Danse','fr-FR'),(37277,'Équipements sportifs > Divers sports > Danse > Barres de danse','fr-FR'),(37278,'Équipements sportifs > Divers sports > Escrime','fr-FR'),(37275,'Équipements sportifs > Divers sports > Cricket > Équipement de protection de cricket > Jambières de cricket','fr-FR'),(37274,'Équipements sportifs > Divers sports > Cricket > Équipement de protection de cricket > Gants de cricket','fr-FR'),(37273,'Équipements sportifs > Divers sports > Cricket > Équipement de protection de cricket > Casques de cricket','fr-FR'),(37272,'Équipements sportifs > Divers sports > Cricket > Équipement de protection de cricket','fr-FR'),(37269,'Équipements sportifs > Divers sports > Cricket > Battes de cricket','fr-FR'),(37270,'Équipements sportifs > Divers sports > Cricket > Ensembles d\'équipements de cricket','fr-FR'),(37271,'Équipements sportifs > Divers sports > Cricket > Souches de cricket','fr-FR'),(37268,'Équipements sportifs > Divers sports > Cricket > Balles de cricket','fr-FR'),(37267,'Équipements sportifs > Divers sports > Cricket > Accessoires pour battes de cricket > Bandes antidérapantes pour battes de cricket','fr-FR'),(37266,'Équipements sportifs > Divers sports > Cricket > Accessoires pour battes de cricket','fr-FR'),(37264,'Équipements sportifs > Divers sports > Cheerleading > Pompons de cheerleading','fr-FR'),(37265,'Équipements sportifs > Divers sports > Cricket','fr-FR'),(37263,'Équipements sportifs > Divers sports > Cheerleading','fr-FR'),(37262,'Équipements sportifs > Divers sports > Boxe et arts martiaux > Équipement de protection pour la boxe et les arts martiaux > Protège-tibias d\'arts martiaux mixtes','fr-FR'),(37261,'Équipements sportifs > Divers sports > Boxe et arts martiaux > Équipement de protection pour la boxe et les arts martiaux > Protège avant-bras de boxe et arts martiaux','fr-FR'),(37260,'Équipements sportifs > Divers sports > Boxe et arts martiaux > Équipement de protection pour la boxe et les arts martiaux > Plastrons de boxe et arts martiaux','fr-FR'),(37258,'Équipements sportifs > Divers sports > Boxe et arts martiaux > Équipement de protection pour la boxe et les arts martiaux > Casques de boxe et arts martiaux','fr-FR'),(37259,'Équipements sportifs > Divers sports > Boxe et arts martiaux > Équipement de protection pour la boxe et les arts martiaux > Mitaines et gants de boxe','fr-FR'),(37256,'Équipements sportifs > Divers sports > Boxe et arts martiaux > Équipement de protection pour la boxe et les arts martiaux','fr-FR'),(37257,'Équipements sportifs > Divers sports > Boxe et arts martiaux > Équipement de protection pour la boxe et les arts martiaux > Bandages de mains pour la boxe et le combat libre','fr-FR'),(37254,'Équipements sportifs > Divers sports > Boxe et arts martiaux > Équipement d\'entraînement à la boxe et aux arts martiaux > Mitaines d\'entraîneur de boxe et combat libre','fr-FR'),(37255,'Équipements sportifs > Divers sports > Boxe et arts martiaux > Équipement d\'entraînement à la boxe et aux arts martiaux > Punching-balls','fr-FR'),(37252,'Équipements sportifs > Divers sports > Boxe et arts martiaux > Équipement d\'entraînement à la boxe et aux arts martiaux > Boucliers de frappe','fr-FR'),(37253,'Équipements sportifs > Divers sports > Boxe et arts martiaux > Équipement d\'entraînement à la boxe et aux arts martiaux > Mannequins pour la lutte','fr-FR'),(37251,'Équipements sportifs > Divers sports > Boxe et arts martiaux > Équipement d\'entraînement à la boxe et aux arts martiaux > Accessoires pour punching-balls','fr-FR'),(37249,'Équipements sportifs > Divers sports > Boxe et arts martiaux > Rings de boxe','fr-FR'),(37250,'Équipements sportifs > Divers sports > Boxe et arts martiaux > Équipement d\'entraînement à la boxe et aux arts martiaux','fr-FR'),(37248,'Équipements sportifs > Divers sports > Boxe et arts martiaux > Pièces de ring de boxe','fr-FR'),(37247,'Équipements sportifs > Divers sports > Boxe et arts martiaux > Ceintures d\'arts martiaux','fr-FR'),(37245,'Équipements sportifs > Divers sports > Boxe et arts martiaux','fr-FR'),(37246,'Équipements sportifs > Divers sports > Boxe et arts martiaux > Armes d\'arts martiaux','fr-FR'),(37243,'Équipements sportifs > Divers sports > Basket-ball > Matériel d\'entraînement de basket-ball','fr-FR'),(37244,'Équipements sportifs > Divers sports > Basket-ball > Paniers de basket-ball','fr-FR'),(37241,'Équipements sportifs > Divers sports > Basket-ball > Accessoires et paniers de basket-ball > Poteaux de basket-ball','fr-FR'),(37242,'Équipements sportifs > Divers sports > Basket-ball > Ballons de basket-ball','fr-FR'),(37240,'Équipements sportifs > Divers sports > Basket-ball > Accessoires et paniers de basket-ball > Panneaux de basket-ball','fr-FR'),(37239,'Équipements sportifs > Divers sports > Basket-ball > Accessoires et paniers de basket-ball > Mousse de protection pour paniers de basket-ball','fr-FR'),(37238,'Équipements sportifs > Divers sports > Basket-ball > Accessoires et paniers de basket-ball > Filets de basket-ball','fr-FR'),(37235,'Équipements sportifs > Divers sports > Basket-ball','fr-FR'),(37236,'Équipements sportifs > Divers sports > Basket-ball > Accessoires et paniers de basket-ball','fr-FR'),(37237,'Équipements sportifs > Divers sports > Basket-ball > Accessoires et paniers de basket-ball > Anneaux de basket-ball','fr-FR'),(37234,'Équipements sportifs > Divers sports > Base-ball et softball > Équipement de protection de base-ball et softball > Plastrons de receveurs','fr-FR'),(37233,'Équipements sportifs > Divers sports > Base-ball et softball > Équipement de protection de base-ball et softball > Panoplies d\'équipement de receveurs','fr-FR'),(37232,'Équipements sportifs > Divers sports > Base-ball et softball > Équipement de protection de base-ball et softball > Jambières de base-ball et de softball','fr-FR'),(37231,'Équipements sportifs > Divers sports > Base-ball et softball > Équipement de protection de base-ball et softball > Casques et masques de receveurs','fr-FR'),(37230,'Équipements sportifs > Divers sports > Base-ball et softball > Équipement de protection de base-ball et softball > Casques de batteurs de base-ball et de softball','fr-FR'),(37229,'Équipements sportifs > Divers sports > Base-ball et softball > Équipement de protection de base-ball et softball','fr-FR'),(37226,'Équipements sportifs > Divers sports > Base-ball et softball > Lance-balles','fr-FR'),(37227,'Équipements sportifs > Divers sports > Base-ball et softball > Monticules de lanceur','fr-FR'),(37228,'Équipements sportifs > Divers sports > Base-ball et softball > Plaques de lanceur','fr-FR'),(37225,'Équipements sportifs > Divers sports > Base-ball et softball > Gants et mitaines de base-ball et de softball','fr-FR'),(37224,'Équipements sportifs > Divers sports > Base-ball et softball > Gants de batteurs de base-ball et de softball','fr-FR'),(37221,'Équipements sportifs > Divers sports > Base-ball et softball > Bases de terrain de base-ball et de softball','fr-FR'),(37222,'Équipements sportifs > Divers sports > Base-ball et softball > Battes de baseball','fr-FR'),(37223,'Équipements sportifs > Divers sports > Base-ball et softball > Battes de softball','fr-FR'),(37220,'Équipements sportifs > Divers sports > Base-ball et softball > Balles de softball','fr-FR'),(37219,'Équipements sportifs > Divers sports > Base-ball et softball > Balles de baseball','fr-FR'),(37218,'Équipements sportifs > Divers sports > Base-ball et softball','fr-FR'),(37217,'Équipements sportifs > Divers sports > Athlétisme > Témoins','fr-FR'),(37216,'Équipements sportifs > Divers sports > Athlétisme > Starting-blocks','fr-FR'),(37215,'Équipements sportifs > Divers sports > Athlétisme > Poids','fr-FR'),(37214,'Équipements sportifs > Divers sports > Athlétisme > Pistolets de starter','fr-FR'),(37209,'Équipements sportifs > Divers sports > Athlétisme > Javelots','fr-FR'),(37210,'Équipements sportifs > Divers sports > Athlétisme > Marteaux à lancer','fr-FR'),(37211,'Équipements sportifs > Divers sports > Athlétisme > Matelas de saut en hauteur','fr-FR'),(37212,'Équipements sportifs > Divers sports > Athlétisme > Matelas de saut à la perche','fr-FR'),(37213,'Équipements sportifs > Divers sports > Athlétisme > Perches','fr-FR'),(37208,'Équipements sportifs > Divers sports > Athlétisme > Haies','fr-FR'),(37207,'Équipements sportifs > Divers sports > Athlétisme > Disques','fr-FR'),(37206,'Équipements sportifs > Divers sports > Athlétisme > Barres de saut en hauteur','fr-FR'),(37204,'Équipements sportifs > Divers sports > Accessoires d\'entraînement et d\'arbitrage > Tableaux de score','fr-FR'),(37201,'Équipements sportifs > Divers sports > Accessoires d\'entraînement et d\'arbitrage > Pièces ou pions pile ou face','fr-FR'),(37205,'Équipements sportifs > Divers sports > Athlétisme','fr-FR'),(37203,'Équipements sportifs > Divers sports > Accessoires d\'entraînement et d\'arbitrage > Sifflets de sport et de sécurité','fr-FR'),(37202,'Équipements sportifs > Divers sports > Accessoires d\'entraînement et d\'arbitrage > Portefeuilles d\'arbitrage','fr-FR'),(37200,'Équipements sportifs > Divers sports > Accessoires d\'entraînement et d\'arbitrage > Marquage des lignes de terrains et courts','fr-FR'),(37199,'Équipements sportifs > Divers sports > Accessoires d\'entraînement et d\'arbitrage > Drapeaux de touche','fr-FR'),(37198,'Équipements sportifs > Divers sports > Accessoires d\'entraînement et d\'arbitrage > Compteurs pour arbitres','fr-FR'),(37197,'Équipements sportifs > Divers sports > Accessoires d\'entraînement et d\'arbitrage > Compteurs de lancers','fr-FR'),(37196,'Équipements sportifs > Divers sports > Accessoires d\'entraînement et d\'arbitrage > Chaises d\'arbitrage','fr-FR'),(37195,'Équipements sportifs > Divers sports > Accessoires d\'entraînement et d\'arbitrage > Cartons et drapeaux d\'arbitrage','fr-FR'),(37194,'Équipements sportifs > Divers sports > Accessoires d\'entraînement et d\'arbitrage > Brassards de capitaine','fr-FR'),(37193,'Équipements sportifs > Divers sports > Accessoires d\'entraînement et d\'arbitrage','fr-FR'),(37191,'Équipements sportifs','fr-FR'),(37192,'Équipements sportifs > Divers sports','fr-FR'),(37190,'Vêtements et accessoires > Vêtements > Vêtements traditionnels et de cérémonie > Yukata','fr-FR'),(37189,'Vêtements et accessoires > Vêtements > Vêtements traditionnels et de cérémonie > Vêtements de cérémonie religieuse > Vêtements de baptême et de communion','fr-FR'),(37188,'Vêtements et accessoires > Vêtements > Vêtements traditionnels et de cérémonie > Vêtements de cérémonie religieuse','fr-FR'),(37187,'Vêtements et accessoires > Vêtements > Vêtements traditionnels et de cérémonie > Vêtements associés au kimono','fr-FR'),(37186,'Vêtements et accessoires > Vêtements > Vêtements traditionnels et de cérémonie > Saris','fr-FR'),(37185,'Vêtements et accessoires > Vêtements > Vêtements traditionnels et de cérémonie > Pantalons hakama','fr-FR'),(37184,'Vêtements et accessoires > Vêtements > Vêtements traditionnels et de cérémonie > Lederhosen','fr-FR'),(37183,'Vêtements et accessoires > Vêtements > Vêtements traditionnels et de cérémonie > Kurotomesode','fr-FR'),(37181,'Vêtements et accessoires > Vêtements > Vêtements traditionnels et de cérémonie > Dirndls','fr-FR'),(37182,'Vêtements et accessoires > Vêtements > Vêtements traditionnels et de cérémonie > Kimonos','fr-FR'),(37180,'Vêtements et accessoires > Vêtements > Vêtements traditionnels et de cérémonie','fr-FR'),(37179,'Vêtements et accessoires > Vêtements > Vêtements pour bébés et tout-petits > Vêtements de plein air pour bébés et tout-petits','fr-FR'),(37177,'Vêtements et accessoires > Vêtements > Vêtements pour bébés et tout-petits > Robes pour bébé et tout-petits','fr-FR'),(37178,'Vêtements et accessoires > Vêtements > Vêtements pour bébés et tout-petits > Sous-vêtements pour tout-petits','fr-FR'),(37176,'Vêtements et accessoires > Vêtements > Vêtements pour bébés et tout-petits > Maillots de bain pour bébés et tout-petits','fr-FR'),(37174,'Vêtements et accessoires > Vêtements > Vêtements pour bébés et tout-petits > Gigoteuses et nids d\'ange','fr-FR'),(37175,'Vêtements et accessoires > Vêtements > Vêtements pour bébés et tout-petits > Hauts pour bébés et tout-petits','fr-FR'),(37173,'Vêtements et accessoires > Vêtements > Vêtements pour bébés et tout-petits > Ensembles pour bébés et tout-petits','fr-FR'),(37171,'Vêtements et accessoires > Vêtements > Vêtements pour bébés et tout-petits > Chaussettes et collants pour bébés et tout-petits','fr-FR'),(37172,'Vêtements et accessoires > Vêtements > Vêtements pour bébés et tout-petits > Couvre-couches pour bébés et tout-petits','fr-FR'),(37170,'Vêtements et accessoires > Vêtements > Vêtements pour bébés et tout-petits > Bodies bébés','fr-FR'),(37169,'Vêtements et accessoires > Vêtements > Vêtements pour bébés et tout-petits > Bas pour bébés et tout-petits','fr-FR'),(37168,'Vêtements et accessoires > Vêtements > Vêtements pour bébés et tout-petits','fr-FR'),(37167,'Vêtements et accessoires > Vêtements > Vêtements fitness et sports > Vêtements de protection pour moto > Vestes de moto','fr-FR'),(37166,'Vêtements et accessoires > Vêtements > Vêtements fitness et sports > Vêtements de protection pour moto > Pantalons de moto','fr-FR'),(37164,'Vêtements et accessoires > Vêtements > Vêtements fitness et sports > Vêtements de protection pour moto','fr-FR'),(37165,'Vêtements et accessoires > Vêtements > Vêtements fitness et sports > Vêtements de protection pour moto > Combinaisons de moto','fr-FR'),(37162,'Vêtements et accessoires > Vêtements > Vêtements fitness et sports > Vêtements de chasse > Tenues de camouflage','fr-FR'),(37163,'Vêtements et accessoires > Vêtements > Vêtements fitness et sports > Vêtements de paintball','fr-FR'),(37160,'Vêtements et accessoires > Vêtements > Vêtements fitness et sports > Vêtements de chasse > Gilets de chasse et de pêche','fr-FR'),(37161,'Vêtements et accessoires > Vêtements > Vêtements fitness et sports > Vêtements de chasse > Pantalons de chasse et de combat','fr-FR'),(37159,'Vêtements et accessoires > Vêtements > Vêtements fitness et sports > Vêtements de chasse','fr-FR'),(37158,'Vêtements et accessoires > Vêtements > Vêtements fitness et sports > Tenues de cyclisme > Shorts et slips de cyclisme','fr-FR'),(37157,'Vêtements et accessoires > Vêtements > Vêtements fitness et sports > Tenues de cyclisme > Maillots de cyclisme','fr-FR'),(37156,'Vêtements et accessoires > Vêtements > Vêtements fitness et sports > Tenues de cyclisme > Cuissard à bretelles','fr-FR'),(37153,'Vêtements et accessoires > Vêtements > Vêtements fitness et sports > Tenues de cyclisme','fr-FR'),(37154,'Vêtements et accessoires > Vêtements > Vêtements fitness et sports > Tenues de cyclisme > Collants de cyclisme','fr-FR'),(37155,'Vêtements et accessoires > Vêtements > Vêtements fitness et sports > Tenues de cyclisme > Combinaisons vélo','fr-FR'),(37152,'Vêtements et accessoires > Vêtements > Vêtements fitness et sports > Shorts pour arts martiaux','fr-FR'),(37151,'Vêtements et accessoires > Vêtements > Vêtements fitness et sports > Shorts de boxe','fr-FR'),(37150,'Vêtements et accessoires > Vêtements > Vêtements fitness et sports > Pantalons de football américain','fr-FR'),(37148,'Vêtements et accessoires > Vêtements > Vêtements fitness et sports','fr-FR'),(37149,'Vêtements et accessoires > Vêtements > Vêtements fitness et sports > Costumes, jupes et robes de danse','fr-FR'),(37147,'Vêtements et accessoires > Vêtements > Vêtements de plein air > Pantalons et combinaisons de ski','fr-FR'),(37146,'Vêtements et accessoires > Vêtements > Vêtements de plein air > Pantalons de pluie','fr-FR'),(37144,'Vêtements et accessoires > Vêtements > Vêtements de plein air > Gilets et vestes sans manches','fr-FR'),(37145,'Vêtements et accessoires > Vêtements > Vêtements de plein air > Manteaux et vestes','fr-FR'),(37143,'Vêtements et accessoires > Vêtements > Vêtements de plein air > Ensembles imperméables','fr-FR'),(37141,'Vêtements et accessoires > Vêtements > Vêtements de plein air','fr-FR'),(37142,'Vêtements et accessoires > Vêtements > Vêtements de plein air > Chaps','fr-FR'),(37140,'Vêtements et accessoires > Vêtements > Vêtements de nuit et de détente > Vêtements de détente','fr-FR'),(37138,'Vêtements et accessoires > Vêtements > Vêtements de nuit et de détente > Pyjamas','fr-FR'),(37139,'Vêtements et accessoires > Vêtements > Vêtements de nuit et de détente > Robes de chambre','fr-FR'),(37137,'Vêtements et accessoires > Vêtements > Vêtements de nuit et de détente > Chemises de nuit','fr-FR'),(37134,'Vêtements et accessoires > Vêtements > Vêtements de mariage > Robes de mariage','fr-FR'),(37135,'Vêtements et accessoires > Vêtements > Vêtements de mariage > Robes de mariée','fr-FR'),(37136,'Vêtements et accessoires > Vêtements > Vêtements de nuit et de détente','fr-FR'),(37133,'Vêtements et accessoires > Vêtements > Vêtements de mariage','fr-FR'),(37132,'Vêtements et accessoires > Vêtements > Vêtements de bain','fr-FR'),(37129,'Vêtements et accessoires > Vêtements > Tenues > Vêtements de cuisine > Pantalons de cuisinier','fr-FR'),(37130,'Vêtements et accessoires > Vêtements > Tenues > Vêtements de cuisine > Toques de cuisinier','fr-FR'),(37131,'Vêtements et accessoires > Vêtements > Tenues > Vêtements de cuisine > Vestes de cuisinier','fr-FR'),(37126,'Vêtements et accessoires > Vêtements > Tenues > Uniformes militaires','fr-FR'),(37127,'Vêtements et accessoires > Vêtements > Tenues > Uniformes scolaires','fr-FR'),(37128,'Vêtements et accessoires > Vêtements > Tenues > Vêtements de cuisine','fr-FR'),(37124,'Vêtements et accessoires > Vêtements > Tenues > Uniformes de sport > Tenues de softball','fr-FR'),(37125,'Vêtements et accessoires > Vêtements > Tenues > Uniformes de sécurité','fr-FR'),(37123,'Vêtements et accessoires > Vêtements > Tenues > Uniformes de sport > Tenues de lutte','fr-FR'),(37122,'Vêtements et accessoires > Vêtements > Tenues > Uniformes de sport > Tenues de hockey','fr-FR'),(37121,'Vêtements et accessoires > Vêtements > Tenues > Uniformes de sport > Tenues de football américain','fr-FR'),(37119,'Vêtements et accessoires > Vêtements > Tenues > Uniformes de sport > Tenues de cricket','fr-FR'),(37120,'Vêtements et accessoires > Vêtements > Tenues > Uniformes de sport > Tenues de football','fr-FR'),(37118,'Vêtements et accessoires > Vêtements > Tenues > Uniformes de sport > Tenues de cheerleading','fr-FR'),(37117,'Vêtements et accessoires > Vêtements > Tenues > Uniformes de sport > Tenues de basket-ball','fr-FR'),(37115,'Vêtements et accessoires > Vêtements > Tenues > Uniformes de sport > Tenues d\'arts martiaux','fr-FR'),(37116,'Vêtements et accessoires > Vêtements > Tenues > Uniformes de sport > Tenues de baseball','fr-FR'),(37113,'Vêtements et accessoires > Vêtements > Tenues > Uniformes de sport','fr-FR'),(37114,'Vêtements et accessoires > Vêtements > Tenues > Uniformes de sport > Tenues d\'arbitre','fr-FR'),(37112,'Vêtements et accessoires > Vêtements > Tenues > Pantalons et combinaisons de travail','fr-FR'),(37109,'Vêtements et accessoires > Vêtements > Tenues','fr-FR'),(37110,'Vêtements et accessoires > Vêtements > Tenues > Blouses blanches','fr-FR'),(37111,'Vêtements et accessoires > Vêtements > Tenues > Combinaisons de vol','fr-FR'),(37107,'Vêtements et accessoires > Vêtements > Sous-vêtements et chaussettes > Soutiens-gorges','fr-FR'),(37108,'Vêtements et accessoires > Vêtements > Sous-vêtements et chaussettes > Tricots de corps','fr-FR'),(37106,'Vêtements et accessoires > Vêtements > Sous-vêtements et chaussettes > Sous-vêtements gainants','fr-FR'),(37104,'Vêtements et accessoires > Vêtements > Sous-vêtements et chaussettes > Slips de sport','fr-FR'),(37105,'Vêtements et accessoires > Vêtements > Sous-vêtements et chaussettes > Sous-vêtements','fr-FR'),(37103,'Vêtements et accessoires > Vêtements > Sous-vêtements et chaussettes > Lingerie','fr-FR'),(37098,'Vêtements et accessoires > Vêtements > Sous-vêtements et chaussettes > Caleçons longs','fr-FR'),(37099,'Vêtements et accessoires > Vêtements > Sous-vêtements et chaussettes > Chaussettes','fr-FR'),(37100,'Vêtements et accessoires > Vêtements > Sous-vêtements et chaussettes > Collants','fr-FR'),(37101,'Vêtements et accessoires > Vêtements > Sous-vêtements et chaussettes > Fonds de robe et jupons','fr-FR'),(37102,'Vêtements et accessoires > Vêtements > Sous-vêtements et chaussettes > Jupons et jupons-culottes','fr-FR'),(37096,'Vêtements et accessoires > Vêtements > Sous-vêtements et chaussettes > Accessoires pour soutien-gorge > Cache-tétons','fr-FR'),(37097,'Vêtements et accessoires > Vêtements > Sous-vêtements et chaussettes > Accessoires pour soutien-gorge > Protège-bretelles de soutien-gorge','fr-FR'),(37095,'Vêtements et accessoires > Vêtements > Sous-vêtements et chaussettes > Accessoires pour soutien-gorge > Bretelles et rallonges de soutien-gorge','fr-FR'),(37091,'Vêtements et accessoires > Vêtements > Sous-vêtements et chaussettes > Accessoires de lingerie > Jarretelles','fr-FR'),(37092,'Vêtements et accessoires > Vêtements > Sous-vêtements et chaussettes > Accessoires de lingerie > Porte-jarretelles','fr-FR'),(37093,'Vêtements et accessoires > Vêtements > Sous-vêtements et chaussettes > Accessoires pour soutien-gorge','fr-FR'),(37094,'Vêtements et accessoires > Vêtements > Sous-vêtements et chaussettes > Accessoires pour soutien-gorge > Amplificateurs de poitrine','fr-FR'),(37089,'Vêtements et accessoires > Vêtements > Sous-vêtements et chaussettes','fr-FR'),(37090,'Vêtements et accessoires > Vêtements > Sous-vêtements et chaussettes > Accessoires de lingerie','fr-FR'),(37086,'Vêtements et accessoires > Vêtements > Pantalons','fr-FR'),(37087,'Vêtements et accessoires > Vêtements > Robes','fr-FR'),(37082,'Vêtements et accessoires > Vêtements > Ensembles une pièce > Salopettes','fr-FR'),(37088,'Vêtements et accessoires > Vêtements > Shorts','fr-FR'),(37083,'Vêtements et accessoires > Vêtements > Hauts','fr-FR'),(37084,'Vêtements et accessoires > Vêtements > Jupes','fr-FR'),(37085,'Vêtements et accessoires > Vêtements > Jupes-shorts','fr-FR'),(37076,'Vêtements et accessoires > Vêtements > Costumes et tailleurs > Smokings','fr-FR'),(37077,'Vêtements et accessoires > Vêtements > Costumes et tailleurs > Tailleurs-jupes','fr-FR'),(37078,'Vêtements et accessoires > Vêtements > Ensembles de vêtements','fr-FR'),(37079,'Vêtements et accessoires > Vêtements > Ensembles une pièce','fr-FR'),(37080,'Vêtements et accessoires > Vêtements > Ensembles une pièce > Combinaisons pantalon et combishorts','fr-FR'),(37081,'Vêtements et accessoires > Vêtements > Ensembles une pièce > Justaucorps et académiques','fr-FR'),(37075,'Vêtements et accessoires > Vêtements > Costumes et tailleurs > Costumes et tailleurs à pantalon','fr-FR'),(37073,'Vêtements et accessoires > Vêtements','fr-FR'),(37074,'Vêtements et accessoires > Vêtements > Costumes et tailleurs','fr-FR'),(37065,'Vêtements et accessoires > Déguisements et accessoires > Chaussures de déguisement','fr-FR'),(37066,'Vêtements et accessoires > Déguisements et accessoires > Déguisements','fr-FR'),(37067,'Vêtements et accessoires > Déguisements et accessoires > Masques','fr-FR'),(37068,'Vêtements et accessoires > Sacs à main, portefeuilles et étuis','fr-FR'),(37069,'Vêtements et accessoires > Sacs à main, portefeuilles et étuis > Portefeuilles et pinces à billets','fr-FR'),(37070,'Vêtements et accessoires > Sacs à main, portefeuilles et étuis > Sacs à main','fr-FR'),(37071,'Vêtements et accessoires > Sacs à main, portefeuilles et étuis > Étuis pour badges et insignes','fr-FR'),(37072,'Vêtements et accessoires > Sacs à main, portefeuilles et étuis > Étuis pour cartes de visite','fr-FR'),(37063,'Vêtements et accessoires > Déguisements et accessoires > Accessoires de déguisement > Gants de déguisement','fr-FR'),(37064,'Vêtements et accessoires > Déguisements et accessoires > Accessoires de déguisement > Perruques chauves','fr-FR'),(37058,'Vêtements et accessoires > Déguisements et accessoires > Accessoires de déguisement > Bijoux factices','fr-FR'),(37059,'Vêtements et accessoires > Déguisements et accessoires > Accessoires de déguisement > Capes de déguisement','fr-FR'),(37060,'Vêtements et accessoires > Déguisements et accessoires > Accessoires de déguisement > Chapeaux de déguisement','fr-FR'),(37062,'Vêtements et accessoires > Déguisements et accessoires > Accessoires de déguisement > Ensembles d\'accessoires de déguisement','fr-FR'),(37061,'Vêtements et accessoires > Déguisements et accessoires > Accessoires de déguisement > Effets spéciaux pour déguisements','fr-FR'),(37052,'Vêtements et accessoires > Bijoux > Montres','fr-FR'),(37053,'Vêtements et accessoires > Bijoux > Parures de bijoux','fr-FR'),(37054,'Vêtements et accessoires > Chaussures','fr-FR'),(37055,'Vêtements et accessoires > Déguisements et accessoires','fr-FR'),(37056,'Vêtements et accessoires > Déguisements et accessoires > Accessoires de déguisement','fr-FR'),(37057,'Vêtements et accessoires > Déguisements et accessoires > Accessoires de déguisement > Accessoires de fumeurs pour déguisements','fr-FR'),(37046,'Vêtements et accessoires > Bijoux > Boucles d\'oreilles','fr-FR'),(37051,'Vêtements et accessoires > Bijoux > Colliers','fr-FR'),(37049,'Vêtements et accessoires > Bijoux > Breloques et pendentifs','fr-FR'),(37050,'Vêtements et accessoires > Bijoux > Broches et épinglettes','fr-FR'),(37047,'Vêtements et accessoires > Bijoux > Bracelets','fr-FR'),(37048,'Vêtements et accessoires > Bijoux > Bracelets de cheville','fr-FR'),(37039,'Vêtements et accessoires > Bijoux','fr-FR'),(37040,'Vêtements et accessoires > Bijoux > Accessoires pour montres','fr-FR'),(37041,'Vêtements et accessoires > Bijoux > Accessoires pour montres > Bracelets de montres','fr-FR'),(37042,'Vêtements et accessoires > Bijoux > Accessoires pour montres > Remontoirs','fr-FR'),(37043,'Vêtements et accessoires > Bijoux > Accessoires pour montres > Stickers et décalcomanies pour montres','fr-FR'),(37044,'Vêtements et accessoires > Bijoux > Bagues','fr-FR'),(37045,'Vêtements et accessoires > Bijoux > Bijoux pour le corps','fr-FR'),(37037,'Vêtements et accessoires > Accessoires pour sacs à main et portefeuilles > Porte-clés','fr-FR'),(37038,'Vêtements et accessoires > Accessoires pour sacs à main et portefeuilles > Protège-chéquiers','fr-FR'),(37035,'Vêtements et accessoires > Accessoires pour sacs à main et portefeuilles > Chaînes pour portefeuille','fr-FR'),(37036,'Vêtements et accessoires > Accessoires pour sacs à main et portefeuilles > Cordons','fr-FR'),(37030,'Vêtements et accessoires > Accessoires pour chaussures > Guêtres','fr-FR'),(37031,'Vêtements et accessoires > Accessoires pour chaussures > Lacets','fr-FR'),(37032,'Vêtements et accessoires > Accessoires pour chaussures > Sur-chaussures','fr-FR'),(37033,'Vêtements et accessoires > Accessoires pour chaussures > Éperons','fr-FR'),(37034,'Vêtements et accessoires > Accessoires pour sacs à main et portefeuilles','fr-FR'),(37025,'Vêtements et accessoires > Accessoires d\'habillement > Écharpes','fr-FR'),(37026,'Vêtements et accessoires > Accessoires d\'habillement > Écharpes, foulards et châles','fr-FR'),(37027,'Vêtements et accessoires > Accessoires d\'habillement > Éventails décoratifs','fr-FR'),(37028,'Vêtements et accessoires > Accessoires pour chaussures','fr-FR'),(37029,'Vêtements et accessoires > Accessoires pour chaussures > Chaussettes pour bottes','fr-FR'),(37023,'Vêtements et accessoires > Accessoires d\'habillement > Pochettes de costume','fr-FR'),(37024,'Vêtements et accessoires > Accessoires d\'habillement > Serre-poignets','fr-FR'),(37017,'Vêtements et accessoires > Accessoires d\'habillement > Gants et moufles','fr-FR'),(37018,'Vêtements et accessoires > Accessoires d\'habillement > Jambières','fr-FR'),(37019,'Vêtements et accessoires > Accessoires d\'habillement > Lunettes de soleil','fr-FR'),(37020,'Vêtements et accessoires > Accessoires d\'habillement > Manchons','fr-FR'),(37021,'Vêtements et accessoires > Accessoires d\'habillement > Passe-montagnes','fr-FR'),(37022,'Vêtements et accessoires > Accessoires d\'habillement > Pinces à cravate','fr-FR'),(37014,'Vêtements et accessoires > Accessoires d\'habillement > Couvre-bras et manches','fr-FR'),(37015,'Vêtements et accessoires > Accessoires d\'habillement > Cravates','fr-FR'),(37016,'Vêtements et accessoires > Accessoires d\'habillement > Du rags, bandanas et fichus','fr-FR'),(37012,'Vêtements et accessoires > Accessoires d\'habillement > Chapeaux','fr-FR'),(37013,'Vêtements et accessoires > Accessoires d\'habillement > Colliers de fleurs','fr-FR'),(37006,'Vêtements et accessoires > Accessoires d\'habillement > Boutons-pression','fr-FR'),(37007,'Vêtements et accessoires > Accessoires d\'habillement > Bretelles','fr-FR'),(37008,'Vêtements et accessoires > Accessoires d\'habillement > Cache-col','fr-FR'),(37009,'Vêtements et accessoires > Accessoires d\'habillement > Cache-oreilles','fr-FR'),(37010,'Vêtements et accessoires > Accessoires d\'habillement > Ceintures','fr-FR'),(37011,'Vêtements et accessoires > Accessoires d\'habillement > Ceintures et bandeaux de grossesse','fr-FR'),(37002,'Vêtements et accessoires > Accessoires d\'habillement > Badges','fr-FR'),(37003,'Vêtements et accessoires > Accessoires d\'habillement > Baleines de cols','fr-FR'),(37004,'Vêtements et accessoires > Accessoires d\'habillement > Boucles de ceinture','fr-FR'),(37005,'Vêtements et accessoires > Accessoires d\'habillement > Boutons de manchette','fr-FR'),(36999,'Vêtements et accessoires > Accessoires d\'habillement > Articles de chapellerie et couvre-chefs > Coiffes','fr-FR'),(37000,'Vêtements et accessoires > Accessoires d\'habillement > Articles de chapellerie et couvre-chefs > Petits chapeaux et bibis','fr-FR'),(37001,'Vêtements et accessoires > Accessoires d\'habillement > Articles de chapellerie et couvre-chefs > Turbans','fr-FR'),(36997,'Vêtements et accessoires > Accessoires d\'habillement > Accessoires pour vêtements traditionnels > Obis','fr-FR'),(36998,'Vêtements et accessoires > Accessoires d\'habillement > Articles de chapellerie et couvre-chefs','fr-FR'),(36996,'Vêtements et accessoires > Accessoires d\'habillement > Accessoires pour vêtements traditionnels > Chaussettes tabi','fr-FR'),(36993,'Vêtements et accessoires > Accessoires d\'habillement > Accessoires pour cheveux > Peignes à cheveux','fr-FR'),(36994,'Vêtements et accessoires > Accessoires d\'habillement > Accessoires pour cheveux > Perruques','fr-FR'),(36995,'Vêtements et accessoires > Accessoires d\'habillement > Accessoires pour vêtements traditionnels','fr-FR'),(36988,'Vêtements et accessoires > Accessoires d\'habillement > Accessoires pour cheveux > Couronnes pour cheveux','fr-FR'),(36989,'Vêtements et accessoires > Accessoires d\'habillement > Accessoires pour cheveux > Couronnes à chignons','fr-FR'),(36990,'Vêtements et accessoires > Accessoires d\'habillement > Accessoires pour cheveux > Diadèmes','fr-FR'),(36991,'Vêtements et accessoires > Accessoires d\'habillement > Accessoires pour cheveux > Extensions de cheveux','fr-FR'),(36992,'Vêtements et accessoires > Accessoires d\'habillement > Accessoires pour cheveux > Filets pour cheveux','fr-FR'),(36984,'Vêtements et accessoires > Accessoires d\'habillement > Accessoires pour cheveux > Attaches pour queue de cheval','fr-FR'),(36985,'Vêtements et accessoires > Accessoires d\'habillement > Accessoires pour cheveux > Bandeaux','fr-FR'),(36986,'Vêtements et accessoires > Accessoires d\'habillement > Accessoires pour cheveux > Barrettes à cheveux','fr-FR'),(36987,'Vêtements et accessoires > Accessoires d\'habillement > Accessoires pour cheveux > Barrettes, pinces et épingles à cheveux','fr-FR'),(36983,'Vêtements et accessoires > Accessoires d\'habillement > Accessoires pour cheveux > Accessoires pour perruques > Colle et ruban adhésif pour perruques','fr-FR'),(36978,'Vêtements et accessoires > Accessoires d\'habillement > Accessoires de mariage','fr-FR'),(36979,'Vêtements et accessoires > Accessoires d\'habillement > Accessoires de mariage > Voiles de mariée','fr-FR'),(36980,'Vêtements et accessoires > Accessoires d\'habillement > Accessoires pour cheveux','fr-FR'),(36981,'Vêtements et accessoires > Accessoires d\'habillement > Accessoires pour cheveux > Accessoires pour perruques','fr-FR'),(36982,'Vêtements et accessoires > Accessoires d\'habillement > Accessoires pour cheveux > Accessoires pour perruques > Calottes pour perruques','fr-FR'),(36977,'Vêtements et accessoires > Accessoires d\'habillement > Accessoires d\'habillement pour bébés et tout-petits > Habillement de sécurité pour bébés','fr-FR'),(36975,'Vêtements et accessoires > Accessoires d\'habillement > Accessoires d\'habillement pour bébés et tout-petits > Ceintures pour tout-petits','fr-FR'),(36976,'Vêtements et accessoires > Accessoires d\'habillement > Accessoires d\'habillement pour bébés et tout-petits > Gants et moufles pour bébés et tout-petits','fr-FR'),(36974,'Vêtements et accessoires > Accessoires d\'habillement > Accessoires d\'habillement pour bébés et tout-petits > Bonnets pour bébés et tout-petits','fr-FR'),(36971,'Vêtements et accessoires','fr-FR'),(36972,'Vêtements et accessoires > Accessoires d\'habillement','fr-FR'),(36969,'Véhicules et accessoires > Véhicules > Véhicules terrestres > Véhicules tout-terrain et quads > Karts et buggys','fr-FR'),(36970,'Véhicules et accessoires > Véhicules > Véhicules terrestres > Véhicules tout-terrain et quads > Véhicules tout-terrain et véhicules utilitaires tout-terrain','fr-FR'),(36973,'Vêtements et accessoires > Accessoires d\'habillement > Accessoires d\'habillement pour bébés et tout-petits','fr-FR'),(36968,'Véhicules et accessoires > Véhicules > Véhicules terrestres > Véhicules tout-terrain et quads','fr-FR'),(36966,'Véhicules et accessoires > Véhicules > Véhicules terrestres > Voiturettes de golf','fr-FR'),(36967,'Véhicules et accessoires > Véhicules > Véhicules terrestres > Véhicules de loisirs','fr-FR'),(36964,'Véhicules et accessoires > Véhicules > Véhicules terrestres > Motos et scooters','fr-FR'),(36965,'Véhicules et accessoires > Véhicules > Véhicules terrestres > Voitures, camions et fourgons','fr-FR'),(36961,'Véhicules et accessoires > Véhicules > Bateaux > Yachts','fr-FR'),(36962,'Véhicules et accessoires > Véhicules > Véhicules terrestres','fr-FR'),(36963,'Véhicules et accessoires > Véhicules > Véhicules terrestres > Motoneiges','fr-FR'),(36955,'Véhicules et accessoires > Véhicules','fr-FR'),(36956,'Véhicules et accessoires > Véhicules > Avions','fr-FR'),(36957,'Véhicules et accessoires > Véhicules > Bateaux','fr-FR'),(36958,'Véhicules et accessoires > Véhicules > Bateaux > Bateaux à moteur','fr-FR'),(36959,'Véhicules et accessoires > Véhicules > Bateaux > Scooters des mers','fr-FR'),(36960,'Véhicules et accessoires > Véhicules > Bateaux > Voiliers','fr-FR'),(36954,'Véhicules et accessoires > Pièces détachées pour véhicules > Électronique pour véhicules > Égaliseurs et répartiteurs pour véhicules','fr-FR'),(36953,'Véhicules et accessoires > Pièces détachées pour véhicules > Électronique pour véhicules > Supports d\'écrans vidéo pour véhicules','fr-FR'),(36951,'Véhicules et accessoires > Pièces détachées pour véhicules > Électronique pour véhicules > Lecteurs de cassettes pour véhicules','fr-FR'),(36952,'Véhicules et accessoires > Pièces détachées pour véhicules > Électronique pour véhicules > Lecteurs et systèmes audio et vidéo intégrés pour véhicules','fr-FR'),(36950,'Véhicules et accessoires > Pièces détachées pour véhicules > Électronique pour véhicules > Kits mains-libres pour véhicules','fr-FR'),(36948,'Véhicules et accessoires > Pièces détachées pour véhicules > Électronique pour véhicules > Caméras de recul','fr-FR'),(36949,'Véhicules et accessoires > Pièces détachées pour véhicules > Électronique pour véhicules > Haut-parleurs pour véhicules','fr-FR'),(36945,'Véhicules et accessoires > Pièces détachées pour véhicules > Électronique pour véhicules > Adaptateurs de cassettes pour véhicules','fr-FR'),(36946,'Véhicules et accessoires > Pièces détachées pour véhicules > Électronique pour véhicules > Amplificateurs pour véhicules','fr-FR'),(36947,'Véhicules et accessoires > Pièces détachées pour véhicules > Électronique pour véhicules > Caissons de basse pour véhicules','fr-FR'),(36944,'Véhicules et accessoires > Pièces détachées pour véhicules > Électronique pour véhicules','fr-FR'),(36943,'Véhicules et accessoires > Pièces détachées pour véhicules > Sécurité des véhicules > Équipement de sécurité des véhicules > Sangle de ceinture de sécurité','fr-FR'),(36940,'Véhicules et accessoires > Pièces détachées pour véhicules > Sécurité des véhicules > Équipement de sécurité des véhicules > Fourreaux de ceinture de sécurité','fr-FR'),(36942,'Véhicules et accessoires > Pièces détachées pour véhicules > Sécurité des véhicules > Équipement de sécurité des véhicules > Pièces d\'airbags','fr-FR'),(36941,'Véhicules et accessoires > Pièces détachées pour véhicules > Sécurité des véhicules > Équipement de sécurité des véhicules > Fusées éclairantes de secours','fr-FR'),(36939,'Véhicules et accessoires > Pièces détachées pour véhicules > Sécurité des véhicules > Équipement de sécurité des véhicules > Filets de protection latérale','fr-FR'),(36938,'Véhicules et accessoires > Pièces détachées pour véhicules > Sécurité des véhicules > Équipement de sécurité des véhicules > Fanions de sécurité pour véhicules','fr-FR'),(36935,'Véhicules et accessoires > Pièces détachées pour véhicules > Sécurité des véhicules > Équipement de sécurité des véhicules > Boucles de ceintures de sécurité pour véhicules','fr-FR'),(36936,'Véhicules et accessoires > Pièces détachées pour véhicules > Sécurité des véhicules > Équipement de sécurité des véhicules > Cales de roues','fr-FR'),(36937,'Véhicules et accessoires > Pièces détachées pour véhicules > Sécurité des véhicules > Équipement de sécurité des véhicules > Ceintures de sécurité pour véhicules','fr-FR'),(36934,'Véhicules et accessoires > Pièces détachées pour véhicules > Sécurité des véhicules > Équipement de sécurité des véhicules > Barres anti-retournement','fr-FR'),(36931,'Véhicules et accessoires > Pièces détachées pour véhicules > Sécurité des véhicules > Systèmes d\'alarme et de verrouillage de véhicule > Systèmes de verrouillage à distance de véhicule','fr-FR'),(36932,'Véhicules et accessoires > Pièces détachées pour véhicules > Sécurité des véhicules > Systèmes d\'alarme et de verrouillage de véhicule > Verrouillage d\'attelages','fr-FR'),(36933,'Véhicules et accessoires > Pièces détachées pour véhicules > Sécurité des véhicules > Équipement de sécurité des véhicules','fr-FR'),(36930,'Véhicules et accessoires > Pièces détachées pour véhicules > Sécurité des véhicules > Systèmes d\'alarme et de verrouillage de véhicule > Systèmes d\'alarmes auto','fr-FR'),(36929,'Véhicules et accessoires > Pièces détachées pour véhicules > Sécurité des véhicules > Systèmes d\'alarme et de verrouillage de véhicule > Systèmes antidémarrage de véhicule','fr-FR'),(36928,'Véhicules et accessoires > Pièces détachées pour véhicules > Sécurité des véhicules > Systèmes d\'alarme et de verrouillage de véhicule > Serrures pour véhicules motorisés > Serrures et systèmes de verrouillage de portes','fr-FR'),(36927,'Véhicules et accessoires > Pièces détachées pour véhicules > Sécurité des véhicules > Systèmes d\'alarme et de verrouillage de véhicule > Serrures pour véhicules motorisés > Commandes de verrouillage de portes','fr-FR'),(36925,'Véhicules et accessoires > Pièces détachées pour véhicules > Sécurité des véhicules > Systèmes d\'alarme et de verrouillage de véhicule > Serrures pour véhicules motorisés','fr-FR'),(36926,'Véhicules et accessoires > Pièces détachées pour véhicules > Sécurité des véhicules > Systèmes d\'alarme et de verrouillage de véhicule > Serrures pour véhicules motorisés > Boutons de verrouillage de portes','fr-FR'),(36922,'Véhicules et accessoires > Pièces détachées pour véhicules > Sécurité des véhicules > Systèmes d\'alarme et de verrouillage de véhicule > Alarmes et antivols moto','fr-FR'),(36923,'Véhicules et accessoires > Pièces détachées pour véhicules > Sécurité des véhicules > Systèmes d\'alarme et de verrouillage de véhicule > Antivol bloque-volant','fr-FR'),(36924,'Véhicules et accessoires > Pièces détachées pour véhicules > Sécurité des véhicules > Systèmes d\'alarme et de verrouillage de véhicule > Sabots de Denver','fr-FR'),(36917,'Véhicules et accessoires > Pièces détachées pour véhicules > Sécurité des véhicules > Equipements de protection moto > Tours de cou pour motards','fr-FR'),(36918,'Véhicules et accessoires > Pièces détachées pour véhicules > Sécurité des véhicules > Protections pour véhicules tout-terrain','fr-FR'),(36919,'Véhicules et accessoires > Pièces détachées pour véhicules > Sécurité des véhicules > Protections pour véhicules tout-terrain > Barres de protection pour véhicules tout-terrain et véhicules utilitaires tout-terrain','fr-FR'),(36920,'Véhicules et accessoires > Pièces détachées pour véhicules > Sécurité des véhicules > Systèmes d\'alarme et de verrouillage de véhicule','fr-FR'),(36921,'Véhicules et accessoires > Pièces détachées pour véhicules > Sécurité des véhicules > Systèmes d\'alarme et de verrouillage de véhicule > Accessoires pour alarme auto','fr-FR'),(36915,'Véhicules et accessoires > Pièces détachées pour véhicules > Sécurité des véhicules > Equipements de protection moto > Protège-coudes et protège-poignets pour motards','fr-FR'),(36916,'Véhicules et accessoires > Pièces détachées pour véhicules > Sécurité des véhicules > Equipements de protection moto > Protège-mains pour moto','fr-FR'),(36913,'Véhicules et accessoires > Pièces détachées pour véhicules > Sécurité des véhicules > Equipements de protection moto > Pièces détachées et accessoires pour casques de moto','fr-FR'),(36914,'Véhicules et accessoires > Pièces détachées pour véhicules > Sécurité des véhicules > Equipements de protection moto > Protections torse et dos pour motards','fr-FR'),(36910,'Véhicules et accessoires > Pièces détachées pour véhicules > Sécurité des véhicules > Equipements de protection moto > Gants de moto','fr-FR'),(36911,'Véhicules et accessoires > Pièces détachées pour véhicules > Sécurité des véhicules > Equipements de protection moto > Genouillères et protège-tibias pour motards','fr-FR'),(36912,'Véhicules et accessoires > Pièces détachées pour véhicules > Sécurité des véhicules > Equipements de protection moto > Lunettes de moto','fr-FR'),(36909,'Véhicules et accessoires > Pièces détachées pour véhicules > Sécurité des véhicules > Equipements de protection moto > Ceintures protège-reins pour motards','fr-FR'),(36907,'Véhicules et accessoires > Pièces détachées pour véhicules > Sécurité des véhicules > Equipements de protection moto','fr-FR'),(36908,'Véhicules et accessoires > Pièces détachées pour véhicules > Sécurité des véhicules > Equipements de protection moto > Casques de moto','fr-FR'),(36906,'Véhicules et accessoires > Pièces détachées pour véhicules > Sécurité des véhicules','fr-FR'),(36905,'Véhicules et accessoires > Pièces détachées pour véhicules > Pièces et accessoires pour avions','fr-FR'),(36904,'Véhicules et accessoires > Pièces détachées pour véhicules > Pièces détachées et accessoires nautiques > Éclairage pour navigation','fr-FR'),(36902,'Véhicules et accessoires > Pièces détachées pour véhicules > Pièces détachées et accessoires nautiques > Systèmes d\'alimentation pour bateaux > Pompes à carburant et pièces détachées','fr-FR'),(36903,'Véhicules et accessoires > Pièces détachées pour véhicules > Pièces détachées et accessoires nautiques > Systèmes d\'alimentation pour bateaux > Réservoirs et pièces détachées','fr-FR'),(36901,'Véhicules et accessoires > Pièces détachées pour véhicules > Pièces détachées et accessoires nautiques > Systèmes d\'alimentation pour bateaux > Jauges de carburant pour bateaux','fr-FR'),(36899,'Véhicules et accessoires > Pièces détachées pour véhicules > Pièces détachées et accessoires nautiques > Systèmes d\'alimentation pour bateaux','fr-FR'),(36900,'Véhicules et accessoires > Pièces détachées pour véhicules > Pièces détachées et accessoires nautiques > Systèmes d\'alimentation pour bateaux > Conduites de carburant et pièces détachées','fr-FR'),(36898,'Véhicules et accessoires > Pièces détachées pour véhicules > Pièces détachées et accessoires nautiques > Pièces détachées pour voiliers','fr-FR'),(36897,'Véhicules et accessoires > Pièces détachées pour véhicules > Pièces détachées et accessoires nautiques > Pièces de moteur de bateau > Turbines de bateau','fr-FR'),(36895,'Véhicules et accessoires > Pièces détachées pour véhicules > Pièces détachées et accessoires nautiques > Pièces de moteur de bateau > Pièces d\'allumage pour bateaux','fr-FR'),(36896,'Véhicules et accessoires > Pièces détachées pour véhicules > Pièces détachées et accessoires nautiques > Pièces de moteur de bateau > Supports pour moteur de bateau','fr-FR'),(36893,'Véhicules et accessoires > Pièces détachées pour véhicules > Pièces détachées et accessoires nautiques > Pièces de moteur de bateau > Hélices de bateau','fr-FR'),(36894,'Véhicules et accessoires > Pièces détachées pour véhicules > Pièces détachées et accessoires nautiques > Pièces de moteur de bateau > Pistons et pièces détachées de bateau','fr-FR'),(36890,'Véhicules et accessoires > Pièces détachées pour véhicules > Pièces détachées et accessoires nautiques > Pièces de moteur de bateau > Carburateurs et pièces détachées','fr-FR'),(36892,'Véhicules et accessoires > Pièces détachées pour véhicules > Pièces détachées et accessoires nautiques > Pièces de moteur de bateau > Dispositifs de blocage pour moteur de bateau','fr-FR'),(36891,'Véhicules et accessoires > Pièces détachées pour véhicules > Pièces détachées et accessoires nautiques > Pièces de moteur de bateau > Commandes moteur de bateau','fr-FR'),(36889,'Véhicules et accessoires > Pièces détachées pour véhicules > Pièces détachées et accessoires nautiques > Pièces de moteur de bateau > Alternateurs marins','fr-FR'),(36888,'Véhicules et accessoires > Pièces détachées pour véhicules > Pièces détachées et accessoires nautiques > Pièces de moteur de bateau','fr-FR'),(36887,'Véhicules et accessoires > Pièces détachées pour véhicules > Pièces détachées et accessoires nautiques > Pièces de direction pour bateaux > Câbles de direction pour bateaux','fr-FR'),(36884,'Véhicules et accessoires > Pièces détachées pour véhicules > Pièces détachées et accessoires nautiques > Pièces d\'échappement pour bateaux > Silencieux et pièces détachées pour bateaux','fr-FR'),(36885,'Véhicules et accessoires > Pièces détachées pour véhicules > Pièces détachées et accessoires nautiques > Pièces de direction pour bateaux','fr-FR'),(36886,'Véhicules et accessoires > Pièces détachées pour véhicules > Pièces détachées et accessoires nautiques > Pièces de direction pour bateaux > Barres pour bateaux','fr-FR'),(36883,'Véhicules et accessoires > Pièces détachées pour véhicules > Pièces détachées et accessoires nautiques > Pièces d\'échappement pour bateaux > Collecteurs pour bateaux','fr-FR'),(36882,'Véhicules et accessoires > Pièces détachées pour véhicules > Pièces détachées et accessoires nautiques > Pièces d\'échappement pour bateaux','fr-FR'),(36880,'Véhicules et accessoires > Pièces détachées pour véhicules > Pièces détachées et accessoires nautiques > Entrée au bassin et ancrage > Échelles de bateau','fr-FR'),(36881,'Véhicules et accessoires > Pièces détachées pour véhicules > Pièces détachées et accessoires nautiques > Moteurs nautiques','fr-FR'),(36879,'Véhicules et accessoires > Pièces détachées pour véhicules > Pièces détachées et accessoires nautiques > Entrée au bassin et ancrage > Taquets d\'amarrage','fr-FR'),(36876,'Véhicules et accessoires > Pièces détachées pour véhicules > Pièces détachées et accessoires nautiques > Entrée au bassin et ancrage > Gaffes','fr-FR'),(36877,'Véhicules et accessoires > Pièces détachées pour véhicules > Pièces détachées et accessoires nautiques > Entrée au bassin et ancrage > Guindeaux','fr-FR'),(36878,'Véhicules et accessoires > Pièces détachées pour véhicules > Pièces détachées et accessoires nautiques > Entrée au bassin et ancrage > Marches de quai','fr-FR'),(36875,'Véhicules et accessoires > Pièces détachées pour véhicules > Pièces détachées et accessoires nautiques > Entrée au bassin et ancrage > Câbles d\'ancrage','fr-FR'),(36873,'Véhicules et accessoires > Pièces détachées pour véhicules > Pièces détachées et accessoires nautiques > Entrée au bassin et ancrage > Ancres','fr-FR'),(36874,'Véhicules et accessoires > Pièces détachées pour véhicules > Pièces détachées et accessoires nautiques > Entrée au bassin et ancrage > Chaînes d\'ancre','fr-FR'),(36871,'Véhicules et accessoires > Pièces détachées pour véhicules > Pièces détachées et accessoires nautiques > Entretien de bateaux > Produits à polir pour bateaux','fr-FR'),(36872,'Véhicules et accessoires > Pièces détachées pour véhicules > Pièces détachées et accessoires nautiques > Entrée au bassin et ancrage','fr-FR'),(36870,'Véhicules et accessoires > Pièces détachées pour véhicules > Pièces détachées et accessoires nautiques > Entretien de bateaux > Nettoyants pour bateaux','fr-FR'),(36867,'Véhicules et accessoires > Pièces détachées pour véhicules > Pièces détachées automobiles et motos > Équipements intérieurs de véhicules','fr-FR'),(36868,'Véhicules et accessoires > Pièces détachées pour véhicules > Pièces détachées et accessoires nautiques','fr-FR'),(36869,'Véhicules et accessoires > Pièces détachées pour véhicules > Pièces détachées et accessoires nautiques > Entretien de bateaux','fr-FR'),(36866,'Véhicules et accessoires > Pièces détachées pour véhicules > Pièces détachées automobiles et motos > Éclairage de véhicule','fr-FR'),(36864,'Véhicules et accessoires > Pièces détachées pour véhicules > Pièces détachées automobiles et motos > Systèmes pour roues > Pneus > Pneus de véhicules tout-terrain et quads','fr-FR'),(36865,'Véhicules et accessoires > Pièces détachées pour véhicules > Pièces détachées automobiles et motos > Échappement','fr-FR'),(36863,'Véhicules et accessoires > Pièces détachées pour véhicules > Pièces détachées automobiles et motos > Systèmes pour roues > Pneus > Pneus de motos','fr-FR'),(36861,'Véhicules et accessoires > Pièces détachées pour véhicules > Pièces détachées automobiles et motos > Systèmes pour roues > Pneus','fr-FR'),(36862,'Véhicules et accessoires > Pièces détachées pour véhicules > Pièces détachées automobiles et motos > Systèmes pour roues > Pneus > Pneus d\'automobile','fr-FR'),(36860,'Véhicules et accessoires > Pièces détachées pour véhicules > Pièces détachées automobiles et motos > Systèmes pour roues > Pièces pour roues','fr-FR'),(36859,'Véhicules et accessoires > Pièces détachées pour véhicules > Pièces détachées automobiles et motos > Systèmes pour roues > Jantes et roues > Jantes et roues de véhicules tout-terrain et quads','fr-FR'),(36858,'Véhicules et accessoires > Pièces détachées pour véhicules > Pièces détachées automobiles et motos > Systèmes pour roues > Jantes et roues > Jantes et roues de motos','fr-FR'),(36857,'Véhicules et accessoires > Pièces détachées pour véhicules > Pièces détachées automobiles et motos > Systèmes pour roues > Jantes et roues > Jantes et roues d\'automobiles','fr-FR'),(36856,'Véhicules et accessoires > Pièces détachées pour véhicules > Pièces détachées automobiles et motos > Systèmes pour roues > Jantes et roues','fr-FR'),(36855,'Véhicules et accessoires > Pièces détachées pour véhicules > Pièces détachées automobiles et motos > Systèmes pour roues > Accessoires de pneus pour véhicules','fr-FR'),(36853,'Véhicules et accessoires > Pièces détachées pour véhicules > Pièces détachées automobiles et motos > Systèmes d\'alimentation pour véhicules','fr-FR'),(36854,'Véhicules et accessoires > Pièces détachées pour véhicules > Pièces détachées automobiles et motos > Systèmes pour roues','fr-FR'),(36852,'Véhicules et accessoires > Pièces détachées pour véhicules > Pièces détachées automobiles et motos > Systèmes d\'alimentation en carburant','fr-FR'),(36851,'Véhicules et accessoires > Pièces détachées pour véhicules > Pièces détachées automobiles et motos > Système de freinage','fr-FR'),(36850,'Véhicules et accessoires > Pièces détachées pour véhicules > Pièces détachées automobiles et motos > Sièges de véhicules','fr-FR'),(36849,'Véhicules et accessoires > Pièces détachées pour véhicules > Pièces détachées automobiles et motos > Rétroviseurs','fr-FR'),(36847,'Véhicules et accessoires > Pièces détachées pour véhicules > Pièces détachées automobiles et motos > Remorquage de véhicules motorisés','fr-FR'),(36848,'Véhicules et accessoires > Pièces détachées pour véhicules > Pièces détachées automobiles et motos > Régulation de la climatisation','fr-FR'),(36845,'Véhicules et accessoires > Pièces détachées pour véhicules > Pièces détachées automobiles et motos > Pièces et accessoires pour fenêtres de véhicules','fr-FR'),(36846,'Véhicules et accessoires > Pièces détachées pour véhicules > Pièces détachées automobiles et motos > Pièces moteur','fr-FR'),(36844,'Véhicules et accessoires > Pièces détachées pour véhicules > Pièces détachées automobiles et motos > Pièces de transmission pour véhicules','fr-FR'),(36843,'Véhicules et accessoires > Pièces détachées pour véhicules > Pièces détachées automobiles et motos > Pièces de suspension pour véhicules','fr-FR'),(36841,'Véhicules et accessoires > Pièces détachées pour véhicules > Pièces détachées automobiles et motos > Moteurs de véhicules','fr-FR'),(36842,'Véhicules et accessoires > Pièces détachées pour véhicules > Pièces détachées automobiles et motos > Pièces de châssis et carrosserie','fr-FR'),(36840,'Véhicules et accessoires > Pièces détachées pour véhicules > Pièces détachées automobiles et motos > Housses et tapis pour véhicules','fr-FR'),(36839,'Véhicules et accessoires > Pièces détachées pour véhicules > Pièces détachées automobiles et motos > Commandes pour véhicules','fr-FR'),(36838,'Véhicules et accessoires > Pièces détachées pour véhicules > Pièces détachées automobiles et motos > Circulation d\'huile pour moteurs de véhicules','fr-FR'),(36837,'Véhicules et accessoires > Pièces détachées pour véhicules > Pièces détachées automobiles et motos > Capteurs et jauges','fr-FR'),(36836,'Véhicules et accessoires > Pièces détachées pour véhicules > Pièces détachées automobiles et motos','fr-FR'),(36835,'Véhicules et accessoires > Pièces détachées pour véhicules > Entretien et décoration de véhicules > Peinture de carrosserie > Peintures pour carrosseries de véhicules motorisés','fr-FR'),(36833,'Véhicules et accessoires > Pièces détachées pour véhicules > Entretien et décoration de véhicules > Peinture de carrosserie','fr-FR'),(36834,'Véhicules et accessoires > Pièces détachées pour véhicules > Entretien et décoration de véhicules > Peinture de carrosserie > Peinture pour étriers de freins','fr-FR'),(36832,'Véhicules et accessoires > Pièces détachées pour véhicules > Entretien et décoration de véhicules > Outillage pour véhicules > Testeurs de batteries de véhicules','fr-FR'),(36831,'Véhicules et accessoires > Pièces détachées pour véhicules > Entretien et décoration de véhicules > Outillage pour véhicules > Systèmes de diagnostic automobile','fr-FR'),(36830,'Véhicules et accessoires > Pièces détachées pour véhicules > Entretien et décoration de véhicules > Outillage pour véhicules > Réparation et changement de pneus','fr-FR'),(36829,'Véhicules et accessoires > Pièces détachées pour véhicules > Entretien et décoration de véhicules > Outillage pour véhicules > Outils d\'alignement et d\'extraction d\'embrayage','fr-FR'),(36828,'Véhicules et accessoires > Pièces détachées pour véhicules > Entretien et décoration de véhicules > Outillage pour véhicules > Mastic de carrosserie','fr-FR'),(36827,'Véhicules et accessoires > Pièces détachées pour véhicules > Entretien et décoration de véhicules > Outillage pour véhicules > Kits de réparation pare-brise','fr-FR'),(36825,'Véhicules et accessoires > Pièces détachées pour véhicules > Entretien et décoration de véhicules > Outillage pour véhicules > Câbles de démarrage pour véhicules','fr-FR'),(36826,'Véhicules et accessoires > Pièces détachées pour véhicules > Entretien et décoration de véhicules > Outillage pour véhicules > Kits de purge de freins','fr-FR'),(36824,'Véhicules et accessoires > Pièces détachées pour véhicules > Entretien et décoration de véhicules > Outillage pour véhicules > Chargeurs de batteries de véhicules','fr-FR'),(36822,'Véhicules et accessoires > Pièces détachées pour véhicules > Entretien et décoration de véhicules > Outillage pour véhicules','fr-FR'),(36823,'Véhicules et accessoires > Pièces détachées pour véhicules > Entretien et décoration de véhicules > Outillage pour véhicules > Chargeurs de batterie pour véhicules','fr-FR'),(36821,'Véhicules et accessoires > Pièces détachées pour véhicules > Entretien et décoration de véhicules > Nettoyage de véhicules > Solutions de lavage pour automobiles','fr-FR'),(36820,'Véhicules et accessoires > Pièces détachées pour véhicules > Entretien et décoration de véhicules > Nettoyage de véhicules > Nettoyants pour housses et tapis de sol de véhicules','fr-FR'),(36819,'Véhicules et accessoires > Pièces détachées pour véhicules > Entretien et décoration de véhicules > Nettoyage de véhicules > Lustrants et cire pour carrosserie','fr-FR'),(36817,'Véhicules et accessoires > Pièces détachées pour véhicules > Entretien et décoration de véhicules > Nettoyage de véhicules > Kits de nettoyage des circuits d\'injection de carburant','fr-FR'),(36818,'Véhicules et accessoires > Pièces détachées pour véhicules > Entretien et décoration de véhicules > Nettoyage de véhicules > Liquides lave-glaces','fr-FR'),(36816,'Véhicules et accessoires > Pièces détachées pour véhicules > Entretien et décoration de véhicules > Nettoyage de véhicules > Brosses de lavage pour automobiles','fr-FR'),(36815,'Véhicules et accessoires > Pièces détachées pour véhicules > Entretien et décoration de véhicules > Nettoyage de véhicules','fr-FR'),(36812,'Véhicules et accessoires > Pièces détachées pour véhicules > Entretien et décoration de véhicules > Liquides pour véhicules > Liquide de transmission','fr-FR'),(36813,'Véhicules et accessoires > Pièces détachées pour véhicules > Entretien et décoration de véhicules > Liquides pour véhicules > Liquide lave-glace','fr-FR'),(36814,'Véhicules et accessoires > Pièces détachées pour véhicules > Entretien et décoration de véhicules > Liquides pour véhicules > Nettoyants pour circuits d\'alimentation de véhicules','fr-FR'),(36811,'Véhicules et accessoires > Pièces détachées pour véhicules > Entretien et décoration de véhicules > Liquides pour véhicules > Liquide de freins','fr-FR'),(36810,'Véhicules et accessoires > Pièces détachées pour véhicules > Entretien et décoration de véhicules > Liquides pour véhicules > Liquide de direction assistée','fr-FR'),(36809,'Véhicules et accessoires > Pièces détachées pour véhicules > Entretien et décoration de véhicules > Liquides pour véhicules > Huile de moteur pour véhicules','fr-FR'),(36808,'Véhicules et accessoires > Pièces détachées pour véhicules > Entretien et décoration de véhicules > Liquides pour véhicules > Huile de boîte de vitesse','fr-FR'),(36806,'Véhicules et accessoires > Pièces détachées pour véhicules > Entretien et décoration de véhicules > Liquides pour véhicules > Dégraissants pour moteurs','fr-FR'),(36807,'Véhicules et accessoires > Pièces détachées pour véhicules > Entretien et décoration de véhicules > Liquides pour véhicules > Graisses pour véhicules','fr-FR'),(36805,'Véhicules et accessoires > Pièces détachées pour véhicules > Entretien et décoration de véhicules > Liquides pour véhicules > Antigels pour véhicules','fr-FR'),(36804,'Véhicules et accessoires > Pièces détachées pour véhicules > Entretien et décoration de véhicules > Liquides pour véhicules > Additifs pour systèmes de refroidissement de véhicules','fr-FR'),(36803,'Véhicules et accessoires > Pièces détachées pour véhicules > Entretien et décoration de véhicules > Liquides pour véhicules > Additifs de performance pour véhicules','fr-FR'),(36800,'Véhicules et accessoires > Pièces détachées pour véhicules > Entretien et décoration de véhicules > Housses de véhicule > Toits convertibles pour véhicules','fr-FR'),(36802,'Véhicules et accessoires > Pièces détachées pour véhicules > Entretien et décoration de véhicules > Liquides pour véhicules','fr-FR'),(36801,'Véhicules et accessoires > Pièces détachées pour véhicules > Entretien et décoration de véhicules > Jerricans','fr-FR'),(36799,'Véhicules et accessoires > Pièces détachées pour véhicules > Entretien et décoration de véhicules > Housses de véhicule > Toits amovibles pour véhicules','fr-FR'),(36798,'Véhicules et accessoires > Pièces détachées pour véhicules > Entretien et décoration de véhicules > Housses de véhicule > Housses de protection pour véhicules > Housses de stockage pour voiturettes de golf','fr-FR'),(36796,'Véhicules et accessoires > Pièces détachées pour véhicules > Entretien et décoration de véhicules > Housses de véhicule > Housses de protection pour véhicules > Housses de protection moto','fr-FR'),(36797,'Véhicules et accessoires > Pièces détachées pour véhicules > Entretien et décoration de véhicules > Housses de véhicule > Housses de protection pour véhicules > Housses de protection pour véhicules de loisirs','fr-FR'),(36795,'Véhicules et accessoires > Pièces détachées pour véhicules > Entretien et décoration de véhicules > Housses de véhicule > Housses de protection pour véhicules > Housses de protection auto','fr-FR'),(36794,'Véhicules et accessoires > Pièces détachées pour véhicules > Entretien et décoration de véhicules > Housses de véhicule > Housses de protection pour véhicules > Housses de bateau','fr-FR'),(36790,'Véhicules et accessoires > Pièces détachées pour véhicules > Entretien et décoration de véhicules > Housses de véhicule > Bâches de bennes','fr-FR'),(36791,'Véhicules et accessoires > Pièces détachées pour véhicules > Entretien et décoration de véhicules > Housses de véhicule > Bâches pour pare-brises','fr-FR'),(36792,'Véhicules et accessoires > Pièces détachées pour véhicules > Entretien et décoration de véhicules > Housses de véhicule > Capotes pour voiturettes de golf','fr-FR'),(36793,'Véhicules et accessoires > Pièces détachées pour véhicules > Entretien et décoration de véhicules > Housses de véhicule > Housses de protection pour véhicules','fr-FR'),(36789,'Véhicules et accessoires > Pièces détachées pour véhicules > Entretien et décoration de véhicules > Housses de véhicule','fr-FR'),(36788,'Véhicules et accessoires > Pièces détachées pour véhicules > Entretien et décoration de véhicules > Décoration de véhicule > Supports pour plaques d\'immatriculation','fr-FR'),(36787,'Véhicules et accessoires > Pièces détachées pour véhicules > Entretien et décoration de véhicules > Décoration de véhicule > Purificateurs d\'air pour véhicules','fr-FR'),(36786,'Véhicules et accessoires > Pièces détachées pour véhicules > Entretien et décoration de véhicules > Décoration de véhicule > Pommeaux de leviers de vitesse','fr-FR'),(36785,'Véhicules et accessoires > Pièces détachées pour véhicules > Entretien et décoration de véhicules > Décoration de véhicule > Plaques d\'immatriculation','fr-FR'),(36784,'Véhicules et accessoires > Pièces détachées pour véhicules > Entretien et décoration de véhicules > Décoration de véhicule > Mascottes de capot','fr-FR'),(36781,'Véhicules et accessoires > Pièces détachées pour véhicules > Entretien et décoration de véhicules > Décoration de véhicule > Habillages de véhicules','fr-FR'),(36783,'Véhicules et accessoires > Pièces détachées pour véhicules > Entretien et décoration de véhicules > Décoration de véhicule > Housses de volants','fr-FR'),(36782,'Véhicules et accessoires > Pièces détachées pour véhicules > Entretien et décoration de véhicules > Décoration de véhicule > Housses de leviers de vitesse','fr-FR'),(36779,'Véhicules et accessoires > Pièces détachées pour véhicules > Entretien et décoration de véhicules > Décoration de véhicule > Décorations pour les rétroviseurs','fr-FR'),(36780,'Véhicules et accessoires > Pièces détachées pour véhicules > Entretien et décoration de véhicules > Décoration de véhicule > Encadrements de plaque d\'immatriculation','fr-FR'),(36778,'Véhicules et accessoires > Pièces détachées pour véhicules > Entretien et décoration de véhicules > Décoration de véhicule > Drapeaux pour véhicules','fr-FR'),(36777,'Véhicules et accessoires > Pièces détachées pour véhicules > Entretien et décoration de véhicules > Décoration de véhicule > Couvre-plaques d\'immatriculation','fr-FR'),(36775,'Véhicules et accessoires > Pièces détachées pour véhicules > Entretien et décoration de véhicules > Décoration de véhicule > Balles d\'antenne pour véhicules','fr-FR'),(36776,'Véhicules et accessoires > Pièces détachées pour véhicules > Entretien et décoration de véhicules > Décoration de véhicule > Couvre-attelages','fr-FR'),(36774,'Véhicules et accessoires > Pièces détachées pour véhicules > Entretien et décoration de véhicules > Décoration de véhicule > Autocollants pour véhicules','fr-FR'),(36773,'Véhicules et accessoires > Pièces détachées pour véhicules > Entretien et décoration de véhicules > Décoration de véhicule > Autocollants de pare-chocs','fr-FR'),(36772,'Véhicules et accessoires > Pièces détachées pour véhicules > Entretien et décoration de véhicules > Décoration de véhicule > Aimants pour véhicules','fr-FR'),(36771,'Véhicules et accessoires > Pièces détachées pour véhicules > Entretien et décoration de véhicules > Décoration de véhicule > Accessoires de tableau de bord pour véhicules','fr-FR'),(36769,'Véhicules et accessoires > Pièces détachées pour véhicules > Entretien et décoration de véhicules > Décoration de véhicule','fr-FR'),(36770,'Véhicules et accessoires > Pièces détachées pour véhicules > Entretien et décoration de véhicules > Décoration de véhicule > Accessoires de décoration de véhicule','fr-FR'),(36767,'Véhicules et accessoires > Pièces détachées pour véhicules > Accessoires de chargement > Sacoches et panniers pour moto','fr-FR'),(36768,'Véhicules et accessoires > Pièces détachées pour véhicules > Entretien et décoration de véhicules','fr-FR'),(36766,'Véhicules et accessoires > Pièces détachées pour véhicules > Accessoires de chargement > Remorques de voiture > Remorques à chevaux et bétail','fr-FR'),(36765,'Véhicules et accessoires > Pièces détachées pour véhicules > Accessoires de chargement > Remorques de voiture > Remorques utilitaires et de chargement','fr-FR'),(36763,'Véhicules et accessoires > Pièces détachées pour véhicules > Accessoires de chargement > Remorques de voiture > Caravanes classiques','fr-FR'),(36764,'Véhicules et accessoires > Pièces détachées pour véhicules > Accessoires de chargement > Remorques de voiture > Remorques pour bateaux','fr-FR'),(36762,'Véhicules et accessoires > Pièces détachées pour véhicules > Accessoires de chargement > Remorques de voiture','fr-FR'),(36761,'Véhicules et accessoires > Pièces détachées pour véhicules > Accessoires de chargement > Rangements pour véhicules','fr-FR'),(36760,'Véhicules et accessoires > Pièces détachées pour véhicules > Accessoires de chargement > Rampes de chargement','fr-FR'),(36759,'Véhicules et accessoires > Pièces détachées pour véhicules > Accessoires de chargement > Filets de transport pour véhicules motorisés','fr-FR'),(36758,'Véhicules et accessoires > Pièces détachées pour véhicules > Accessoires de chargement > Crochets d\'appuie-têtes','fr-FR'),(36756,'Véhicules et accessoires > Pièces détachées pour véhicules > Accessoires de chargement > Coffres de toit pour voitures > Porte-cannes à pêche pour véhicules','fr-FR'),(36755,'Véhicules et accessoires > Pièces détachées pour véhicules > Accessoires de chargement > Coffres de toit pour voitures > Porte-bagages pour vélos','fr-FR'),(36757,'Véhicules et accessoires > Pièces détachées pour véhicules > Accessoires de chargement > Coffres de toit pour voitures > Systèmes de fixation de base sur véhicules','fr-FR'),(36754,'Véhicules et accessoires > Pièces détachées pour véhicules > Accessoires de chargement > Coffres de toit pour voitures > Fixation sur véhicules pour skis et snowboards','fr-FR'),(36752,'Véhicules et accessoires > Pièces détachées pour véhicules > Accessoires de chargement > Coffres de toit pour voitures > Fixation sur véhicules pour motos et scooters','fr-FR'),(36753,'Véhicules et accessoires > Pièces détachées pour véhicules > Accessoires de chargement > Coffres de toit pour voitures > Fixation sur véhicules pour planches de surf','fr-FR'),(36751,'Véhicules et accessoires > Pièces détachées pour véhicules > Accessoires de chargement > Coffres de toit pour voitures > Barres de toit pour fusils','fr-FR'),(36750,'Véhicules et accessoires > Pièces détachées pour véhicules > Accessoires de chargement > Coffres de toit pour voitures > Barres de toit pour bateaux','fr-FR'),(36748,'Véhicules et accessoires > Pièces détachées pour véhicules > Accessoires de chargement > Coffres de toit pour voitures','fr-FR'),(36749,'Véhicules et accessoires > Pièces détachées pour véhicules > Accessoires de chargement > Coffres de toit pour voitures > Barres de toit','fr-FR'),(36747,'Véhicules et accessoires > Pièces détachées pour véhicules > Accessoires de chargement > Boîtes de rangement de benne','fr-FR'),(36745,'Véhicules et accessoires > Pièces détachées pour véhicules > Accessoires de chargement > Accessoires de barre de toit pour véhicules motorisés > Accessoires de porte-vélo pour véhicules motorisés','fr-FR'),(36746,'Véhicules et accessoires > Pièces détachées pour véhicules > Accessoires de chargement > Accessoires de barre de toit pour véhicules motorisés > Porte-skis et porte-snowboards pour barres de toit','fr-FR'),(36744,'Véhicules et accessoires > Pièces détachées pour véhicules > Accessoires de chargement > Accessoires de barre de toit pour véhicules motorisés','fr-FR'),(36742,'Véhicules et accessoires > Pièces détachées pour véhicules','fr-FR'),(36743,'Véhicules et accessoires > Pièces détachées pour véhicules > Accessoires de chargement','fr-FR'),(36741,'Véhicules et accessoires','fr-FR'),(36739,'Santé et beauté > Santé > Tests médicaux > Tests de dépistage du VIH','fr-FR'),(36740,'Santé et beauté > Santé > Tests médicaux > Tests de grossesse','fr-FR'),(36738,'Santé et beauté > Santé > Tests médicaux > Tests de dépistage des drogues','fr-FR'),(36737,'Santé et beauté > Santé > Tests médicaux > Tests d\'infection urinaire','fr-FR'),(36736,'Santé et beauté > Santé > Tests médicaux > Kits de tests d\'allergies','fr-FR'),(36731,'Santé et beauté > Santé > Solutions et gels conducteurs','fr-FR'),(36732,'Santé et beauté > Santé > Spermicides','fr-FR'),(36733,'Santé et beauté > Santé > Systèmes d\'alarme médicale','fr-FR'),(36734,'Santé et beauté > Santé > Tests médicaux','fr-FR'),(36735,'Santé et beauté > Santé > Tests médicaux > Kits de détermination du groupe sanguin','fr-FR'),(36729,'Santé et beauté > Santé > Soins respiratoires > Machines PPC','fr-FR'),(36730,'Santé et beauté > Santé > Soins respiratoires > Masques pour PPC','fr-FR'),(36728,'Santé et beauté > Santé > Soins respiratoires > Inhalateurs à vapeur','fr-FR'),(36725,'Santé et beauté > Santé > Soins respiratoires','fr-FR'),(36726,'Santé et beauté > Santé > Soins respiratoires > Bouteilles d\'oxygène','fr-FR'),(36727,'Santé et beauté > Santé > Soins respiratoires > Chambres d\'inhalation','fr-FR'),(36722,'Santé et beauté > Santé > Produits pour l\'incontinence','fr-FR'),(36723,'Santé et beauté > Santé > Préservatifs','fr-FR'),(36724,'Santé et beauté > Santé > Réducteurs de moignon','fr-FR'),(36721,'Santé et beauté > Santé > Premiers secours > Trousses de premiers secours','fr-FR'),(36719,'Santé et beauté > Santé > Premiers secours > Thermothérapies et cryothérapies > Coussins chauffants','fr-FR'),(36720,'Santé et beauté > Santé > Premiers secours > Thermothérapies et cryothérapies > Poches de glace','fr-FR'),(36717,'Santé et beauté > Santé > Premiers secours > Thermothérapies et cryothérapies','fr-FR'),(36718,'Santé et beauté > Santé > Premiers secours > Thermothérapies et cryothérapies > Baumes chauffants','fr-FR'),(36716,'Santé et beauté > Santé > Premiers secours > Protections pour plâtres et bandage','fr-FR'),(36715,'Santé et beauté > Santé > Premiers secours > Fournitures pour le lavage des yeux','fr-FR'),(36714,'Santé et beauté > Santé > Premiers secours > Bandes et pansements','fr-FR'),(36712,'Santé et beauté > Santé > Premiers secours','fr-FR'),(36713,'Santé et beauté > Santé > Premiers secours > Antiseptiques et désinfectants','fr-FR'),(36710,'Santé et beauté > Santé > Moniteurs biométriques > Éthylomètres','fr-FR'),(36711,'Santé et beauté > Santé > Médicaments','fr-FR'),(36709,'Santé et beauté > Santé > Moniteurs biométriques > Thermomètres à usage médical','fr-FR'),(36706,'Santé et beauté > Santé > Moniteurs biométriques > Oxymètres','fr-FR'),(36707,'Santé et beauté > Santé > Moniteurs biométriques > Pèse-personne','fr-FR'),(36704,'Santé et beauté > Santé > Moniteurs biométriques > Moniteurs d\'activité','fr-FR'),(36705,'Santé et beauté > Santé > Moniteurs biométriques > Moniteurs de fertilité et tests d\'ovulation','fr-FR'),(36708,'Santé et beauté > Santé > Moniteurs biométriques > Tensiomètres','fr-FR'),(36698,'Santé et beauté > Santé > Mobilité et accessibilité > Meubles et supports d\'accessibilité > Bancs et sièges de douche','fr-FR'),(36699,'Santé et beauté > Santé > Moniteurs biométriques','fr-FR'),(36700,'Santé et beauté > Santé > Moniteurs biométriques > Analyseurs de cholestérol','fr-FR'),(36701,'Santé et beauté > Santé > Moniteurs biométriques > Dispositifs d\'analyse du tissu adipeux','fr-FR'),(36703,'Santé et beauté > Santé > Moniteurs biométriques > Moniteurs cardiaques fœtaux','fr-FR'),(36702,'Santé et beauté > Santé > Moniteurs biométriques > Glucomètres','fr-FR'),(36697,'Santé et beauté > Santé > Mobilité et accessibilité > Meubles et supports d\'accessibilité','fr-FR'),(36696,'Santé et beauté > Santé > Mobilité et accessibilité > Matériel d\'accessibilité > Scooters de mobilité','fr-FR'),(36695,'Santé et beauté > Santé > Mobilité et accessibilité > Matériel d\'accessibilité > Planches et alèses de transfert','fr-FR'),(36694,'Santé et beauté > Santé > Mobilité et accessibilité > Matériel d\'accessibilité > Monte-escaliers','fr-FR'),(36690,'Santé et beauté > Santé > Mobilité et accessibilité > Aides à la marche > Cannes','fr-FR'),(36691,'Santé et beauté > Santé > Mobilité et accessibilité > Aides à la marche > Déambulateurs','fr-FR'),(36693,'Santé et beauté > Santé > Mobilité et accessibilité > Matériel d\'accessibilité > Fauteuils roulants','fr-FR'),(36692,'Santé et beauté > Santé > Mobilité et accessibilité > Matériel d\'accessibilité','fr-FR'),(36689,'Santé et beauté > Santé > Mobilité et accessibilité > Aides à la marche > Béquilles','fr-FR'),(36685,'Santé et beauté > Santé > Mobilité et accessibilité','fr-FR'),(36686,'Santé et beauté > Santé > Mobilité et accessibilité > Accessoires pour l\'aide à la marche','fr-FR'),(36688,'Santé et beauté > Santé > Mobilité et accessibilité > Aides à la marche','fr-FR'),(36687,'Santé et beauté > Santé > Mobilité et accessibilité > Accessoires pour matériel d\'accessibilité','fr-FR'),(36683,'Santé et beauté > Santé > Matériel d\'ergothérapie et de physiothérapie > Balançoires thérapeutiques','fr-FR'),(36684,'Santé et beauté > Santé > Matériel d\'ergothérapie et de physiothérapie > Électrostimulateurs','fr-FR'),(36681,'Santé et beauté > Santé > Lubrifiants chirurgicaux','fr-FR'),(36682,'Santé et beauté > Santé > Matériel d\'ergothérapie et de physiothérapie','fr-FR'),(36679,'Santé et beauté > Santé > Fitness et nutrition > Vitamines et compléments alimentaires','fr-FR'),(36680,'Santé et beauté > Santé > Lampes de luminothérapie','fr-FR'),(36675,'Santé et beauté > Santé > Fitness et nutrition > Compléments alimentaires administrés par sonde','fr-FR'),(36676,'Santé et beauté > Santé > Fitness et nutrition > Gels et gommes énergétiques','fr-FR'),(36677,'Santé et beauté > Santé > Fitness et nutrition > Purées et compotes','fr-FR'),(36678,'Santé et beauté > Santé > Fitness et nutrition > Substituts de repas et compléments alimentaires','fr-FR'),(36670,'Santé et beauté > Santé > Boîtes de rangement de contraceptifs','fr-FR'),(36671,'Santé et beauté > Santé > Boîtes à pilules','fr-FR'),(36672,'Santé et beauté > Santé > Contenants à échantillons','fr-FR'),(36673,'Santé et beauté > Santé > Fitness et nutrition','fr-FR'),(36674,'Santé et beauté > Santé > Fitness et nutrition > Barres nutritionnelles','fr-FR'),(36669,'Santé et beauté > Santé > Bijoux et étiquettes d\'identification médicale','fr-FR'),(36667,'Santé et beauté > Santé > Aides auditives','fr-FR'),(36668,'Santé et beauté > Santé > Bassins de lit','fr-FR'),(36665,'Santé et beauté > Santé > Acupuncture > Aiguilles d\'acupuncture','fr-FR'),(36666,'Santé et beauté > Santé > Acupuncture > Modèles d\'acupuncture','fr-FR'),(36664,'Santé et beauté > Santé > Acupuncture','fr-FR'),(36663,'Santé et beauté > Santé > Accessoires pour moniteurs biométriques > Accessoires pour tensiomètres > Brassards de tensiomètres','fr-FR'),(36662,'Santé et beauté > Santé > Accessoires pour moniteurs biométriques > Accessoires pour tensiomètres','fr-FR'),(36661,'Santé et beauté > Santé > Accessoires pour moniteurs biométriques > Accessoires pour pèse-personnes','fr-FR'),(36659,'Santé et beauté > Santé > Accessoires pour moniteurs biométriques > Accessoires pour lecteurs de glycémie > Solution de contrôle de la glycémie','fr-FR'),(36660,'Santé et beauté > Santé > Accessoires pour moniteurs biométriques > Accessoires pour moniteurs d\'activité','fr-FR'),(36658,'Santé et beauté > Santé > Accessoires pour moniteurs biométriques > Accessoires pour lecteurs de glycémie > Bandelettes de test de la glycémie','fr-FR'),(36656,'Santé et beauté > Santé > Accessoires pour moniteurs biométriques > Accessoires pour lecteurs de glycémie','fr-FR'),(36657,'Santé et beauté > Santé > Accessoires pour moniteurs biométriques > Accessoires pour lecteurs de glycémie > Autopiqueurs','fr-FR'),(36654,'Santé et beauté > Santé > Accessoires de maintien et attelles','fr-FR'),(36655,'Santé et beauté > Santé > Accessoires pour moniteurs biométriques','fr-FR'),(36653,'Santé et beauté > Santé','fr-FR'),(36652,'Santé et beauté > Hygiène personnelle > Tentes pour bronzage au spray','fr-FR'),(36651,'Santé et beauté > Hygiène personnelle > Soins des yeux > Verres de lunettes de soleil','fr-FR'),(36650,'Santé et beauté > Hygiène personnelle > Soins des yeux > Verres de lunettes','fr-FR'),(36648,'Santé et beauté > Hygiène personnelle > Soins des yeux > Lentilles de contact','fr-FR'),(36649,'Santé et beauté > Hygiène personnelle > Soins des yeux > Lunettes de vue','fr-FR'),(36647,'Santé et beauté > Hygiène personnelle > Soins des yeux > Gouttes et lubrifiants pour les yeux','fr-FR'),(36646,'Santé et beauté > Hygiène personnelle > Soins des yeux > Entretien des lentilles de contact > Étuis pour lentilles de contact','fr-FR'),(36642,'Santé et beauté > Hygiène personnelle > Soins des yeux > Accessoires pour lunettes > Porte-lunettes et étuis','fr-FR'),(36643,'Santé et beauté > Hygiène personnelle > Soins des yeux > Entretien des lentilles de contact','fr-FR'),(36644,'Santé et beauté > Hygiène personnelle > Soins des yeux > Entretien des lentilles de contact > Kits d\'entretien pour lentilles de contact','fr-FR'),(36645,'Santé et beauté > Hygiène personnelle > Soins des yeux > Entretien des lentilles de contact > Solution pour lentilles de contact','fr-FR'),(36641,'Santé et beauté > Hygiène personnelle > Soins des yeux > Accessoires pour lunettes > Nettoyants lunettes','fr-FR'),(36640,'Santé et beauté > Hygiène personnelle > Soins des yeux > Accessoires pour lunettes > Chaînes et cordons à lunettes','fr-FR'),(36639,'Santé et beauté > Hygiène personnelle > Soins des yeux > Accessoires pour lunettes','fr-FR'),(36637,'Santé et beauté > Hygiène personnelle > Soins buccaux > Stimulateurs de gencives','fr-FR'),(36638,'Santé et beauté > Hygiène personnelle > Soins des yeux','fr-FR'),(36636,'Santé et beauté > Hygiène personnelle > Soins buccaux > Spray pour l\'haleine','fr-FR'),(36635,'Santé et beauté > Hygiène personnelle > Soins buccaux > Prothèses dentaires','fr-FR'),(36634,'Santé et beauté > Hygiène personnelle > Soins buccaux > Pousse-dentifrice et distributeurs de dentifrice','fr-FR'),(36633,'Santé et beauté > Hygiène personnelle > Soins buccaux > Nettoyants pour prothèses dentaires','fr-FR'),(36630,'Santé et beauté > Hygiène personnelle > Soins buccaux > Gratte-langue','fr-FR'),(36631,'Santé et beauté > Hygiène personnelle > Soins buccaux > Hyrdropulseurs','fr-FR'),(36632,'Santé et beauté > Hygiène personnelle > Soins buccaux > Kits de réparation de dentiers','fr-FR'),(36627,'Santé et beauté > Hygiène personnelle > Soins buccaux > Fil dentaire','fr-FR'),(36628,'Santé et beauté > Hygiène personnelle > Soins buccaux > Fils dentaires électriques','fr-FR'),(36629,'Santé et beauté > Hygiène personnelle > Soins buccaux > Gouttières dentaires','fr-FR'),(36623,'Santé et beauté > Hygiène personnelle > Soins buccaux > Brosses à dents','fr-FR'),(36624,'Santé et beauté > Hygiène personnelle > Soins buccaux > Cure-dents','fr-FR'),(36625,'Santé et beauté > Hygiène personnelle > Soins buccaux > Dentifrice','fr-FR'),(36626,'Santé et beauté > Hygiène personnelle > Soins buccaux > Embouts de rechange pour hydropulseurs dentaires','fr-FR'),(36619,'Santé et beauté > Hygiène personnelle > Soins buccaux > Adhésifs pour dentiers','fr-FR'),(36620,'Santé et beauté > Hygiène personnelle > Soins buccaux > Bains de bouche','fr-FR'),(36621,'Santé et beauté > Hygiène personnelle > Soins buccaux > Blanchisseurs de dents','fr-FR'),(36622,'Santé et beauté > Hygiène personnelle > Soins buccaux > Boîtes pour appareils dentaires','fr-FR'),(36618,'Santé et beauté > Hygiène personnelle > Soins buccaux > Accessoires de brosses à dents > Étuis pour brosses à dents','fr-FR'),(36614,'Santé et beauté > Hygiène personnelle > Soins buccaux','fr-FR'),(36615,'Santé et beauté > Hygiène personnelle > Soins buccaux > Accessoires de brosses à dents','fr-FR'),(36616,'Santé et beauté > Hygiène personnelle > Soins buccaux > Accessoires de brosses à dents > Assainisseurs pour brosses à dents','fr-FR'),(36617,'Santé et beauté > Hygiène personnelle > Soins buccaux > Accessoires de brosses à dents > Brossettes de rechange','fr-FR'),(36610,'Santé et beauté > Hygiène personnelle > Soin des pieds > Semelles intérieures et talonnettes','fr-FR'),(36611,'Santé et beauté > Hygiène personnelle > Soin des pieds > Séparateurs d\'orteils','fr-FR'),(36612,'Santé et beauté > Hygiène personnelle > Soin du dos','fr-FR'),(36613,'Santé et beauté > Hygiène personnelle > Soin du dos > Coussins de soutien lombaire et dorsal','fr-FR'),(36607,'Santé et beauté > Hygiène personnelle > Soin des pieds > Accessoires pour soin de la corne et des callosités','fr-FR'),(36609,'Santé et beauté > Hygiène personnelle > Soin des pieds > Déodorants pour les pieds','fr-FR'),(36608,'Santé et beauté > Hygiène personnelle > Soin des pieds > Accessoires pour soin des oignons','fr-FR'),(36606,'Santé et beauté > Hygiène personnelle > Soin des pieds','fr-FR'),(36605,'Santé et beauté > Hygiène personnelle > Soin des oreilles > Sèche-oreille','fr-FR'),(36604,'Santé et beauté > Hygiène personnelle > Soin des oreilles > Seringues pour les oreilles','fr-FR'),(36603,'Santé et beauté > Hygiène personnelle > Soin des oreilles > Kits d\'extraction des bouchons de cérumen','fr-FR'),(36602,'Santé et beauté > Hygiène personnelle > Soin des oreilles > Gouttes pour les oreilles','fr-FR'),(36601,'Santé et beauté > Hygiène personnelle > Soin des oreilles > Distributeurs de bouchons d\'oreilles','fr-FR'),(36600,'Santé et beauté > Hygiène personnelle > Soin des oreilles > Cure-oreilles','fr-FR'),(36597,'Santé et beauté > Hygiène personnelle > Soin des oreilles','fr-FR'),(36598,'Santé et beauté > Hygiène personnelle > Soin des oreilles > Bougies d\'oreille','fr-FR'),(36599,'Santé et beauté > Hygiène personnelle > Soin des oreilles > Boules Quies','fr-FR'),(36595,'Santé et beauté > Hygiène personnelle > Soin des cheveux > Soins antichute des cheveux','fr-FR'),(36596,'Santé et beauté > Hygiène personnelle > Soin des cheveux > Solutions pour friser et défriser les cheveux','fr-FR'),(36594,'Santé et beauté > Hygiène personnelle > Soin des cheveux > Shampooing et après-shampooing','fr-FR'),(36591,'Santé et beauté > Hygiène personnelle > Soin des cheveux > Outils de coiffure > Fers à lisser','fr-FR'),(36592,'Santé et beauté > Hygiène personnelle > Soin des cheveux > Outils de coiffure > Peignes et brosses','fr-FR'),(36593,'Santé et beauté > Hygiène personnelle > Soin des cheveux > Outils de coiffure > Sèche-cheveux','fr-FR'),(36590,'Santé et beauté > Hygiène personnelle > Soin des cheveux > Outils de coiffure > Fers à friser','fr-FR'),(36589,'Santé et beauté > Hygiène personnelle > Soin des cheveux > Outils de coiffure > Ensembles d\'accessoires de coiffure','fr-FR'),(36585,'Santé et beauté > Hygiène personnelle > Soin des cheveux > Gels, mousses et sprays coiffants','fr-FR'),(36586,'Santé et beauté > Hygiène personnelle > Soin des cheveux > Kits de soin des cheveux','fr-FR'),(36587,'Santé et beauté > Hygiène personnelle > Soin des cheveux > Outils de coiffure','fr-FR'),(36588,'Santé et beauté > Hygiène personnelle > Soin des cheveux > Outils de coiffure > Bigoudis','fr-FR'),(36584,'Santé et beauté > Hygiène personnelle > Soin des cheveux > Décolorants pour cheveux','fr-FR'),(36582,'Santé et beauté > Hygiène personnelle > Soin des cheveux > Coloration des cheveux','fr-FR'),(36583,'Santé et beauté > Hygiène personnelle > Soin des cheveux > Correcteurs pour perte de cheveux','fr-FR'),(36580,'Santé et beauté > Hygiène personnelle > Soin des cheveux > Casques à vapeur et bonnets chauffants','fr-FR'),(36581,'Santé et beauté > Hygiène personnelle > Soin des cheveux > Ciseaux de coiffeur','fr-FR'),(36579,'Santé et beauté > Hygiène personnelle > Soin des cheveux > Accessoires pour outils de coiffure > Bigoudis et pics à bigoudis','fr-FR'),(36578,'Santé et beauté > Hygiène personnelle > Soin des cheveux > Accessoires pour outils de coiffure > Accessoires pour sèche-cheveux','fr-FR'),(36577,'Santé et beauté > Hygiène personnelle > Soin des cheveux > Accessoires pour outils de coiffure > Accessoires pour fers à friser','fr-FR'),(36576,'Santé et beauté > Hygiène personnelle > Soin des cheveux > Accessoires pour outils de coiffure','fr-FR'),(36574,'Santé et beauté > Hygiène personnelle > Soin des cheveux','fr-FR'),(36575,'Santé et beauté > Hygiène personnelle > Soin des cheveux > Accessoires pour la coloration','fr-FR'),(36572,'Santé et beauté > Hygiène personnelle > Rasage et soins > Épilation > Épilateurs','fr-FR'),(36573,'Santé et beauté > Hygiène personnelle > Rasage et soins > Épilation > Épilateurs laser et à la lumière pulsée','fr-FR'),(36570,'Santé et beauté > Hygiène personnelle > Rasage et soins > Épilation > Crèmes dépilatoires','fr-FR'),(36571,'Santé et beauté > Hygiène personnelle > Rasage et soins > Épilation > Kits et accessoires d\'épilation à la cire','fr-FR'),(36569,'Santé et beauté > Hygiène personnelle > Rasage et soins > Épilation > Chauffe-cire','fr-FR'),(36565,'Santé et beauté > Hygiène personnelle > Rasage et soins > Rasoirs électriques','fr-FR'),(36566,'Santé et beauté > Hygiène personnelle > Rasage et soins > Tondeuses à cheveux','fr-FR'),(36567,'Santé et beauté > Hygiène personnelle > Rasage et soins > Épilation','fr-FR'),(36568,'Santé et beauté > Hygiène personnelle > Rasage et soins > Épilation > Appareils à électrolyse','fr-FR'),(36564,'Santé et beauté > Hygiène personnelle > Rasage et soins > Rasoirs et lames de rasoir','fr-FR'),(36563,'Santé et beauté > Hygiène personnelle > Rasage et soins > Produits de décoloration des poils','fr-FR'),(36562,'Santé et beauté > Hygiène personnelle > Rasage et soins > Mousses à raser','fr-FR'),(36561,'Santé et beauté > Hygiène personnelle > Rasage et soins > Crayons styptiques','fr-FR'),(36560,'Santé et beauté > Hygiène personnelle > Rasage et soins > Coffrets de rasage','fr-FR'),(36558,'Santé et beauté > Hygiène personnelle > Rasage et soins > Blaireaux','fr-FR'),(36559,'Santé et beauté > Hygiène personnelle > Rasage et soins > Bols à raser','fr-FR'),(36556,'Santé et beauté > Hygiène personnelle > Rasage et soins > Accessoires pour tondeuses à cheveux','fr-FR'),(36557,'Santé et beauté > Hygiène personnelle > Rasage et soins > Après-rasage','fr-FR'),(36554,'Santé et beauté > Hygiène personnelle > Rasage et soins','fr-FR'),(36555,'Santé et beauté > Hygiène personnelle > Rasage et soins > Accessoires pour rasoir électrique','fr-FR'),(36553,'Santé et beauté > Hygiène personnelle > Produits d\'hygiène féminine > Tampons','fr-FR'),(36552,'Santé et beauté > Hygiène personnelle > Produits d\'hygiène féminine > Serviettes hygiéniques et protège-slips','fr-FR'),(36551,'Santé et beauté > Hygiène personnelle > Produits d\'hygiène féminine > Gels de toilette intime et poires vaginales','fr-FR'),(36550,'Santé et beauté > Hygiène personnelle > Produits d\'hygiène féminine > Déodorants intimes','fr-FR'),(36548,'Santé et beauté > Hygiène personnelle > Produits d\'hygiène féminine','fr-FR'),(36549,'Santé et beauté > Hygiène personnelle > Produits d\'hygiène féminine > Coupes menstruelles','fr-FR'),(36547,'Santé et beauté > Hygiène personnelle > Pinces à épiler','fr-FR'),(36545,'Santé et beauté > Hygiène personnelle > Massage et relaxation > Réchauffeurs de pierres de massage','fr-FR'),(36546,'Santé et beauté > Hygiène personnelle > Massage et relaxation > Tables de massage','fr-FR'),(36543,'Santé et beauté > Hygiène personnelle > Massage et relaxation > Huiles de massage','fr-FR'),(36544,'Santé et beauté > Hygiène personnelle > Massage et relaxation > Pierres de massage','fr-FR'),(36538,'Santé et beauté > Hygiène personnelle > Massage et relaxation','fr-FR'),(36539,'Santé et beauté > Hygiène personnelle > Massage et relaxation > Accessoires de massage','fr-FR'),(36540,'Santé et beauté > Hygiène personnelle > Massage et relaxation > Coussinets pour les yeux','fr-FR'),(36541,'Santé et beauté > Hygiène personnelle > Massage et relaxation > Fauteuils de massage','fr-FR'),(36542,'Santé et beauté > Hygiène personnelle > Massage et relaxation > Gratte-dos','fr-FR'),(36534,'Santé et beauté > Hygiène personnelle > Cotons-tiges','fr-FR'),(36535,'Santé et beauté > Hygiène personnelle > Déodorants et anti-transpirants','fr-FR'),(36536,'Santé et beauté > Hygiène personnelle > Kits et produits pour lavements','fr-FR'),(36537,'Santé et beauté > Hygiène personnelle > Lubrifiants personnels','fr-FR'),(36533,'Santé et beauté > Hygiène personnelle > Cosmétiques > Soin des ongles > Vernis à ongles','fr-FR'),(36532,'Santé et beauté > Hygiène personnelle > Cosmétiques > Soin des ongles > Kits et accessoires pour la décoration d\'ongles','fr-FR'),(36531,'Santé et beauté > Hygiène personnelle > Cosmétiques > Soin des ongles > Faux-ongles','fr-FR'),(36530,'Santé et beauté > Hygiène personnelle > Cosmétiques > Soin des ongles > Dissolvants pour vernis à ongles','fr-FR'),(36529,'Santé et beauté > Hygiène personnelle > Cosmétiques > Soin des ongles > Diluants à vernis','fr-FR'),(36528,'Santé et beauté > Hygiène personnelle > Cosmétiques > Soin des ongles > Crèmes et huiles pour cuticules','fr-FR'),(36527,'Santé et beauté > Hygiène personnelle > Cosmétiques > Soin des ongles > Colle pour faux ongles','fr-FR'),(36526,'Santé et beauté > Hygiène personnelle > Cosmétiques > Soin des ongles > Accélérateurs de séchage','fr-FR'),(36525,'Santé et beauté > Hygiène personnelle > Cosmétiques > Soin des ongles','fr-FR'),(36524,'Santé et beauté > Hygiène personnelle > Cosmétiques > Soin de la peau > Traitements contre l\'acné','fr-FR'),(36522,'Santé et beauté > Hygiène personnelle > Cosmétiques > Soin de la peau > Soins des lèvres','fr-FR'),(36523,'Santé et beauté > Hygiène personnelle > Cosmétiques > Soin de la peau > Traitements anti-verrues','fr-FR'),(36520,'Santé et beauté > Hygiène personnelle > Cosmétiques > Soin de la peau > Protection solaire','fr-FR'),(36521,'Santé et beauté > Hygiène personnelle > Cosmétiques > Soin de la peau > Répulsifs à insectes','fr-FR'),(36519,'Santé et beauté > Hygiène personnelle > Cosmétiques > Soin de la peau > Produits bronzants > Huiles et lotions de bronzage','fr-FR'),(36518,'Santé et beauté > Hygiène personnelle > Cosmétiques > Soin de la peau > Produits bronzants > Autobronzants','fr-FR'),(36516,'Santé et beauté > Hygiène personnelle > Cosmétiques > Soin de la peau > Poudre pour le corps','fr-FR'),(36517,'Santé et beauté > Hygiène personnelle > Cosmétiques > Soin de la peau > Produits bronzants','fr-FR'),(36514,'Santé et beauté > Hygiène personnelle > Cosmétiques > Soin de la peau > Masques et gommages','fr-FR'),(36515,'Santé et beauté > Hygiène personnelle > Cosmétiques > Soin de la peau > Nettoyants visage','fr-FR'),(36512,'Santé et beauté > Hygiène personnelle > Cosmétiques > Soin de la peau > Lotions toniques et astringentes','fr-FR'),(36513,'Santé et beauté > Hygiène personnelle > Cosmétiques > Soin de la peau > Masques de coton','fr-FR'),(36511,'Santé et beauté > Hygiène personnelle > Cosmétiques > Soin de la peau > Kits de soins anti-âge','fr-FR'),(36510,'Santé et beauté > Hygiène personnelle > Cosmétiques > Soin de la peau > Kits de nettoyage pour le visage','fr-FR'),(36509,'Santé et beauté > Hygiène personnelle > Cosmétiques > Soin de la peau > Huiles pour le corps','fr-FR'),(36508,'Santé et beauté > Hygiène personnelle > Cosmétiques > Soin de la peau > Gelée de pétrole','fr-FR'),(36506,'Santé et beauté > Hygiène personnelle > Cosmétiques > Soin de la peau > Crèmes et lotions','fr-FR'),(36507,'Santé et beauté > Hygiène personnelle > Cosmétiques > Soin de la peau > Démaquillants','fr-FR'),(36505,'Santé et beauté > Hygiène personnelle > Cosmétiques > Soin de la peau > Bandes de gommage pour le nez','fr-FR'),(36504,'Santé et beauté > Hygiène personnelle > Cosmétiques > Soin de la peau','fr-FR'),(36503,'Santé et beauté > Hygiène personnelle > Cosmétiques > Parfums et eaux de Cologne','fr-FR'),(36502,'Santé et beauté > Hygiène personnelle > Cosmétiques > Nettoyeurs d\'outils cosmétiques','fr-FR'),(36500,'Santé et beauté > Hygiène personnelle > Cosmétiques > Maquillage > Sprays de finition de maquillage','fr-FR'),(36501,'Santé et beauté > Hygiène personnelle > Cosmétiques > Maquillage > Tatouages temporaires','fr-FR'),(36499,'Santé et beauté > Hygiène personnelle > Cosmétiques > Maquillage > Maquillage pour les yeux > Traitements pour la croissance des cils et des sourcils','fr-FR'),(36498,'Santé et beauté > Hygiène personnelle > Cosmétiques > Maquillage > Maquillage pour les yeux > Mascara','fr-FR'),(36496,'Santé et beauté > Hygiène personnelle > Cosmétiques > Maquillage > Maquillage pour les yeux > Fard à paupières','fr-FR'),(36497,'Santé et beauté > Hygiène personnelle > Cosmétiques > Maquillage > Maquillage pour les yeux > Faux-cils','fr-FR'),(36495,'Santé et beauté > Hygiène personnelle > Cosmétiques > Maquillage > Maquillage pour les yeux > Eye-liner','fr-FR'),(36494,'Santé et beauté > Hygiène personnelle > Cosmétiques > Maquillage > Maquillage pour les yeux > Crayons sourcils','fr-FR'),(36492,'Santé et beauté > Hygiène personnelle > Cosmétiques > Maquillage > Maquillage pour les yeux > Apprêts pour cils','fr-FR'),(36493,'Santé et beauté > Hygiène personnelle > Cosmétiques > Maquillage > Maquillage pour les yeux > Base de maquillage pour les yeux','fr-FR'),(36491,'Santé et beauté > Hygiène personnelle > Cosmétiques > Maquillage > Maquillage pour les yeux','fr-FR'),(36490,'Santé et beauté > Hygiène personnelle > Cosmétiques > Maquillage > Maquillage pour les lèvres > Teintes pour lèvres et joues','fr-FR'),(36489,'Santé et beauté > Hygiène personnelle > Cosmétiques > Maquillage > Maquillage pour les lèvres > Rouge à lèvres','fr-FR'),(36488,'Santé et beauté > Hygiène personnelle > Cosmétiques > Maquillage > Maquillage pour les lèvres > Crayon à lèvres','fr-FR'),(36487,'Santé et beauté > Hygiène personnelle > Cosmétiques > Maquillage > Maquillage pour les lèvres > Brillant à lèvres','fr-FR'),(36486,'Santé et beauté > Hygiène personnelle > Cosmétiques > Maquillage > Maquillage pour les lèvres > Apprêts pour les lèvres','fr-FR'),(36485,'Santé et beauté > Hygiène personnelle > Cosmétiques > Maquillage > Maquillage pour les lèvres','fr-FR'),(36484,'Santé et beauté > Hygiène personnelle > Cosmétiques > Maquillage > Maquillage pour le corps > Paillettes pour le corps et les cheveux','fr-FR'),(36481,'Santé et beauté > Hygiène personnelle > Cosmétiques > Maquillage > Maquillage du visage > Surligneurs et luminizers','fr-FR'),(36482,'Santé et beauté > Hygiène personnelle > Cosmétiques > Maquillage > Maquillage pour le corps','fr-FR'),(36483,'Santé et beauté > Hygiène personnelle > Cosmétiques > Maquillage > Maquillage pour le corps > Décoration du corps','fr-FR'),(36479,'Santé et beauté > Hygiène personnelle > Cosmétiques > Maquillage > Maquillage du visage > Fonds de teint et correcteurs de teint','fr-FR'),(36480,'Santé et beauté > Hygiène personnelle > Cosmétiques > Maquillage > Maquillage du visage > Poudres pour visage','fr-FR'),(36478,'Santé et beauté > Hygiène personnelle > Cosmétiques > Maquillage > Maquillage du visage > Fards à joues','fr-FR'),(36476,'Santé et beauté > Hygiène personnelle > Cosmétiques > Maquillage > Maquillage du visage','fr-FR'),(36477,'Santé et beauté > Hygiène personnelle > Cosmétiques > Maquillage > Maquillage du visage > Base de maquillage pour le visage','fr-FR'),(36474,'Santé et beauté > Hygiène personnelle > Cosmétiques > Maquillage','fr-FR'),(36475,'Santé et beauté > Hygiène personnelle > Cosmétiques > Maquillage > Costumes et maquillage de scène','fr-FR'),(36473,'Santé et beauté > Hygiène personnelle > Cosmétiques > Kits de cosmétiques','fr-FR'),(36472,'Santé et beauté > Hygiène personnelle > Cosmétiques > Coffrets cadeaux pour le bain et le corps','fr-FR'),(36470,'Santé et beauté > Hygiène personnelle > Cosmétiques > Bain et corps > Savon liquide pour les mains','fr-FR'),(36471,'Santé et beauté > Hygiène personnelle > Cosmétiques > Bain et corps > Sels de bain et produits moussants','fr-FR'),(36469,'Santé et beauté > Hygiène personnelle > Cosmétiques > Bain et corps > Savon en poudre pour les mains','fr-FR'),(36468,'Santé et beauté > Hygiène personnelle > Cosmétiques > Bain et corps > Savon','fr-FR'),(36467,'Santé et beauté > Hygiène personnelle > Cosmétiques > Bain et corps > Nettoyants pour le corps','fr-FR'),(36466,'Santé et beauté > Hygiène personnelle > Cosmétiques > Bain et corps > Loofahs et exfoliants','fr-FR'),(36465,'Santé et beauté > Hygiène personnelle > Cosmétiques > Bain et corps > Lingettes hygiéniques pour adultes','fr-FR'),(36464,'Santé et beauté > Hygiène personnelle > Cosmétiques > Bain et corps > Gel antibactérien pour les mains','fr-FR'),(36463,'Santé et beauté > Hygiène personnelle > Cosmétiques > Bain et corps > Brosses de bain','fr-FR'),(36461,'Santé et beauté > Hygiène personnelle > Cosmétiques > Bain et corps','fr-FR'),(36462,'Santé et beauté > Hygiène personnelle > Cosmétiques > Bain et corps > Bonnets de douche','fr-FR'),(36460,'Santé et beauté > Hygiène personnelle > Cosmétiques > Accessoires cosmétiques > Accessoires pour les ongles > Séparateurs de doigts pour manucure et pédicure','fr-FR'),(36459,'Santé et beauté > Hygiène personnelle > Cosmétiques > Accessoires cosmétiques > Accessoires pour les ongles > Séchoirs à ongles','fr-FR'),(36458,'Santé et beauté > Hygiène personnelle > Cosmétiques > Accessoires cosmétiques > Accessoires pour les ongles > Repousse-cuticules','fr-FR'),(36457,'Santé et beauté > Hygiène personnelle > Cosmétiques > Accessoires cosmétiques > Accessoires pour les ongles > Ponceuses à ongles','fr-FR'),(36456,'Santé et beauté > Hygiène personnelle > Cosmétiques > Accessoires cosmétiques > Accessoires pour les ongles > Polissoirs','fr-FR'),(36455,'Santé et beauté > Hygiène personnelle > Cosmétiques > Accessoires cosmétiques > Accessoires pour les ongles > Limes à ongles et limes émeri','fr-FR'),(36454,'Santé et beauté > Hygiène personnelle > Cosmétiques > Accessoires cosmétiques > Accessoires pour les ongles > Kits de manucure','fr-FR'),(36452,'Santé et beauté > Hygiène personnelle > Cosmétiques > Accessoires cosmétiques > Accessoires pour les ongles > Coupe-cuticules','fr-FR'),(36453,'Santé et beauté > Hygiène personnelle > Cosmétiques > Accessoires cosmétiques > Accessoires pour les ongles > Coupe-ongles','fr-FR'),(36451,'Santé et beauté > Hygiène personnelle > Cosmétiques > Accessoires cosmétiques > Accessoires pour les ongles > Accessoires de ponceuses à ongles','fr-FR'),(36450,'Santé et beauté > Hygiène personnelle > Cosmétiques > Accessoires cosmétiques > Accessoires pour les ongles','fr-FR'),(36449,'Santé et beauté > Hygiène personnelle > Cosmétiques > Accessoires cosmétiques > Accessoires pour le soin de la peau > Têtes de brosses pour la peau','fr-FR'),(36447,'Santé et beauté > Hygiène personnelle > Cosmétiques > Accessoires cosmétiques > Accessoires pour le soin de la peau > Sauna facial','fr-FR'),(36448,'Santé et beauté > Hygiène personnelle > Cosmétiques > Accessoires cosmétiques > Accessoires pour le soin de la peau > Systèmes et brosses pour nettoyer la peau','fr-FR'),(36446,'Santé et beauté > Hygiène personnelle > Cosmétiques > Accessoires cosmétiques > Accessoires pour le soin de la peau > Râpes à pieds','fr-FR'),(36445,'Santé et beauté > Hygiène personnelle > Cosmétiques > Accessoires cosmétiques > Accessoires pour le soin de la peau > Rouleaux pour le soin de la peau','fr-FR'),(36443,'Santé et beauté > Hygiène personnelle > Cosmétiques > Accessoires cosmétiques > Accessoires pour le soin de la peau > Extracteurs pour le soin de la peau','fr-FR'),(36444,'Santé et beauté > Hygiène personnelle > Cosmétiques > Accessoires cosmétiques > Accessoires pour le soin de la peau > Pierres ponces','fr-FR'),(36442,'Santé et beauté > Hygiène personnelle > Cosmétiques > Accessoires cosmétiques > Accessoires pour le soin de la peau > Applicateurs de lotion et de crème solaire','fr-FR'),(36441,'Santé et beauté > Hygiène personnelle > Cosmétiques > Accessoires cosmétiques > Accessoires pour le soin de la peau','fr-FR'),(36440,'Santé et beauté > Hygiène personnelle > Cosmétiques > Accessoires cosmétiques > Accessoires de maquillage > Éponges de maquillage','fr-FR'),(36439,'Santé et beauté > Hygiène personnelle > Cosmétiques > Accessoires cosmétiques > Accessoires de maquillage > Recourbe-cils','fr-FR'),(36437,'Santé et beauté > Hygiène personnelle > Cosmétiques > Accessoires cosmétiques > Accessoires de maquillage > Pochoirs à sourcils','fr-FR'),(36438,'Santé et beauté > Hygiène personnelle > Cosmétiques > Accessoires cosmétiques > Accessoires de maquillage > Recharges de recourbe-cils','fr-FR'),(36436,'Santé et beauté > Hygiène personnelle > Cosmétiques > Accessoires cosmétiques > Accessoires de maquillage > Pinceaux de maquillage','fr-FR'),(36435,'Santé et beauté > Hygiène personnelle > Cosmétiques > Accessoires cosmétiques > Accessoires de maquillage > Papier matifiant pour le visage','fr-FR'),(36434,'Santé et beauté > Hygiène personnelle > Cosmétiques > Accessoires cosmétiques > Accessoires de maquillage > Palettes et boîtes de maquillage rechargeables','fr-FR'),(36433,'Santé et beauté > Hygiène personnelle > Cosmétiques > Accessoires cosmétiques > Accessoires de maquillage > Miroirs de maquillage','fr-FR'),(36432,'Santé et beauté > Hygiène personnelle > Cosmétiques > Accessoires cosmétiques > Accessoires de maquillage > Colle et ruban adhésif pour double paupière','fr-FR'),(36431,'Santé et beauté > Hygiène personnelle > Cosmétiques > Accessoires cosmétiques > Accessoires de maquillage > Accessoires pour faux cils > Dissolvant de colle à faux cils','fr-FR'),(36430,'Santé et beauté > Hygiène personnelle > Cosmétiques > Accessoires cosmétiques > Accessoires de maquillage > Accessoires pour faux cils > Colle à faux cils','fr-FR'),(36429,'Santé et beauté > Hygiène personnelle > Cosmétiques > Accessoires cosmétiques > Accessoires de maquillage > Accessoires pour faux cils > Applicateurs de faux cils','fr-FR'),(36428,'Santé et beauté > Hygiène personnelle > Cosmétiques > Accessoires cosmétiques > Accessoires de maquillage > Accessoires pour faux cils','fr-FR'),(36427,'Santé et beauté > Hygiène personnelle > Cosmétiques > Accessoires cosmétiques > Accessoires de maquillage','fr-FR'),(36425,'Santé et beauté > Hygiène personnelle > Cosmétiques','fr-FR'),(36426,'Santé et beauté > Hygiène personnelle > Cosmétiques > Accessoires cosmétiques','fr-FR'),(36422,'Santé et beauté > Hygiène personnelle > Aides au sommeil > Solutions pour ronflements et apnée du sommeil','fr-FR'),(36424,'Santé et beauté > Hygiène personnelle > Boules de coton','fr-FR'),(36423,'Santé et beauté > Hygiène personnelle > Bancs solaires','fr-FR'),(36421,'Santé et beauté > Hygiène personnelle > Aides au sommeil > Oreillers de voyage','fr-FR'),(36420,'Santé et beauté > Hygiène personnelle > Aides au sommeil > Masques de sommeil','fr-FR'),(36419,'Santé et beauté > Hygiène personnelle > Aides au sommeil > Générateurs de bruit blanc','fr-FR'),(36416,'Santé et beauté > Entretien et nettoyage des bijoux > Présentoirs à bijoux','fr-FR'),(36418,'Santé et beauté > Hygiène personnelle > Aides au sommeil','fr-FR'),(36417,'Santé et beauté > Hygiène personnelle','fr-FR'),(36414,'Santé et beauté > Entretien et nettoyage des bijoux > Nettoyeurs à vapeur pour bijoux','fr-FR'),(36415,'Santé et beauté > Entretien et nettoyage des bijoux > Outils de nettoyage pour bijoux','fr-FR'),(36411,'Santé et beauté > Entretien et nettoyage des bijoux','fr-FR'),(36412,'Santé et beauté > Entretien et nettoyage des bijoux > Cirages et solutions de nettoyage pour bijoux','fr-FR'),(36413,'Santé et beauté > Entretien et nettoyage des bijoux > Kits de réparation pour montres','fr-FR'),(36409,'Quincaillerie > Serrures et clés > Verrous et loquets','fr-FR'),(36410,'Santé et beauté','fr-FR'),(36407,'Quincaillerie > Serrures et clés > Coques de clé','fr-FR'),(36408,'Quincaillerie > Serrures et clés > Systèmes d\'accès par carte','fr-FR'),(36405,'Quincaillerie > Serrures et clés','fr-FR'),(36406,'Quincaillerie > Serrures et clés > Clés brutes','fr-FR'),(36402,'Quincaillerie > Pompes > Pompes pour bassins, fontaines et étangs','fr-FR'),(36403,'Quincaillerie > Pompes > Pompes pour équipements ménagers','fr-FR'),(36404,'Quincaillerie > Réservoirs de stockage','fr-FR'),(36401,'Quincaillerie > Pompes > Pompes et systèmes de puisage','fr-FR'),(36399,'Quincaillerie > Pompes > Pompes d\'irrigation, de gavage et pour arroseurs','fr-FR'),(36400,'Quincaillerie > Pompes > Pompes d\'épuisement, d\'effluent et pour relèvement d\'eaux usées','fr-FR'),(36396,'Quincaillerie > Plomberie > Équipements sanitaires > Éviers et lavabos > Éviers & Plonges','fr-FR'),(36397,'Quincaillerie > Pompes','fr-FR'),(36398,'Quincaillerie > Pompes > Pompes d\'appoint','fr-FR'),(36394,'Quincaillerie > Plomberie > Équipements sanitaires > Éviers et lavabos','fr-FR'),(36395,'Quincaillerie > Plomberie > Équipements sanitaires > Éviers et lavabos > Lavabos','fr-FR'),(36390,'Quincaillerie > Plomberie > Équipements sanitaires > Toilettes et bidets','fr-FR'),(36391,'Quincaillerie > Plomberie > Équipements sanitaires > Toilettes et bidets > Bidets','fr-FR'),(36392,'Quincaillerie > Plomberie > Équipements sanitaires > Toilettes et bidets > Toilettes','fr-FR'),(36393,'Quincaillerie > Plomberie > Équipements sanitaires > Toilettes et bidets > Urinoirs','fr-FR'),(36389,'Quincaillerie > Plomberie > Équipements sanitaires > Robinets','fr-FR'),(36385,'Quincaillerie > Plomberie > Équipements sanitaires','fr-FR'),(36386,'Quincaillerie > Plomberie > Équipements sanitaires > Baignoires','fr-FR'),(36387,'Quincaillerie > Plomberie > Équipements sanitaires > Cabines et kits de douche','fr-FR'),(36388,'Quincaillerie > Plomberie > Équipements sanitaires > Ensembles d\'équipements pour salles de bains','fr-FR'),(36384,'Quincaillerie > Plomberie > Tuyaux de plomberie et arrivées d\'eau','fr-FR'),(36381,'Quincaillerie > Plomberie > Régulateurs de niveau d\'eau','fr-FR'),(36382,'Quincaillerie > Plomberie > Trousses de plomberie','fr-FR'),(36383,'Quincaillerie > Plomberie > Tuyaux de plomberie','fr-FR'),(36378,'Quincaillerie > Plomberie > Pièces et matériel de plomberie > Éléments de canalisations > Siphons','fr-FR'),(36379,'Quincaillerie > Plomberie > Pièces et matériel de plomberie > Éléments de canalisations > Tuyaux de vidange','fr-FR'),(36380,'Quincaillerie > Plomberie > Programmateurs d\'arrosage','fr-FR'),(36377,'Quincaillerie > Plomberie > Pièces et matériel de plomberie > Éléments de canalisations > Grilles de bonde','fr-FR'),(36375,'Quincaillerie > Plomberie > Pièces et matériel de plomberie > Éléments de canalisations > Déboucheurs de bonde','fr-FR'),(36376,'Quincaillerie > Plomberie > Pièces et matériel de plomberie > Éléments de canalisations > Furets pour bondes','fr-FR'),(36374,'Quincaillerie > Plomberie > Pièces et matériel de plomberie > Éléments de canalisations > Bouchons de plomberie et filtres','fr-FR'),(36373,'Quincaillerie > Plomberie > Pièces et matériel de plomberie > Éléments de canalisations > Bondes de vidange','fr-FR'),(36372,'Quincaillerie > Plomberie > Pièces et matériel de plomberie > Éléments de canalisations','fr-FR'),(36371,'Quincaillerie > Plomberie > Pièces et matériel de plomberie > Plaques d\'usinage','fr-FR'),(36370,'Quincaillerie > Plomberie > Pièces et matériel de plomberie > Pièces de douches > Portes et parois de douche','fr-FR'),(36368,'Quincaillerie > Plomberie > Pièces et matériel de plomberie > Pièces de douches > Panneaux de douche','fr-FR'),(36369,'Quincaillerie > Plomberie > Pièces et matériel de plomberie > Pièces de douches > Pommes de douche','fr-FR'),(36365,'Quincaillerie > Plomberie > Pièces et matériel de plomberie > Pièces de douches > Colonnes de douche','fr-FR'),(36367,'Quincaillerie > Plomberie > Pièces et matériel de plomberie > Pièces de douches > Jets pour baignoires et douches','fr-FR'),(36366,'Quincaillerie > Plomberie > Pièces et matériel de plomberie > Pièces de douches > Filtres de douche','fr-FR'),(36364,'Quincaillerie > Plomberie > Pièces et matériel de plomberie > Pièces de douches > Chauffe-eau électriques instantanés et jets haute pression','fr-FR'),(36363,'Quincaillerie > Plomberie > Pièces et matériel de plomberie > Pièces de douches > Bras et embouts de douche','fr-FR'),(36362,'Quincaillerie > Plomberie > Pièces et matériel de plomberie > Pièces de douches > Bacs de douche','fr-FR'),(36361,'Quincaillerie > Plomberie > Pièces et matériel de plomberie > Pièces de douches','fr-FR'),(36359,'Quincaillerie > Plomberie > Pièces et matériel de plomberie > Accessoires pour éviers > Pieds de lavabo','fr-FR'),(36360,'Quincaillerie > Plomberie > Pièces et matériel de plomberie > Canalisations','fr-FR'),(36358,'Quincaillerie > Plomberie > Pièces et matériel de plomberie > Accessoires pour éviers','fr-FR'),(36356,'Quincaillerie > Plomberie > Pièces et matériel de plomberie > Accessoires pour robinets > Aérateurs pour robinets','fr-FR'),(36357,'Quincaillerie > Plomberie > Pièces et matériel de plomberie > Accessoires pour robinets > Poignées de robinets','fr-FR'),(36355,'Quincaillerie > Plomberie > Pièces et matériel de plomberie > Accessoires pour robinets','fr-FR'),(36354,'Quincaillerie > Plomberie > Pièces et matériel de plomberie > Accessoires pour bidets et toilettes > Éléments internes aux toilettes','fr-FR'),(36353,'Quincaillerie > Plomberie > Pièces et matériel de plomberie > Accessoires pour bidets et toilettes > Sièges de toilettes et de bidets','fr-FR'),(36352,'Quincaillerie > Plomberie > Pièces et matériel de plomberie > Accessoires pour bidets et toilettes > Réservoirs de toilette','fr-FR'),(36350,'Quincaillerie > Plomberie > Pièces et matériel de plomberie > Accessoires pour bidets et toilettes > Robinets et douchettes pour bidets','fr-FR'),(36351,'Quincaillerie > Plomberie > Pièces et matériel de plomberie > Accessoires pour bidets et toilettes > Robinets à flotteur et clapets à battant','fr-FR'),(36349,'Quincaillerie > Plomberie > Pièces et matériel de plomberie > Accessoires pour bidets et toilettes > Poignées de WC','fr-FR'),(36348,'Quincaillerie > Plomberie > Pièces et matériel de plomberie > Accessoires pour bidets et toilettes > Couvre-sièges de toilettes','fr-FR'),(36347,'Quincaillerie > Plomberie > Pièces et matériel de plomberie > Accessoires pour bidets et toilettes > Couvercles de toilettes','fr-FR'),(36345,'Quincaillerie > Plomberie > Pièces et matériel de plomberie > Accessoires pour bidets et toilettes','fr-FR'),(36346,'Quincaillerie > Plomberie > Pièces et matériel de plomberie > Accessoires pour bidets et toilettes > Couvercles de réservoirs de toilettes','fr-FR'),(36344,'Quincaillerie > Plomberie > Pièces et matériel de plomberie > Accessoires pour baignoires > Supports et pieds pour baignoires','fr-FR'),(36342,'Quincaillerie > Plomberie > Pièces et matériel de plomberie > Accessoires pour baignoires > Becs de baignoire','fr-FR'),(36343,'Quincaillerie > Plomberie > Pièces et matériel de plomberie > Accessoires pour baignoires > Contours de baignoires','fr-FR'),(36341,'Quincaillerie > Plomberie > Pièces et matériel de plomberie > Accessoires pour baignoires','fr-FR'),(36338,'Quincaillerie > Plomberie > Fixations et supports de plomberie > Régulateurs de plomberie','fr-FR'),(36340,'Quincaillerie > Plomberie > Pièces et matériel de plomberie','fr-FR'),(36339,'Quincaillerie > Plomberie > Fixations et supports de plomberie > Soupapes de plomberie','fr-FR'),(36337,'Quincaillerie > Plomberie > Fixations et supports de plomberie > Raccords de tuyauterie','fr-FR'),(36335,'Quincaillerie > Plomberie > Fixations et supports de plomberie > Colliers de serrage de plomberie','fr-FR'),(36336,'Quincaillerie > Plomberie > Fixations et supports de plomberie > Joints d\'étanchéité et joints toriques','fr-FR'),(36333,'Quincaillerie > Plomberie > Fixations et supports de plomberie > Buses','fr-FR'),(36334,'Quincaillerie > Plomberie > Fixations et supports de plomberie > Bâti-supports','fr-FR'),(36332,'Quincaillerie > Plomberie > Fixations et supports de plomberie > Brides de fixation de plomberie','fr-FR'),(36331,'Quincaillerie > Plomberie > Fixations et supports de plomberie > Bouchons mâles et femelles','fr-FR'),(36329,'Quincaillerie > Plomberie > Fixations et supports de plomberie','fr-FR'),(36330,'Quincaillerie > Plomberie > Fixations et supports de plomberie > Adaptateurs et raccords de tuyauterie','fr-FR'),(36327,'Quincaillerie > Plomberie > Distribution et filtration de l\'eau > Filtres à eau en ligne','fr-FR'),(36328,'Quincaillerie > Plomberie > Distribution et filtration de l\'eau > Sel pour adoucisseur d\'eau','fr-FR'),(36325,'Quincaillerie > Plomberie > Distribution et filtration de l\'eau > Distributeurs d\'eau fraîche > Fontaines à eau potable','fr-FR'),(36326,'Quincaillerie > Plomberie > Distribution et filtration de l\'eau > Distributeurs d\'eau fraîche > Refroidisseurs industriels','fr-FR'),(36322,'Quincaillerie > Plomberie > Distribution et filtration de l\'eau > Adoucisseurs d\'eau','fr-FR'),(36323,'Quincaillerie > Plomberie > Distribution et filtration de l\'eau > Distillateurs d\'eau','fr-FR'),(36324,'Quincaillerie > Plomberie > Distribution et filtration de l\'eau > Distributeurs d\'eau fraîche','fr-FR'),(36319,'Quincaillerie > Plomberie > Distribution et filtration de l\'eau > Accessoires de filtration de l\'eau','fr-FR'),(36321,'Quincaillerie > Plomberie > Distribution et filtration de l\'eau > Accessoires de filtration de l\'eau > Cartouches pour filtres à eau','fr-FR'),(36320,'Quincaillerie > Plomberie > Distribution et filtration de l\'eau > Accessoires de filtration de l\'eau > Boîtiers pour filtres à eau','fr-FR'),(36318,'Quincaillerie > Plomberie > Distribution et filtration de l\'eau','fr-FR'),(36317,'Quincaillerie > Plomberie > Accessoires pour puits','fr-FR'),(36316,'Quincaillerie > Plomberie','fr-FR'),(36315,'Quincaillerie > Petits moteurs','fr-FR'),(36313,'Quincaillerie > Outils > Échelles et échafaudages > Échafaudages','fr-FR'),(36314,'Quincaillerie > Outils > Échelles et échafaudages > Échelles','fr-FR'),(36308,'Quincaillerie > Outils > Vibrateurs industriels','fr-FR'),(36309,'Quincaillerie > Outils > Échelles et échafaudages','fr-FR'),(36310,'Quincaillerie > Outils > Échelles et échafaudages > Escabeaux roulants','fr-FR'),(36311,'Quincaillerie > Outils > Échelles et échafaudages > Plateformes de travail','fr-FR'),(36312,'Quincaillerie > Outils > Échelles et échafaudages > Tabourets-escabeaux','fr-FR'),(36306,'Quincaillerie > Outils > Tours fraiseuses','fr-FR'),(36307,'Quincaillerie > Outils > Ventouses','fr-FR'),(36304,'Quincaillerie > Outils > Tournevis et visseuses','fr-FR'),(36305,'Quincaillerie > Outils > Tournevis à douilles','fr-FR'),(36301,'Quincaillerie > Outils > Systèmes de purge pour filtres à huile','fr-FR'),(36302,'Quincaillerie > Outils > Tarauds','fr-FR'),(36303,'Quincaillerie > Outils > Tire-fils','fr-FR'),(36296,'Quincaillerie > Outils > Scies > Scies à ruban','fr-FR'),(36297,'Quincaillerie > Outils > Scies > Scies à table','fr-FR'),(36299,'Quincaillerie > Outils > Serre-joints et étaux','fr-FR'),(36300,'Quincaillerie > Outils > Spatules et grattoirs','fr-FR'),(36298,'Quincaillerie > Outils > Scies > Ébouteuses','fr-FR'),(36291,'Quincaillerie > Outils > Scies > Scies sauteuses','fr-FR'),(36292,'Quincaillerie > Outils > Scies > Scies à chantourner','fr-FR'),(36293,'Quincaillerie > Outils > Scies > Scies à main','fr-FR'),(36294,'Quincaillerie > Outils > Scies > Scies à onglet','fr-FR'),(36295,'Quincaillerie > Outils > Scies > Scies à panneaux','fr-FR'),(36289,'Quincaillerie > Outils > Scies > Scies circulaires manuelles','fr-FR'),(36290,'Quincaillerie > Outils > Scies > Scies de maçon et scies à carrelage','fr-FR'),(36287,'Quincaillerie > Outils > Scies','fr-FR'),(36288,'Quincaillerie > Outils > Scies > Scies alternatives','fr-FR'),(36284,'Quincaillerie > Outils > Rabots','fr-FR'),(36285,'Quincaillerie > Outils > Rectifieuses de robinet','fr-FR'),(36286,'Quincaillerie > Outils > Sableuses','fr-FR'),(36280,'Quincaillerie > Outils > Pompes à graisse','fr-FR'),(36281,'Quincaillerie > Outils > Ponceuses','fr-FR'),(36282,'Quincaillerie > Outils > Projecteurs de chantier','fr-FR'),(36283,'Quincaillerie > Outils > Raboteuses','fr-FR'),(36275,'Quincaillerie > Outils > Pistolets à souder et découpeurs plasma','fr-FR'),(36276,'Quincaillerie > Outils > Plieuses de tuyaux et barres','fr-FR'),(36277,'Quincaillerie > Outils > Poignées','fr-FR'),(36278,'Quincaillerie > Outils > Poinçons et alènes','fr-FR'),(36279,'Quincaillerie > Outils > Polisseuses et lustreuses','fr-FR'),(36271,'Quincaillerie > Outils > Perceuses > Perceuses électriques portatives','fr-FR'),(36272,'Quincaillerie > Outils > Perceuses > Tarières','fr-FR'),(36273,'Quincaillerie > Outils > Pinces','fr-FR'),(36274,'Quincaillerie > Outils > Pistolets thermiques','fr-FR'),(36267,'Quincaillerie > Outils > Perceuses','fr-FR'),(36268,'Quincaillerie > Outils > Perceuses > Mortaiseuses','fr-FR'),(36269,'Quincaillerie > Outils > Perceuses > Perceuses pneumatiques','fr-FR'),(36270,'Quincaillerie > Outils > Perceuses > Perceuses à colonne','fr-FR'),(36264,'Quincaillerie > Outils > Outils de traçage','fr-FR'),(36265,'Quincaillerie > Outils > Outils pour câbles et fils','fr-FR'),(36266,'Quincaillerie > Outils > Outils électriques multi-usages','fr-FR'),(36260,'Quincaillerie > Outils > Outils de ramassage','fr-FR'),(36261,'Quincaillerie > Outils > Outils de rivetage','fr-FR'),(36262,'Quincaillerie > Outils > Outils de rivetage > Pinces à riveter','fr-FR'),(36263,'Quincaillerie > Outils > Outils de rivetage > Pistolets à riveter','fr-FR'),(36256,'Quincaillerie > Outils > Outils de peinture > Rouleaux à peinture','fr-FR'),(36257,'Quincaillerie > Outils > Outils de peinture > Rouleaux à peinture spécial contours','fr-FR'),(36258,'Quincaillerie > Outils > Outils de peinture > Tamis de peinture','fr-FR'),(36259,'Quincaillerie > Outils > Outils de peinture > Éponges à peinture','fr-FR'),(36254,'Quincaillerie > Outils > Outils de peinture > Pinceaux','fr-FR'),(36255,'Quincaillerie > Outils > Outils de peinture > Pistolets à peinture','fr-FR'),(36250,'Quincaillerie > Outils > Outils de peinture','fr-FR'),(36251,'Quincaillerie > Outils > Outils de peinture > Aérographes','fr-FR'),(36252,'Quincaillerie > Outils > Outils de peinture > Bacs à peinture','fr-FR'),(36253,'Quincaillerie > Outils > Outils de peinture > Mélangeurs de peinture','fr-FR'),(36249,'Quincaillerie > Outils > Outils de mesure et détecteurs > Équerres de traçage et de charpentier','fr-FR'),(36248,'Quincaillerie > Outils > Outils de mesure et détecteurs > pH-mètres','fr-FR'),(36247,'Quincaillerie > Outils > Outils de mesure et détecteurs > Vibromètres','fr-FR'),(36246,'Quincaillerie > Outils > Outils de mesure et détecteurs > Transducteurs','fr-FR'),(36243,'Quincaillerie > Outils > Outils de mesure et détecteurs > Thermocouples et thermopiles','fr-FR'),(36244,'Quincaillerie > Outils > Outils de mesure et détecteurs > Thermomètres infrarouges','fr-FR'),(36245,'Quincaillerie > Outils > Outils de mesure et détecteurs > Théodolites','fr-FR'),(36240,'Quincaillerie > Outils > Outils de mesure et détecteurs > Sismographes','fr-FR'),(36241,'Quincaillerie > Outils > Outils de mesure et détecteurs > Sondes et détecteurs','fr-FR'),(36242,'Quincaillerie > Outils > Outils de mesure et détecteurs > Sonomètres','fr-FR'),(36239,'Quincaillerie > Outils > Outils de mesure et détecteurs > Règles droites','fr-FR'),(36238,'Quincaillerie > Outils > Outils de mesure et détecteurs > Règles','fr-FR'),(36237,'Quincaillerie > Outils > Outils de mesure et détecteurs > Roues de mesure','fr-FR'),(36236,'Quincaillerie > Outils > Outils de mesure et détecteurs > Rapporteurs','fr-FR'),(36233,'Quincaillerie > Outils > Outils de mesure et détecteurs > Niveaux > Niveaux à bulle','fr-FR'),(36234,'Quincaillerie > Outils > Outils de mesure et détecteurs > Outils de test électrique','fr-FR'),(36235,'Quincaillerie > Outils > Outils de mesure et détecteurs > Pieds à coulisse','fr-FR'),(36230,'Quincaillerie > Outils > Outils de mesure et détecteurs > Niveaux','fr-FR'),(36231,'Quincaillerie > Outils > Outils de mesure et détecteurs > Niveaux > Lunettes de niveau','fr-FR'),(36232,'Quincaillerie > Outils > Outils de mesure et détecteurs > Niveaux > Niveaux laser','fr-FR'),(36227,'Quincaillerie > Outils > Outils de mesure et détecteurs > Hygromètres','fr-FR'),(36228,'Quincaillerie > Outils > Outils de mesure et détecteurs > Manomètres','fr-FR'),(36229,'Quincaillerie > Outils > Outils de mesure et détecteurs > Mètres à ruban','fr-FR'),(36225,'Quincaillerie > Outils > Outils de mesure et détecteurs > Guides pour couteaux','fr-FR'),(36226,'Quincaillerie > Outils > Outils de mesure et détecteurs > Humidimètres','fr-FR'),(36223,'Quincaillerie > Outils > Outils de mesure et détecteurs > Détecteurs de gaz','fr-FR'),(36224,'Quincaillerie > Outils > Outils de mesure et détecteurs > Détecteurs de montants','fr-FR'),(36221,'Quincaillerie > Outils > Outils de mesure et détecteurs > Débitmètres','fr-FR'),(36222,'Quincaillerie > Outils > Outils de mesure et détecteurs > Détecteurs d\'armatures','fr-FR'),(36220,'Quincaillerie > Outils > Outils de mesure et détecteurs > Distancemètres','fr-FR'),(36218,'Quincaillerie > Outils > Outils de mesure et détecteurs > Compteurs Geiger','fr-FR'),(36215,'Quincaillerie > Outils > Outils de mesure et détecteurs > Caméras thermiques','fr-FR'),(36219,'Quincaillerie > Outils > Outils de mesure et détecteurs > Dispositifs de prévisions météorologiques et stations météo','fr-FR'),(36217,'Quincaillerie > Outils > Outils de mesure et détecteurs > Compas droits','fr-FR'),(36216,'Quincaillerie > Outils > Outils de mesure et détecteurs > Compas','fr-FR'),(36213,'Quincaillerie > Outils > Outils de mesure et détecteurs > Balances','fr-FR'),(36214,'Quincaillerie > Outils > Outils de mesure et détecteurs > Baromètres','fr-FR'),(36212,'Quincaillerie > Outils > Outils de mesure et détecteurs > Appareils de mesure de la qualité de l\'air','fr-FR'),(36211,'Quincaillerie > Outils > Outils de mesure et détecteurs > Appareils de mesure UV','fr-FR'),(36208,'Quincaillerie > Outils > Outils de mesure et détecteurs','fr-FR'),(36209,'Quincaillerie > Outils > Outils de mesure et détecteurs > Altimètres','fr-FR'),(36210,'Quincaillerie > Outils > Outils de mesure et détecteurs > Anémomètres','fr-FR'),(36207,'Quincaillerie > Outils > Outils de maçonnerie > Éponges à coulis','fr-FR'),(36206,'Quincaillerie > Outils > Outils de maçonnerie > Truelles','fr-FR'),(36205,'Quincaillerie > Outils > Outils de maçonnerie > Talocheuses-lisseuses','fr-FR'),(36204,'Quincaillerie > Outils > Outils de maçonnerie > Taloches','fr-FR'),(36201,'Quincaillerie > Outils > Outils de maçonnerie > Fers à joints','fr-FR'),(36202,'Quincaillerie > Outils > Outils de maçonnerie > Lignes de construction','fr-FR'),(36203,'Quincaillerie > Outils > Outils de maçonnerie > Outils de maçon','fr-FR'),(36197,'Quincaillerie > Outils > Outils de coupe > Tenailles','fr-FR'),(36198,'Quincaillerie > Outils > Outils de maçonnerie','fr-FR'),(36199,'Quincaillerie > Outils > Outils de maçonnerie > Bétonnières','fr-FR'),(36200,'Quincaillerie > Outils > Outils de maçonnerie > Dresseuses de maçonnerie','fr-FR'),(36196,'Quincaillerie > Outils > Outils de coupe > Cutters','fr-FR'),(36195,'Quincaillerie > Outils > Outils de coupe > Coupe-verre','fr-FR'),(36190,'Quincaillerie > Outils > Outils de coupe > Cisailles et grignoteuses à main','fr-FR'),(36191,'Quincaillerie > Outils > Outils de coupe > Coupe-barre','fr-FR'),(36192,'Quincaillerie > Outils > Outils de coupe > Coupe-boulons','fr-FR'),(36193,'Quincaillerie > Outils > Outils de coupe > Coupe-carreaux et bardeaux','fr-FR'),(36194,'Quincaillerie > Outils > Outils de coupe > Coupe-tubes','fr-FR'),(36187,'Quincaillerie > Outils > Outils d\'ébavurage','fr-FR'),(36188,'Quincaillerie > Outils > Outils de calfat','fr-FR'),(36189,'Quincaillerie > Outils > Outils de coupe','fr-FR'),(36186,'Quincaillerie > Outils > Mélangeurs portatifs','fr-FR'),(36185,'Quincaillerie > Outils > Miroirs d\'inspection','fr-FR'),(36184,'Quincaillerie > Outils > Meuleuses','fr-FR'),(36177,'Quincaillerie > Outils > Lampes de poche et lampes frontales','fr-FR'),(36178,'Quincaillerie > Outils > Lime à outils','fr-FR'),(36179,'Quincaillerie > Outils > Machines à fileter','fr-FR'),(36180,'Quincaillerie > Outils > Marteaux','fr-FR'),(36181,'Quincaillerie > Outils > Marteaux > Marteaux à main','fr-FR'),(36182,'Quincaillerie > Outils > Marteaux > Marteaux électriques','fr-FR'),(36183,'Quincaillerie > Outils > Matériel de débouchage des canalisations','fr-FR'),(36176,'Quincaillerie > Outils > Jeux d\'outils > Jeux d\'outils à main','fr-FR'),(36175,'Quincaillerie > Outils > Jeux d\'outils > Jeux d\'outils mixtes','fr-FR'),(36174,'Quincaillerie > Outils > Jeux d\'outils','fr-FR'),(36172,'Quincaillerie > Outils > Haches','fr-FR'),(36173,'Quincaillerie > Outils > Haches et pioches','fr-FR'),(36170,'Quincaillerie > Outils > Fers à souder','fr-FR'),(36171,'Quincaillerie > Outils > Fraiseuses','fr-FR'),(36165,'Quincaillerie > Outils > Diables et chariots de manutention','fr-FR'),(36166,'Quincaillerie > Outils > Défonceuses','fr-FR'),(36167,'Quincaillerie > Outils > Dégauchisseuses','fr-FR'),(36168,'Quincaillerie > Outils > Enclumes','fr-FR'),(36169,'Quincaillerie > Outils > Fendeuses de bûches','fr-FR'),(36162,'Quincaillerie > Outils > Compacteurs','fr-FR'),(36163,'Quincaillerie > Outils > Compresseurs','fr-FR'),(36164,'Quincaillerie > Outils > Couteaux-outils','fr-FR'),(36158,'Quincaillerie > Outils > Cloueuses et agrafeuses','fr-FR'),(36159,'Quincaillerie > Outils > Clés','fr-FR'),(36160,'Quincaillerie > Outils > Clés de serrage','fr-FR'),(36161,'Quincaillerie > Outils > Clés et tournevis à chocs','fr-FR'),(36156,'Quincaillerie > Outils > Changeurs d\'ampoules','fr-FR'),(36157,'Quincaillerie > Outils > Chevalet de sciage','fr-FR'),(36154,'Quincaillerie > Outils > Bêches tarières','fr-FR'),(36155,'Quincaillerie > Outils > Chalumeaux','fr-FR'),(36152,'Quincaillerie > Outils > Burins de tournage','fr-FR'),(36153,'Quincaillerie > Outils > Burins et gouges pour sculpture','fr-FR'),(36148,'Quincaillerie > Outils > Blocs de ponçage','fr-FR'),(36149,'Quincaillerie > Outils > Briquets et allumettes','fr-FR'),(36150,'Quincaillerie > Outils > Brosses de cheminée','fr-FR'),(36151,'Quincaillerie > Outils > Brosses à tubes','fr-FR'),(36146,'Quincaillerie > Outils > Balais à béton','fr-FR'),(36147,'Quincaillerie > Outils > Barres de levier','fr-FR'),(36141,'Quincaillerie > Outils','fr-FR'),(36142,'Quincaillerie > Outils > Aiguiseurs','fr-FR'),(36143,'Quincaillerie > Outils > Alésoirs','fr-FR'),(36144,'Quincaillerie > Outils > Arrache-clous','fr-FR'),(36145,'Quincaillerie > Outils > Balais magnétiques','fr-FR'),(36140,'Quincaillerie > Matériaux de construction > Équipements pour fenêtres > Manivelles pour fenêtres','fr-FR'),(36137,'Quincaillerie > Matériaux de construction > Volets','fr-FR'),(36139,'Quincaillerie > Matériaux de construction > Équipements pour fenêtres > Encadrements de fenêtre','fr-FR'),(36138,'Quincaillerie > Matériaux de construction > Équipements pour fenêtres','fr-FR'),(36136,'Quincaillerie > Matériaux de construction > Verre','fr-FR'),(36134,'Quincaillerie > Matériaux de construction > Toitures > Solins de toiture','fr-FR'),(36135,'Quincaillerie > Matériaux de construction > Trappes','fr-FR'),(36131,'Quincaillerie > Matériaux de construction > Toitures > Accessoires pour gouttières','fr-FR'),(36132,'Quincaillerie > Matériaux de construction > Toitures > Bardeaux et tuiles','fr-FR'),(36133,'Quincaillerie > Matériaux de construction > Toitures > Gouttières','fr-FR'),(36129,'Quincaillerie > Matériaux de construction > Tapis et revêtements de sol','fr-FR'),(36130,'Quincaillerie > Matériaux de construction > Toitures','fr-FR'),(36126,'Quincaillerie > Matériaux de construction > Quincaillerie pour portes > Plaques de porte','fr-FR'),(36127,'Quincaillerie > Matériaux de construction > Quincaillerie pour portes > Sonnettes et carillons','fr-FR'),(36128,'Quincaillerie > Matériaux de construction > Revêtements d\'extérieur','fr-FR'),(36124,'Quincaillerie > Matériaux de construction > Quincaillerie pour portes > Gâches électriques','fr-FR'),(36125,'Quincaillerie > Matériaux de construction > Quincaillerie pour portes > Heurtoirs de porte','fr-FR'),(36123,'Quincaillerie > Matériaux de construction > Quincaillerie pour portes > Ferme-porte','fr-FR'),(36122,'Quincaillerie > Matériaux de construction > Quincaillerie pour portes > Entrées de serrure','fr-FR'),(36121,'Quincaillerie > Matériaux de construction > Quincaillerie pour portes > Encadrements de porte','fr-FR'),(36120,'Quincaillerie > Matériaux de construction > Quincaillerie pour portes > Butoirs de porte','fr-FR'),(36115,'Quincaillerie > Matériaux de construction > Portes','fr-FR'),(36116,'Quincaillerie > Matériaux de construction > Portes > Portes d\'entrée','fr-FR'),(36117,'Quincaillerie > Matériaux de construction > Portes > Portes de garage','fr-FR'),(36119,'Quincaillerie > Matériaux de construction > Quincaillerie pour portes > Boutons et poignées de porte','fr-FR'),(36118,'Quincaillerie > Matériaux de construction > Quincaillerie pour portes','fr-FR'),(36112,'Quincaillerie > Matériaux de construction > Panneaux et mousse d\'isolation acoustique','fr-FR'),(36113,'Quincaillerie > Matériaux de construction > Planches et bois d\'œuvre','fr-FR'),(36114,'Quincaillerie > Matériaux de construction > Plaques de plâtre','fr-FR'),(36111,'Quincaillerie > Matériaux de construction > Moulages','fr-FR'),(36110,'Quincaillerie > Matériaux de construction > Mains courantes et rampes d\'escalier','fr-FR'),(36109,'Quincaillerie > Matériaux de construction > Lambris','fr-FR'),(36108,'Quincaillerie > Matériaux de construction > Isolation','fr-FR'),(36107,'Quincaillerie > Matériaux de construction > Fournitures pour isolation et protection contre les intempéries','fr-FR'),(36105,'Quincaillerie > Matériaux de construction > Escaliers','fr-FR'),(36106,'Quincaillerie > Matériaux de construction > Fenêtres','fr-FR'),(36102,'Quincaillerie > Matériaux de construction > Barres d\'armature et grillages de renforcement','fr-FR'),(36103,'Quincaillerie > Matériaux de construction > Carreaux pour plafond et mur','fr-FR'),(36104,'Quincaillerie > Matériaux de construction > Comptoirs et plans de travail','fr-FR'),(36101,'Quincaillerie > Matériaux de construction','fr-FR'),(36100,'Quincaillerie > Conteneurs et citernes pour combustible','fr-FR'),(36098,'Quincaillerie > Consommables de construction > Produits chimiques > Sprays réfrigérants pour équipement électrique','fr-FR'),(36099,'Quincaillerie > Consommables de construction > Solvants, décapants et diluants','fr-FR'),(36097,'Quincaillerie > Consommables de construction > Produits chimiques > Produits pour le nettoyage de fosses septiques','fr-FR'),(36096,'Quincaillerie > Consommables de construction > Produits chimiques > Produits pour le nettoyage de cheminées','fr-FR'),(36094,'Quincaillerie > Consommables de construction > Produits chimiques > Produits nettoyants pour béton et maçonnerie','fr-FR'),(36095,'Quincaillerie > Consommables de construction > Produits chimiques > Produits nettoyants pour terrasses et clôtures','fr-FR'),(36093,'Quincaillerie > Consommables de construction > Produits chimiques > Produits de débouchage','fr-FR'),(36090,'Quincaillerie > Consommables de construction > Produits chimiques > Ammoniac','fr-FR'),(36091,'Quincaillerie > Consommables de construction > Produits chimiques > Dégivreurs','fr-FR'),(36092,'Quincaillerie > Consommables de construction > Produits chimiques > Neutraliseurs d\'acides','fr-FR'),(36088,'Quincaillerie > Consommables de construction > Produits chimiques','fr-FR'),(36089,'Quincaillerie > Consommables de construction > Produits chimiques > Allume-barbecue liquides','fr-FR'),(36086,'Quincaillerie > Consommables de construction > Fils de soudure et flux d\'alliage','fr-FR'),(36087,'Quincaillerie > Consommables de construction > Lubrifiants','fr-FR'),(36085,'Quincaillerie > Consommables de construction > Enduits de rebouchage et plâtre','fr-FR'),(36084,'Quincaillerie > Consommables de construction > Enduits de protection et matériaux d\'étanchéité','fr-FR'),(36082,'Quincaillerie > Consommables de construction > Consommables de peinture > Teintures','fr-FR'),(36083,'Quincaillerie > Consommables de construction > Consommables de peinture > Vernis et produits de finition','fr-FR'),(36080,'Quincaillerie > Consommables de construction > Consommables de peinture > Peinture','fr-FR'),(36081,'Quincaillerie > Consommables de construction > Consommables de peinture > Peintures d\'apprêt','fr-FR'),(36077,'Quincaillerie > Consommables de construction > Consommables de maçonnerie > Mélanges de ciment, mortier et béton','fr-FR'),(36079,'Quincaillerie > Consommables de construction > Consommables de peinture > Liants pour peintures','fr-FR'),(36078,'Quincaillerie > Consommables de construction > Consommables de peinture','fr-FR'),(36076,'Quincaillerie > Consommables de construction > Consommables de maçonnerie > Enduit pour joints','fr-FR'),(36075,'Quincaillerie > Consommables de construction > Consommables de maçonnerie > Briques et parpaings','fr-FR'),(36073,'Quincaillerie > Consommables de construction > Colle et adhésifs de construction','fr-FR'),(36074,'Quincaillerie > Consommables de construction > Consommables de maçonnerie','fr-FR'),(36068,'Quincaillerie > Clôtures et barrières > Poteaux et traverses de clôture','fr-FR'),(36069,'Quincaillerie > Clôtures et barrières > Treillage','fr-FR'),(36070,'Quincaillerie > Consommables de construction','fr-FR'),(36071,'Quincaillerie > Consommables de construction > Apprêts de plomberie','fr-FR'),(36072,'Quincaillerie > Consommables de construction > Bandes et rubans','fr-FR'),(36067,'Quincaillerie > Clôtures et barrières > Portillons','fr-FR'),(36066,'Quincaillerie > Clôtures et barrières > Piquets de clôture','fr-FR'),(36063,'Quincaillerie > Clôtures et barrières > Barrières de sécurité et de contrôle des foules','fr-FR'),(36064,'Quincaillerie > Clôtures et barrières > Murets et bordures de jardin','fr-FR'),(36065,'Quincaillerie > Clôtures et barrières > Panneaux de clôture','fr-FR'),(36059,'Quincaillerie > Chauffage, ventilation et climatisation > Conduits d\'air','fr-FR'),(36060,'Quincaillerie > Chauffage, ventilation et climatisation > Filtres déshydrateurs','fr-FR'),(36061,'Quincaillerie > Clôtures et barrières','fr-FR'),(36062,'Quincaillerie > Clôtures et barrières > Accessoires pour clôtures et portillons','fr-FR'),(36058,'Quincaillerie > Chauffage, ventilation et climatisation > Commandes de chauffage, ventilation et climatisation > Thermostats','fr-FR'),(36057,'Quincaillerie > Chauffage, ventilation et climatisation > Commandes de chauffage, ventilation et climatisation > Tableaux de commandes','fr-FR'),(36054,'Quincaillerie > Chauffage, ventilation et climatisation > Bouches et conduits de ventilation','fr-FR'),(36055,'Quincaillerie > Chauffage, ventilation et climatisation > Commandes de chauffage, ventilation et climatisation','fr-FR'),(36056,'Quincaillerie > Chauffage, ventilation et climatisation > Commandes de chauffage, ventilation et climatisation > Humidostats','fr-FR'),(36053,'Quincaillerie > Chauffage, ventilation et climatisation','fr-FR'),(36052,'Quincaillerie > Accessoires électriques > Tuyaux et gaines > Tubes thermorétrécissables','fr-FR'),(36050,'Quincaillerie > Accessoires électriques > Tuyaux et gaines','fr-FR'),(36051,'Quincaillerie > Accessoires électriques > Tuyaux et gaines > Gaine électrique','fr-FR'),(36049,'Quincaillerie > Accessoires électriques > Transformateurs et régulateurs de tension','fr-FR'),(36048,'Quincaillerie > Accessoires électriques > Tableaux électriques','fr-FR'),(36047,'Quincaillerie > Accessoires électriques > Rallonges électriques','fr-FR'),(36044,'Quincaillerie > Accessoires électriques > Plaques murales','fr-FR'),(36045,'Quincaillerie > Accessoires électriques > Prises de courant','fr-FR'),(36046,'Quincaillerie > Accessoires électriques > Prises de courant mâles','fr-FR'),(36043,'Quincaillerie > Accessoires électriques > Panneaux solaires','fr-FR'),(36040,'Quincaillerie > Accessoires électriques > Kits de domotique','fr-FR'),(36042,'Quincaillerie > Accessoires électriques > Onduleurs','fr-FR'),(36041,'Quincaillerie > Accessoires électriques > Moteurs électriques','fr-FR'),(36039,'Quincaillerie > Accessoires électriques > Kits d\'énergie solaire','fr-FR'),(36038,'Quincaillerie > Accessoires électriques > Interrupteurs > Interrupteurs électriques spéciaux','fr-FR'),(36037,'Quincaillerie > Accessoires électriques > Interrupteurs > Interrupteurs lumineux','fr-FR'),(36036,'Quincaillerie > Accessoires électriques > Interrupteurs','fr-FR'),(36035,'Quincaillerie > Accessoires électriques > Générateurs','fr-FR'),(36034,'Quincaillerie > Accessoires électriques > Fils et câbles électriques','fr-FR'),(36032,'Quincaillerie > Accessoires électriques > Connecteurs téléphone et réseau','fr-FR'),(36033,'Quincaillerie > Accessoires électriques > Convertisseurs électriques','fr-FR'),(36031,'Quincaillerie > Accessoires électriques > Commandes de prises murales et capteurs électriques','fr-FR'),(36028,'Quincaillerie > Accessoires électriques > Boîtiers de fixation électriques','fr-FR'),(36030,'Quincaillerie > Accessoires électriques > Capuchons de connexion','fr-FR'),(36029,'Quincaillerie > Accessoires électriques > Cache-prises électriques','fr-FR'),(36027,'Quincaillerie > Accessoires électriques > Bornes et connecteurs de fils électriques','fr-FR'),(36024,'Quincaillerie > Accessoires électriques > Armatures, rotors et stators','fr-FR'),(36025,'Quincaillerie > Accessoires électriques > Balais de charbon','fr-FR'),(36026,'Quincaillerie > Accessoires électriques > Ballasts et démarreurs','fr-FR'),(36021,'Quincaillerie > Accessoires électriques','fr-FR'),(36022,'Quincaillerie > Accessoires électriques > Accessoires pour générateurs','fr-FR'),(36023,'Quincaillerie > Accessoires électriques > Accessoires pour rallonges','fr-FR'),(36020,'Quincaillerie > Accessoires de quincaillerie > Étais et renforts de murs','fr-FR'),(36019,'Quincaillerie > Accessoires de quincaillerie > Tuyaux pneumatiques','fr-FR'),(36018,'Quincaillerie > Accessoires de quincaillerie > Tuyaux de lubrification','fr-FR'),(36016,'Quincaillerie > Accessoires de quincaillerie > Toiles de protection','fr-FR'),(36017,'Quincaillerie > Accessoires de quincaillerie > Tuyaux de gaz','fr-FR'),(36015,'Quincaillerie > Accessoires de quincaillerie > Supports et équerres de renfort','fr-FR'),(36014,'Quincaillerie > Accessoires de quincaillerie > Ruban de signalisation','fr-FR'),(36013,'Quincaillerie > Accessoires de quincaillerie > Roulettes','fr-FR'),(36011,'Quincaillerie > Accessoires de quincaillerie > Plaques pour embases de poteaux','fr-FR'),(36012,'Quincaillerie > Accessoires de quincaillerie > Ressorts de quincaillerie','fr-FR'),(36008,'Quincaillerie > Accessoires de quincaillerie > Organisation et rangement d\'outils > Établis','fr-FR'),(36010,'Quincaillerie > Accessoires de quincaillerie > Piquets de sol','fr-FR'),(36009,'Quincaillerie > Accessoires de quincaillerie > Organisation et rangement d\'outils > Étuis pour outils','fr-FR'),(36007,'Quincaillerie > Accessoires de quincaillerie > Organisation et rangement d\'outils > Sacs à outils','fr-FR'),(36006,'Quincaillerie > Accessoires de quincaillerie > Organisation et rangement d\'outils > Rangements et caissons pour caisses à outils','fr-FR'),(36005,'Quincaillerie > Accessoires de quincaillerie > Organisation et rangement d\'outils > Porte-tuyau d\'arrosage','fr-FR'),(36004,'Quincaillerie > Accessoires de quincaillerie > Organisation et rangement d\'outils > Ceintures de service et porte-outils','fr-FR'),(36003,'Quincaillerie > Accessoires de quincaillerie > Organisation et rangement d\'outils > Boîtes à outils','fr-FR'),(35999,'Quincaillerie > Accessoires de quincaillerie > Moules de fonderie','fr-FR'),(36000,'Quincaillerie > Accessoires de quincaillerie > Moules à béton','fr-FR'),(36001,'Quincaillerie > Accessoires de quincaillerie > Organisation et rangement d\'outils','fr-FR'),(36002,'Quincaillerie > Accessoires de quincaillerie > Organisation et rangement d\'outils > Armoires à outils','fr-FR'),(35998,'Quincaillerie > Accessoires de quincaillerie > Matériel pour meubles de cuisine > Portes pour meubles de cuisine','fr-FR'),(35997,'Quincaillerie > Accessoires de quincaillerie > Matériel pour meubles de cuisine > Poignées et boutons de portes pour meubles de cuisine','fr-FR'),(35996,'Quincaillerie > Accessoires de quincaillerie > Matériel pour meubles de cuisine > Plaques pour poignées de meubles de cuisine','fr-FR'),(35995,'Quincaillerie > Accessoires de quincaillerie > Matériel pour meubles de cuisine > Entrées de serrure pour armoires et autres meubles','fr-FR'),(35994,'Quincaillerie > Accessoires de quincaillerie > Matériel pour meubles de cuisine > Crochets de portes pour meubles de cuisine','fr-FR'),(35993,'Quincaillerie > Accessoires de quincaillerie > Matériel pour meubles de cuisine','fr-FR'),(35992,'Quincaillerie > Accessoires de quincaillerie > Goujons et chevilles','fr-FR'),(35989,'Quincaillerie > Accessoires de quincaillerie > Fixations pour matériel > Vis','fr-FR'),(35990,'Quincaillerie > Accessoires de quincaillerie > Fixations pour matériel > Vis radiculaires','fr-FR'),(35991,'Quincaillerie > Accessoires de quincaillerie > Fixations pour matériel > Écrous et boulons','fr-FR'),(35988,'Quincaillerie > Accessoires de quincaillerie > Fixations pour matériel > Tiges filetées','fr-FR'),(35987,'Quincaillerie > Accessoires de quincaillerie > Fixations pour matériel > Rondelles','fr-FR'),(35986,'Quincaillerie > Accessoires de quincaillerie > Fixations pour matériel > Rivets','fr-FR'),(35985,'Quincaillerie > Accessoires de quincaillerie > Fixations pour matériel > Clous','fr-FR'),(35984,'Quincaillerie > Accessoires de quincaillerie > Fixations pour matériel > Ancrages pour cloisons sèches','fr-FR'),(35981,'Quincaillerie > Accessoires de quincaillerie > Crochets, boucles et attaches > Maillons et mailles d\'accouplement pour chaînes','fr-FR'),(35983,'Quincaillerie > Accessoires de quincaillerie > Fixations pour matériel','fr-FR'),(35982,'Quincaillerie > Accessoires de quincaillerie > Filtres et tamis','fr-FR'),(35979,'Quincaillerie > Accessoires de quincaillerie > Crochets, boucles et attaches > Attaches industrielles','fr-FR'),(35980,'Quincaillerie > Accessoires de quincaillerie > Crochets, boucles et attaches > Crochets, pinces et manilles de levage','fr-FR'),(35976,'Quincaillerie > Accessoires de quincaillerie > Couvertures et draps insonorisés et de protection','fr-FR'),(35978,'Quincaillerie > Accessoires de quincaillerie > Crochets, boucles et attaches > Attaches flexibles','fr-FR'),(35977,'Quincaillerie > Accessoires de quincaillerie > Crochets, boucles et attaches','fr-FR'),(35975,'Quincaillerie > Accessoires de quincaillerie > Coulisses pour tiroirs','fr-FR'),(35974,'Quincaillerie > Accessoires de quincaillerie > Chaînes, câbles et cordes > Sangles élastiques','fr-FR'),(35973,'Quincaillerie > Accessoires de quincaillerie > Chaînes, câbles et cordes > Sangles','fr-FR'),(35972,'Quincaillerie > Accessoires de quincaillerie > Chaînes, câbles et cordes > Ficelles','fr-FR'),(35971,'Quincaillerie > Accessoires de quincaillerie > Chaînes, câbles et cordes > Câbles','fr-FR'),(35969,'Quincaillerie > Accessoires de quincaillerie > Chaînes, câbles et cordes > Chaînettes','fr-FR'),(35970,'Quincaillerie > Accessoires de quincaillerie > Chaînes, câbles et cordes > Cordes et câbles de construction','fr-FR'),(35966,'Quincaillerie > Accessoires de quincaillerie > Charnières','fr-FR'),(35967,'Quincaillerie > Accessoires de quincaillerie > Chaînes, câbles et cordes','fr-FR'),(35968,'Quincaillerie > Accessoires de quincaillerie > Chaînes, câbles et cordes > Chaînes','fr-FR'),(35963,'Quincaillerie > Accessoires de quincaillerie','fr-FR'),(35964,'Quincaillerie > Accessoires de quincaillerie > Bobines','fr-FR'),(35965,'Quincaillerie > Accessoires de quincaillerie > Bâches','fr-FR'),(35959,'Quincaillerie > Accessoires d\'outils > Pales de malaxeur','fr-FR'),(35960,'Quincaillerie > Accessoires d\'outils > Renforts pour manches d\'outils','fr-FR'),(35961,'Quincaillerie > Accessoires d\'outils > Supports pour outils','fr-FR'),(35962,'Quincaillerie > Accessoires d\'outils > Supports pour outils > Supports pour scies','fr-FR'),(35957,'Quincaillerie > Accessoires d\'outils > Longes de sécurité pour outils','fr-FR'),(35958,'Quincaillerie > Accessoires d\'outils > Magnétiseurs et démagnétiseurs','fr-FR'),(35955,'Quincaillerie > Accessoires d\'outils > Lames d\'outils > Lames de scie','fr-FR'),(35956,'Quincaillerie > Accessoires d\'outils > Lames d\'outils > Lames pour cutters et grattoirs','fr-FR'),(35954,'Quincaillerie > Accessoires d\'outils > Lames d\'outils','fr-FR'),(35953,'Quincaillerie > Accessoires d\'outils > Gabarits','fr-FR'),(35949,'Quincaillerie > Accessoires d\'outils > Batteries d\'outils électriques','fr-FR'),(35950,'Quincaillerie > Accessoires d\'outils > Chargeurs de batteries','fr-FR'),(35951,'Quincaillerie > Accessoires d\'outils > Coins','fr-FR'),(35952,'Quincaillerie > Accessoires d\'outils > Douilles','fr-FR'),(35948,'Quincaillerie > Accessoires d\'outils > Agrafes industrielles','fr-FR'),(35944,'Quincaillerie > Accessoires d\'outils > Accessoires pour scies > Accessoires pour scies à onglets','fr-FR'),(35945,'Quincaillerie > Accessoires d\'outils > Accessoires pour scies > Accessoires pour scies à ruban','fr-FR'),(35947,'Quincaillerie > Accessoires d\'outils > Accessoires pour toupies > Fraises de toupie','fr-FR'),(35946,'Quincaillerie > Accessoires d\'outils > Accessoires pour toupies','fr-FR'),(35940,'Quincaillerie > Accessoires d\'outils > Accessoires pour scies','fr-FR'),(35941,'Quincaillerie > Accessoires d\'outils > Accessoires pour scies > Accessoires pour scies circulaires portatives','fr-FR'),(35943,'Quincaillerie > Accessoires d\'outils > Accessoires pour scies > Accessoires pour scies sur table','fr-FR'),(35942,'Quincaillerie > Accessoires d\'outils > Accessoires pour scies > Accessoires pour scies sauteuses','fr-FR'),(35939,'Quincaillerie > Accessoires d\'outils > Accessoires pour perceuses et visseuses > Supports et guides de perçage','fr-FR'),(35938,'Quincaillerie > Accessoires d\'outils > Accessoires pour perceuses et visseuses > Scie cloche','fr-FR'),(35937,'Quincaillerie > Accessoires d\'outils > Accessoires pour perceuses et visseuses > Mandrins','fr-FR'),(35934,'Quincaillerie > Accessoires d\'outils > Accessoires pour perceuses et visseuses > Affûteuses de forets','fr-FR'),(35935,'Quincaillerie > Accessoires d\'outils > Accessoires pour perceuses et visseuses > Extensions de forets','fr-FR'),(35936,'Quincaillerie > Accessoires d\'outils > Accessoires pour perceuses et visseuses > Forets et embouts de tournevis','fr-FR'),(35932,'Quincaillerie > Accessoires d\'outils > Accessoires pour perceuses','fr-FR'),(35933,'Quincaillerie > Accessoires d\'outils > Accessoires pour perceuses et visseuses','fr-FR'),(35930,'Quincaillerie > Accessoires d\'outils > Accessoires pour outils de peinture > Accessoires pour rouleaux à peinture','fr-FR'),(35931,'Quincaillerie > Accessoires d\'outils > Accessoires pour outils de peinture > Nettoyants pour pinceaux','fr-FR'),(35927,'Quincaillerie > Accessoires d\'outils > Accessoires pour outils de mesure et détecteurs > Accessoires pour outils de test électrique','fr-FR'),(35928,'Quincaillerie > Accessoires d\'outils > Accessoires pour outils de peinture','fr-FR'),(35929,'Quincaillerie > Accessoires d\'outils > Accessoires pour outils de peinture > Accessoires pour aérographes','fr-FR'),(35926,'Quincaillerie > Accessoires d\'outils > Accessoires pour outils de mesure et détecteurs > Accessoires pour multimètres','fr-FR'),(35924,'Quincaillerie > Accessoires d\'outils > Accessoires pour outils de mesure et détecteurs > Accessoires pour balances','fr-FR'),(35925,'Quincaillerie > Accessoires d\'outils > Accessoires pour outils de mesure et détecteurs > Accessoires pour détecteurs de gaz','fr-FR'),(35919,'Quincaillerie > Accessoires d\'outils > Accessoires pour meuleuses','fr-FR'),(35920,'Quincaillerie > Accessoires d\'outils > Accessoires pour meuleuses > Meules et pointes montées','fr-FR'),(35921,'Quincaillerie > Accessoires d\'outils > Accessoires pour outils de coupe','fr-FR'),(35922,'Quincaillerie > Accessoires d\'outils > Accessoires pour outils de coupe > Matrices pour grignoteuses','fr-FR'),(35923,'Quincaillerie > Accessoires d\'outils > Accessoires pour outils de mesure et détecteurs','fr-FR'),(35915,'Quincaillerie > Accessoires d\'outils > Accessoires pour marteaux','fr-FR'),(35916,'Quincaillerie > Accessoires d\'outils > Accessoires pour marteaux > Accessoires pour marteaux à air comprimé','fr-FR'),(35917,'Quincaillerie > Accessoires d\'outils > Accessoires pour marteaux > Poignées de marteau','fr-FR'),(35918,'Quincaillerie > Accessoires d\'outils > Accessoires pour marteaux > Têtes de marteaux','fr-FR'),(35914,'Quincaillerie > Accessoires d\'outils > Accessoires pour haches et pioches > Manches pour haches et pioches','fr-FR'),(35912,'Quincaillerie > Accessoires d\'outils > Accessoires pour haches > Têtes de haches','fr-FR'),(35913,'Quincaillerie > Accessoires d\'outils > Accessoires pour haches et pioches','fr-FR'),(35911,'Quincaillerie > Accessoires d\'outils > Accessoires pour haches > Manches de hache','fr-FR'),(35909,'Quincaillerie > Accessoires d\'outils > Accessoires pour fers à souder > Supports pour fers à souder','fr-FR'),(35910,'Quincaillerie > Accessoires d\'outils > Accessoires pour haches','fr-FR'),(35906,'Quincaillerie > Accessoires d\'outils > Accessoires pour défonceuses > Tables de défonceuse','fr-FR'),(35907,'Quincaillerie > Accessoires d\'outils > Accessoires pour fers à souder','fr-FR'),(35908,'Quincaillerie > Accessoires d\'outils > Accessoires pour fers à souder > Pannes pour fers à souder','fr-FR'),(35905,'Quincaillerie > Accessoires d\'outils > Accessoires pour défonceuses > Fraises','fr-FR'),(35902,'Quincaillerie > Accessoires d\'outils > Accessoires de sablage > Armoires pour sablage','fr-FR'),(35903,'Quincaillerie > Accessoires d\'outils > Accessoires de soudage','fr-FR'),(35904,'Quincaillerie > Accessoires d\'outils > Accessoires pour défonceuses','fr-FR'),(35901,'Quincaillerie > Accessoires d\'outils > Accessoires de sablage','fr-FR'),(35896,'Quincaillerie','fr-FR'),(35897,'Quincaillerie > Accessoires d\'outils','fr-FR'),(35898,'Quincaillerie > Accessoires d\'outils > Accessoires de lampe de poche','fr-FR'),(35899,'Quincaillerie > Accessoires d\'outils > Accessoires de ponçage','fr-FR'),(35900,'Quincaillerie > Accessoires d\'outils > Accessoires de ponçage > Papier de verre et éponges à poncer','fr-FR'),(35895,'Offices religieux et cérémonies > Objets religieux > Voiles religieux','fr-FR'),(35894,'Offices religieux et cérémonies > Objets religieux > Chapelets','fr-FR'),(35893,'Offices religieux et cérémonies > Objets religieux > Cartes de tarot','fr-FR'),(35892,'Offices religieux et cérémonies > Objets religieux > Cartes de prières','fr-FR'),(35890,'Offices religieux et cérémonies > Objets religieux','fr-FR'),(35891,'Offices religieux et cérémonies > Objets religieux > Autels religieux','fr-FR'),(35889,'Offices religieux et cérémonies > Fournitures ecclésiastiques > Urnes funéraires','fr-FR'),(35888,'Offices religieux et cérémonies > Fournitures ecclésiastiques','fr-FR'),(35886,'Offices religieux et cérémonies > Fournitures de mariage > Paniers de bouquetière','fr-FR'),(35887,'Offices religieux et cérémonies > Fournitures de mariage > Tapis de passage','fr-FR'),(35885,'Offices religieux et cérémonies > Fournitures de mariage > Coussins et porte-alliances','fr-FR'),(35883,'Offices religieux et cérémonies','fr-FR'),(35884,'Offices religieux et cérémonies > Fournitures de mariage','fr-FR'),(35880,'Médias > Musique et enregistrements audio','fr-FR'),(35881,'Médias > Partitions','fr-FR'),(35882,'Médias > Plans de charpenterie et de menuiserie','fr-FR'),(35878,'Médias > Livres','fr-FR'),(35879,'Médias > Magazines et journaux','fr-FR'),(35877,'Médias > Guides d\'utilisation > Manuels pour équipements de sport et fitness','fr-FR'),(35876,'Médias > Guides d\'utilisation > Manuels pour modèles réduits et jouets','fr-FR'),(35875,'Médias > Guides d\'utilisation > Manuels pour fournitures de bureau','fr-FR'),(35873,'Médias > Guides d\'utilisation > Guides d\'utilisation de voitures','fr-FR'),(35874,'Médias > Guides d\'utilisation > Manuels pour appareils photo et instruments d\'optique','fr-FR'),(35871,'Médias > Guides d\'utilisation > Guides d\'utilisation d\'outils et d\'équipements électriques','fr-FR'),(35872,'Médias > Guides d\'utilisation > Guides d\'utilisation d\'électroménagers de cuisine','fr-FR'),(35870,'Médias > Guides d\'utilisation > Guides d\'utilisation d\'articles électroniques','fr-FR'),(35867,'Médias > DVD et vidéos','fr-FR'),(35868,'Médias > Guides d\'utilisation','fr-FR'),(35869,'Médias > Guides d\'utilisation > Guides d\'utilisation d\'appareils électroménagers','fr-FR'),(35865,'Meubles > Étagères > Étagères murales et corniches','fr-FR'),(35866,'Médias','fr-FR'),(35863,'Meubles > Étagères','fr-FR'),(35864,'Meubles > Étagères > Bibliothèques','fr-FR'),(35861,'Meubles > Tables > Tables pliantes','fr-FR'),(35862,'Meubles > Tables > Tables pour machines à coudre','fr-FR'),(35860,'Meubles > Tables > Tables de salle à manger et de cuisine','fr-FR'),(35859,'Meubles > Tables > Tables de poker et de jeux','fr-FR'),(35857,'Meubles > Tables > Kotatsu','fr-FR'),(35858,'Meubles > Tables > Tables d\'activités','fr-FR'),(35849,'Meubles > Poufs','fr-FR'),(35850,'Meubles > Séparateurs de pièces','fr-FR'),(35851,'Meubles > Tables','fr-FR'),(35852,'Meubles > Tables > Chevets','fr-FR'),(35853,'Meubles > Tables > Consoles','fr-FR'),(35854,'Meubles > Tables > Consoles > Bouts de canapé','fr-FR'),(35855,'Meubles > Tables > Consoles > Tables basses','fr-FR'),(35856,'Meubles > Tables > Consoles > Tables de canapé','fr-FR'),(35847,'Meubles > Mobilier pour bébés et tout-petits > Meubles pour bébés et tout-petits','fr-FR'),(35848,'Meubles > Mobilier pour bébés et tout-petits > Tables à langer','fr-FR'),(35844,'Meubles > Mobilier pour bébés et tout-petits > Chaises hautes et réhausseurs','fr-FR'),(35845,'Meubles > Mobilier pour bébés et tout-petits > Couffins et berceaux','fr-FR'),(35846,'Meubles > Mobilier pour bébés et tout-petits > Lits de bébé','fr-FR'),(35841,'Meubles > Mobilier pour bébés et tout-petits > Accessoires pour lits de bébé et d\'enfant','fr-FR'),(35842,'Meubles > Mobilier pour bébés et tout-petits > Accessoires pour lits de bébé et d\'enfant > Bordures et tours de lits de bébé','fr-FR'),(35843,'Meubles > Mobilier pour bébés et tout-petits > Accessoires pour lits de bébé et d\'enfant > Kits de conversion de lits de bébé','fr-FR'),(35840,'Meubles > Mobilier pour bébés et tout-petits > Accessoires pour couffins et berceaux','fr-FR'),(35838,'Meubles > Mobilier pour bébés et tout-petits','fr-FR'),(35839,'Meubles > Mobilier pour bébés et tout-petits > Accessoires pour chaises hautes et rehausseurs','fr-FR'),(35836,'Meubles > Meubles de jardin > Sièges d\'extérieur > Éléments pour canapés modulables d\'extérieur','fr-FR'),(35837,'Meubles > Meubles de jardin > Tables d\'extérieur','fr-FR'),(35834,'Meubles > Meubles de jardin > Sièges d\'extérieur > Canapés d\'extérieur','fr-FR'),(35835,'Meubles > Meubles de jardin > Sièges d\'extérieur > Chaises d\'extérieur','fr-FR'),(35833,'Meubles > Meubles de jardin > Sièges d\'extérieur > Bancs d\'extérieur','fr-FR'),(35831,'Meubles > Meubles de jardin > Sièges d\'extérieur','fr-FR'),(35832,'Meubles > Meubles de jardin > Sièges d\'extérieur > Bains de soleil','fr-FR'),(35829,'Meubles > Meubles de jardin > Lits d\'extérieur','fr-FR'),(35830,'Meubles > Meubles de jardin > Poufs d\'extérieur','fr-FR'),(35828,'Meubles > Meubles de jardin > Ensembles de meubles d\'extérieur','fr-FR'),(35826,'Meubles > Meubles de jardin','fr-FR'),(35827,'Meubles > Meubles de jardin > Coffres de jardin','fr-FR'),(35824,'Meubles > Meubles de bureau > Tables de travail > Tables de conférence','fr-FR'),(35825,'Meubles > Meubles de bureau > Tables de travail > Tables à dessin','fr-FR'),(35818,'Meubles > Meubles de bureau','fr-FR'),(35819,'Meubles > Meubles de bureau > Bureaux','fr-FR'),(35820,'Meubles > Meubles de bureau > Ensembles de mobilier pour bureau','fr-FR'),(35821,'Meubles > Meubles de bureau > Postes de travail','fr-FR'),(35822,'Meubles > Meubles de bureau > Sièges de bureau','fr-FR'),(35823,'Meubles > Meubles de bureau > Tables de travail','fr-FR'),(35816,'Meubles > Matelas pour futons','fr-FR'),(35817,'Meubles > Meubles audio/vidéo et pour home cinéma','fr-FR'),(35814,'Meubles > Lits et accessoires > Sommiers','fr-FR'),(35815,'Meubles > Lits et accessoires > Têtes et pieds de lit','fr-FR'),(35812,'Meubles > Lits et accessoires > Lits et cadres de lit','fr-FR'),(35813,'Meubles > Lits et accessoires > Matelas','fr-FR'),(35810,'Meubles > Lits et accessoires','fr-FR'),(35811,'Meubles > Lits et accessoires > Accessoires pour lits et cadres de lit','fr-FR'),(35802,'Meubles > Fauteuils > Fauteuils de jeux','fr-FR'),(35803,'Meubles > Fauteuils > Fauteuils de massage électriques','fr-FR'),(35804,'Meubles > Fauteuils > Fauteuils de sol','fr-FR'),(35805,'Meubles > Fauteuils > Fauteuils suspendus','fr-FR'),(35806,'Meubles > Fauteuils > Fauteuils à bascule','fr-FR'),(35807,'Meubles > Fauteuils > Poufs poires','fr-FR'),(35808,'Meubles > Fauteuils > Tabourets et chaises de bar','fr-FR'),(35809,'Meubles > Futons','fr-FR'),(35801,'Meubles > Fauteuils > Fauteuils club, fauteuils inclinables et chauffeuses lits','fr-FR'),(35800,'Meubles > Fauteuils > Chauffeuses','fr-FR'),(35798,'Meubles > Fauteuils > Chaises longues','fr-FR'),(35799,'Meubles > Fauteuils > Chaises pliantes et tabourets pliants','fr-FR'),(35796,'Meubles > Fauteuils','fr-FR'),(35797,'Meubles > Fauteuils > Chaises de cuisine et de salle à manger','fr-FR'),(35795,'Meubles > Ensembles de meubles > Ensembles de mobilier pour salles de bains','fr-FR'),(35794,'Meubles > Ensembles de meubles > Ensembles de meubles pour chambre','fr-FR'),(35793,'Meubles > Ensembles de meubles > Ensembles de meubles de salon-séjour','fr-FR'),(35785,'Meubles > Bancs > Bancs de cuisine et salle à manger','fr-FR'),(35786,'Meubles > Cadres de futon','fr-FR'),(35787,'Meubles > Canapés','fr-FR'),(35788,'Meubles > Chariots et îlots','fr-FR'),(35789,'Meubles > Chariots et îlots > Dessertes','fr-FR'),(35790,'Meubles > Chariots et îlots > Îlots de cuisine','fr-FR'),(35791,'Meubles > Ensembles de meubles','fr-FR'),(35792,'Meubles > Ensembles de meubles > Ensembles de meubles de cuisine et de salle à manger','fr-FR'),(35782,'Meubles > Bancs','fr-FR'),(35783,'Meubles > Bancs > Bancs coffres','fr-FR'),(35784,'Meubles > Bancs > Bancs de coiffeuse','fr-FR'),(35780,'Meubles > Armoires et meubles de rangement > Vaisseliers','fr-FR'),(35781,'Meubles > Armoires et meubles de rangement > Étagères à bouteilles','fr-FR'),(35778,'Meubles > Armoires et meubles de rangement > Placards de cuisine','fr-FR'),(35779,'Meubles > Armoires et meubles de rangement > Porte-revues','fr-FR'),(35777,'Meubles > Armoires et meubles de rangement > Meubles lavabos > Meubles sous vasque','fr-FR'),(35775,'Meubles > Armoires et meubles de rangement > Meubles lavabos','fr-FR'),(35776,'Meubles > Armoires et meubles de rangement > Meubles lavabos > Coiffeuses','fr-FR'),(35774,'Meubles > Armoires et meubles de rangement > Fixations et meubles de rangement multimédia','fr-FR'),(35773,'Meubles > Armoires et meubles de rangement > Commodes','fr-FR'),(35770,'Meubles > Armoires et meubles de rangement > Coffres de rangement','fr-FR'),(35771,'Meubles > Armoires et meubles de rangement > Coffres de rangement > Coffres à jouets','fr-FR'),(35772,'Meubles > Armoires et meubles de rangement > Coffres de rangement > Trousseaux','fr-FR'),(35769,'Meubles > Armoires et meubles de rangement > Classeur à tiroirs','fr-FR'),(35768,'Meubles > Armoires et meubles de rangement > Caves à vins et spiritueux','fr-FR'),(35764,'Meubles > Armoires et meubles de rangement > Armoires','fr-FR'),(35765,'Meubles > Armoires et meubles de rangement > Armoires à repasser','fr-FR'),(35766,'Meubles > Armoires et meubles de rangement > Buffets et bahuts','fr-FR'),(35767,'Meubles > Armoires et meubles de rangement > Casiers et armoires de rangement','fr-FR'),(35763,'Meubles > Armoires et meubles de rangement','fr-FR'),(35758,'Meubles > Accessoires pour tables','fr-FR'),(35759,'Meubles > Accessoires pour tables > Pieds de table','fr-FR'),(35760,'Meubles > Accessoires pour tables > Plateaux de table','fr-FR'),(35761,'Meubles > Accessoires pour étagères','fr-FR'),(35762,'Meubles > Accessoires pour étagères > Étagères de rechange','fr-FR'),(35757,'Meubles > Accessoires pour meubles de bureau > Pièces et accessoires pour bureaux','fr-FR'),(35756,'Meubles > Accessoires pour meubles de bureau > Accessoires pour sièges de bureau','fr-FR'),(35754,'Meubles > Accessoires pour meubles de bureau','fr-FR'),(35755,'Meubles > Accessoires pour meubles de bureau > Accessoires pour postes de travail','fr-FR'),(35752,'Meubles > Accessoires pour meubles d\'extérieur','fr-FR'),(35753,'Meubles > Accessoires pour meubles d\'extérieur > Housses pour meubles d\'extérieur','fr-FR'),(35751,'Meubles > Accessoires pour la division de pièces','fr-FR'),(35749,'Meubles > Accessoires pour fauteuils','fr-FR'),(35750,'Meubles > Accessoires pour fauteuils > Pièces de rechange pour fauteuils suspendus','fr-FR'),(35746,'Meubles > Accessoires pour canapés','fr-FR'),(35747,'Meubles > Accessoires pour canapés > Supports pour fauteuils et canapés','fr-FR'),(35748,'Meubles > Accessoires pour canapés > Éléments pour canapés modulables','fr-FR'),(35743,'Maison et jardin > Sécurité à domicile et au bureau > Systèmes de surveillance et d\'enregistrement','fr-FR'),(35744,'Maison et jardin > Étuis à parapluie','fr-FR'),(35745,'Meubles','fr-FR'),(35742,'Maison et jardin > Sécurité à domicile et au bureau > Systèmes d\'alarme domestiques','fr-FR'),(35740,'Maison et jardin > Sécurité à domicile et au bureau > Lampes de sécurité','fr-FR'),(35741,'Maison et jardin > Sécurité à domicile et au bureau > Miroirs de sécurité et de surveillance','fr-FR'),(35737,'Maison et jardin > Sécurité à domicile et au bureau > Coffres-forts','fr-FR'),(35739,'Maison et jardin > Sécurité à domicile et au bureau > Détecteurs pour systèmes de sécurité','fr-FR'),(35738,'Maison et jardin > Sécurité à domicile et au bureau > Détecteurs de mouvement','fr-FR'),(35736,'Maison et jardin > Sécurité à domicile et au bureau > Caméras de surveillance factices','fr-FR'),(35735,'Maison et jardin > Sécurité à domicile et au bureau > Accessoires pour coffres-forts','fr-FR'),(35734,'Maison et jardin > Sécurité à domicile et au bureau','fr-FR'),(35733,'Maison et jardin > Sécurité gaz, incendie et inondation > Panneaux de commande d\'alarme incendie','fr-FR'),(35730,'Maison et jardin > Sécurité gaz, incendie et inondation > Détecteurs de fumée et de dioxyde de carbone','fr-FR'),(35731,'Maison et jardin > Sécurité gaz, incendie et inondation > Extincteurs','fr-FR'),(35732,'Maison et jardin > Sécurité gaz, incendie et inondation > Gicleurs d\'incendie','fr-FR'),(35729,'Maison et jardin > Sécurité gaz, incendie et inondation > Détecteurs de chaleur','fr-FR'),(35728,'Maison et jardin > Sécurité gaz, incendie et inondation > Détecteurs d\'eau et d\'inondation','fr-FR'),(35725,'Maison et jardin > Sécurité gaz, incendie et inondation','fr-FR'),(35726,'Maison et jardin > Sécurité gaz, incendie et inondation > Alarmes incendie','fr-FR'),(35727,'Maison et jardin > Sécurité gaz, incendie et inondation > Boîtiers et stands pour extincteurs et équipement anti-incendie','fr-FR'),(35723,'Maison et jardin > Préparation aux situations d\'urgence > Outils d\'urgence','fr-FR'),(35724,'Maison et jardin > Préparation aux situations d\'urgence > Packs alimentaires d\'urgence','fr-FR'),(35722,'Maison et jardin > Préparation aux situations d\'urgence > Fixations pour meubles','fr-FR'),(35721,'Maison et jardin > Préparation aux situations d\'urgence > Détecteurs de tremblements de terre','fr-FR'),(35716,'Maison et jardin > Produits ménagers > Sacs poubelle','fr-FR'),(35717,'Maison et jardin > Produits ménagers > Thermomètres domestiques','fr-FR'),(35718,'Maison et jardin > Produits ménagers > Thibaudes','fr-FR'),(35719,'Maison et jardin > Préparation aux situations d\'urgence','fr-FR'),(35720,'Maison et jardin > Préparation aux situations d\'urgence > Couvertures de survie','fr-FR'),(35715,'Maison et jardin > Produits ménagers > Revêtements pour tiroirs et étagères','fr-FR'),(35714,'Maison et jardin > Produits ménagers > Revêtements de sol de garage','fr-FR'),(35713,'Maison et jardin > Produits ménagers > Revêtements de marches','fr-FR'),(35712,'Maison et jardin > Produits ménagers > Rangement et organisation > Tiroirs de rangement','fr-FR'),(35710,'Maison et jardin > Produits ménagers > Rangement et organisation > Rangements pour armoires à vêtements > Valets de nuit','fr-FR'),(35711,'Maison et jardin > Produits ménagers > Rangement et organisation > Sacs de stockage ménager','fr-FR'),(35708,'Maison et jardin > Produits ménagers > Rangement et organisation > Rangements pour armoires à vêtements > Organiseurs pour armoires et penderies pour vêtements','fr-FR'),(35709,'Maison et jardin > Produits ménagers > Rangement et organisation > Rangements pour armoires à vêtements > Stations de recharge décoratives','fr-FR'),(35707,'Maison et jardin > Produits ménagers > Rangement et organisation > Rangements pour armoires à vêtements > Etagères et casiers à chaussures','fr-FR'),(35706,'Maison et jardin > Produits ménagers > Rangement et organisation > Rangements pour armoires à vêtements > Cintres','fr-FR'),(35703,'Maison et jardin > Produits ménagers > Rangement et organisation > Rangements photo > Boîtes de rangement photos','fr-FR'),(35705,'Maison et jardin > Produits ménagers > Rangement et organisation > Rangements pour armoires à vêtements > Boîtes à chapeaux','fr-FR'),(35704,'Maison et jardin > Produits ménagers > Rangement et organisation > Rangements pour armoires à vêtements','fr-FR'),(35702,'Maison et jardin > Produits ménagers > Rangement et organisation > Rangements photo > Albums photo','fr-FR'),(35701,'Maison et jardin > Produits ménagers > Rangement et organisation > Rangements photo','fr-FR'),(35698,'Maison et jardin > Produits ménagers > Rangement et organisation > Crochets et patères > Crochets utilitaires','fr-FR'),(35700,'Maison et jardin > Produits ménagers > Rangement et organisation > Organiseurs de tiroir','fr-FR'),(35699,'Maison et jardin > Produits ménagers > Rangement et organisation > Crochets et patères > Porte-parapluies','fr-FR'),(35697,'Maison et jardin > Produits ménagers > Rangement et organisation > Crochets et patères > Crochets et stands pour tables à repasser','fr-FR'),(35696,'Maison et jardin > Produits ménagers > Rangement et organisation > Crochets et patères','fr-FR'),(35695,'Maison et jardin > Produits ménagers > Rangement et organisation > Coffrets pour ménagère','fr-FR'),(35694,'Maison et jardin > Produits ménagers > Rangement et organisation > Chariots de rangement','fr-FR'),(35692,'Maison et jardin > Produits ménagers > Rangement et organisation','fr-FR'),(35693,'Maison et jardin > Produits ménagers > Rangement et organisation > Boîtes de rangement','fr-FR'),(35691,'Maison et jardin > Produits ménagers > Produits en papier pour la maison > Serviettes en papier','fr-FR'),(35690,'Maison et jardin > Produits ménagers > Produits en papier pour la maison > Serviettes de table en papier','fr-FR'),(35688,'Maison et jardin > Produits ménagers > Produits en papier pour la maison > Mouchoirs en papier','fr-FR'),(35689,'Maison et jardin > Produits ménagers > Produits en papier pour la maison > Papier toilette','fr-FR'),(35687,'Maison et jardin > Produits ménagers > Produits en papier pour la maison','fr-FR'),(35684,'Maison et jardin > Produits ménagers > Produits de blanchisserie > Sprays rafraîchissants','fr-FR'),(35685,'Maison et jardin > Produits ménagers > Produits de blanchisserie > Supports pour fers à repasser','fr-FR'),(35686,'Maison et jardin > Produits ménagers > Produits de blanchisserie > Séchoirs','fr-FR'),(35683,'Maison et jardin > Produits ménagers > Produits de blanchisserie > Sprays défroissants et antistatiques','fr-FR'),(35681,'Maison et jardin > Produits ménagers > Produits de blanchisserie > Planches à repasser','fr-FR'),(35682,'Maison et jardin > Produits ménagers > Produits de blanchisserie > Rasoirs à vêtements','fr-FR'),(35678,'Maison et jardin > Produits ménagers > Produits de blanchisserie > Patchs anti-auréoles','fr-FR'),(35679,'Maison et jardin > Produits ménagers > Produits de blanchisserie > Pinces à linge','fr-FR'),(35680,'Maison et jardin > Produits ménagers > Produits de blanchisserie > Pièces de rechange pour tables à repasser','fr-FR'),(35675,'Maison et jardin > Produits ménagers > Produits de blanchisserie > Kits de nettoyage à sec','fr-FR'),(35676,'Maison et jardin > Produits ménagers > Produits de blanchisserie > Lessive','fr-FR'),(35677,'Maison et jardin > Produits ménagers > Produits de blanchisserie > Paniers à linge','fr-FR'),(35674,'Maison et jardin > Produits ménagers > Produits de blanchisserie > Housses pour planches à repasser','fr-FR'),(35673,'Maison et jardin > Produits ménagers > Produits de blanchisserie > Filets à linge et paniers de lavage','fr-FR'),(35671,'Maison et jardin > Produits ménagers > Produits de blanchisserie > Détachants tissus','fr-FR'),(35672,'Maison et jardin > Produits ménagers > Produits de blanchisserie > Eau de Javel','fr-FR'),(35668,'Maison et jardin > Produits ménagers > Produits de blanchisserie > Amidon pour textiles','fr-FR'),(35669,'Maison et jardin > Produits ménagers > Produits de blanchisserie > Balles de lavage','fr-FR'),(35670,'Maison et jardin > Produits ménagers > Produits de blanchisserie > Brosses adhésives','fr-FR'),(35667,'Maison et jardin > Produits ménagers > Produits de blanchisserie > Adoucissants et lingettes pour sèche-linge','fr-FR'),(35663,'Maison et jardin > Produits ménagers > Nettoyage maison > Têtes et recharges de balai','fr-FR'),(35664,'Maison et jardin > Produits ménagers > Nettoyage maison > Éponges et grattoirs','fr-FR'),(35665,'Maison et jardin > Produits ménagers > Patins et embouts pour piètements de meubles','fr-FR'),(35666,'Maison et jardin > Produits ménagers > Produits de blanchisserie','fr-FR'),(35661,'Maison et jardin > Produits ménagers > Nettoyage maison > Seaux','fr-FR'),(35662,'Maison et jardin > Produits ménagers > Nettoyage maison > Têtes de brosses de nettoyage','fr-FR'),(35660,'Maison et jardin > Produits ménagers > Nettoyage maison > Recharges pour plumeau','fr-FR'),(35658,'Maison et jardin > Produits ménagers > Nettoyage maison > Produits de protection des textiles et tissus d\'ameublement','fr-FR'),(35659,'Maison et jardin > Produits ménagers > Nettoyage maison > Raclette-éponge','fr-FR'),(35655,'Maison et jardin > Produits ménagers > Nettoyage maison > Produits de nettoyage pour la maison > Produits nettoyants pour vitres et surfaces vitrées','fr-FR'),(35656,'Maison et jardin > Produits ménagers > Nettoyage maison > Produits de nettoyage pour la maison > Savon et détergent à vaisselle','fr-FR'),(35657,'Maison et jardin > Produits ménagers > Nettoyage maison > Produits de nettoyage pour la maison > Shampouineuses pour moquette','fr-FR'),(35654,'Maison et jardin > Produits ménagers > Nettoyage maison > Produits de nettoyage pour la maison > Produits nettoyants pour lave-vaisselle','fr-FR'),(35653,'Maison et jardin > Produits ménagers > Nettoyage maison > Produits de nettoyage pour la maison > Produits nettoyants pour lave-linge','fr-FR'),(35651,'Maison et jardin > Produits ménagers > Nettoyage maison > Produits de nettoyage pour la maison > Produits nettoyants pour baignoire et carrelage salle de bain','fr-FR'),(35652,'Maison et jardin > Produits ménagers > Nettoyage maison > Produits de nettoyage pour la maison > Produits nettoyants pour cuvettes WC','fr-FR'),(35650,'Maison et jardin > Produits ménagers > Nettoyage maison > Produits de nettoyage pour la maison > Produits nettoyants multi-usages','fr-FR'),(35648,'Maison et jardin > Produits ménagers > Nettoyage maison > Produits de nettoyage pour la maison > Produits de rinçage','fr-FR'),(35649,'Maison et jardin > Produits ménagers > Nettoyage maison > Produits de nettoyage pour la maison > Produits nettoyants et cirages pour meubles','fr-FR'),(35647,'Maison et jardin > Produits ménagers > Nettoyage maison > Produits de nettoyage pour la maison > Produits d\'entretien pour tissus et textiles d\'ameublement','fr-FR'),(35646,'Maison et jardin > Produits ménagers > Nettoyage maison > Produits de nettoyage pour la maison > Produits d\'entretien pour les sols','fr-FR'),(35645,'Maison et jardin > Produits ménagers > Nettoyage maison > Produits de nettoyage pour la maison > Produits d\'entretien et de polissage de l\'acier inoxydable','fr-FR'),(35644,'Maison et jardin > Produits ménagers > Nettoyage maison > Produits de nettoyage pour la maison > Nettoyants pour fours et grils','fr-FR'),(35643,'Maison et jardin > Produits ménagers > Nettoyage maison > Produits de nettoyage pour la maison > Détartrants et décalcificateurs','fr-FR'),(35642,'Maison et jardin > Produits ménagers > Nettoyage maison > Produits de nettoyage pour la maison > Désodorisants et détachants pour animaux de compagnie','fr-FR'),(35640,'Maison et jardin > Produits ménagers > Nettoyage maison > Produits de nettoyage pour la maison','fr-FR'),(35641,'Maison et jardin > Produits ménagers > Nettoyage maison > Produits de nettoyage pour la maison > Désinfectants ménagers','fr-FR'),(35638,'Maison et jardin > Produits ménagers > Nettoyage maison > Pelles à ordures','fr-FR'),(35639,'Maison et jardin > Produits ménagers > Nettoyage maison > Plumeaux','fr-FR'),(35636,'Maison et jardin > Produits ménagers > Nettoyage maison > Gants de ménage','fr-FR'),(35637,'Maison et jardin > Produits ménagers > Nettoyage maison > Manches à balais et à serpillères','fr-FR'),(35634,'Maison et jardin > Produits ménagers > Nettoyage maison > Brosses lave-pont','fr-FR'),(35635,'Maison et jardin > Produits ménagers > Nettoyage maison > Essuie-touts','fr-FR'),(35632,'Maison et jardin > Produits ménagers > Nettoyage maison > Balais à moquette','fr-FR'),(35633,'Maison et jardin > Produits ménagers > Nettoyage maison > Brosses de balais','fr-FR'),(35631,'Maison et jardin > Produits ménagers > Nettoyage maison > Balais à franges','fr-FR'),(35629,'Maison et jardin > Produits ménagers > Nettoyage maison','fr-FR'),(35630,'Maison et jardin > Produits ménagers > Nettoyage maison > Balais','fr-FR'),(35626,'Maison et jardin > Produits ménagers > Entretien et accessoires pour chaussures > Sacs à chaussures','fr-FR'),(35627,'Maison et jardin > Produits ménagers > Entretien et accessoires pour chaussures > Sèche-chaussures','fr-FR'),(35628,'Maison et jardin > Produits ménagers > Films de protection pour sols','fr-FR'),(35624,'Maison et jardin > Produits ménagers > Entretien et accessoires pour chaussures > Produits pour l\'entretien de chaussures','fr-FR'),(35625,'Maison et jardin > Produits ménagers > Entretien et accessoires pour chaussures > Retire-bottes','fr-FR'),(35622,'Maison et jardin > Produits ménagers > Entretien et accessoires pour chaussures > Grattoirs à chaussures','fr-FR'),(35623,'Maison et jardin > Produits ménagers > Entretien et accessoires pour chaussures > Kits d\'entretien de chaussures','fr-FR'),(35621,'Maison et jardin > Produits ménagers > Entretien et accessoires pour chaussures > Embauchoirs','fr-FR'),(35619,'Maison et jardin > Produits ménagers > Entretien et accessoires pour chaussures > Cirages et cires à chaussures','fr-FR'),(35620,'Maison et jardin > Produits ménagers > Entretien et accessoires pour chaussures > Cireuses à chaussures','fr-FR'),(35618,'Maison et jardin > Produits ménagers > Entretien et accessoires pour chaussures > Chausse-pieds et aide à l\'habillage','fr-FR'),(35616,'Maison et jardin > Produits ménagers > Entretien et accessoires pour chaussures','fr-FR'),(35617,'Maison et jardin > Produits ménagers > Entretien et accessoires pour chaussures > Brosses à chaussures','fr-FR'),(35613,'Maison et jardin > Produits ménagers > Désinsectisation > Répulsifs','fr-FR'),(35614,'Maison et jardin > Produits ménagers > Désinsectisation > Répulsifs > Répulsifs à animaux','fr-FR'),(35615,'Maison et jardin > Produits ménagers > Désinsectisation > Répulsifs > Répulsifs à insectes pour la maison','fr-FR'),(35612,'Maison et jardin > Produits ménagers > Désinsectisation > Pièges à insectes','fr-FR'),(35609,'Maison et jardin > Produits ménagers > Désinsectisation','fr-FR'),(35610,'Maison et jardin > Produits ménagers > Désinsectisation > Chasse-mouches','fr-FR'),(35611,'Maison et jardin > Produits ménagers > Désinsectisation > Pesticides','fr-FR'),(35608,'Maison et jardin > Produits ménagers > Conditionnement des déchets > Poubelles et corbeilles à déchets','fr-FR'),(35606,'Maison et jardin > Produits ménagers > Conditionnement des déchets > Conteneurs de recyclage','fr-FR'),(35607,'Maison et jardin > Produits ménagers > Conditionnement des déchets > Conteneurs pour déchets dangereux','fr-FR'),(35605,'Maison et jardin > Produits ménagers > Conditionnement des déchets > Bennes Dumpster','fr-FR'),(35604,'Maison et jardin > Produits ménagers > Conditionnement des déchets','fr-FR'),(35603,'Maison et jardin > Produits ménagers > Accessoires pour conteneurs à déchets > Étiquettes et vignettes pour conteneurs à déchets','fr-FR'),(35602,'Maison et jardin > Produits ménagers > Accessoires pour conteneurs à déchets > Roulettes pour conteneurs à déchets','fr-FR'),(35599,'Maison et jardin > Produits ménagers > Accessoires pour conteneurs à déchets > Cache-conteneurs à déchets','fr-FR'),(35600,'Maison et jardin > Produits ménagers > Accessoires pour conteneurs à déchets > Conteneurs à déchets à roulettes','fr-FR'),(35601,'Maison et jardin > Produits ménagers > Accessoires pour conteneurs à déchets > Couvercles de conteneurs à déchets','fr-FR'),(35594,'Maison et jardin > Poêles à bois','fr-FR'),(35595,'Maison et jardin > Produits ménagers','fr-FR'),(35596,'Maison et jardin > Produits ménagers > Absorbeurs d\'humidité','fr-FR'),(35597,'Maison et jardin > Produits ménagers > Accessoires pour compacteurs à déchets','fr-FR'),(35598,'Maison et jardin > Produits ménagers > Accessoires pour conteneurs à déchets','fr-FR'),(35590,'Maison et jardin > Plantes > Graines','fr-FR'),(35591,'Maison et jardin > Plantes > Kits de plantation','fr-FR'),(35592,'Maison et jardin > Plantes > Plantes aquatiques','fr-FR'),(35593,'Maison et jardin > Plantes > Plantes d\'extérieur et d\'intérieur','fr-FR'),(35585,'Maison et jardin > Piscine et spa > Saunas','fr-FR'),(35586,'Maison et jardin > Piscine et spa > Spas','fr-FR'),(35587,'Maison et jardin > Plantes','fr-FR'),(35588,'Maison et jardin > Plantes > Arbres','fr-FR'),(35589,'Maison et jardin > Plantes > Fleurs','fr-FR'),(35582,'Maison et jardin > Piscine et spa > Accessoires pour piscines et spas > Échelles, escaliers et rampes de piscine','fr-FR'),(35583,'Maison et jardin > Piscine et spa > Accessoires pour piscines et spas > Écumoires de piscine','fr-FR'),(35584,'Maison et jardin > Piscine et spa > Piscines','fr-FR'),(35580,'Maison et jardin > Piscine et spa > Accessoires pour piscines et spas > Toboggans de piscine','fr-FR'),(35581,'Maison et jardin > Piscine et spa > Accessoires pour piscines et spas > Tuyaux flottants pour piscines','fr-FR'),(35577,'Maison et jardin > Piscine et spa > Accessoires pour piscines et spas > Plongeoirs','fr-FR'),(35578,'Maison et jardin > Piscine et spa > Accessoires pour piscines et spas > Revêtements de piscine','fr-FR'),(35579,'Maison et jardin > Piscine et spa > Accessoires pour piscines et spas > Systèmes de chauffage pour piscines','fr-FR'),(35576,'Maison et jardin > Piscine et spa > Accessoires pour piscines et spas > Nettoyeurs de piscine et produits chimiques','fr-FR'),(35573,'Maison et jardin > Piscine et spa > Accessoires pour piscines et spas > Jouets pour piscine','fr-FR'),(35574,'Maison et jardin > Piscine et spa > Accessoires pour piscines et spas > Kits d\'entretien pour piscines et spas','fr-FR'),(35575,'Maison et jardin > Piscine et spa > Accessoires pour piscines et spas > Kits pour terrasses de piscines','fr-FR'),(35572,'Maison et jardin > Piscine et spa > Accessoires pour piscines et spas > Générateurs de chlore pour spas et piscines','fr-FR'),(35570,'Maison et jardin > Piscine et spa > Accessoires pour piscines et spas > Fauteuils et matelas de piscine','fr-FR'),(35571,'Maison et jardin > Piscine et spa > Accessoires pour piscines et spas > Filtres pour piscines et spas','fr-FR'),(35569,'Maison et jardin > Piscine et spa > Accessoires pour piscines et spas > Bâches de piscines et tapis de sol','fr-FR'),(35566,'Maison et jardin > Piscine et spa > Accessoires pour piscines et spas > Accessoires pour couvre-piscines','fr-FR'),(35567,'Maison et jardin > Piscine et spa > Accessoires pour piscines et spas > Balais et aspirateurs de piscine','fr-FR'),(35568,'Maison et jardin > Piscine et spa > Accessoires pour piscines et spas > Brosses et balais pour piscines','fr-FR'),(35564,'Maison et jardin > Piscine et spa','fr-FR'),(35565,'Maison et jardin > Piscine et spa > Accessoires pour piscines et spas','fr-FR'),(35562,'Maison et jardin > Pelouses et jardins > Équipement électrique d\'extérieur > Tronçonneuses','fr-FR'),(35563,'Maison et jardin > Pelouses et jardins > Équipement électrique d\'extérieur > Éléments de base pour équipement électrique d\'extérieur','fr-FR'),(35561,'Maison et jardin > Pelouses et jardins > Équipement électrique d\'extérieur > Tracteurs','fr-FR'),(35560,'Maison et jardin > Pelouses et jardins > Équipement électrique d\'extérieur > Tondeuses à gazon > Tracteurs tondeuses','fr-FR'),(35558,'Maison et jardin > Pelouses et jardins > Équipement électrique d\'extérieur > Tondeuses à gazon > Tondeuses tractées','fr-FR'),(35559,'Maison et jardin > Pelouses et jardins > Équipement électrique d\'extérieur > Tondeuses à gazon > Tondeuses à gazon autonomes','fr-FR'),(35557,'Maison et jardin > Pelouses et jardins > Équipement électrique d\'extérieur > Tondeuses à gazon > Tondeuses poussées et tractées','fr-FR'),(35555,'Maison et jardin > Pelouses et jardins > Équipement électrique d\'extérieur > Taille-haies','fr-FR'),(35556,'Maison et jardin > Pelouses et jardins > Équipement électrique d\'extérieur > Tondeuses à gazon','fr-FR'),(35551,'Maison et jardin > Pelouses et jardins > Équipement électrique d\'extérieur > Lots d\'outils de jardin à moteur','fr-FR'),(35552,'Maison et jardin > Pelouses et jardins > Équipement électrique d\'extérieur > Motoculteurs et rotoculteurs','fr-FR'),(35554,'Maison et jardin > Pelouses et jardins > Équipement électrique d\'extérieur > Souffleuses à neige','fr-FR'),(35553,'Maison et jardin > Pelouses et jardins > Équipement électrique d\'extérieur > Nettoyeurs à haute pression','fr-FR'),(35550,'Maison et jardin > Pelouses et jardins > Équipement électrique d\'extérieur > Débroussailleuses','fr-FR'),(35548,'Maison et jardin > Pelouses et jardins > Équipement électrique d\'extérieur > Balais mécaniques','fr-FR'),(35549,'Maison et jardin > Pelouses et jardins > Équipement électrique d\'extérieur > Coupe-gazon','fr-FR'),(35547,'Maison et jardin > Pelouses et jardins > Équipement électrique d\'extérieur > Aérateurs de gazon et scarificateurs','fr-FR'),(35546,'Maison et jardin > Pelouses et jardins > Équipement électrique d\'extérieur > Aspirateurs de feuilles','fr-FR'),(35545,'Maison et jardin > Pelouses et jardins > Équipement électrique d\'extérieur > Aspirateurs d\'herbe','fr-FR'),(35542,'Maison et jardin > Pelouses et jardins > Vie en extérieur > Structures extérieures > Cabanes, garages et auvents pour voitures','fr-FR'),(35543,'Maison et jardin > Pelouses et jardins > Vie en extérieur > Structures extérieures > Ponts de jardin','fr-FR'),(35544,'Maison et jardin > Pelouses et jardins > Équipement électrique d\'extérieur','fr-FR'),(35539,'Maison et jardin > Pelouses et jardins > Vie en extérieur > Structures extérieures > Accessoires pour auvents et abris > Poids de lestage pour auvents','fr-FR'),(35540,'Maison et jardin > Pelouses et jardins > Vie en extérieur > Structures extérieures > Arches, treillages, tonnelles et pergolas de jardin','fr-FR'),(35541,'Maison et jardin > Pelouses et jardins > Vie en extérieur > Structures extérieures > Auvents et abris','fr-FR'),(35537,'Maison et jardin > Pelouses et jardins > Vie en extérieur > Structures extérieures > Accessoires pour auvents et abris > Kits de fermeture pour auvents et abris','fr-FR'),(35538,'Maison et jardin > Pelouses et jardins > Vie en extérieur > Structures extérieures > Accessoires pour auvents et abris > Piquets pour auvents','fr-FR'),(35536,'Maison et jardin > Pelouses et jardins > Vie en extérieur > Structures extérieures > Accessoires pour auvents et abris > Cadres pour auvents et abris','fr-FR'),(35535,'Maison et jardin > Pelouses et jardins > Vie en extérieur > Structures extérieures > Accessoires pour auvents et abris > Bâches de auvents et abris','fr-FR'),(35534,'Maison et jardin > Pelouses et jardins > Vie en extérieur > Structures extérieures > Accessoires pour auvents et abris','fr-FR'),(35533,'Maison et jardin > Pelouses et jardins > Vie en extérieur > Structures extérieures','fr-FR'),(35532,'Maison et jardin > Pelouses et jardins > Vie en extérieur > Stores extérieurs','fr-FR'),(35530,'Maison et jardin > Pelouses et jardins > Vie en extérieur > Hamacs','fr-FR'),(35531,'Maison et jardin > Pelouses et jardins > Vie en extérieur > Parasols et voiles d\'ombrage','fr-FR'),(35529,'Maison et jardin > Pelouses et jardins > Vie en extérieur > Couvertures d\'extérieur > Tapis de plage','fr-FR'),(35528,'Maison et jardin > Pelouses et jardins > Vie en extérieur > Couvertures d\'extérieur > Poncho liners','fr-FR'),(35527,'Maison et jardin > Pelouses et jardins > Vie en extérieur > Couvertures d\'extérieur > Couvertures de pique-nique','fr-FR'),(35526,'Maison et jardin > Pelouses et jardins > Vie en extérieur > Couvertures d\'extérieur','fr-FR'),(35524,'Maison et jardin > Pelouses et jardins > Vie en extérieur > Accessoires pour stores extérieurs','fr-FR'),(35525,'Maison et jardin > Pelouses et jardins > Vie en extérieur > Balancelles de jardin','fr-FR'),(35523,'Maison et jardin > Pelouses et jardins > Vie en extérieur > Accessoires pour parasols et voiles d\'ombrage > Tissu pour parasols et voiles d\'ombrage','fr-FR'),(35522,'Maison et jardin > Pelouses et jardins > Vie en extérieur > Accessoires pour parasols et voiles d\'ombrage > Supports pour parasols','fr-FR'),(35521,'Maison et jardin > Pelouses et jardins > Vie en extérieur > Accessoires pour parasols et voiles d\'ombrage > Moustiquaires pour parasols','fr-FR'),(35520,'Maison et jardin > Pelouses et jardins > Vie en extérieur > Accessoires pour parasols et voiles d\'ombrage > Lampes pour parasols','fr-FR'),(35518,'Maison et jardin > Pelouses et jardins > Vie en extérieur > Accessoires pour parasols et voiles d\'ombrage','fr-FR'),(35519,'Maison et jardin > Pelouses et jardins > Vie en extérieur > Accessoires pour parasols et voiles d\'ombrage > Housses pour parasols de patio','fr-FR'),(35515,'Maison et jardin > Pelouses et jardins > Vie en extérieur','fr-FR'),(35516,'Maison et jardin > Pelouses et jardins > Vie en extérieur > Accessoires et pièces pour hamacs','fr-FR'),(35517,'Maison et jardin > Pelouses et jardins > Vie en extérieur > Accessoires pour balancelles','fr-FR'),(35514,'Maison et jardin > Pelouses et jardins > Jardinage > Traitement antiparasitaire','fr-FR'),(35513,'Maison et jardin > Pelouses et jardins > Jardinage > Supports pour plantes','fr-FR'),(35512,'Maison et jardin > Pelouses et jardins > Jardinage > Supports et structures pour plantes','fr-FR'),(35510,'Maison et jardin > Pelouses et jardins > Jardinage > Serres','fr-FR'),(35511,'Maison et jardin > Pelouses et jardins > Jardinage > Soucoupes et plateaux pour pots de fleurs','fr-FR'),(35508,'Maison et jardin > Pelouses et jardins > Jardinage > Récupérateurs d\'eau de pluie','fr-FR'),(35509,'Maison et jardin > Pelouses et jardins > Jardinage > Sable et terreau','fr-FR'),(35507,'Maison et jardin > Pelouses et jardins > Jardinage > Pots et cache-pots','fr-FR'),(35505,'Maison et jardin > Pelouses et jardins > Jardinage > Paillis','fr-FR'),(35506,'Maison et jardin > Pelouses et jardins > Jardinage > Pots en plastique','fr-FR'),(35504,'Maison et jardin > Pelouses et jardins > Jardinage > Outils de jardinage > Épandeurs','fr-FR'),(35503,'Maison et jardin > Pelouses et jardins > Jardinage > Outils de jardinage > Transplantoir','fr-FR'),(35500,'Maison et jardin > Pelouses et jardins > Jardinage > Outils de jardinage > Râteaux','fr-FR'),(35502,'Maison et jardin > Pelouses et jardins > Jardinage > Outils de jardinage > Sécateurs','fr-FR'),(35498,'Maison et jardin > Pelouses et jardins > Jardinage > Outils de jardinage > Pulvérisateurs pour gazon et jardin','fr-FR'),(35501,'Maison et jardin > Pelouses et jardins > Jardinage > Outils de jardinage > Scies à élaguer','fr-FR'),(35499,'Maison et jardin > Pelouses et jardins > Jardinage > Outils de jardinage > Rouleaux à gazon','fr-FR'),(35497,'Maison et jardin > Pelouses et jardins > Jardinage > Outils de jardinage > Petit outillage de jardin','fr-FR'),(35496,'Maison et jardin > Pelouses et jardins > Jardinage > Outils de jardinage > Pelles et bêches','fr-FR'),(35494,'Maison et jardin > Pelouses et jardins > Jardinage > Outils de jardinage > Fourches','fr-FR'),(35492,'Maison et jardin > Pelouses et jardins > Jardinage > Outils de jardinage > Brouettes','fr-FR'),(35495,'Maison et jardin > Pelouses et jardins > Jardinage > Outils de jardinage > Outils de plantation','fr-FR'),(35493,'Maison et jardin > Pelouses et jardins > Jardinage > Outils de jardinage > Faucilles et machettes de jardinage','fr-FR'),(35491,'Maison et jardin > Pelouses et jardins > Jardinage > Outils de jardinage','fr-FR'),(35490,'Maison et jardin > Pelouses et jardins > Jardinage > Herbicides','fr-FR'),(35488,'Maison et jardin > Pelouses et jardins > Jardinage > Engrais','fr-FR'),(35489,'Maison et jardin > Pelouses et jardins > Jardinage > Géotextiles','fr-FR'),(35487,'Maison et jardin > Pelouses et jardins > Jardinage > Compostage > Composteurs','fr-FR'),(35486,'Maison et jardin > Pelouses et jardins > Jardinage > Compostage > Compost','fr-FR'),(35485,'Maison et jardin > Pelouses et jardins > Jardinage > Compostage > Aérateurs de compost','fr-FR'),(35484,'Maison et jardin > Pelouses et jardins > Jardinage > Compostage','fr-FR'),(35482,'Maison et jardin > Pelouses et jardins > Jardinage > Accessoires pour toiles de paillage > Adhésif pour géotextiles','fr-FR'),(35483,'Maison et jardin > Pelouses et jardins > Jardinage > Accessoires pour toiles de paillage > Agrafes et sardines pour géotextiles','fr-FR'),(35481,'Maison et jardin > Pelouses et jardins > Jardinage > Accessoires pour toiles de paillage','fr-FR'),(35480,'Maison et jardin > Pelouses et jardins > Jardinage > Accessoires pour outils de jardinage > Têtes d\'outils de jardinage','fr-FR'),(35479,'Maison et jardin > Pelouses et jardins > Jardinage > Accessoires pour outils de jardinage > Pièces pour brouettes','fr-FR'),(35478,'Maison et jardin > Pelouses et jardins > Jardinage > Accessoires pour outils de jardinage > Manches d\'outils de jardinage','fr-FR'),(35477,'Maison et jardin > Pelouses et jardins > Jardinage > Accessoires pour outils de jardinage','fr-FR'),(35475,'Maison et jardin > Pelouses et jardins > Jardinage > Accessoires de jardinage > Sièges roulants, sièges et repose-genoux pour jardinage','fr-FR'),(35476,'Maison et jardin > Pelouses et jardins > Jardinage > Accessoires de jardinage > Tables de rempotage','fr-FR'),(35474,'Maison et jardin > Pelouses et jardins > Jardinage > Accessoires de jardinage > Sacs de jardinage','fr-FR'),(35473,'Maison et jardin > Pelouses et jardins > Jardinage > Accessoires de jardinage','fr-FR'),(35472,'Maison et jardin > Pelouses et jardins > Jardinage','fr-FR'),(35471,'Maison et jardin > Pelouses et jardins > Déblaiement de la neige > Racloirs à glace et balais à neige','fr-FR'),(35468,'Maison et jardin > Pelouses et jardins > Arrosage et irrigation > Valves et raccords de tuyau d\'arrosage','fr-FR'),(35469,'Maison et jardin > Pelouses et jardins > Déblaiement de la neige','fr-FR'),(35470,'Maison et jardin > Pelouses et jardins > Déblaiement de la neige > Pelles à neige','fr-FR'),(35467,'Maison et jardin > Pelouses et jardins > Arrosage et irrigation > Tuyaux d\'arrosage','fr-FR'),(35466,'Maison et jardin > Pelouses et jardins > Arrosage et irrigation > Systèmes d\'arrosage > Valves d\'arrosage','fr-FR'),(35465,'Maison et jardin > Pelouses et jardins > Arrosage et irrigation > Systèmes d\'arrosage > Commandes d\'arrosage','fr-FR'),(35464,'Maison et jardin > Pelouses et jardins > Arrosage et irrigation > Systèmes d\'arrosage','fr-FR'),(35462,'Maison et jardin > Pelouses et jardins > Arrosage et irrigation > Boules et cônes d\'arrosage','fr-FR'),(35463,'Maison et jardin > Pelouses et jardins > Arrosage et irrigation > Lances, pistolets & fusils d\'arrosage','fr-FR'),(35461,'Maison et jardin > Pelouses et jardins > Arrosage et irrigation > Arrosoirs','fr-FR'),(35459,'Maison et jardin > Pelouses et jardins > Arrosage et irrigation > Accessoires pour arrosoirs','fr-FR'),(35460,'Maison et jardin > Pelouses et jardins > Arrosage et irrigation > Arroseurs et têtes d\'arroseurs','fr-FR'),(35457,'Maison et jardin > Pelouses et jardins > Accessoires pour équipement électrique d\'extérieur > Pièces et accessoires pour tracteurs > Roues de tracteurs','fr-FR'),(35458,'Maison et jardin > Pelouses et jardins > Arrosage et irrigation','fr-FR'),(35456,'Maison et jardin > Pelouses et jardins > Accessoires pour équipement électrique d\'extérieur > Pièces et accessoires pour tracteurs > Pneus de tracteurs','fr-FR'),(35454,'Maison et jardin > Pelouses et jardins > Accessoires pour équipement électrique d\'extérieur > Kits d\'accessoires pour outils mutlifonctions > Manches télescopiques pour scies','fr-FR'),(35455,'Maison et jardin > Pelouses et jardins > Accessoires pour équipement électrique d\'extérieur > Pièces et accessoires pour tracteurs','fr-FR'),(35453,'Maison et jardin > Pelouses et jardins > Accessoires pour équipement électrique d\'extérieur > Kits d\'accessoires pour outils mutlifonctions > Kits pour débroussailleuses','fr-FR'),(35452,'Maison et jardin > Pelouses et jardins > Accessoires pour équipement électrique d\'extérieur > Kits d\'accessoires pour outils mutlifonctions > Adaptateurs taille-haies','fr-FR'),(35451,'Maison et jardin > Pelouses et jardins > Accessoires pour équipement électrique d\'extérieur > Kits d\'accessoires pour outils mutlifonctions > Adaptateurs souffleurs','fr-FR'),(35450,'Maison et jardin > Pelouses et jardins > Accessoires pour équipement électrique d\'extérieur > Kits d\'accessoires pour outils mutlifonctions > Adaptateurs motoculteur et cultivateur','fr-FR'),(35449,'Maison et jardin > Pelouses et jardins > Accessoires pour équipement électrique d\'extérieur > Kits d\'accessoires pour outils mutlifonctions > Adaptateurs coupe-gazon','fr-FR'),(35448,'Maison et jardin > Pelouses et jardins > Accessoires pour équipement électrique d\'extérieur > Kits d\'accessoires pour outils mutlifonctions','fr-FR'),(35447,'Maison et jardin > Pelouses et jardins > Accessoires pour équipement électrique d\'extérieur > Batteries pour outils de jardin à moteur','fr-FR'),(35446,'Maison et jardin > Pelouses et jardins > Accessoires pour équipement électrique d\'extérieur > Accessoires pour tronçonneuses > Guide-chaînes pour tronçonneuses','fr-FR'),(35445,'Maison et jardin > Pelouses et jardins > Accessoires pour équipement électrique d\'extérieur > Accessoires pour tronçonneuses > Chaînes de tronçonneuses','fr-FR'),(35444,'Maison et jardin > Pelouses et jardins > Accessoires pour équipement électrique d\'extérieur > Accessoires pour tronçonneuses','fr-FR'),(35443,'Maison et jardin > Pelouses et jardins > Accessoires pour équipement électrique d\'extérieur > Accessoires pour tondeuses à gazon > Sacs à tondeuses','fr-FR'),(35442,'Maison et jardin > Pelouses et jardins > Accessoires pour équipement électrique d\'extérieur > Accessoires pour tondeuses à gazon > Roues de tondeuse à gazon','fr-FR'),(35441,'Maison et jardin > Pelouses et jardins > Accessoires pour équipement électrique d\'extérieur > Accessoires pour tondeuses à gazon > Poulies et galets pour tondeuses à gazon','fr-FR'),(35440,'Maison et jardin > Pelouses et jardins > Accessoires pour équipement électrique d\'extérieur > Accessoires pour tondeuses à gazon > Pneus de tondeuse à gazon','fr-FR'),(35439,'Maison et jardin > Pelouses et jardins > Accessoires pour équipement électrique d\'extérieur > Accessoires pour tondeuses à gazon > Lames de tondeuse à gazon','fr-FR'),(35437,'Maison et jardin > Pelouses et jardins > Accessoires pour équipement électrique d\'extérieur > Accessoires pour tondeuses à gazon > Kits mulching pour tondeuses à gazon','fr-FR'),(35438,'Maison et jardin > Pelouses et jardins > Accessoires pour équipement électrique d\'extérieur > Accessoires pour tondeuses à gazon > Kits pour motifs sur gazon','fr-FR'),(35436,'Maison et jardin > Pelouses et jardins > Accessoires pour équipement électrique d\'extérieur > Accessoires pour tondeuses à gazon > Housses pour tondeuses à gazon','fr-FR'),(35435,'Maison et jardin > Pelouses et jardins > Accessoires pour équipement électrique d\'extérieur > Accessoires pour tondeuses à gazon > Courroies pour tondeuses à gazon','fr-FR'),(35434,'Maison et jardin > Pelouses et jardins > Accessoires pour équipement électrique d\'extérieur > Accessoires pour tondeuses à gazon > Chambres à air pour tondeuses à gazon','fr-FR'),(35433,'Maison et jardin > Pelouses et jardins > Accessoires pour équipement électrique d\'extérieur > Accessoires pour tondeuses à gazon > Balais ramasseurs','fr-FR'),(35431,'Maison et jardin > Pelouses et jardins > Accessoires pour équipement électrique d\'extérieur > Accessoires pour tondeuses à gazon > Accessoires pour tondeuses débroussailleuses','fr-FR'),(35432,'Maison et jardin > Pelouses et jardins > Accessoires pour équipement électrique d\'extérieur > Accessoires pour tondeuses à gazon > Adaptateurs et plateaux de mulching pour tondeuses à gazon','fr-FR'),(35428,'Maison et jardin > Pelouses et jardins > Accessoires pour équipement électrique d\'extérieur > Accessoires pour souffleuses à neige','fr-FR'),(35429,'Maison et jardin > Pelouses et jardins > Accessoires pour équipement électrique d\'extérieur > Accessoires pour taille-haies','fr-FR'),(35430,'Maison et jardin > Pelouses et jardins > Accessoires pour équipement électrique d\'extérieur > Accessoires pour tondeuses à gazon','fr-FR'),(35426,'Maison et jardin > Pelouses et jardins > Accessoires pour équipement électrique d\'extérieur > Accessoires pour souffleuses à feuilles','fr-FR'),(35427,'Maison et jardin > Pelouses et jardins > Accessoires pour équipement électrique d\'extérieur > Accessoires pour souffleuses à feuilles > Tubes pour souffleuses à feuilles','fr-FR'),(35425,'Maison et jardin > Pelouses et jardins > Accessoires pour équipement électrique d\'extérieur > Accessoires pour nettoyeur haute pression','fr-FR'),(35424,'Maison et jardin > Pelouses et jardins > Accessoires pour équipement électrique d\'extérieur > Accessoires pour débroussailleuses > Lames et bobines pour débroussailleuses','fr-FR'),(35422,'Maison et jardin > Pelouses et jardins > Accessoires pour équipement électrique d\'extérieur > Accessoires pour débroussailleuses','fr-FR'),(35423,'Maison et jardin > Pelouses et jardins > Accessoires pour équipement électrique d\'extérieur > Accessoires pour débroussailleuses > Couvercles de bobines pour débroussailleuses','fr-FR'),(35421,'Maison et jardin > Pelouses et jardins > Accessoires pour équipement électrique d\'extérieur > Accessoires pour coupe-bordures','fr-FR'),(35419,'Maison et jardin > Pelouses et jardins','fr-FR'),(35420,'Maison et jardin > Pelouses et jardins > Accessoires pour équipement électrique d\'extérieur','fr-FR'),(35417,'Maison et jardin > Luminaires > Éclairage sur rail > Rails d\'éclairage','fr-FR'),(35418,'Maison et jardin > Parasols et parapluies','fr-FR'),(35414,'Maison et jardin > Luminaires > Éclairage sur rail','fr-FR'),(35415,'Maison et jardin > Luminaires > Éclairage sur rail > Accessoires pour systèmes d\'éclairage en rails','fr-FR'),(35416,'Maison et jardin > Luminaires > Éclairage sur rail > Lumières pour rails d\'éclairage','fr-FR'),(35405,'Maison et jardin > Luminaires > Lampes','fr-FR'),(35406,'Maison et jardin > Luminaires > Lampes flottantes','fr-FR'),(35407,'Maison et jardin > Luminaires > Luminaires encastrés au sol','fr-FR'),(35408,'Maison et jardin > Luminaires > Projecteurs','fr-FR'),(35409,'Maison et jardin > Luminaires > Torches de jardin et lampes à huile','fr-FR'),(35410,'Maison et jardin > Luminaires > Veilleuses et lampes d\'ambiance','fr-FR'),(35411,'Maison et jardin > Luminaires > Éclairage d\'allées','fr-FR'),(35412,'Maison et jardin > Luminaires > Éclairage de sécurité','fr-FR'),(35413,'Maison et jardin > Luminaires > Éclairage de tableaux','fr-FR'),(35402,'Maison et jardin > Luminaires > Appareils d\'éclairage > Lustres','fr-FR'),(35403,'Maison et jardin > Luminaires > Appareils d\'éclairage > Plafonniers','fr-FR'),(35404,'Maison et jardin > Luminaires > Guirlandes et cordons lumineux','fr-FR'),(35400,'Maison et jardin > Luminaires > Appareils d\'éclairage > Fixations pour éclairage sous meuble','fr-FR'),(35401,'Maison et jardin > Luminaires > Appareils d\'éclairage > Lampe murales','fr-FR'),(35398,'Maison et jardin > Luminaires > Ampoules > Tubes fluorescents','fr-FR'),(35399,'Maison et jardin > Luminaires > Appareils d\'éclairage','fr-FR'),(35397,'Maison et jardin > Luminaires > Ampoules > Lampes à LED','fr-FR'),(35395,'Maison et jardin > Luminaires > Ampoules > Ampoules incandescentes','fr-FR'),(35396,'Maison et jardin > Luminaires > Ampoules > Lampes fluorescentes compactes','fr-FR'),(35393,'Maison et jardin > Luminaires','fr-FR'),(35394,'Maison et jardin > Luminaires > Ampoules','fr-FR'),(35392,'Maison et jardin > Linge > Serviettes > Torchons','fr-FR'),(35391,'Maison et jardin > Linge > Serviettes > Serviettes de plage','fr-FR'),(35389,'Maison et jardin > Linge > Serviettes','fr-FR'),(35390,'Maison et jardin > Linge > Serviettes > Serviettes de bain et gants de toilette','fr-FR'),(35388,'Maison et jardin > Linge > Literie > Taies et protections d\'oreiller','fr-FR'),(35386,'Maison et jardin > Linge > Literie > Protèges-matelas > Couvre-matelas','fr-FR'),(35387,'Maison et jardin > Linge > Literie > Protèges-matelas > Housses pour matelas','fr-FR'),(35385,'Maison et jardin > Linge > Literie > Protèges-matelas','fr-FR'),(35381,'Maison et jardin > Linge > Literie > Draps de lit','fr-FR'),(35382,'Maison et jardin > Linge > Literie > Housses de couette','fr-FR'),(35383,'Maison et jardin > Linge > Literie > Matelas de sieste','fr-FR'),(35384,'Maison et jardin > Linge > Literie > Oreillers','fr-FR'),(35380,'Maison et jardin > Linge > Literie > Dessus-de-lit et couettes','fr-FR'),(35378,'Maison et jardin > Linge > Literie > Ciels de lit','fr-FR'),(35379,'Maison et jardin > Linge > Literie > Couvertures','fr-FR'),(35376,'Maison et jardin > Linge > Literie','fr-FR'),(35377,'Maison et jardin > Linge > Literie > Cache sommiers','fr-FR'),(35374,'Maison et jardin > Linge > Linge de table > Serviettes en tissu','fr-FR'),(35375,'Maison et jardin > Linge > Linge de table > Sets de table','fr-FR'),(35372,'Maison et jardin > Linge > Linge de table > Napperons','fr-FR'),(35373,'Maison et jardin > Linge > Linge de table > Nappes','fr-FR'),(35370,'Maison et jardin > Linge > Linge de table > Chemins de table','fr-FR'),(35371,'Maison et jardin > Linge > Linge de table > Jupes de table','fr-FR'),(35367,'Maison et jardin > Linge','fr-FR'),(35368,'Maison et jardin > Linge > Ensembles de linge de cuisine','fr-FR'),(35369,'Maison et jardin > Linge > Linge de table','fr-FR'),(35365,'Maison et jardin > Décorations > Œuvres d\'art > Sculptures et statues','fr-FR'),(35366,'Maison et jardin > Décorations > Œuvres d\'art > Tapisseries de décoration','fr-FR'),(35363,'Maison et jardin > Décorations > Œuvres d\'art','fr-FR'),(35364,'Maison et jardin > Décorations > Œuvres d\'art > Affiches, reproductions et œuvres graphiques','fr-FR'),(35358,'Maison et jardin > Décorations > Tirelires','fr-FR'),(35359,'Maison et jardin > Décorations > Toises de croissance','fr-FR'),(35360,'Maison et jardin > Décorations > Vases','fr-FR'),(35361,'Maison et jardin > Décorations > Écosphères','fr-FR'),(35362,'Maison et jardin > Décorations > Épis de faîtage','fr-FR'),(35357,'Maison et jardin > Décorations > Stickers de décoration d\'intérieur','fr-FR'),(35356,'Maison et jardin > Décorations > Silhouettes en carton','fr-FR'),(35352,'Maison et jardin > Décorations > Roues à vent et girouettes','fr-FR'),(35353,'Maison et jardin > Décorations > Sabliers','fr-FR'),(35354,'Maison et jardin > Décorations > Saladiers décoratifs','fr-FR'),(35355,'Maison et jardin > Décorations > Serre-livres','fr-FR'),(35350,'Maison et jardin > Décorations > Présentoirs','fr-FR'),(35351,'Maison et jardin > Décorations > Ronds de serviettes','fr-FR'),(35347,'Maison et jardin > Décorations > Pluviomètres','fr-FR'),(35348,'Maison et jardin > Décorations > Porte-manteaux et porte-chapeaux','fr-FR'),(35349,'Maison et jardin > Décorations > Pots décoratifs','fr-FR'),(35344,'Maison et jardin > Décorations > Plaques décoratives','fr-FR'),(35345,'Maison et jardin > Décorations > Plaques humoristiques','fr-FR'),(35346,'Maison et jardin > Décorations > Plateaux décoratifs','fr-FR'),(35343,'Maison et jardin > Décorations > Plaques d\'adresse','fr-FR'),(35340,'Maison et jardin > Décorations > Petits tapis','fr-FR'),(35341,'Maison et jardin > Décorations > Pierres de jardin et pas japonais','fr-FR'),(35342,'Maison et jardin > Décorations > Pièces d\'horloges','fr-FR'),(35339,'Maison et jardin > Décorations > Parfums d\'intérieur > Tartelettes de cire parfumée','fr-FR'),(35336,'Maison et jardin > Décorations > Parfums d\'intérieur > Encens','fr-FR'),(35337,'Maison et jardin > Décorations > Parfums d\'intérieur > Huiles parfumées','fr-FR'),(35338,'Maison et jardin > Décorations > Parfums d\'intérieur > Pots pourris','fr-FR'),(35332,'Maison et jardin > Décorations > Papiers peints','fr-FR'),(35333,'Maison et jardin > Décorations > Parfums d\'intérieur','fr-FR'),(35334,'Maison et jardin > Décorations > Parfums d\'intérieur > Assainisseurs d\'air','fr-FR'),(35335,'Maison et jardin > Décorations > Parfums d\'intérieur > Bougies','fr-FR'),(35328,'Maison et jardin > Décorations > Miroirs','fr-FR'),(35329,'Maison et jardin > Décorations > Oreillers de soutien pour le dos','fr-FR'),(35330,'Maison et jardin > Décorations > Paillassons','fr-FR'),(35331,'Maison et jardin > Décorations > Paniers','fr-FR'),(35327,'Maison et jardin > Décorations > Mangeoires pour oiseaux et animaux sauvages > Mangeoires à écureuils','fr-FR'),(35326,'Maison et jardin > Décorations > Mangeoires pour oiseaux et animaux sauvages > Mangeoires à papillons','fr-FR'),(35323,'Maison et jardin > Décorations > Malles','fr-FR'),(35324,'Maison et jardin > Décorations > Mangeoires pour oiseaux et animaux sauvages','fr-FR'),(35325,'Maison et jardin > Décorations > Mangeoires pour oiseaux et animaux sauvages > Mangeoires à oiseaux','fr-FR'),(35321,'Maison et jardin > Décorations > Horloges > Réveils','fr-FR'),(35322,'Maison et jardin > Décorations > Housses','fr-FR'),(35320,'Maison et jardin > Décorations > Horloges > Horloges murales','fr-FR'),(35317,'Maison et jardin > Décorations > Horloges','fr-FR'),(35318,'Maison et jardin > Décorations > Horloges > Horloges de bureau et de cheminée','fr-FR'),(35319,'Maison et jardin > Décorations > Horloges > Horloges de parquet','fr-FR'),(35315,'Maison et jardin > Décorations > Habillages de fenêtre > Stores vénitiens et stores en toile','fr-FR'),(35316,'Maison et jardin > Décorations > Habillages de fenêtre > Vitraux','fr-FR'),(35312,'Maison et jardin > Décorations > Habillages de fenêtre > Lambrequins','fr-FR'),(35313,'Maison et jardin > Décorations > Habillages de fenêtre > Moustiquaires pour fenêtre','fr-FR'),(35314,'Maison et jardin > Décorations > Habillages de fenêtre > Rideaux','fr-FR'),(35311,'Maison et jardin > Décorations > Habillages de fenêtre > Films pour vitrages','fr-FR'),(35309,'Maison et jardin > Décorations > Globes terrestres','fr-FR'),(35310,'Maison et jardin > Décorations > Habillages de fenêtre','fr-FR'),(35307,'Maison et jardin > Décorations > Fontaines et bassins > Fontaines et cascades','fr-FR'),(35308,'Maison et jardin > Décorations > Girouettes et décorations de toit','fr-FR'),(35306,'Maison et jardin > Décorations > Fontaines et bassins > Bassins','fr-FR'),(35304,'Maison et jardin > Décorations > Fontaines et bassins','fr-FR'),(35305,'Maison et jardin > Décorations > Fontaines et bassins > Accessoires pour fontaines et bassins','fr-FR'),(35301,'Maison et jardin > Décorations > Figurines','fr-FR'),(35302,'Maison et jardin > Décorations > Fleurs et plantes artificielles','fr-FR'),(35303,'Maison et jardin > Décorations > Fleurs séchées','fr-FR'),(35298,'Maison et jardin > Décorations > Décorations de pelouse et sculptures de jardin','fr-FR'),(35299,'Maison et jardin > Décorations > Décorations magnétiques pour fenêtres','fr-FR'),(35300,'Maison et jardin > Décorations > Fentes à lettres','fr-FR'),(35296,'Maison et jardin > Décorations > Décorations de Noël et saisonnières > Supports de sapin de Noël','fr-FR'),(35297,'Maison et jardin > Décorations > Décorations de Noël et saisonnières > Tapis de sapin de Noël','fr-FR'),(35295,'Maison et jardin > Décorations > Décorations de Noël et saisonnières > Présentoirs et supports pour décorations de Noël','fr-FR'),(35293,'Maison et jardin > Décorations > Décorations de Noël et saisonnières > Kits de décoration d\'œufs de Pâques','fr-FR'),(35294,'Maison et jardin > Décorations > Décorations de Noël et saisonnières > Poupées traditionnelles japonaises','fr-FR'),(35292,'Maison et jardin > Décorations > Décorations de Noël et saisonnières > Décorations de Noël','fr-FR'),(35291,'Maison et jardin > Décorations > Décorations de Noël et saisonnières > Crèches de Noël','fr-FR'),(35288,'Maison et jardin > Décorations > Décorations de Noël et saisonnières > Calendriers de l\'Avent','fr-FR'),(35290,'Maison et jardin > Décorations > Décorations de Noël et saisonnières > Crochets pour décorations saisonnières','fr-FR'),(35289,'Maison et jardin > Décorations > Décorations de Noël et saisonnières > Crochets pour bas de Noël','fr-FR'),(35287,'Maison et jardin > Décorations > Décorations de Noël et saisonnières > Bas de Noël','fr-FR'),(35285,'Maison et jardin > Décorations > Décorations de Noël et saisonnières','fr-FR'),(35286,'Maison et jardin > Décorations > Décorations de Noël et saisonnières > Accessoires et coffrets de villages saisonniers','fr-FR'),(35283,'Maison et jardin > Décorations > Coussins pour ottomane','fr-FR'),(35284,'Maison et jardin > Décorations > Drapeaux et manches à air','fr-FR'),(35280,'Maison et jardin > Décorations > Couronnes et guirlandes','fr-FR'),(35281,'Maison et jardin > Décorations > Coussins décoratifs','fr-FR'),(35282,'Maison et jardin > Décorations > Coussins pour fauteuils et canapés','fr-FR'),(35275,'Maison et jardin > Décorations > Capteurs de rêves','fr-FR'),(35276,'Maison et jardin > Décorations > Carillons','fr-FR'),(35277,'Maison et jardin > Décorations > Chaînes de pluie','fr-FR'),(35278,'Maison et jardin > Décorations > Chiffres et lettres décoratifs','fr-FR'),(35279,'Maison et jardin > Décorations > Cloches décoratives','fr-FR'),(35274,'Maison et jardin > Décorations > Cailloux de table et matériaux de remplissage pour vases','fr-FR'),(35273,'Maison et jardin > Décorations > Cadres photo','fr-FR'),(35271,'Maison et jardin > Décorations > Cabanes à oiseaux et à animaux sauvages > Nichoirs à chauves-souris','fr-FR'),(35272,'Maison et jardin > Décorations > Cadrans solaires','fr-FR'),(35270,'Maison et jardin > Décorations > Cabanes à oiseaux et à animaux sauvages > Cabanes à papillons','fr-FR'),(35269,'Maison et jardin > Décorations > Cabanes à oiseaux et à animaux sauvages > Cabanes à oiseaux','fr-FR'),(35267,'Maison et jardin > Décorations > Boîtes à musique','fr-FR'),(35268,'Maison et jardin > Décorations > Cabanes à oiseaux et à animaux sauvages','fr-FR'),(35263,'Maison et jardin > Décorations > Bougies sans flamme','fr-FR'),(35264,'Maison et jardin > Décorations > Boules à neige','fr-FR'),(35265,'Maison et jardin > Décorations > Bouteilles décoratives','fr-FR'),(35266,'Maison et jardin > Décorations > Boîtes aux lettres','fr-FR'),(35261,'Maison et jardin > Décorations > Assiettes décoratives','fr-FR'),(35262,'Maison et jardin > Décorations > Attrape-soleil','fr-FR'),(35258,'Maison et jardin > Décorations > Accessoires pour parfums d\'intérieur > Éteignoirs pour bougies','fr-FR'),(35259,'Maison et jardin > Décorations > Aimants pour réfrigérateurs','fr-FR'),(35260,'Maison et jardin > Décorations > Alimentation artificielle','fr-FR'),(35257,'Maison et jardin > Décorations > Accessoires pour parfums d\'intérieur > Portes-encens','fr-FR'),(35256,'Maison et jardin > Décorations > Accessoires pour parfums d\'intérieur > Diffuseurs à huile et chauffe-bougies','fr-FR'),(35253,'Maison et jardin > Décorations > Accessoires pour nichoirs','fr-FR'),(35254,'Maison et jardin > Décorations > Accessoires pour parfums d\'intérieur','fr-FR'),(35255,'Maison et jardin > Décorations > Accessoires pour parfums d\'intérieur > Bougeoirs','fr-FR'),(35252,'Maison et jardin > Décorations > Accessoires pour le traitement des fenêtres > Tringles à rideaux','fr-FR'),(35251,'Maison et jardin > Décorations > Accessoires pour le traitement des fenêtres > Pièces de rechange pour fenêtres','fr-FR'),(35250,'Maison et jardin > Décorations > Accessoires pour le traitement des fenêtres > Embrasses et glands de rideaux','fr-FR'),(35249,'Maison et jardin > Décorations > Accessoires pour le traitement des fenêtres > Anneaux de rideaux','fr-FR'),(35248,'Maison et jardin > Décorations > Accessoires pour le traitement des fenêtres','fr-FR'),(35247,'Maison et jardin > Décorations > Accessoires pour drapeaux et manches à air > Éclairages de mâts pour drapeaux et manches à air','fr-FR'),(35246,'Maison et jardin > Décorations > Accessoires pour drapeaux et manches à air > Mâts pour drapeaux et manches à air','fr-FR'),(35244,'Maison et jardin > Décorations > Accessoires pour drapeaux et manches à air','fr-FR'),(35245,'Maison et jardin > Décorations > Accessoires pour drapeaux et manches à air > Kits ou pièces de montage de mâts pour drapeaux et manches à air ','fr-FR'),(35243,'Maison et jardin > Décorations > Accessoires de mangeoires à oiseaux et animaux sauvages','fr-FR'),(35242,'Maison et jardin > Décorations > Accessoires de boîte aux lettres > Stickers décoratifs pour boîtes à lettres','fr-FR'),(35241,'Maison et jardin > Décorations > Accessoires de boîte aux lettres > Poteaux de boîte aux lettres','fr-FR'),(35239,'Maison et jardin > Décorations > Accessoires de boîte aux lettres > Drapeaux de boîtes à lettres','fr-FR'),(35240,'Maison et jardin > Décorations > Accessoires de boîte aux lettres > Portes de rechange pour boîtes à lettres','fr-FR'),(35238,'Maison et jardin > Décorations > Accessoires de boîte aux lettres > Boîtiers de boîte aux lettres','fr-FR'),(35237,'Maison et jardin > Décorations > Accessoires de boîte aux lettres','fr-FR'),(35233,'Maison et jardin > Arts de la table et arts culinaires > Électroménager de cuisine > Émulsionneurs et mousseurs à lait','fr-FR'),(35234,'Maison et jardin > Cheminées','fr-FR'),(35235,'Maison et jardin > Décorations','fr-FR'),(35236,'Maison et jardin > Décorations > Abreuvoirs à oiseaux','fr-FR'),(35231,'Maison et jardin > Arts de la table et arts culinaires > Électroménager de cuisine > Trancheuses à viande','fr-FR'),(35232,'Maison et jardin > Arts de la table et arts culinaires > Électroménager de cuisine > Yaourtières','fr-FR'),(35229,'Maison et jardin > Arts de la table et arts culinaires > Électroménager de cuisine > Tables de cuisson','fr-FR'),(35230,'Maison et jardin > Arts de la table et arts culinaires > Électroménager de cuisine > Tempéreuses à chocolat','fr-FR'),(35228,'Maison et jardin > Arts de la table et arts culinaires > Électroménager de cuisine > Sorbetières et turbines à glace','fr-FR'),(35227,'Maison et jardin > Arts de la table et arts culinaires > Électroménager de cuisine > Sauteuses et woks électriques','fr-FR'),(35226,'Maison et jardin > Arts de la table et arts culinaires > Électroménager de cuisine > Rôtissoires','fr-FR'),(35224,'Maison et jardin > Arts de la table et arts culinaires > Électroménager de cuisine > Robots mixeurs et blenders','fr-FR'),(35225,'Maison et jardin > Arts de la table et arts culinaires > Électroménager de cuisine > Réfrigérateurs','fr-FR'),(35223,'Maison et jardin > Arts de la table et arts culinaires > Électroménager de cuisine > Refroidisseurs d\'eau','fr-FR'),(35220,'Maison et jardin > Arts de la table et arts culinaires > Électroménager de cuisine > Moulins et hachoirs','fr-FR'),(35221,'Maison et jardin > Arts de la table et arts culinaires > Électroménager de cuisine > Planchas au gaz','fr-FR'),(35222,'Maison et jardin > Arts de la table et arts culinaires > Électroménager de cuisine > Plaques chauffantes','fr-FR'),(35219,'Maison et jardin > Arts de la table et arts culinaires > Électroménager de cuisine > Marmites et ensembles à fondue','fr-FR'),(35218,'Maison et jardin > Arts de la table et arts culinaires > Électroménager de cuisine > Machines à thé','fr-FR'),(35216,'Maison et jardin > Arts de la table et arts culinaires > Électroménager de cuisine > Machines à popcorn','fr-FR'),(35217,'Maison et jardin > Arts de la table et arts culinaires > Électroménager de cuisine > Machines à pâtes','fr-FR'),(35214,'Maison et jardin > Arts de la table et arts culinaires > Électroménager de cuisine > Machines à mochi','fr-FR'),(35215,'Maison et jardin > Arts de la table et arts culinaires > Électroménager de cuisine > Machines à pain','fr-FR'),(35212,'Maison et jardin > Arts de la table et arts culinaires > Électroménager de cuisine > Machines à granité','fr-FR'),(35213,'Maison et jardin > Arts de la table et arts culinaires > Électroménager de cuisine > Machines à lait de soja','fr-FR'),(35210,'Maison et jardin > Arts de la table et arts culinaires > Électroménager de cuisine > Machines à gazéifier','fr-FR'),(35211,'Maison et jardin > Arts de la table et arts culinaires > Électroménager de cuisine > Machines à glaçons','fr-FR'),(35209,'Maison et jardin > Arts de la table et arts culinaires > Électroménager de cuisine > Machines à café et machines à expresso > Percolateurs','fr-FR'),(35208,'Maison et jardin > Arts de la table et arts culinaires > Électroménager de cuisine > Machines à café et machines à expresso > Machines à expresso','fr-FR'),(35207,'Maison et jardin > Arts de la table et arts culinaires > Électroménager de cuisine > Machines à café et machines à expresso > Cafetières à piston','fr-FR'),(35205,'Maison et jardin > Arts de la table et arts culinaires > Électroménager de cuisine > Machines à café et machines à expresso > Cafetières italiennes','fr-FR'),(35206,'Maison et jardin > Arts de la table et arts culinaires > Électroménager de cuisine > Machines à café et machines à expresso > Cafetières à dépression','fr-FR'),(35204,'Maison et jardin > Arts de la table et arts culinaires > Électroménager de cuisine > Machines à café et machines à expresso > Cafetières filtres','fr-FR'),(35201,'Maison et jardin > Arts de la table et arts culinaires > Électroménager de cuisine > Machines à barbe à papa','fr-FR'),(35202,'Maison et jardin > Arts de la table et arts culinaires > Électroménager de cuisine > Machines à boissons chaudes','fr-FR'),(35203,'Maison et jardin > Arts de la table et arts culinaires > Électroménager de cuisine > Machines à café et machines à expresso','fr-FR'),(35200,'Maison et jardin > Arts de la table et arts culinaires > Électroménager de cuisine > Lave-vaisselle','fr-FR'),(35198,'Maison et jardin > Arts de la table et arts culinaires > Électroménager de cuisine > Grils électriques et grille-pains > Mini fours','fr-FR'),(35199,'Maison et jardin > Arts de la table et arts culinaires > Électroménager de cuisine > Hottes aspirantes','fr-FR'),(35196,'Maison et jardin > Arts de la table et arts culinaires > Électroménager de cuisine > Grils électriques et grille-pains > Machines à paninis et croques','fr-FR'),(35197,'Maison et jardin > Arts de la table et arts culinaires > Électroménager de cuisine > Grils électriques et grille-pains > Machines à pizza','fr-FR'),(35194,'Maison et jardin > Arts de la table et arts culinaires > Électroménager de cuisine > Grils électriques et grille-pains > Machines à donuts','fr-FR'),(35195,'Maison et jardin > Arts de la table et arts culinaires > Électroménager de cuisine > Grils électriques et grille-pains > Machines à muffins et cupcakes','fr-FR'),(35193,'Maison et jardin > Arts de la table et arts culinaires > Électroménager de cuisine > Grils électriques et grille-pains > Machines à bretzels','fr-FR'),(35192,'Maison et jardin > Arts de la table et arts culinaires > Électroménager de cuisine > Grils électriques et grille-pains > Grille-pains','fr-FR'),(35191,'Maison et jardin > Arts de la table et arts culinaires > Électroménager de cuisine > Grils électriques et grille-pains > Gaufriers','fr-FR'),(35189,'Maison et jardin > Arts de la table et arts culinaires > Électroménager de cuisine > Grils électriques et grille-pains > Appareils à gaufres','fr-FR'),(35190,'Maison et jardin > Arts de la table et arts culinaires > Électroménager de cuisine > Grils électriques et grille-pains > Appareils à quesadillas et tortillas','fr-FR'),(35187,'Maison et jardin > Arts de la table et arts culinaires > Électroménager de cuisine > Grils et barbecues électriques','fr-FR'),(35188,'Maison et jardin > Arts de la table et arts culinaires > Électroménager de cuisine > Grils électriques et grille-pains','fr-FR'),(35185,'Maison et jardin > Arts de la table et arts culinaires > Électroménager de cuisine > Fumoirs alimentaires','fr-FR'),(35186,'Maison et jardin > Arts de la table et arts culinaires > Électroménager de cuisine > Grils d\'extérieur','fr-FR'),(35184,'Maison et jardin > Arts de la table et arts culinaires > Électroménager de cuisine > Friteuses','fr-FR'),(35182,'Maison et jardin > Arts de la table et arts culinaires > Électroménager de cuisine > Fours de camping','fr-FR'),(35183,'Maison et jardin > Arts de la table et arts culinaires > Électroménager de cuisine > Fours à micro-ondes','fr-FR'),(35181,'Maison et jardin > Arts de la table et arts culinaires > Électroménager de cuisine > Fours','fr-FR'),(35180,'Maison et jardin > Arts de la table et arts culinaires > Électroménager de cuisine > Filtres à eau','fr-FR'),(35177,'Maison et jardin > Arts de la table et arts culinaires > Électroménager de cuisine > Déshydrateurs alimentaires','fr-FR'),(35178,'Maison et jardin > Arts de la table et arts culinaires > Électroménager de cuisine > Emballages sous vide','fr-FR'),(35179,'Maison et jardin > Arts de la table et arts culinaires > Électroménager de cuisine > Extracteurs de jus','fr-FR'),(35176,'Maison et jardin > Arts de la table et arts culinaires > Électroménager de cuisine > Cuisinières','fr-FR'),(35175,'Maison et jardin > Arts de la table et arts culinaires > Électroménager de cuisine > Cuiseurs et cuiseurs vapeur > Mijoteuses','fr-FR'),(35174,'Maison et jardin > Arts de la table et arts culinaires > Électroménager de cuisine > Cuiseurs et cuiseurs vapeur > Fours à eau','fr-FR'),(35171,'Maison et jardin > Arts de la table et arts culinaires > Électroménager de cuisine > Cuiseurs et cuiseurs vapeur > Cuiseurs lents','fr-FR'),(35173,'Maison et jardin > Arts de la table et arts culinaires > Électroménager de cuisine > Cuiseurs et cuiseurs vapeur > Cuiseurs-vapeur','fr-FR'),(35172,'Maison et jardin > Arts de la table et arts culinaires > Électroménager de cuisine > Cuiseurs et cuiseurs vapeur > Cuiseurs à riz','fr-FR'),(35169,'Maison et jardin > Arts de la table et arts culinaires > Électroménager de cuisine > Cuiseurs et cuiseurs vapeur','fr-FR'),(35170,'Maison et jardin > Arts de la table et arts culinaires > Électroménager de cuisine > Cuiseurs et cuiseurs vapeur > Cuiseur à œufs','fr-FR'),(35168,'Maison et jardin > Arts de la table et arts culinaires > Électroménager de cuisine > Congélateurs','fr-FR'),(35167,'Maison et jardin > Arts de la table et arts culinaires > Électroménager de cuisine > Compacteurs de déchets ménagers','fr-FR'),(35166,'Maison et jardin > Arts de la table et arts culinaires > Électroménager de cuisine > Chauffe-repas > Tables à vapeur','fr-FR'),(35165,'Maison et jardin > Arts de la table et arts culinaires > Électroménager de cuisine > Chauffe-repas > Lampes chauffantes pour l\'alimentation','fr-FR'),(35164,'Maison et jardin > Arts de la table et arts culinaires > Électroménager de cuisine > Chauffe-repas > Contenants pour riz cuit','fr-FR'),(35162,'Maison et jardin > Arts de la table et arts culinaires > Électroménager de cuisine > Chauffe-repas','fr-FR'),(35163,'Maison et jardin > Arts de la table et arts culinaires > Électroménager de cuisine > Chauffe-repas > Appareils de maintien au chaud','fr-FR'),(35160,'Maison et jardin > Arts de la table et arts culinaires > Électroménager de cuisine > Caves à vin','fr-FR'),(35161,'Maison et jardin > Arts de la table et arts culinaires > Électroménager de cuisine > Chauffe tasses','fr-FR'),(35157,'Maison et jardin > Arts de la table et arts culinaires > Électroménager de cuisine > Bouilloires électriques','fr-FR'),(35158,'Maison et jardin > Arts de la table et arts culinaires > Électroménager de cuisine > Broyeurs de déchets','fr-FR'),(35159,'Maison et jardin > Arts de la table et arts culinaires > Électroménager de cuisine > Broyeurs et pileurs de glace','fr-FR'),(35156,'Maison et jardin > Arts de la table et arts culinaires > Électroménager de cuisine > Aiguiseurs de couteaux','fr-FR'),(35155,'Maison et jardin > Arts de la table et arts culinaires > Électroménager de cuisine','fr-FR'),(35154,'Maison et jardin > Arts de la table et arts culinaires > Ustensiles et accessoires de cuisine > Éplucheurs et évideurs','fr-FR'),(35152,'Maison et jardin > Arts de la table et arts culinaires > Ustensiles et accessoires de cuisine > Écraseurs à aliments > Pinces à crustacés','fr-FR'),(35153,'Maison et jardin > Arts de la table et arts culinaires > Ustensiles et accessoires de cuisine > Égouttoirs à vaisselle','fr-FR'),(35151,'Maison et jardin > Arts de la table et arts culinaires > Ustensiles et accessoires de cuisine > Écraseurs à aliments > Casse-noisettes > Casse-noisettes décoratifs','fr-FR'),(35150,'Maison et jardin > Arts de la table et arts culinaires > Ustensiles et accessoires de cuisine > Écraseurs à aliments > Casse-noisettes','fr-FR'),(35148,'Maison et jardin > Arts de la table et arts culinaires > Ustensiles et accessoires de cuisine > Écraseurs de canettes','fr-FR'),(35149,'Maison et jardin > Arts de la table et arts culinaires > Ustensiles et accessoires de cuisine > Écraseurs à aliments','fr-FR'),(35147,'Maison et jardin > Arts de la table et arts culinaires > Ustensiles et accessoires de cuisine > Zesteurs','fr-FR'),(35146,'Maison et jardin > Arts de la table et arts culinaires > Ustensiles et accessoires de cuisine > Trancheuses de cuisine','fr-FR'),(35145,'Maison et jardin > Arts de la table et arts culinaires > Ustensiles et accessoires de cuisine > Thermomètres de cuisson','fr-FR'),(35144,'Maison et jardin > Arts de la table et arts culinaires > Ustensiles et accessoires de cuisine > Tasses & cuillères à mesurer','fr-FR'),(35143,'Maison et jardin > Arts de la table et arts culinaires > Ustensiles et accessoires de cuisine > Tapis d\'évier','fr-FR'),(35141,'Maison et jardin > Arts de la table et arts culinaires > Ustensiles et accessoires de cuisine > Tabliers','fr-FR'),(35142,'Maison et jardin > Arts de la table et arts culinaires > Ustensiles et accessoires de cuisine > Tamis à farine','fr-FR'),(35140,'Maison et jardin > Arts de la table et arts culinaires > Ustensiles et accessoires de cuisine > Supports de refroidissement','fr-FR'),(35138,'Maison et jardin > Arts de la table et arts culinaires > Ustensiles et accessoires de cuisine > Spatules et racloirs de cuisine > Racloirs à grilles','fr-FR'),(35139,'Maison et jardin > Arts de la table et arts culinaires > Ustensiles et accessoires de cuisine > Sucriers','fr-FR'),(35137,'Maison et jardin > Arts de la table et arts culinaires > Ustensiles et accessoires de cuisine > Spatules et racloirs de cuisine > Racloirs de cuisine','fr-FR'),(35136,'Maison et jardin > Arts de la table et arts culinaires > Ustensiles et accessoires de cuisine > Spatules et racloirs de cuisine > Grattoir à bol','fr-FR'),(35135,'Maison et jardin > Arts de la table et arts culinaires > Ustensiles et accessoires de cuisine > Spatules et racloirs de cuisine','fr-FR'),(35134,'Maison et jardin > Arts de la table et arts culinaires > Ustensiles et accessoires de cuisine > Spatules','fr-FR'),(35133,'Maison et jardin > Arts de la table et arts culinaires > Ustensiles et accessoires de cuisine > Sacs de cuisson vapeur','fr-FR'),(35131,'Maison et jardin > Arts de la table et arts culinaires > Ustensiles et accessoires de cuisine > Râpes et zesteurs','fr-FR'),(35132,'Maison et jardin > Arts de la table et arts culinaires > Ustensiles et accessoires de cuisine > Sacs de cuisson pour fours','fr-FR'),(35129,'Maison et jardin > Arts de la table et arts culinaires > Ustensiles et accessoires de cuisine > Rouleaux à pâtisserie','fr-FR'),(35130,'Maison et jardin > Arts de la table et arts culinaires > Ustensiles et accessoires de cuisine > Roulettes à pâtes','fr-FR'),(35128,'Maison et jardin > Arts de la table et arts culinaires > Ustensiles et accessoires de cuisine > Rangements de cuisine > Étagères à épices','fr-FR'),(35126,'Maison et jardin > Arts de la table et arts culinaires > Ustensiles et accessoires de cuisine > Rangements de cuisine > Supports à casseroles','fr-FR'),(35127,'Maison et jardin > Arts de la table et arts culinaires > Ustensiles et accessoires de cuisine > Rangements de cuisine > Tiroirs à couverts et ustensiles','fr-FR'),(35125,'Maison et jardin > Arts de la table et arts culinaires > Ustensiles et accessoires de cuisine > Rangements de cuisine > Supports et distributeurs de cure-dents','fr-FR'),(35124,'Maison et jardin > Arts de la table et arts culinaires > Ustensiles et accessoires de cuisine > Rangements de cuisine > Rangements pour comptoirs de cuisine et bars','fr-FR'),(35123,'Maison et jardin > Arts de la table et arts culinaires > Ustensiles et accessoires de cuisine > Rangements de cuisine > Rangements pour articles de boisson','fr-FR'),(35121,'Maison et jardin > Arts de la table et arts culinaires > Ustensiles et accessoires de cuisine > Rangements de cuisine > Range-canettes','fr-FR'),(35122,'Maison et jardin > Arts de la table et arts culinaires > Ustensiles et accessoires de cuisine > Rangements de cuisine > Range-ustensiles pour la cuisine','fr-FR'),(35119,'Maison et jardin > Arts de la table et arts culinaires > Ustensiles et accessoires de cuisine > Rangements de cuisine > Distributeurs et porte-serviette de table','fr-FR'),(35120,'Maison et jardin > Arts de la table et arts culinaires > Ustensiles et accessoires de cuisine > Rangements de cuisine > Présentoirs à sucre','fr-FR'),(35118,'Maison et jardin > Arts de la table et arts culinaires > Ustensiles et accessoires de cuisine > Rangements de cuisine > Distributeurs de papier essuie-tout','fr-FR'),(35116,'Maison et jardin > Arts de la table et arts culinaires > Ustensiles et accessoires de cuisine > Rangements de cuisine > Blocs à couteaux','fr-FR'),(35117,'Maison et jardin > Arts de la table et arts culinaires > Ustensiles et accessoires de cuisine > Rangements de cuisine > Distributeurs de pailles','fr-FR'),(35115,'Maison et jardin > Arts de la table et arts culinaires > Ustensiles et accessoires de cuisine > Rangements de cuisine > Aménagements intérieurs pour meubles de cuisine','fr-FR'),(35114,'Maison et jardin > Arts de la table et arts culinaires > Ustensiles et accessoires de cuisine > Rangements de cuisine','fr-FR'),(35112,'Maison et jardin > Arts de la table et arts culinaires > Ustensiles et accessoires de cuisine > Presse-purées','fr-FR'),(35113,'Maison et jardin > Arts de la table et arts culinaires > Ustensiles et accessoires de cuisine > Presses à biscuits','fr-FR'),(35111,'Maison et jardin > Arts de la table et arts culinaires > Ustensiles et accessoires de cuisine > Presse-purée','fr-FR'),(35108,'Maison et jardin > Arts de la table et arts culinaires > Ustensiles et accessoires de cuisine > Porte-cuillères','fr-FR'),(35109,'Maison et jardin > Arts de la table et arts culinaires > Ustensiles et accessoires de cuisine > Porte-éponges pour évier','fr-FR'),(35110,'Maison et jardin > Arts de la table et arts culinaires > Ustensiles et accessoires de cuisine > Presse-ail','fr-FR'),(35107,'Maison et jardin > Arts de la table et arts culinaires > Ustensiles et accessoires de cuisine > Poires à jus','fr-FR'),(35106,'Maison et jardin > Arts de la table et arts culinaires > Ustensiles et accessoires de cuisine > Pochoirs pour aliments et boissons','fr-FR'),(35105,'Maison et jardin > Arts de la table et arts culinaires > Ustensiles et accessoires de cuisine > Planches à pizza','fr-FR'),(35103,'Maison et jardin > Arts de la table et arts culinaires > Ustensiles et accessoires de cuisine > Pistolets à viande séchée','fr-FR'),(35104,'Maison et jardin > Arts de la table et arts culinaires > Ustensiles et accessoires de cuisine > Planches à découper','fr-FR'),(35102,'Maison et jardin > Arts de la table et arts culinaires > Ustensiles et accessoires de cuisine > Pinces de cuisine','fr-FR'),(35101,'Maison et jardin > Arts de la table et arts culinaires > Ustensiles et accessoires de cuisine > Pinceaux à badigeonner','fr-FR'),(35099,'Maison et jardin > Arts de la table et arts culinaires > Ustensiles et accessoires de cuisine > Pelles à gâteaux','fr-FR'),(35100,'Maison et jardin > Arts de la table et arts culinaires > Ustensiles et accessoires de cuisine > Pics et brochettes alimentaires','fr-FR'),(35096,'Maison et jardin > Arts de la table et arts culinaires > Ustensiles et accessoires de cuisine > Pelles > Cuillères à glace','fr-FR'),(35097,'Maison et jardin > Arts de la table et arts culinaires > Ustensiles et accessoires de cuisine > Pelles > Cuillères à glaçons','fr-FR'),(35098,'Maison et jardin > Arts de la table et arts culinaires > Ustensiles et accessoires de cuisine > Pelles > Pelles à frites et pop-corn','fr-FR'),(35095,'Maison et jardin > Arts de la table et arts culinaires > Ustensiles et accessoires de cuisine > Pelles > Cuillères parisiennes','fr-FR'),(35093,'Maison et jardin > Arts de la table et arts culinaires > Ustensiles et accessoires de cuisine > Passoires à thé','fr-FR'),(35094,'Maison et jardin > Arts de la table et arts culinaires > Ustensiles et accessoires de cuisine > Pelles','fr-FR'),(35092,'Maison et jardin > Arts de la table et arts culinaires > Ustensiles et accessoires de cuisine > Passoires et filtres','fr-FR'),(35090,'Maison et jardin > Arts de la table et arts culinaires > Ustensiles et accessoires de cuisine > Nattes à sushis','fr-FR'),(35091,'Maison et jardin > Arts de la table et arts culinaires > Ustensiles et accessoires de cuisine > Ouvre-boîtes','fr-FR'),(35088,'Maison et jardin > Arts de la table et arts culinaires > Ustensiles et accessoires de cuisine > Moulins à épices','fr-FR'),(35089,'Maison et jardin > Arts de la table et arts culinaires > Ustensiles et accessoires de cuisine > Mélangeurs et shakers à vinaigrette','fr-FR'),(35085,'Maison et jardin > Arts de la table et arts culinaires > Ustensiles et accessoires de cuisine > Moules de cuisine','fr-FR'),(35086,'Maison et jardin > Arts de la table et arts culinaires > Ustensiles et accessoires de cuisine > Moules et tampons pour pâtes','fr-FR'),(35087,'Maison et jardin > Arts de la table et arts culinaires > Ustensiles et accessoires de cuisine > Moules à jelly','fr-FR'),(35083,'Maison et jardin > Arts de la table et arts culinaires > Ustensiles et accessoires de cuisine > Minuteurs de cuisson','fr-FR'),(35084,'Maison et jardin > Arts de la table et arts culinaires > Ustensiles et accessoires de cuisine > Mortiers et pilons','fr-FR'),(35082,'Maison et jardin > Arts de la table et arts culinaires > Ustensiles et accessoires de cuisine > Maniques et gants de cuisine','fr-FR'),(35079,'Maison et jardin > Arts de la table et arts culinaires > Ustensiles et accessoires de cuisine > Huiliers et vinaigriers','fr-FR'),(35080,'Maison et jardin > Arts de la table et arts culinaires > Ustensiles et accessoires de cuisine > Linges de pâtisserie','fr-FR'),(35081,'Maison et jardin > Arts de la table et arts culinaires > Ustensiles et accessoires de cuisine > Louches','fr-FR'),(35078,'Maison et jardin > Arts de la table et arts culinaires > Ustensiles et accessoires de cuisine > Fournitures pour décoration de gâteaux','fr-FR'),(35076,'Maison et jardin > Arts de la table et arts culinaires > Ustensiles et accessoires de cuisine > Fouets','fr-FR'),(35077,'Maison et jardin > Arts de la table et arts culinaires > Ustensiles et accessoires de cuisine > Fourchettes à découper','fr-FR'),(35073,'Maison et jardin > Arts de la table et arts culinaires > Ustensiles et accessoires de cuisine > Emporte-pièces','fr-FR'),(35074,'Maison et jardin > Arts de la table et arts culinaires > Ustensiles et accessoires de cuisine > Entonnoirs','fr-FR'),(35075,'Maison et jardin > Arts de la table et arts culinaires > Ustensiles et accessoires de cuisine > Essoreuses à salade','fr-FR'),(35072,'Maison et jardin > Arts de la table et arts culinaires > Ustensiles et accessoires de cuisine > Découpoirs','fr-FR'),(35070,'Maison et jardin > Arts de la table et arts culinaires > Ustensiles et accessoires de cuisine > Distributeurs de boissons','fr-FR'),(35071,'Maison et jardin > Arts de la table et arts culinaires > Ustensiles et accessoires de cuisine > Distributeurs de condiments','fr-FR'),(35068,'Maison et jardin > Arts de la table et arts culinaires > Ustensiles et accessoires de cuisine > Cuillère à rainures','fr-FR'),(35069,'Maison et jardin > Arts de la table et arts culinaires > Ustensiles et accessoires de cuisine > Distributeurs d\'aliments','fr-FR'),(35067,'Maison et jardin > Arts de la table et arts culinaires > Ustensiles et accessoires de cuisine > Couteaux électriques','fr-FR'),(35066,'Maison et jardin > Arts de la table et arts culinaires > Ustensiles et accessoires de cuisine > Couteaux de cuisine','fr-FR'),(35063,'Maison et jardin > Arts de la table et arts culinaires > Ustensiles et accessoires de cuisine > Ciseaux de cuisine','fr-FR'),(35064,'Maison et jardin > Arts de la table et arts culinaires > Ustensiles et accessoires de cuisine > Coffrets d\'ustensiles de cuisine','fr-FR'),(35065,'Maison et jardin > Arts de la table et arts culinaires > Ustensiles et accessoires de cuisine > Coupe-pizza','fr-FR'),(35061,'Maison et jardin > Arts de la table et arts culinaires > Ustensiles et accessoires de cuisine > Bols mélangeurs','fr-FR'),(35062,'Maison et jardin > Arts de la table et arts culinaires > Ustensiles et accessoires de cuisine > Chalumeaux de cuisine','fr-FR'),(35060,'Maison et jardin > Arts de la table et arts culinaires > Ustensiles et accessoires de cuisine > Bacs à glaçons','fr-FR'),(35059,'Maison et jardin > Arts de la table et arts culinaires > Ustensiles et accessoires de cuisine > Attendrisseurs de viande','fr-FR'),(35058,'Maison et jardin > Arts de la table et arts culinaires > Ustensiles et accessoires de cuisine > Accessoires pour thermomètres de cuisson','fr-FR'),(35057,'Maison et jardin > Arts de la table et arts culinaires > Ustensiles et accessoires de cuisine > Accessoires pour rouleaux à pâtisserie > Couvres-rouleau et manchons pour rouleaux à pâtisserie','fr-FR'),(35055,'Maison et jardin > Arts de la table et arts culinaires > Ustensiles et accessoires de cuisine > Accessoires pour rouleaux à pâtisserie','fr-FR'),(35053,'Maison et jardin > Arts de la table et arts culinaires > Ustensiles et accessoires de cuisine > Accessoires pour couteaux électriques > Lames de rechange pour couteaux électriques','fr-FR'),(35056,'Maison et jardin > Arts de la table et arts culinaires > Ustensiles et accessoires de cuisine > Accessoires pour rouleaux à pâtisserie > Bagues pour rouleaux à pâtisserie','fr-FR'),(35054,'Maison et jardin > Arts de la table et arts culinaires > Ustensiles et accessoires de cuisine > Accessoires pour moulins à épices','fr-FR'),(35051,'Maison et jardin > Arts de la table et arts culinaires > Ustensiles et accessoires de cuisine > Accessoires de découpe de pizzas','fr-FR'),(35052,'Maison et jardin > Arts de la table et arts culinaires > Ustensiles et accessoires de cuisine > Accessoires pour couteaux électriques','fr-FR'),(35050,'Maison et jardin > Arts de la table et arts culinaires > Ustensiles et accessoires de cuisine','fr-FR'),(35049,'Maison et jardin > Arts de la table et arts culinaires > Supports pour aliments et boissons > Thermos','fr-FR'),(35047,'Maison et jardin > Arts de la table et arts culinaires > Supports pour aliments et boissons > Sacs isothermes','fr-FR'),(35048,'Maison et jardin > Arts de la table et arts culinaires > Supports pour aliments et boissons > Sacs porte-bouteilles de vin','fr-FR'),(35045,'Maison et jardin > Arts de la table et arts culinaires > Supports pour aliments et boissons > Pichets isothermes à pompe','fr-FR'),(35046,'Maison et jardin > Arts de la table et arts culinaires > Supports pour aliments et boissons > Sacs déjeuner et boîtes à repas','fr-FR'),(35044,'Maison et jardin > Arts de la table et arts culinaires > Supports pour aliments et boissons > Paniers à pique-nique','fr-FR'),(35043,'Maison et jardin > Arts de la table et arts culinaires > Supports pour aliments et boissons > Manchons pour boissons > Manchons pour gobelets','fr-FR'),(35042,'Maison et jardin > Arts de la table et arts culinaires > Supports pour aliments et boissons > Manchons pour boissons > Manchons pour bouteilles et canettes','fr-FR'),(35041,'Maison et jardin > Arts de la table et arts culinaires > Supports pour aliments et boissons > Manchons pour boissons','fr-FR'),(35040,'Maison et jardin > Arts de la table et arts culinaires > Supports pour aliments et boissons > Gourdes pour boissons','fr-FR'),(35038,'Maison et jardin > Arts de la table et arts culinaires > Supports pour aliments et boissons > Flasques','fr-FR'),(35039,'Maison et jardin > Arts de la table et arts culinaires > Supports pour aliments et boissons > Glacières','fr-FR'),(35037,'Maison et jardin > Arts de la table et arts culinaires > Supports pour aliments et boissons > Couvercles de rechange pour récipients à boisson ','fr-FR'),(35035,'Maison et jardin > Arts de la table et arts culinaires > Supports pour aliments et boissons','fr-FR'),(35034,'Maison et jardin > Arts de la table et arts culinaires > Stockage des aliments > Seaux à confiseries','fr-FR'),(35036,'Maison et jardin > Arts de la table et arts culinaires > Supports pour aliments et boissons > Bouteilles d\'eau','fr-FR'),(35033,'Maison et jardin > Arts de la table et arts culinaires > Stockage des aliments > Sacs de stockage des aliments','fr-FR'),(35032,'Maison et jardin > Arts de la table et arts culinaires > Stockage des aliments > Pots à miel','fr-FR'),(35030,'Maison et jardin > Arts de la table et arts culinaires > Stockage des aliments > Emballages alimentaires > Papier cuisson','fr-FR'),(35031,'Maison et jardin > Arts de la table et arts culinaires > Stockage des aliments > Emballages alimentaires > Papier sulfurisé','fr-FR'),(35029,'Maison et jardin > Arts de la table et arts culinaires > Stockage des aliments > Emballages alimentaires > Papier aluminium','fr-FR'),(35028,'Maison et jardin > Arts de la table et arts culinaires > Stockage des aliments > Emballages alimentaires > Emballages plastiques','fr-FR'),(35027,'Maison et jardin > Arts de la table et arts culinaires > Stockage des aliments > Emballages alimentaires','fr-FR'),(35025,'Maison et jardin > Arts de la table et arts culinaires > Stockage des aliments > Conteneurs de stockage des aliments','fr-FR'),(35026,'Maison et jardin > Arts de la table et arts culinaires > Stockage des aliments > Couvercles pour récipients alimentaires','fr-FR'),(35021,'Maison et jardin > Arts de la table et arts culinaires > Matériel de cuisson et de pâtisserie > Ustensiles de cuisson > Woks','fr-FR'),(35022,'Maison et jardin > Arts de la table et arts culinaires > Stockage des aliments','fr-FR'),(35023,'Maison et jardin > Arts de la table et arts culinaires > Stockage des aliments > Boîtes à biscuits','fr-FR'),(35024,'Maison et jardin > Arts de la table et arts culinaires > Stockage des aliments > Boîtes à pain','fr-FR'),(35020,'Maison et jardin > Arts de la table et arts culinaires > Matériel de cuisson et de pâtisserie > Ustensiles de cuisson > Terrines','fr-FR'),(35019,'Maison et jardin > Arts de la table et arts culinaires > Matériel de cuisson et de pâtisserie > Ustensiles de cuisson > Tajines et plats de cuisson en terre cuite','fr-FR'),(35018,'Maison et jardin > Arts de la table et arts culinaires > Matériel de cuisson et de pâtisserie > Ustensiles de cuisson > Sauteuses','fr-FR'),(35015,'Maison et jardin > Arts de la table et arts culinaires > Matériel de cuisson et de pâtisserie > Ustensiles de cuisson > Poêles à paëlla','fr-FR'),(35017,'Maison et jardin > Arts de la table et arts culinaires > Matériel de cuisson et de pâtisserie > Ustensiles de cuisson > Presses de gril','fr-FR'),(35016,'Maison et jardin > Arts de la table et arts culinaires > Matériel de cuisson et de pâtisserie > Ustensiles de cuisson > Poêles-grils','fr-FR'),(35014,'Maison et jardin > Arts de la table et arts culinaires > Matériel de cuisson et de pâtisserie > Ustensiles de cuisson > Poêles à crêpes','fr-FR'),(35011,'Maison et jardin > Arts de la table et arts culinaires > Matériel de cuisson et de pâtisserie > Ustensiles de cuisson > Marmites','fr-FR'),(35012,'Maison et jardin > Arts de la table et arts culinaires > Matériel de cuisson et de pâtisserie > Ustensiles de cuisson > Pots de fermentation et saloirs','fr-FR'),(35013,'Maison et jardin > Arts de la table et arts culinaires > Matériel de cuisson et de pâtisserie > Ustensiles de cuisson > Poêles et poêles à frire','fr-FR'),(35010,'Maison et jardin > Arts de la table et arts culinaires > Matériel de cuisson et de pâtisserie > Ustensiles de cuisson > Cocottes','fr-FR'),(35008,'Maison et jardin > Arts de la table et arts culinaires > Matériel de cuisson et de pâtisserie > Ustensiles de cuisson > Bouilloires non électriques','fr-FR'),(35009,'Maison et jardin > Arts de la table et arts culinaires > Matériel de cuisson et de pâtisserie > Ustensiles de cuisson > Casseroles','fr-FR'),(35007,'Maison et jardin > Arts de la table et arts culinaires > Matériel de cuisson et de pâtisserie > Ustensiles de cuisson > Batteries de cuisine','fr-FR'),(35006,'Maison et jardin > Arts de la table et arts culinaires > Matériel de cuisson et de pâtisserie > Ustensiles de cuisson > Bains-marie','fr-FR'),(35004,'Maison et jardin > Arts de la table et arts culinaires > Matériel de cuisson et de pâtisserie > Ustensiles de cuisson','fr-FR'),(35005,'Maison et jardin > Arts de la table et arts culinaires > Matériel de cuisson et de pâtisserie > Ustensiles de cuisson > Autocuiseurs','fr-FR'),(35002,'Maison et jardin > Arts de la table et arts culinaires > Matériel de cuisson et de pâtisserie > Moules à pâtisserie > Plats à rôtir','fr-FR'),(35003,'Maison et jardin > Arts de la table et arts culinaires > Matériel de cuisson et de pâtisserie > Moules à pâtisserie > Ramequins et moules à soufflés','fr-FR'),(34999,'Maison et jardin > Arts de la table et arts culinaires > Matériel de cuisson et de pâtisserie > Moules à pâtisserie > Moules à tarte et quiche','fr-FR'),(35000,'Maison et jardin > Arts de la table et arts culinaires > Matériel de cuisson et de pâtisserie > Moules à pâtisserie > Pierres à pizza','fr-FR'),(35001,'Maison et jardin > Arts de la table et arts culinaires > Matériel de cuisson et de pâtisserie > Moules à pâtisserie > Plaques à pâtisserie','fr-FR'),(34998,'Maison et jardin > Arts de la table et arts culinaires > Matériel de cuisson et de pâtisserie > Moules à pâtisserie > Moules à pizza','fr-FR'),(34996,'Maison et jardin > Arts de la table et arts culinaires > Matériel de cuisson et de pâtisserie > Moules à pâtisserie > Moules à muffins et pâtisserie','fr-FR'),(34997,'Maison et jardin > Arts de la table et arts culinaires > Matériel de cuisson et de pâtisserie > Moules à pâtisserie > Moules à pain','fr-FR'),(34995,'Maison et jardin > Arts de la table et arts culinaires > Matériel de cuisson et de pâtisserie > Moules à pâtisserie > Moules à gâteaux','fr-FR'),(34994,'Maison et jardin > Arts de la table et arts culinaires > Matériel de cuisson et de pâtisserie > Moules à pâtisserie > Lots de moules à pâtisserie','fr-FR'),(34993,'Maison et jardin > Arts de la table et arts culinaires > Matériel de cuisson et de pâtisserie > Moules à pâtisserie > Grilloirs','fr-FR'),(34992,'Maison et jardin > Arts de la table et arts culinaires > Matériel de cuisson et de pâtisserie > Moules à pâtisserie','fr-FR'),(34991,'Maison et jardin > Arts de la table et arts culinaires > Matériel de cuisson et de pâtisserie > Batterie de cuisine et moules à pâtisserie','fr-FR'),(34990,'Maison et jardin > Arts de la table et arts culinaires > Matériel de cuisson et de pâtisserie > Accessoires pour pâtisserie > Tapis et feuilles de pâtisserie','fr-FR'),(34989,'Maison et jardin > Arts de la table et arts culinaires > Matériel de cuisson et de pâtisserie > Accessoires pour pâtisserie > Grilles pour plats à rôtir','fr-FR'),(34987,'Maison et jardin > Arts de la table et arts culinaires > Matériel de cuisson et de pâtisserie > Accessoires pour pâtisserie','fr-FR'),(34988,'Maison et jardin > Arts de la table et arts culinaires > Matériel de cuisson et de pâtisserie > Accessoires pour pâtisserie > Billes de cuisson','fr-FR'),(34986,'Maison et jardin > Arts de la table et arts culinaires > Matériel de cuisson et de pâtisserie > Accessoires pour cuisson > Poignées pour batterie de cuisine','fr-FR'),(34984,'Maison et jardin > Arts de la table et arts culinaires > Matériel de cuisson et de pâtisserie > Accessoires pour cuisson > Couvercles pour batterie de cuisine','fr-FR'),(34985,'Maison et jardin > Arts de la table et arts culinaires > Matériel de cuisson et de pâtisserie > Accessoires pour cuisson > Paniers à vapeur','fr-FR'),(34983,'Maison et jardin > Arts de la table et arts culinaires > Matériel de cuisson et de pâtisserie > Accessoires pour cuisson > Accessoires pour woks > Supports pour woks','fr-FR'),(34982,'Maison et jardin > Arts de la table et arts culinaires > Matériel de cuisson et de pâtisserie > Accessoires pour cuisson > Accessoires pour woks > Brosses pour woks','fr-FR'),(34980,'Maison et jardin > Arts de la table et arts culinaires > Matériel de cuisson et de pâtisserie > Accessoires pour cuisson > Accessoires pour autocuiseurs','fr-FR'),(34981,'Maison et jardin > Arts de la table et arts culinaires > Matériel de cuisson et de pâtisserie > Accessoires pour cuisson > Accessoires pour woks','fr-FR'),