-- Table structure for table `pre3305_layered_product_attribute`
--

CREATE TABLE `pre3305_layered_product_attribute` (
  `id_attribute` int(10) unsigned NOT NULL,
  `id_product` int(10) unsigned NOT NULL,
  `id_attribute_group` int(10) unsigned NOT NULL DEFAULT '0',
  `id_shop` int(10) unsigned NOT NULL DEFAULT '1',
  PRIMARY KEY (`id_attribute`,`id_product`,`id_shop`),
  UNIQUE KEY `id_attribute_group` (`id_attribute_group`,`id_attribute`,`id_product`,`id_shop`)
) ENGINE=InnoDB DEFAULT CHARSET=utf8;

--
-- Dumping data for table `pre3305_layered_product_attribute`
--

INSERT INTO `pre3305_layered_product_attribute` VALUES (30,6032,5,4),(31,6032,5,4),(32,6032,5,4),(33,6032,5,4),(34,6032,5,4),(35,5524,6,4),(36,5524,6,4),(37,5524,6,4),(38,5522,7,4),(39,5522,7,4),(40,6048,8,4),(41,6048,8,4),(42,6051,9,4),(43,6051,9,4),(44,6053,10,4),(45,6053,10,4),(46,6057,11,4),(47,6057,11,4),(48,6057,11,4),(49,6057,11,4),(50,6058,12,4),(51,6058,12,4),(52,6061,13,4),(53,6061,13,4),(54,5530,14,4),(55,5530,14,4),(56,5530,14,4),(57,5530,14,4),(58,5530,14,4),(59,5530,14,4),(60,5530,14,4),(61,5530,14,4),(62,5530,14,4),(63,5530,14,4),(64,5530,14,4),(65,5530,14,4),(66,5530,14,4),(67,5530,14,4),(68,5530,14,4),(69,5530,14,4),(70,5530,14,4),(71,5530,14,4),(72,5530,14,4),(73,5530,14,4),(74,5530,14,4),(75,5530,14,4),(76,6079,15,4),(77,6079,15,4),(78,6079,15,4),(79,6080,16,4),(80,6080,16,4),(81,6080,16,4),(82,6081,17,4),(83,6081,17,4),(84,6081,17,4),(85,6082,18,4),(86,6082,18,4),(87,6082,18,4),(88,6083,19,4),(89,6083,19,4),(90,6083,19,4),(91,6093,20,4),(92,6093,20,4),(93,6089,21,4),(94,6089,21,4),(95,6196,22,4),(96,6196,22,4);

--
-- Table structure for table `pre3305_leoblog_blog`
--

CREATE TABLE `pre3305_leoblog_blog` (
  `id_leoblog_blog` int(11) NOT NULL AUTO_INCREMENT,
  `id_leoblogcat` int(11) NOT NULL,
  `position` int(11) NOT NULL,
  `date_add` date NOT NULL,
  `active` tinyint(1) NOT NULL,
  `user_id` int(11) NOT NULL,
  `hits` int(11) NOT NULL,
  `image` varchar(255) DEFAULT NULL,
  `thumb` varchar(255) DEFAULT NULL,
  `date_upd` datetime NOT NULL,
  `video_code` text,
  `params` text,
  `featured` tinyint(1) NOT NULL,
  `indexation` int(11) NOT NULL,
  `id_employee` int(11) NOT NULL,
  `product_ids` varchar(255) DEFAULT NULL,
  `author_name` varchar(255) DEFAULT NULL,
  PRIMARY KEY (`id_leoblog_blog`)
) ENGINE=InnoDB AUTO_INCREMENT=36 DEFAULT CHARSET=utf8;

--
-- Dumping data for table `pre3305_leoblog_blog`
--

INSERT INTO `pre3305_leoblog_blog` VALUES (1,3,0,'2018-07-18',1,0,61,'b-blog-1.jpg','','2018-07-18 16:23:16','<iframe width=\"560\" height=\"315\" src=\"//www.youtube.com/embed/lzY4lkT8ElU\" frameborder=\"0\" allowfullscreen></iframe>',NULL,0,1,1,NULL,''),(2,3,1,'2018-07-18',1,0,114,'b-blog-2.jpg','','2018-07-18 16:23:16','',NULL,0,1,1,NULL,''),(3,3,2,'2018-07-18',1,0,24,'b-blog-3.jpg','','2018-07-18 16:23:16','',NULL,0,0,1,NULL,''),(4,3,3,'2018-07-18',1,0,130,'b-blog-4.jpg','','2018-07-18 16:23:16','',NULL,0,0,1,NULL,''),(5,3,4,'2018-07-18',1,0,80,'b-blog-5.jpg','','2018-07-18 16:23:16','',NULL,0,0,1,NULL,''),(6,3,5,'2018-07-18',1,0,16,'b-blog-6.jpg','','2018-07-18 16:23:16','',NULL,0,0,1,NULL,''),(7,3,6,'2018-07-18',1,0,9,'b-blog-7.jpg','','2018-07-18 16:23:16','',NULL,0,1,1,NULL,''),(8,6,0,'2018-07-18',1,0,54,'b-blog-1.jpg','','2018-07-18 16:28:09','<iframe width=\"560\" height=\"315\" src=\"//www.youtube.com/embed/lzY4lkT8ElU\" frameborder=\"0\" allowfullscreen></iframe>',NULL,0,1,1,NULL,''),(9,6,1,'2018-07-18',1,0,105,'b-blog-2.jpg','','2018-07-18 16:28:09','',NULL,0,1,1,NULL,''),(10,6,2,'2018-07-18',1,0,12,'b-blog-3.jpg','','2018-07-18 16:28:09','',NULL,0,0,1,NULL,''),(11,6,3,'2018-07-18',1,0,123,'b-blog-4.jpg','','2018-07-18 16:28:09','',NULL,0,0,1,NULL,''),(12,6,4,'2018-07-18',1,0,72,'b-blog-5.jpg','','2018-07-18 16:28:09','',NULL,0,0,1,NULL,''),(13,6,5,'2018-07-18',1,0,7,'b-blog-6.jpg','','2018-07-18 16:28:09','',NULL,0,0,1,NULL,''),(14,6,6,'2018-07-18',1,0,2,'b-blog-7.jpg','','2018-07-18 16:28:09','',NULL,0,1,1,NULL,''),(15,9,0,'2018-09-07',1,0,60,'b-blog-1.jpg','','2018-09-07 11:38:38','<iframe width=\"560\" height=\"315\" src=\"//www.youtube.com/embed/lzY4lkT8ElU\" frameborder=\"0\" allowfullscreen></iframe>',NULL,0,1,1,NULL,''),(16,9,1,'2018-09-07',1,0,111,'b-blog-2.jpg','','2018-09-07 11:38:38','',NULL,0,1,1,NULL,''),(17,9,2,'2018-09-07',1,0,18,'b-blog-3.jpg','','2018-09-07 11:38:38','',NULL,0,0,1,NULL,''),(18,9,3,'2018-09-07',1,0,130,'b-blog-4.jpg','','2018-09-07 11:38:38','',NULL,0,0,1,NULL,''),(19,9,4,'2018-09-07',1,0,77,'b-blog-5.jpg','','2018-09-07 11:38:38','',NULL,0,0,1,NULL,''),(20,9,5,'2018-09-07',1,0,15,'b-blog-6.jpg','','2018-09-07 11:38:38','',NULL,0,0,1,NULL,''),(21,9,6,'2018-09-07',1,0,9,'b-blog-7.jpg','','2018-09-07 11:38:38','',NULL,0,1,1,NULL,''),(22,12,0,'2018-09-07',1,0,64,'b-blog-1.jpg','','2018-09-07 11:39:04','<iframe width=\"560\" height=\"315\" src=\"//www.youtube.com/embed/lzY4lkT8ElU\" frameborder=\"0\" allowfullscreen></iframe>',NULL,0,1,1,NULL,''),(23,12,1,'2018-09-07',1,0,111,'b-blog-2.jpg','','2018-09-07 11:39:04','',NULL,0,1,1,NULL,''),(24,12,2,'2018-09-07',1,0,20,'b-blog-3.jpg','','2018-09-07 11:39:04','',NULL,0,0,1,NULL,''),(25,12,3,'2018-09-07',1,0,128,'b-blog-4.jpg','','2018-09-07 11:39:04','',NULL,0,0,1,NULL,''),(26,12,4,'2018-09-07',1,0,77,'b-blog-5.jpg','','2018-09-07 11:39:04','',NULL,0,0,1,NULL,''),(27,12,5,'2018-09-07',1,0,16,'b-blog-6.jpg','','2018-09-07 11:39:04','',NULL,0,0,1,NULL,''),(28,12,6,'2018-09-07',1,0,8,'b-blog-7.jpg','','2018-09-07 11:39:04','',NULL,0,1,1,NULL,''),(29,15,0,'2018-09-07',1,0,54,'b-blog-1.jpg','','2018-09-07 15:30:52','<iframe width=\"560\" height=\"315\" src=\"//www.youtube.com/embed/lzY4lkT8ElU\" frameborder=\"0\" allowfullscreen></iframe>',NULL,0,1,1,NULL,''),(30,15,1,'2018-09-07',1,0,105,'b-blog-2.jpg','','2018-09-07 15:30:52','',NULL,0,1,1,NULL,''),(31,15,2,'2018-09-07',1,0,12,'b-blog-3.jpg','','2018-09-07 15:30:52','',NULL,0,0,1,NULL,''),(32,15,3,'2018-09-07',1,0,122,'b-blog-4.jpg','','2018-09-07 15:30:52','',NULL,0,0,1,NULL,''),(33,15,4,'2018-09-07',1,0,71,'b-blog-5.jpg','','2018-09-07 15:30:52','',NULL,0,0,1,NULL,''),(34,15,5,'2018-09-07',1,0,7,'b-blog-6.jpg','','2018-09-07 15:30:52','',NULL,0,0,1,NULL,''),(35,15,6,'2018-09-07',1,0,2,'b-blog-7.jpg','','2018-09-07 15:30:52','',NULL,0,1,1,NULL,'');

--
-- Table structure for table `pre3305_leoblog_blog_lang`
--

CREATE TABLE `pre3305_leoblog_blog_lang` (
  `id_leoblog_blog` int(11) NOT NULL,
  `id_lang` int(11) NOT NULL,
  `meta_description` varchar(255) NOT NULL,
  `meta_keywords` varchar(250) NOT NULL,
  `meta_title` varchar(250) NOT NULL,
  `link_rewrite` varchar(255) NOT NULL,
  `content` text NOT NULL,
  `description` text NOT NULL,
  `tags` varchar(255) NOT NULL,
  PRIMARY KEY (`id_leoblog_blog`,`id_lang`)
) ENGINE=InnoDB DEFAULT CHARSET=utf8;

--
-- Dumping data for table `pre3305_leoblog_blog_lang`
--

INSERT INTO `pre3305_leoblog_blog_lang` VALUES (1,1,'','','At risus pretium urna tortor metus fringilla','at-risus-pretium-urna-tortor-metus-fringilla','<p>Odio ut pretium ligula quam Vestibulum consequat convallis fringilla Vestibulum nulla. Accumsan morbi tristique auctor. At risus pretium urna tortor metus fringilla interdum mauris tempor congue Odio ut pretium ligula quam Vestibulum consequat convallis fringilla Vestibulum nulla. Accumsan morbi tristique auctor. At risus pretium urna tortor metus fringilla interdum mauris tempor congue Odio ut pretium ligula quam Vestibulum consequat convallis fringilla Vestibulum nulla. Accumsan morbi tristique auctor. At risus pretium urna tortor metus fringilla interdum mauris tempor congue</p>\n<p> </p>\n<p>Odio ut pretium ligula quam Vestibulum consequat convallis fringilla Vestibulum nulla. Accumsan morbi tristique auctor. At risus pretium urna tortor metus fringilla interdum mauris tempor congue</p>\n<p> </p>\n<p>Odio ut pretium ligula quam Vestibulum consequat convallis fringilla Vestibulum nulla. Accumsan morbi tristique auctor. At risus pretium urna tortor metus fringilla interdum mauris tempor congue Odio ut pretium ligula quam Vestibulum consequat convallis fringilla Vestibulum nulla. Accumsan morbi tristique auctor. At risus pretium urna tortor metus fringilla interdum mauris tempor congue</p>\n<p> </p>\n<p>Odio ut pretium ligula quam Vestibulum consequat convallis fringilla Vestibulum nulla. Accumsan morbi tristique auctor. At risus pretium urna tortor metus fringilla interdum mauris tempor congue Odio ut pretium ligula quam Vestibulum consequat convallis fringilla Vestibulum nulla. Accumsan morbi tristique auctor. At risus pretium urna tortor metus fringilla interdum mauris tempor congue</p>','<p>Odio ut pretium ligula quam Vestibulum consequat convallis fringilla Vestibulum nulla. Accumsan morbi tristique auctor. At risus pretium urna tortor metus fringilla interdum mauris tempor congue</p>','joomla,wordpress'),(1,2,'','','At risus pretium urna tortor metus fringilla','at-risus-pretium-urna-tortor-metus-fringilla','<p>Odio ut pretium ligula quam Vestibulum consequat convallis fringilla Vestibulum nulla. Accumsan morbi tristique auctor. At risus pretium urna tortor metus fringilla interdum mauris tempor congue Odio ut pretium ligula quam Vestibulum consequat convallis fringilla Vestibulum nulla. Accumsan morbi tristique auctor. At risus pretium urna tortor metus fringilla interdum mauris tempor congue Odio ut pretium ligula quam Vestibulum consequat convallis fringilla Vestibulum nulla. Accumsan morbi tristique auctor. At risus pretium urna tortor metus fringilla interdum mauris tempor congue</p>\n<p> </p>\n<p>Odio ut pretium ligula quam Vestibulum consequat convallis fringilla Vestibulum nulla. Accumsan morbi tristique auctor. At risus pretium urna tortor metus fringilla interdum mauris tempor congue</p>\n<p> </p>\n<p>Odio ut pretium ligula quam Vestibulum consequat convallis fringilla Vestibulum nulla. Accumsan morbi tristique auctor. At risus pretium urna tortor metus fringilla interdum mauris tempor congue Odio ut pretium ligula quam Vestibulum consequat convallis fringilla Vestibulum nulla. Accumsan morbi tristique auctor. At risus pretium urna tortor metus fringilla interdum mauris tempor congue</p>\n<p> </p>\n<p>Odio ut pretium ligula quam Vestibulum consequat convallis fringilla Vestibulum nulla. Accumsan morbi tristique auctor. At risus pretium urna tortor metus fringilla interdum mauris tempor congue Odio ut pretium ligula quam Vestibulum consequat convallis fringilla Vestibulum nulla. Accumsan morbi tristique auctor. At risus pretium urna tortor metus fringilla interdum mauris tempor congue</p>','<p>Odio ut pretium ligula quam Vestibulum consequat convallis fringilla Vestibulum nulla. Accumsan morbi tristique auctor. At risus pretium urna tortor metus fringilla interdum mauris tempor congue</p>','joomla,wordpress'),(2,1,'','','Ipsum cursus vestibulum at interdum Vivamus','ipsum-cursus-vestibulum-at-interdum-vivamus','<p>Donec tellus Nulla lorem Nullam elit id ut elit feugiat lacus. Congue eget dapibus congue tincidunt senectus nibh risus Phasellus tristique justo. Justo Pellentesque Donec lobortis faucibus Vestibulum Praesent mauris volutpat vitae metus. Ipsum cursus vestibulum at interdum Vivamus nunc fringilla Curabitur ac quis. Nam lacinia wisi tortor orci quis vitae. Donec tellus Nulla lorem Nullam elit id ut elit feugiat lacus. Congue eget dapibus congue tincidunt senectus nibh risus Phasellus tristique justo. Justo Pellentesque Donec lobortis faucibus Vestibulum Praesent mauris volutpat vitae metus. Ipsum cursus vestibulum at interdum Vivamus nunc fringilla Curabitur ac quis. Nam lacinia wisi tortor orci quis vitae. Donec tellus Nulla lorem Nullam elit id ut elit feugiat lacus. Congue eget dapibus congue tincidunt senectus nibh risus Phasellus tristique justo. Justo Pellentesque Donec lobortis faucibus Vestibulum Praesent mauris volutpat vitae metus. Ipsum cursus vestibulum at interdum Vivamus nunc fringilla Curabitur ac quis. Nam lacinia wisi tortor orci quis vitae.</p>\n<p>Donec tellus Nulla lorem Nullam elit id ut elit feugiat lacus. Congue eget dapibus congue tincidunt senectus nibh risus Phasellus tristique justo. Justo Pellentesque Donec lobortis faucibus Vestibulum Praesent mauris volutpat vitae metus. Ipsum cursus vestibulum at interdum Vivamus nunc fringilla Curabitur ac quis. Nam lacinia wisi tortor orci quis vitae.Donec tellus Nulla lorem Nullam elit id ut elit feugiat lacus. Congue eget dapibus congue tincidunt senectus nibh risus Phasellus tristique justo. Justo Pellentesque Donec lobortis faucibus Vestibulum Praesent mauris volutpat vitae metus. Ipsum cursus vestibulum at interdum Vivamus nunc fringilla Curabitur ac quis. Nam lacinia wisi tortor orci quis vitae.Donec tellus Nulla lorem Nullam elit id ut elit feugiat lacus. Congue eget dapibus congue tincidunt senectus nibh risus Phasellus tristique justo. Justo Pellentesque Donec lobortis faucibus Vestibulum Praesent mauris volutpat vitae metus. Ipsum cursus vestibulum at interdum Vivamus nunc fringilla Curabitur ac quis. Nam lacinia wisi tortor orci quis vitae.</p>','<p>Donec tellus Nulla lorem Nullam elit id ut elit feugiat lacus. Congue eget dapibus congue tincidunt senectus nibh risus Phasellus tristique justo. Justo Pellentesque Donec lobortis faucibus</p>','joomla,prestashop,leotheme'),(2,2,'','','Ipsum cursus vestibulum at interdum Vivamus','ipsum-cursus-vestibulum-at-interdum-vivamus','<p>Donec tellus Nulla lorem Nullam elit id ut elit feugiat lacus. Congue eget dapibus congue tincidunt senectus nibh risus Phasellus tristique justo. Justo Pellentesque Donec lobortis faucibus Vestibulum Praesent mauris volutpat vitae metus. Ipsum cursus vestibulum at interdum Vivamus nunc fringilla Curabitur ac quis. Nam lacinia wisi tortor orci quis vitae. Donec tellus Nulla lorem Nullam elit id ut elit feugiat lacus. Congue eget dapibus congue tincidunt senectus nibh risus Phasellus tristique justo. Justo Pellentesque Donec lobortis faucibus Vestibulum Praesent mauris volutpat vitae metus. Ipsum cursus vestibulum at interdum Vivamus nunc fringilla Curabitur ac quis. Nam lacinia wisi tortor orci quis vitae. Donec tellus Nulla lorem Nullam elit id ut elit feugiat lacus. Congue eget dapibus congue tincidunt senectus nibh risus Phasellus tristique justo. Justo Pellentesque Donec lobortis faucibus Vestibulum Praesent mauris volutpat vitae metus. Ipsum cursus vestibulum at interdum Vivamus nunc fringilla Curabitur ac quis. Nam lacinia wisi tortor orci quis vitae.</p>\n<p>Donec tellus Nulla lorem Nullam elit id ut elit feugiat lacus. Congue eget dapibus congue tincidunt senectus nibh risus Phasellus tristique justo. Justo Pellentesque Donec lobortis faucibus Vestibulum Praesent mauris volutpat vitae metus. Ipsum cursus vestibulum at interdum Vivamus nunc fringilla Curabitur ac quis. Nam lacinia wisi tortor orci quis vitae.Donec tellus Nulla lorem Nullam elit id ut elit feugiat lacus. Congue eget dapibus congue tincidunt senectus nibh risus Phasellus tristique justo. Justo Pellentesque Donec lobortis faucibus Vestibulum Praesent mauris volutpat vitae metus. Ipsum cursus vestibulum at interdum Vivamus nunc fringilla Curabitur ac quis. Nam lacinia wisi tortor orci quis vitae.Donec tellus Nulla lorem Nullam elit id ut elit feugiat lacus. Congue eget dapibus congue tincidunt senectus nibh risus Phasellus tristique justo. Justo Pellentesque Donec lobortis faucibus Vestibulum Praesent mauris volutpat vitae metus. Ipsum cursus vestibulum at interdum Vivamus nunc fringilla Curabitur ac quis. Nam lacinia wisi tortor orci quis vitae.</p>','<p>Donec tellus Nulla lorem Nullam elit id ut elit feugiat lacus. Congue eget dapibus congue tincidunt senectus nibh risus Phasellus tristique justo. Justo Pellentesque Donec lobortis faucibus</p>','joomla,prestashop,leotheme'),(3,1,'','joomla,prestashop,leotheme,prestashop theme','Urna pretium elit mauris cursus Curabitur at elit Vestibulum','urna-pretium-elit-mauris-cursus-curabitur-at-elit-vestibulum','<p>Mi vitae magnis Fusce laoreet nibh felis porttitor laoreet Vestibulum faucibus. At Nulla id tincidunt ut sed semper vel Lorem condimentum ornare. Laoreet Vestibulum lacinia massa a commodo habitasse velit Vestibulum tincidunt In. Turpis at eleifend leo mi elit Aenean porta ac sed faucibus. Nunc urna Morbi fringilla vitae orci convallis condimentum auctor sit dui. Urna pretium elit mauris cursus Curabitur at elit Vestibulum.</p>','<p>Mi vitae magnis Fusce laoreet nibh felis porttitor laoreet Vestibulum faucibus. At Nulla id tincidunt ut sed semper vel Lorem condimentum ornare.</p>','Joomla'),(3,2,'','joomla,prestashop,leotheme,prestashop theme','Urna pretium elit mauris cursus Curabitur at elit Vestibulum','urna-pretium-elit-mauris-cursus-curabitur-at-elit-vestibulum','<p>Mi vitae magnis Fusce laoreet nibh felis porttitor laoreet Vestibulum faucibus. At Nulla id tincidunt ut sed semper vel Lorem condimentum ornare. Laoreet Vestibulum lacinia massa a commodo habitasse velit Vestibulum tincidunt In. Turpis at eleifend leo mi elit Aenean porta ac sed faucibus. Nunc urna Morbi fringilla vitae orci convallis condimentum auctor sit dui. Urna pretium elit mauris cursus Curabitur at elit Vestibulum.</p>','<p>Mi vitae magnis Fusce laoreet nibh felis porttitor laoreet Vestibulum faucibus. At Nulla id tincidunt ut sed semper vel Lorem condimentum ornare.</p>','Joomla'),(4,1,'','','Urna pretium elit mauris cursus Curabitur at elit Vestibulum','urna-pretium-elit-mauris-cursus-curabitur-at-elit-vestibulum','<p>Mi vitae magnis Fusce laoreet nibh felis porttitor laoreet Vestibulum faucibus. At Nulla id tincidunt ut sed semper vel Lorem condimentum ornare. Laoreet Vestibulum lacinia massa a commodo habitasse velit Vestibulum tincidunt In. Turpis at eleifend leo mi elit Aenean porta ac sed faucibus. Nunc urna Morbi fringilla vitae orci convallis condimentum auctor sit dui. Urna pretium elit mauris cursus Curabitur at elit Vestibulum. Mi vitae magnis Fusce laoreet nibh felis porttitor laoreet Vestibulum faucibus. At Nulla id tincidunt ut sed semper vel Lorem condimentum ornare. Laoreet Vestibulum lacinia massa a commodo habitasse velit Vestibulum tincidunt In. Turpis at eleifend leo mi elit Aenean porta ac sed faucibus. Nunc urna Morbi fringilla vitae orci convallis condimentum auctor sit dui. Urna pretium elit mauris cursus Curabitur at elit Vestibulum.</p>','<p>Mi vitae magnis Fusce laoreet nibh felis porttitor laoreet Vestibulum faucibus. At Nulla id tincidunt ut sed semper vel Lorem condimentum ornare.</p>','leotheme,prestashop,theme'),(4,2,'','','Urna pretium elit mauris cursus Curabitur at elit Vestibulum','urna-pretium-elit-mauris-cursus-curabitur-at-elit-vestibulum','<p>Mi vitae magnis Fusce laoreet nibh felis porttitor laoreet Vestibulum faucibus. At Nulla id tincidunt ut sed semper vel Lorem condimentum ornare. Laoreet Vestibulum lacinia massa a commodo habitasse velit Vestibulum tincidunt In. Turpis at eleifend leo mi elit Aenean porta ac sed faucibus. Nunc urna Morbi fringilla vitae orci convallis condimentum auctor sit dui. Urna pretium elit mauris cursus Curabitur at elit Vestibulum. Mi vitae magnis Fusce laoreet nibh felis porttitor laoreet Vestibulum faucibus. At Nulla id tincidunt ut sed semper vel Lorem condimentum ornare. Laoreet Vestibulum lacinia massa a commodo habitasse velit Vestibulum tincidunt In. Turpis at eleifend leo mi elit Aenean porta ac sed faucibus. Nunc urna Morbi fringilla vitae orci convallis condimentum auctor sit dui. Urna pretium elit mauris cursus Curabitur at elit Vestibulum.</p>','<p>Mi vitae magnis Fusce laoreet nibh felis porttitor laoreet Vestibulum faucibus. At Nulla id tincidunt ut sed semper vel Lorem condimentum ornare.</p>','leotheme,prestashop,theme'),(5,1,'','','Morbi condimentum molestie Nam enim odio sodales','morbi-condimentum-molestie-nam-enim-odio-sodales','<p>Odio ut pretium ligula quam Vestibulum consequat convallis fringilla Vestibulum nulla. Accumsan morbi tristique auctor. At risus pretium urna tortor metus fringilla interdum mauris tempor congue.</p><p>Commodo laoreet semper tincidunt lorem Vestibulum nunc at In Curabitur magna. Euismod euismod Suspendisse tortor ante adipiscing risus Aenean Lorem vitae id. Odio ut pretium ligula quam Vestibulum consequat convallis fringilla Vestibulum nulla. Accumsan morbi tristique auctor Aenean nulla lacinia Nullam elit vel vel. At risus pretium urna tortor metus fringilla interdum mauris tempor congue.</p><p>Donec tellus Nulla lorem Nullam elit id ut elit feugiat lacus. Congue eget dapibus congue tincidunt senectus nibh risus Phasellus tristique justo. Justo Pellentesque Donec lobortis faucibus Vestibulum Praesent mauris volutpat vitae metus. Ipsum cursus vestibulum at interdum Vivamus nunc fringilla Curabitur ac quis. Nam lacinia wisi tortor orci quis vitae.</p><p>Sed mauris Pellentesque elit Aliquam at lacus interdum nascetur elit ipsum. Enim ipsum hendrerit Suspendisse turpis laoreet fames tempus ligula pede ac. Et Lorem penatibus orci eu ultrices egestas Nam quam Vivamus nibh. Morbi condimentum molestie Nam enim odio sodales pretium eros sem pellentesque. Sit tellus Integer elit egestas lacus turpis id auctor nascetur ut. Ac elit vitae.</p><p>Mi vitae magnis Fusce laoreet nibh felis porttitor laoreet Vestibulum faucibus. At Nulla id tincidunt ut sed semper vel Lorem condimentum ornare. Laoreet Vestibulum lacinia massa a commodo habitasse velit Vestibulum tincidunt In. Turpis at eleifend leo mi elit Aenean porta ac sed faucibus. Nunc urna Morbi fringilla vitae orci convallis condimentum auctor sit dui. Urna pretium elit mauris cursus Curabitur at elit Vestibulum.</p>','<p>Sed mauris Pellentesque elit Aliquam at lacus interdum nascetur elit ipsum. Enim ipsum hendrerit Suspendisse turpis laoreet fames tempus ligula pede ac. Et Lorem penatibus orci eu ultrices egestas Nam quam Vivamus nibh.</p>','leotheme,prestashop,magento,opencart'),(5,2,'','','Morbi condimentum molestie Nam enim odio sodales','morbi-condimentum-molestie-nam-enim-odio-sodales','<p>Odio ut pretium ligula quam Vestibulum consequat convallis fringilla Vestibulum nulla. Accumsan morbi tristique auctor. At risus pretium urna tortor metus fringilla interdum mauris tempor congue.</p><p>Commodo laoreet semper tincidunt lorem Vestibulum nunc at In Curabitur magna. Euismod euismod Suspendisse tortor ante adipiscing risus Aenean Lorem vitae id. Odio ut pretium ligula quam Vestibulum consequat convallis fringilla Vestibulum nulla. Accumsan morbi tristique auctor Aenean nulla lacinia Nullam elit vel vel. At risus pretium urna tortor metus fringilla interdum mauris tempor congue.</p><p>Donec tellus Nulla lorem Nullam elit id ut elit feugiat lacus. Congue eget dapibus congue tincidunt senectus nibh risus Phasellus tristique justo. Justo Pellentesque Donec lobortis faucibus Vestibulum Praesent mauris volutpat vitae metus. Ipsum cursus vestibulum at interdum Vivamus nunc fringilla Curabitur ac quis. Nam lacinia wisi tortor orci quis vitae.</p><p>Sed mauris Pellentesque elit Aliquam at lacus interdum nascetur elit ipsum. Enim ipsum hendrerit Suspendisse turpis laoreet fames tempus ligula pede ac. Et Lorem penatibus orci eu ultrices egestas Nam quam Vivamus nibh. Morbi condimentum molestie Nam enim odio sodales pretium eros sem pellentesque. Sit tellus Integer elit egestas lacus turpis id auctor nascetur ut. Ac elit vitae.</p><p>Mi vitae magnis Fusce laoreet nibh felis porttitor laoreet Vestibulum faucibus. At Nulla id tincidunt ut sed semper vel Lorem condimentum ornare. Laoreet Vestibulum lacinia massa a commodo habitasse velit Vestibulum tincidunt In. Turpis at eleifend leo mi elit Aenean porta ac sed faucibus. Nunc urna Morbi fringilla vitae orci convallis condimentum auctor sit dui. Urna pretium elit mauris cursus Curabitur at elit Vestibulum.</p>','<p>Sed mauris Pellentesque elit Aliquam at lacus interdum nascetur elit ipsum. Enim ipsum hendrerit Suspendisse turpis laoreet fames tempus ligula pede ac. Et Lorem penatibus orci eu ultrices egestas Nam quam Vivamus nibh.</p>','leotheme,prestashop,magento,opencart'),(6,1,'','','Turpis at eleifend leo mi elit Aenean porta ac sed faucibus','turpis-at-eleifend-leo-mi-elit-aenean-porta-ac-sed-faucibus','<p>Odio ut pretium ligula quam Vestibulum consequat convallis fringilla Vestibulum nulla. Accumsan morbi tristique auctor. At risus pretium urna tortor metus fringilla interdum mauris tempor congue.</p><p>Commodo laoreet semper tincidunt lorem Vestibulum nunc at In Curabitur magna. Euismod euismod Suspendisse tortor ante adipiscing risus Aenean Lorem vitae id. Odio ut pretium ligula quam Vestibulum consequat convallis fringilla Vestibulum nulla. Accumsan morbi tristique auctor Aenean nulla lacinia Nullam elit vel vel. At risus pretium urna tortor metus fringilla interdum mauris tempor congue.</p>\n<p>Donec tellus Nulla lorem Nullam elit id ut elit feugiat lacus. Congue eget dapibus congue tincidunt senectus nibh risus Phasellus tristique justo. Justo Pellentesque Donec lobortis faucibus Vestibulum Praesent mauris volutpat vitae metus. Ipsum cursus vestibulum at interdum Vivamus nunc fringilla Curabitur ac quis. Nam lacinia wisi tortor orci quis vitae.</p>\n<p>Sed mauris Pellentesque elit Aliquam at lacus interdum nascetur elit ipsum. Enim ipsum hendrerit Suspendisse turpis laoreet fames tempus ligula pede ac. Et Lorem penatibus orci eu ultrices egestas Nam quam Vivamus nibh. Morbi condimentum molestie Nam enim odio sodales pretium eros sem pellentesque. Sit tellus Integer elit egestas lacus turpis id auctor nascetur ut. Ac elit vitae.</p>\n<p>Mi vitae magnis Fusce laoreet nibh felis porttitor laoreet Vestibulum faucibus. At Nulla id tincidunt ut sed semper vel Lorem condimentum ornare. Laoreet Vestibulum lacinia massa a commodo habitasse velit Vestibulum tincidunt In. Turpis at eleifend leo mi elit Aenean porta ac sed faucibus. Nunc urna Morbi fringilla vitae orci convallis condimentum auctor sit dui. Urna pretium elit mauris cursus Curabitur at elit Vestibulum.</p>','<p>Turpis at eleifend leo mi elit Aenean porta ac sed faucibus. Nunc urna Morbi fringilla vitae orci convallis condimentum auctor sit dui. Urna pretium elit mauris cursus Curabitur at elit Vestibulum</p>','magento,opencart,template'),(6,2,'','','Turpis at eleifend leo mi elit Aenean porta ac sed faucibus','turpis-at-eleifend-leo-mi-elit-aenean-porta-ac-sed-faucibus','<p>Odio ut pretium ligula quam Vestibulum consequat convallis fringilla Vestibulum nulla. Accumsan morbi tristique auctor. At risus pretium urna tortor metus fringilla interdum mauris tempor congue.</p><p>Commodo laoreet semper tincidunt lorem Vestibulum nunc at In Curabitur magna. Euismod euismod Suspendisse tortor ante adipiscing risus Aenean Lorem vitae id. Odio ut pretium ligula quam Vestibulum consequat convallis fringilla Vestibulum nulla. Accumsan morbi tristique auctor Aenean nulla lacinia Nullam elit vel vel. At risus pretium urna tortor metus fringilla interdum mauris tempor congue.</p>\n<p>Donec tellus Nulla lorem Nullam elit id ut elit feugiat lacus. Congue eget dapibus congue tincidunt senectus nibh risus Phasellus tristique justo. Justo Pellentesque Donec lobortis faucibus Vestibulum Praesent mauris volutpat vitae metus. Ipsum cursus vestibulum at interdum Vivamus nunc fringilla Curabitur ac quis. Nam lacinia wisi tortor orci quis vitae.</p>\n<p>Sed mauris Pellentesque elit Aliquam at lacus interdum nascetur elit ipsum. Enim ipsum hendrerit Suspendisse turpis laoreet fames tempus ligula pede ac. Et Lorem penatibus orci eu ultrices egestas Nam quam Vivamus nibh. Morbi condimentum molestie Nam enim odio sodales pretium eros sem pellentesque. Sit tellus Integer elit egestas lacus turpis id auctor nascetur ut. Ac elit vitae.</p>\n<p>Mi vitae magnis Fusce laoreet nibh felis porttitor laoreet Vestibulum faucibus. At Nulla id tincidunt ut sed semper vel Lorem condimentum ornare. Laoreet Vestibulum lacinia massa a commodo habitasse velit Vestibulum tincidunt In. Turpis at eleifend leo mi elit Aenean porta ac sed faucibus. Nunc urna Morbi fringilla vitae orci convallis condimentum auctor sit dui. Urna pretium elit mauris cursus Curabitur at elit Vestibulum.</p>','<p>Turpis at eleifend leo mi elit Aenean porta ac sed faucibus. Nunc urna Morbi fringilla vitae orci convallis condimentum auctor sit dui. Urna pretium elit mauris cursus Curabitur at elit Vestibulum</p>','magento,opencart,template'),(7,1,'','','Nullam ullamcorper nisl quis ornare molestie','nullam-ullamcorper-nisl-quis-ornare-molestie','<p>Sed ut perspiciatis unde omnis iste natus error sit voluptatem accusantium doloremque laudantium, totam rem aperiam, eaque ipsa quae ab illo inventore veritatis et quas.</p><p>Suspendisse posuere, diam in bibendum lobortis, turpis ipsum aliquam risus, sit amet dictum ligula lorem non nisl. Ut vitae nibh id massa vulputate euismod ut quis justo. Ut bibendum sem at massa lacinia, eget elementum ante consectetur. Nulla id pharetra dui, at rhoncus urna. Maecenas non porttitor purus. Nullam ullamcorper nisl quis ornare molestie.</p>\n<p>Etiam eget erat est. Phasellus elit justo, mattis non lorem non, aliquam aliquam leo. Sed fermentum consectetur magna, eget semper ante. Aliquam scelerisque justo velit. Fusce cursus blandit dolor, in sodales urna vulputate lobortis. Nulla ut tellus turpis. Nullam lacus sem, volutpat id odio sed, cursus tristique eros. Duis at pellentesque magna. Donec magna nisi, vulputate ac nulla eu, ultricies tincidunt tellus. Nunc tincidunt sem urna, nec venenatis libero vehicula ut.</p>\n<p>Vestibulum ante ipsum primis in faucibus orci luctus et ultrices posuere cubilia Curae; Curabitur faucibus aliquam pulvinar. Vivamus mattis volutpat erat, et congue nisi semper quis. Cras vehicula dignissim libero in elementum. Mauris sit amet dolor justo. Morbi consequat velit vel est fermentum euismod. Curabitur in magna augue.</p>','<p>Suspendisse posuere, diam in bibendum lobortis, turpis ipsum aliquam risus, sit amet dictum ligula lorem non nisl Urna pretium elit mauris cursus Curabitur at elit Vestibulum</p>','opencart,theme'),(7,2,'','','Nullam ullamcorper nisl quis ornare molestie','nullam-ullamcorper-nisl-quis-ornare-molestie','<p>Sed ut perspiciatis unde omnis iste natus error sit voluptatem accusantium doloremque laudantium, totam rem aperiam, eaque ipsa quae ab illo inventore veritatis et quas.</p><p>Suspendisse posuere, diam in bibendum lobortis, turpis ipsum aliquam risus, sit amet dictum ligula lorem non nisl. Ut vitae nibh id massa vulputate euismod ut quis justo. Ut bibendum sem at massa lacinia, eget elementum ante consectetur. Nulla id pharetra dui, at rhoncus urna. Maecenas non porttitor purus. Nullam ullamcorper nisl quis ornare molestie.</p>\n<p>Etiam eget erat est. Phasellus elit justo, mattis non lorem non, aliquam aliquam leo. Sed fermentum consectetur magna, eget semper ante. Aliquam scelerisque justo velit. Fusce cursus blandit dolor, in sodales urna vulputate lobortis. Nulla ut tellus turpis. Nullam lacus sem, volutpat id odio sed, cursus tristique eros. Duis at pellentesque magna. Donec magna nisi, vulputate ac nulla eu, ultricies tincidunt tellus. Nunc tincidunt sem urna, nec venenatis libero vehicula ut.</p>\n<p>Vestibulum ante ipsum primis in faucibus orci luctus et ultrices posuere cubilia Curae; Curabitur faucibus aliquam pulvinar. Vivamus mattis volutpat erat, et congue nisi semper quis. Cras vehicula dignissim libero in elementum. Mauris sit amet dolor justo. Morbi consequat velit vel est fermentum euismod. Curabitur in magna augue.</p>','<p>Suspendisse posuere, diam in bibendum lobortis, turpis ipsum aliquam risus, sit amet dictum ligula lorem non nisl Urna pretium elit mauris cursus Curabitur at elit Vestibulum</p>','opencart,theme'),(8,1,'','','At risus pretium urna tortor metus fringilla','at-risus-pretium-urna-tortor-metus-fringilla','<p>Odio ut pretium ligula quam Vestibulum consequat convallis fringilla Vestibulum nulla. Accumsan morbi tristique auctor. At risus pretium urna tortor metus fringilla interdum mauris tempor congue Odio ut pretium ligula quam Vestibulum consequat convallis fringilla Vestibulum nulla. Accumsan morbi tristique auctor. At risus pretium urna tortor metus fringilla interdum mauris tempor congue Odio ut pretium ligula quam Vestibulum consequat convallis fringilla Vestibulum nulla. Accumsan morbi tristique auctor. At risus pretium urna tortor metus fringilla interdum mauris tempor congue</p>\n<p> </p>\n<p>Odio ut pretium ligula quam Vestibulum consequat convallis fringilla Vestibulum nulla. Accumsan morbi tristique auctor. At risus pretium urna tortor metus fringilla interdum mauris tempor congue</p>\n<p> </p>\n<p>Odio ut pretium ligula quam Vestibulum consequat convallis fringilla Vestibulum nulla. Accumsan morbi tristique auctor. At risus pretium urna tortor metus fringilla interdum mauris tempor congue Odio ut pretium ligula quam Vestibulum consequat convallis fringilla Vestibulum nulla. Accumsan morbi tristique auctor. At risus pretium urna tortor metus fringilla interdum mauris tempor congue</p>\n<p> </p>\n<p>Odio ut pretium ligula quam Vestibulum consequat convallis fringilla Vestibulum nulla. Accumsan morbi tristique auctor. At risus pretium urna tortor metus fringilla interdum mauris tempor congue Odio ut pretium ligula quam Vestibulum consequat convallis fringilla Vestibulum nulla. Accumsan morbi tristique auctor. At risus pretium urna tortor metus fringilla interdum mauris tempor congue</p>','<p>Odio ut pretium ligula quam Vestibulum consequat convallis fringilla Vestibulum nulla. Accumsan morbi tristique auctor. At risus pretium urna tortor metus fringilla interdum mauris tempor congue</p>','joomla,wordpress'),(8,2,'','','At risus pretium urna tortor metus fringilla','at-risus-pretium-urna-tortor-metus-fringilla','<p>Odio ut pretium ligula quam Vestibulum consequat convallis fringilla Vestibulum nulla. Accumsan morbi tristique auctor. At risus pretium urna tortor metus fringilla interdum mauris tempor congue Odio ut pretium ligula quam Vestibulum consequat convallis fringilla Vestibulum nulla. Accumsan morbi tristique auctor. At risus pretium urna tortor metus fringilla interdum mauris tempor congue Odio ut pretium ligula quam Vestibulum consequat convallis fringilla Vestibulum nulla. Accumsan morbi tristique auctor. At risus pretium urna tortor metus fringilla interdum mauris tempor congue</p>\n<p> </p>\n<p>Odio ut pretium ligula quam Vestibulum consequat convallis fringilla Vestibulum nulla. Accumsan morbi tristique auctor. At risus pretium urna tortor metus fringilla interdum mauris tempor congue</p>\n<p> </p>\n<p>Odio ut pretium ligula quam Vestibulum consequat convallis fringilla Vestibulum nulla. Accumsan morbi tristique auctor. At risus pretium urna tortor metus fringilla interdum mauris tempor congue Odio ut pretium ligula quam Vestibulum consequat convallis fringilla Vestibulum nulla. Accumsan morbi tristique auctor. At risus pretium urna tortor metus fringilla interdum mauris tempor congue</p>\n<p> </p>\n<p>Odio ut pretium ligula quam Vestibulum consequat convallis fringilla Vestibulum nulla. Accumsan morbi tristique auctor. At risus pretium urna tortor metus fringilla interdum mauris tempor congue Odio ut pretium ligula quam Vestibulum consequat convallis fringilla Vestibulum nulla. Accumsan morbi tristique auctor. At risus pretium urna tortor metus fringilla interdum mauris tempor congue</p>','<p>Odio ut pretium ligula quam Vestibulum consequat convallis fringilla Vestibulum nulla. Accumsan morbi tristique auctor. At risus pretium urna tortor metus fringilla interdum mauris tempor congue</p>','joomla,wordpress'),(9,1,'','','Ipsum cursus vestibulum at interdum Vivamus','ipsum-cursus-vestibulum-at-interdum-vivamus','<p>Donec tellus Nulla lorem Nullam elit id ut elit feugiat lacus. Congue eget dapibus congue tincidunt senectus nibh risus Phasellus tristique justo. Justo Pellentesque Donec lobortis faucibus Vestibulum Praesent mauris volutpat vitae metus. Ipsum cursus vestibulum at interdum Vivamus nunc fringilla Curabitur ac quis. Nam lacinia wisi tortor orci quis vitae. Donec tellus Nulla lorem Nullam elit id ut elit feugiat lacus. Congue eget dapibus congue tincidunt senectus nibh risus Phasellus tristique justo. Justo Pellentesque Donec lobortis faucibus Vestibulum Praesent mauris volutpat vitae metus. Ipsum cursus vestibulum at interdum Vivamus nunc fringilla Curabitur ac quis. Nam lacinia wisi tortor orci quis vitae. Donec tellus Nulla lorem Nullam elit id ut elit feugiat lacus. Congue eget dapibus congue tincidunt senectus nibh risus Phasellus tristique justo. Justo Pellentesque Donec lobortis faucibus Vestibulum Praesent mauris volutpat vitae metus. Ipsum cursus vestibulum at interdum Vivamus nunc fringilla Curabitur ac quis. Nam lacinia wisi tortor orci quis vitae.</p>\n<p>Donec tellus Nulla lorem Nullam elit id ut elit feugiat lacus. Congue eget dapibus congue tincidunt senectus nibh risus Phasellus tristique justo. Justo Pellentesque Donec lobortis faucibus Vestibulum Praesent mauris volutpat vitae metus. Ipsum cursus vestibulum at interdum Vivamus nunc fringilla Curabitur ac quis. Nam lacinia wisi tortor orci quis vitae.Donec tellus Nulla lorem Nullam elit id ut elit feugiat lacus. Congue eget dapibus congue tincidunt senectus nibh risus Phasellus tristique justo. Justo Pellentesque Donec lobortis faucibus Vestibulum Praesent mauris volutpat vitae metus. Ipsum cursus vestibulum at interdum Vivamus nunc fringilla Curabitur ac quis. Nam lacinia wisi tortor orci quis vitae.Donec tellus Nulla lorem Nullam elit id ut elit feugiat lacus. Congue eget dapibus congue tincidunt senectus nibh risus Phasellus tristique justo. Justo Pellentesque Donec lobortis faucibus Vestibulum Praesent mauris volutpat vitae metus. Ipsum cursus vestibulum at interdum Vivamus nunc fringilla Curabitur ac quis. Nam lacinia wisi tortor orci quis vitae.</p>','<p>Donec tellus Nulla lorem Nullam elit id ut elit feugiat lacus. Congue eget dapibus congue tincidunt senectus nibh risus Phasellus tristique justo. Justo Pellentesque Donec lobortis faucibus</p>','joomla,prestashop,leotheme'),(9,2,'','','Ipsum cursus vestibulum at interdum Vivamus','ipsum-cursus-vestibulum-at-interdum-vivamus','<p>Donec tellus Nulla lorem Nullam elit id ut elit feugiat lacus. Congue eget dapibus congue tincidunt senectus nibh risus Phasellus tristique justo. Justo Pellentesque Donec lobortis faucibus Vestibulum Praesent mauris volutpat vitae metus. Ipsum cursus vestibulum at interdum Vivamus nunc fringilla Curabitur ac quis. Nam lacinia wisi tortor orci quis vitae. Donec tellus Nulla lorem Nullam elit id ut elit feugiat lacus. Congue eget dapibus congue tincidunt senectus nibh risus Phasellus tristique justo. Justo Pellentesque Donec lobortis faucibus Vestibulum Praesent mauris volutpat vitae metus. Ipsum cursus vestibulum at interdum Vivamus nunc fringilla Curabitur ac quis. Nam lacinia wisi tortor orci quis vitae. Donec tellus Nulla lorem Nullam elit id ut elit feugiat lacus. Congue eget dapibus congue tincidunt senectus nibh risus Phasellus tristique justo. Justo Pellentesque Donec lobortis faucibus Vestibulum Praesent mauris volutpat vitae metus. Ipsum cursus vestibulum at interdum Vivamus nunc fringilla Curabitur ac quis. Nam lacinia wisi tortor orci quis vitae.</p>\n<p>Donec tellus Nulla lorem Nullam elit id ut elit feugiat lacus. Congue eget dapibus congue tincidunt senectus nibh risus Phasellus tristique justo. Justo Pellentesque Donec lobortis faucibus Vestibulum Praesent mauris volutpat vitae metus. Ipsum cursus vestibulum at interdum Vivamus nunc fringilla Curabitur ac quis. Nam lacinia wisi tortor orci quis vitae.Donec tellus Nulla lorem Nullam elit id ut elit feugiat lacus. Congue eget dapibus congue tincidunt senectus nibh risus Phasellus tristique justo. Justo Pellentesque Donec lobortis faucibus Vestibulum Praesent mauris volutpat vitae metus. Ipsum cursus vestibulum at interdum Vivamus nunc fringilla Curabitur ac quis. Nam lacinia wisi tortor orci quis vitae.Donec tellus Nulla lorem Nullam elit id ut elit feugiat lacus. Congue eget dapibus congue tincidunt senectus nibh risus Phasellus tristique justo. Justo Pellentesque Donec lobortis faucibus Vestibulum Praesent mauris volutpat vitae metus. Ipsum cursus vestibulum at interdum Vivamus nunc fringilla Curabitur ac quis. Nam lacinia wisi tortor orci quis vitae.</p>','<p>Donec tellus Nulla lorem Nullam elit id ut elit feugiat lacus. Congue eget dapibus congue tincidunt senectus nibh risus Phasellus tristique justo. Justo Pellentesque Donec lobortis faucibus</p>','joomla,prestashop,leotheme'),(10,1,'','joomla,prestashop,leotheme,prestashop theme','Urna pretium elit mauris cursus Curabitur at elit Vestibulum','urna-pretium-elit-mauris-cursus-curabitur-at-elit-vestibulum','<p>Mi vitae magnis Fusce laoreet nibh felis porttitor laoreet Vestibulum faucibus. At Nulla id tincidunt ut sed semper vel Lorem condimentum ornare. Laoreet Vestibulum lacinia massa a commodo habitasse velit Vestibulum tincidunt In. Turpis at eleifend leo mi elit Aenean porta ac sed faucibus. Nunc urna Morbi fringilla vitae orci convallis condimentum auctor sit dui. Urna pretium elit mauris cursus Curabitur at elit Vestibulum.</p>','<p>Mi vitae magnis Fusce laoreet nibh felis porttitor laoreet Vestibulum faucibus. At Nulla id tincidunt ut sed semper vel Lorem condimentum ornare.</p>','Joomla'),(10,2,'','joomla,prestashop,leotheme,prestashop theme','Urna pretium elit mauris cursus Curabitur at elit Vestibulum','urna-pretium-elit-mauris-cursus-curabitur-at-elit-vestibulum','<p>Mi vitae magnis Fusce laoreet nibh felis porttitor laoreet Vestibulum faucibus. At Nulla id tincidunt ut sed semper vel Lorem condimentum ornare. Laoreet Vestibulum lacinia massa a commodo habitasse velit Vestibulum tincidunt In. Turpis at eleifend leo mi elit Aenean porta ac sed faucibus. Nunc urna Morbi fringilla vitae orci convallis condimentum auctor sit dui. Urna pretium elit mauris cursus Curabitur at elit Vestibulum.</p>','<p>Mi vitae magnis Fusce laoreet nibh felis porttitor laoreet Vestibulum faucibus. At Nulla id tincidunt ut sed semper vel Lorem condimentum ornare.</p>','Joomla'),(11,1,'','','Urna pretium elit mauris cursus Curabitur at elit Vestibulum','urna-pretium-elit-mauris-cursus-curabitur-at-elit-vestibulum','<p>Mi vitae magnis Fusce laoreet nibh felis porttitor laoreet Vestibulum faucibus. At Nulla id tincidunt ut sed semper vel Lorem condimentum ornare. Laoreet Vestibulum lacinia massa a commodo habitasse velit Vestibulum tincidunt In. Turpis at eleifend leo mi elit Aenean porta ac sed faucibus. Nunc urna Morbi fringilla vitae orci convallis condimentum auctor sit dui. Urna pretium elit mauris cursus Curabitur at elit Vestibulum. Mi vitae magnis Fusce laoreet nibh felis porttitor laoreet Vestibulum faucibus. At Nulla id tincidunt ut sed semper vel Lorem condimentum ornare. Laoreet Vestibulum lacinia massa a commodo habitasse velit Vestibulum tincidunt In. Turpis at eleifend leo mi elit Aenean porta ac sed faucibus. Nunc urna Morbi fringilla vitae orci convallis condimentum auctor sit dui. Urna pretium elit mauris cursus Curabitur at elit Vestibulum.</p>','<p>Mi vitae magnis Fusce laoreet nibh felis porttitor laoreet Vestibulum faucibus. At Nulla id tincidunt ut sed semper vel Lorem condimentum ornare.</p>','leotheme,prestashop,theme'),(11,2,'','','Urna pretium elit mauris cursus Curabitur at elit Vestibulum','urna-pretium-elit-mauris-cursus-curabitur-at-elit-vestibulum','<p>Mi vitae magnis Fusce laoreet nibh felis porttitor laoreet Vestibulum faucibus. At Nulla id tincidunt ut sed semper vel Lorem condimentum ornare. Laoreet Vestibulum lacinia massa a commodo habitasse velit Vestibulum tincidunt In. Turpis at eleifend leo mi elit Aenean porta ac sed faucibus. Nunc urna Morbi fringilla vitae orci convallis condimentum auctor sit dui. Urna pretium elit mauris cursus Curabitur at elit Vestibulum. Mi vitae magnis Fusce laoreet nibh felis porttitor laoreet Vestibulum faucibus. At Nulla id tincidunt ut sed semper vel Lorem condimentum ornare. Laoreet Vestibulum lacinia massa a commodo habitasse velit Vestibulum tincidunt In. Turpis at eleifend leo mi elit Aenean porta ac sed faucibus. Nunc urna Morbi fringilla vitae orci convallis condimentum auctor sit dui. Urna pretium elit mauris cursus Curabitur at elit Vestibulum.</p>','<p>Mi vitae magnis Fusce laoreet nibh felis porttitor laoreet Vestibulum faucibus. At Nulla id tincidunt ut sed semper vel Lorem condimentum ornare.</p>','leotheme,prestashop,theme'),(12,1,'','','Morbi condimentum molestie Nam enim odio sodales','morbi-condimentum-molestie-nam-enim-odio-sodales','<p>Odio ut pretium ligula quam Vestibulum consequat convallis fringilla Vestibulum nulla. Accumsan morbi tristique auctor. At risus pretium urna tortor metus fringilla interdum mauris tempor congue.</p><p>Commodo laoreet semper tincidunt lorem Vestibulum nunc at In Curabitur magna. Euismod euismod Suspendisse tortor ante adipiscing risus Aenean Lorem vitae id. Odio ut pretium ligula quam Vestibulum consequat convallis fringilla Vestibulum nulla. Accumsan morbi tristique auctor Aenean nulla lacinia Nullam elit vel vel. At risus pretium urna tortor metus fringilla interdum mauris tempor congue.</p><p>Donec tellus Nulla lorem Nullam elit id ut elit feugiat lacus. Congue eget dapibus congue tincidunt senectus nibh risus Phasellus tristique justo. Justo Pellentesque Donec lobortis faucibus Vestibulum Praesent mauris volutpat vitae metus. Ipsum cursus vestibulum at interdum Vivamus nunc fringilla Curabitur ac quis. Nam lacinia wisi tortor orci quis vitae.</p><p>Sed mauris Pellentesque elit Aliquam at lacus interdum nascetur elit ipsum. Enim ipsum hendrerit Suspendisse turpis laoreet fames tempus ligula pede ac. Et Lorem penatibus orci eu ultrices egestas Nam quam Vivamus nibh. Morbi condimentum molestie Nam enim odio sodales pretium eros sem pellentesque. Sit tellus Integer elit egestas lacus turpis id auctor nascetur ut. Ac elit vitae.</p><p>Mi vitae magnis Fusce laoreet nibh felis porttitor laoreet Vestibulum faucibus. At Nulla id tincidunt ut sed semper vel Lorem condimentum ornare. Laoreet Vestibulum lacinia massa a commodo habitasse velit Vestibulum tincidunt In. Turpis at eleifend leo mi elit Aenean porta ac sed faucibus. Nunc urna Morbi fringilla vitae orci convallis condimentum auctor sit dui. Urna pretium elit mauris cursus Curabitur at elit Vestibulum.</p>','<p>Sed mauris Pellentesque elit Aliquam at lacus interdum nascetur elit ipsum. Enim ipsum hendrerit Suspendisse turpis laoreet fames tempus ligula pede ac. Et Lorem penatibus orci eu ultrices egestas Nam quam Vivamus nibh.</p>','leotheme,prestashop,magento,opencart'),(12,2,'','','Morbi condimentum molestie Nam enim odio sodales','morbi-condimentum-molestie-nam-enim-odio-sodales','<p>Odio ut pretium ligula quam Vestibulum consequat convallis fringilla Vestibulum nulla. Accumsan morbi tristique auctor. At risus pretium urna tortor metus fringilla interdum mauris tempor congue.</p><p>Commodo laoreet semper tincidunt lorem Vestibulum nunc at In Curabitur magna. Euismod euismod Suspendisse tortor ante adipiscing risus Aenean Lorem vitae id. Odio ut pretium ligula quam Vestibulum consequat convallis fringilla Vestibulum nulla. Accumsan morbi tristique auctor Aenean nulla lacinia Nullam elit vel vel. At risus pretium urna tortor metus fringilla interdum mauris tempor congue.</p><p>Donec tellus Nulla lorem Nullam elit id ut elit feugiat lacus. Congue eget dapibus congue tincidunt senectus nibh risus Phasellus tristique justo. Justo Pellentesque Donec lobortis faucibus Vestibulum Praesent mauris volutpat vitae metus. Ipsum cursus vestibulum at interdum Vivamus nunc fringilla Curabitur ac quis. Nam lacinia wisi tortor orci quis vitae.</p><p>Sed mauris Pellentesque elit Aliquam at lacus interdum nascetur elit ipsum. Enim ipsum hendrerit Suspendisse turpis laoreet fames tempus ligula pede ac. Et Lorem penatibus orci eu ultrices egestas Nam quam Vivamus nibh. Morbi condimentum molestie Nam enim odio sodales pretium eros sem pellentesque. Sit tellus Integer elit egestas lacus turpis id auctor nascetur ut. Ac elit vitae.</p><p>Mi vitae magnis Fusce laoreet nibh felis porttitor laoreet Vestibulum faucibus. At Nulla id tincidunt ut sed semper vel Lorem condimentum ornare. Laoreet Vestibulum lacinia massa a commodo habitasse velit Vestibulum tincidunt In. Turpis at eleifend leo mi elit Aenean porta ac sed faucibus. Nunc urna Morbi fringilla vitae orci convallis condimentum auctor sit dui. Urna pretium elit mauris cursus Curabitur at elit Vestibulum.</p>','<p>Sed mauris Pellentesque elit Aliquam at lacus interdum nascetur elit ipsum. Enim ipsum hendrerit Suspendisse turpis laoreet fames tempus ligula pede ac. Et Lorem penatibus orci eu ultrices egestas Nam quam Vivamus nibh.</p>','leotheme,prestashop,magento,opencart'),(13,1,'','','Turpis at eleifend leo mi elit Aenean porta ac sed faucibus','turpis-at-eleifend-leo-mi-elit-aenean-porta-ac-sed-faucibus','<p>Odio ut pretium ligula quam Vestibulum consequat convallis fringilla Vestibulum nulla. Accumsan morbi tristique auctor. At risus pretium urna tortor metus fringilla interdum mauris tempor congue.</p><p>Commodo laoreet semper tincidunt lorem Vestibulum nunc at In Curabitur magna. Euismod euismod Suspendisse tortor ante adipiscing risus Aenean Lorem vitae id. Odio ut pretium ligula quam Vestibulum consequat convallis fringilla Vestibulum nulla. Accumsan morbi tristique auctor Aenean nulla lacinia Nullam elit vel vel. At risus pretium urna tortor metus fringilla interdum mauris tempor congue.</p>\n<p>Donec tellus Nulla lorem Nullam elit id ut elit feugiat lacus. Congue eget dapibus congue tincidunt senectus nibh risus Phasellus tristique justo. Justo Pellentesque Donec lobortis faucibus Vestibulum Praesent mauris volutpat vitae metus. Ipsum cursus vestibulum at interdum Vivamus nunc fringilla Curabitur ac quis. Nam lacinia wisi tortor orci quis vitae.</p>\n<p>Sed mauris Pellentesque elit Aliquam at lacus interdum nascetur elit ipsum. Enim ipsum hendrerit Suspendisse turpis laoreet fames tempus ligula pede ac. Et Lorem penatibus orci eu ultrices egestas Nam quam Vivamus nibh. Morbi condimentum molestie Nam enim odio sodales pretium eros sem pellentesque. Sit tellus Integer elit egestas lacus turpis id auctor nascetur ut. Ac elit vitae.</p>\n<p>Mi vitae magnis Fusce laoreet nibh felis porttitor laoreet Vestibulum faucibus. At Nulla id tincidunt ut sed semper vel Lorem condimentum ornare. Laoreet Vestibulum lacinia massa a commodo habitasse velit Vestibulum tincidunt In. Turpis at eleifend leo mi elit Aenean porta ac sed faucibus. Nunc urna Morbi fringilla vitae orci convallis condimentum auctor sit dui. Urna pretium elit mauris cursus Curabitur at elit Vestibulum.</p>','<p>Turpis at eleifend leo mi elit Aenean porta ac sed faucibus. Nunc urna Morbi fringilla vitae orci convallis condimentum auctor sit dui. Urna pretium elit mauris cursus Curabitur at elit Vestibulum</p>','magento,opencart,template'),(13,2,'','','Turpis at eleifend leo mi elit Aenean porta ac sed faucibus','turpis-at-eleifend-leo-mi-elit-aenean-porta-ac-sed-faucibus','<p>Odio ut pretium ligula quam Vestibulum consequat convallis fringilla Vestibulum nulla. Accumsan morbi tristique auctor. At risus pretium urna tortor metus fringilla interdum mauris tempor congue.</p><p>Commodo laoreet semper tincidunt lorem Vestibulum nunc at In Curabitur magna. Euismod euismod Suspendisse tortor ante adipiscing risus Aenean Lorem vitae id. Odio ut pretium ligula quam Vestibulum consequat convallis fringilla Vestibulum nulla. Accumsan morbi tristique auctor Aenean nulla lacinia Nullam elit vel vel. At risus pretium urna tortor metus fringilla interdum mauris tempor congue.</p>\n<p>Donec tellus Nulla lorem Nullam elit id ut elit feugiat lacus. Congue eget dapibus congue tincidunt senectus nibh risus Phasellus tristique justo. Justo Pellentesque Donec lobortis faucibus Vestibulum Praesent mauris volutpat vitae metus. Ipsum cursus vestibulum at interdum Vivamus nunc fringilla Curabitur ac quis. Nam lacinia wisi tortor orci quis vitae.</p>\n<p>Sed mauris Pellentesque elit Aliquam at lacus interdum nascetur elit ipsum. Enim ipsum hendrerit Suspendisse turpis laoreet fames tempus ligula pede ac. Et Lorem penatibus orci eu ultrices egestas Nam quam Vivamus nibh. Morbi condimentum molestie Nam enim odio sodales pretium eros sem pellentesque. Sit tellus Integer elit egestas lacus turpis id auctor nascetur ut. Ac elit vitae.</p>\n<p>Mi vitae magnis Fusce laoreet nibh felis porttitor laoreet Vestibulum faucibus. At Nulla id tincidunt ut sed semper vel Lorem condimentum ornare. Laoreet Vestibulum lacinia massa a commodo habitasse velit Vestibulum tincidunt In. Turpis at eleifend leo mi elit Aenean porta ac sed faucibus. Nunc urna Morbi fringilla vitae orci convallis condimentum auctor sit dui. Urna pretium elit mauris cursus Curabitur at elit Vestibulum.</p>','<p>Turpis at eleifend leo mi elit Aenean porta ac sed faucibus. Nunc urna Morbi fringilla vitae orci convallis condimentum auctor sit dui. Urna pretium elit mauris cursus Curabitur at elit Vestibulum</p>','magento,opencart,template'),(14,1,'','','Nullam ullamcorper nisl quis ornare molestie','nullam-ullamcorper-nisl-quis-ornare-molestie','<p>Sed ut perspiciatis unde omnis iste natus error sit voluptatem accusantium doloremque laudantium, totam rem aperiam, eaque ipsa quae ab illo inventore veritatis et quas.</p><p>Suspendisse posuere, diam in bibendum lobortis, turpis ipsum aliquam risus, sit amet dictum ligula lorem non nisl. Ut vitae nibh id massa vulputate euismod ut quis justo. Ut bibendum sem at massa lacinia, eget elementum ante consectetur. Nulla id pharetra dui, at rhoncus urna. Maecenas non porttitor purus. Nullam ullamcorper nisl quis ornare molestie.</p>\n<p>Etiam eget erat est. Phasellus elit justo, mattis non lorem non, aliquam aliquam leo. Sed fermentum consectetur magna, eget semper ante. Aliquam scelerisque justo velit. Fusce cursus blandit dolor, in sodales urna vulputate lobortis. Nulla ut tellus turpis. Nullam lacus sem, volutpat id odio sed, cursus tristique eros. Duis at pellentesque magna. Donec magna nisi, vulputate ac nulla eu, ultricies tincidunt tellus. Nunc tincidunt sem urna, nec venenatis libero vehicula ut.</p>\n<p>Vestibulum ante ipsum primis in faucibus orci luctus et ultrices posuere cubilia Curae; Curabitur faucibus aliquam pulvinar. Vivamus mattis volutpat erat, et congue nisi semper quis. Cras vehicula dignissim libero in elementum. Mauris sit amet dolor justo. Morbi consequat velit vel est fermentum euismod. Curabitur in magna augue.</p>','<p>Suspendisse posuere, diam in bibendum lobortis, turpis ipsum aliquam risus, sit amet dictum ligula lorem non nisl Urna pretium elit mauris cursus Curabitur at elit Vestibulum</p>','opencart,theme'),(14,2,'','','Nullam ullamcorper nisl quis ornare molestie','nullam-ullamcorper-nisl-quis-ornare-molestie','<p>Sed ut perspiciatis unde omnis iste natus error sit voluptatem accusantium doloremque laudantium, totam rem aperiam, eaque ipsa quae ab illo inventore veritatis et quas.</p><p>Suspendisse posuere, diam in bibendum lobortis, turpis ipsum aliquam risus, sit amet dictum ligula lorem non nisl. Ut vitae nibh id massa vulputate euismod ut quis justo. Ut bibendum sem at massa lacinia, eget elementum ante consectetur. Nulla id pharetra dui, at rhoncus urna. Maecenas non porttitor purus. Nullam ullamcorper nisl quis ornare molestie.</p>\n<p>Etiam eget erat est. Phasellus elit justo, mattis non lorem non, aliquam aliquam leo. Sed fermentum consectetur magna, eget semper ante. Aliquam scelerisque justo velit. Fusce cursus blandit dolor, in sodales urna vulputate lobortis. Nulla ut tellus turpis. Nullam lacus sem, volutpat id odio sed, cursus tristique eros. Duis at pellentesque magna. Donec magna nisi, vulputate ac nulla eu, ultricies tincidunt tellus. Nunc tincidunt sem urna, nec venenatis libero vehicula ut.</p>\n<p>Vestibulum ante ipsum primis in faucibus orci luctus et ultrices posuere cubilia Curae; Curabitur faucibus aliquam pulvinar. Vivamus mattis volutpat erat, et congue nisi semper quis. Cras vehicula dignissim libero in elementum. Mauris sit amet dolor justo. Morbi consequat velit vel est fermentum euismod. Curabitur in magna augue.</p>','<p>Suspendisse posuere, diam in bibendum lobortis, turpis ipsum aliquam risus, sit amet dictum ligula lorem non nisl Urna pretium elit mauris cursus Curabitur at elit Vestibulum</p>','opencart,theme'),(15,1,'','','At risus pretium urna tortor metus fringilla','at-risus-pretium-urna-tortor-metus-fringilla','<p>Odio ut pretium ligula quam Vestibulum consequat convallis fringilla Vestibulum nulla. Accumsan morbi tristique auctor. At risus pretium urna tortor metus fringilla interdum mauris tempor congue Odio ut pretium ligula quam Vestibulum consequat convallis fringilla Vestibulum nulla. Accumsan morbi tristique auctor. At risus pretium urna tortor metus fringilla interdum mauris tempor congue Odio ut pretium ligula quam Vestibulum consequat convallis fringilla Vestibulum nulla. Accumsan morbi tristique auctor. At risus pretium urna tortor metus fringilla interdum mauris tempor congue</p>\n<p> </p>\n<p>Odio ut pretium ligula quam Vestibulum consequat convallis fringilla Vestibulum nulla. Accumsan morbi tristique auctor. At risus pretium urna tortor metus fringilla interdum mauris tempor congue</p>\n<p> </p>\n<p>Odio ut pretium ligula quam Vestibulum consequat convallis fringilla Vestibulum nulla. Accumsan morbi tristique auctor. At risus pretium urna tortor metus fringilla interdum mauris tempor congue Odio ut pretium ligula quam Vestibulum consequat convallis fringilla Vestibulum nulla. Accumsan morbi tristique auctor. At risus pretium urna tortor metus fringilla interdum mauris tempor congue</p>\n<p> </p>\n<p>Odio ut pretium ligula quam Vestibulum consequat convallis fringilla Vestibulum nulla. Accumsan morbi tristique auctor. At risus pretium urna tortor metus fringilla interdum mauris tempor congue Odio ut pretium ligula quam Vestibulum consequat convallis fringilla Vestibulum nulla. Accumsan morbi tristique auctor. At risus pretium urna tortor metus fringilla interdum mauris tempor congue</p>','<p>Odio ut pretium ligula quam Vestibulum consequat convallis fringilla Vestibulum nulla. Accumsan morbi tristique auctor. At risus pretium urna tortor metus fringilla interdum mauris tempor congue</p>','joomla,wordpress'),(15,2,'','','At risus pretium urna tortor metus fringilla','at-risus-pretium-urna-tortor-metus-fringilla','<p>Odio ut pretium ligula quam Vestibulum consequat convallis fringilla Vestibulum nulla. Accumsan morbi tristique auctor. At risus pretium urna tortor metus fringilla interdum mauris tempor congue Odio ut pretium ligula quam Vestibulum consequat convallis fringilla Vestibulum nulla. Accumsan morbi tristique auctor. At risus pretium urna tortor metus fringilla interdum mauris tempor congue Odio ut pretium ligula quam Vestibulum consequat convallis fringilla Vestibulum nulla. Accumsan morbi tristique auctor. At risus pretium urna tortor metus fringilla interdum mauris tempor congue</p>\n<p> </p>\n<p>Odio ut pretium ligula quam Vestibulum consequat convallis fringilla Vestibulum nulla. Accumsan morbi tristique auctor. At risus pretium urna tortor metus fringilla interdum mauris tempor congue</p>\n<p> </p>\n<p>Odio ut pretium ligula quam Vestibulum consequat convallis fringilla Vestibulum nulla. Accumsan morbi tristique auctor. At risus pretium urna tortor metus fringilla interdum mauris tempor congue Odio ut pretium ligula quam Vestibulum consequat convallis fringilla Vestibulum nulla. Accumsan morbi tristique auctor. At risus pretium urna tortor metus fringilla interdum mauris tempor congue</p>\n<p> </p>\n<p>Odio ut pretium ligula quam Vestibulum consequat convallis fringilla Vestibulum nulla. Accumsan morbi tristique auctor. At risus pretium urna tortor metus fringilla interdum mauris tempor congue Odio ut pretium ligula quam Vestibulum consequat convallis fringilla Vestibulum nulla. Accumsan morbi tristique auctor. At risus pretium urna tortor metus fringilla interdum mauris tempor congue</p>','<p>Odio ut pretium ligula quam Vestibulum consequat convallis fringilla Vestibulum nulla. Accumsan morbi tristique auctor. At risus pretium urna tortor metus fringilla interdum mauris tempor congue</p>','joomla,wordpress'),(16,1,'','','Ipsum cursus vestibulum at interdum Vivamus','ipsum-cursus-vestibulum-at-interdum-vivamus','<p>Donec tellus Nulla lorem Nullam elit id ut elit feugiat lacus. Congue eget dapibus congue tincidunt senectus nibh risus Phasellus tristique justo. Justo Pellentesque Donec lobortis faucibus Vestibulum Praesent mauris volutpat vitae metus. Ipsum cursus vestibulum at interdum Vivamus nunc fringilla Curabitur ac quis. Nam lacinia wisi tortor orci quis vitae. Donec tellus Nulla lorem Nullam elit id ut elit feugiat lacus. Congue eget dapibus congue tincidunt senectus nibh risus Phasellus tristique justo. Justo Pellentesque Donec lobortis faucibus Vestibulum Praesent mauris volutpat vitae metus. Ipsum cursus vestibulum at interdum Vivamus nunc fringilla Curabitur ac quis. Nam lacinia wisi tortor orci quis vitae. Donec tellus Nulla lorem Nullam elit id ut elit feugiat lacus. Congue eget dapibus congue tincidunt senectus nibh risus Phasellus tristique justo. Justo Pellentesque Donec lobortis faucibus Vestibulum Praesent mauris volutpat vitae metus. Ipsum cursus vestibulum at interdum Vivamus nunc fringilla Curabitur ac quis. Nam lacinia wisi tortor orci quis vitae.</p>\n<p>Donec tellus Nulla lorem Nullam elit id ut elit feugiat lacus. Congue eget dapibus congue tincidunt senectus nibh risus Phasellus tristique justo. Justo Pellentesque Donec lobortis faucibus Vestibulum Praesent mauris volutpat vitae metus. Ipsum cursus vestibulum at interdum Vivamus nunc fringilla Curabitur ac quis. Nam lacinia wisi tortor orci quis vitae.Donec tellus Nulla lorem Nullam elit id ut elit feugiat lacus. Congue eget dapibus congue tincidunt senectus nibh risus Phasellus tristique justo. Justo Pellentesque Donec lobortis faucibus Vestibulum Praesent mauris volutpat vitae metus. Ipsum cursus vestibulum at interdum Vivamus nunc fringilla Curabitur ac quis. Nam lacinia wisi tortor orci quis vitae.Donec tellus Nulla lorem Nullam elit id ut elit feugiat lacus. Congue eget dapibus congue tincidunt senectus nibh risus Phasellus tristique justo. Justo Pellentesque Donec lobortis faucibus Vestibulum Praesent mauris volutpat vitae metus. Ipsum cursus vestibulum at interdum Vivamus nunc fringilla Curabitur ac quis. Nam lacinia wisi tortor orci quis vitae.</p>','<p>Donec tellus Nulla lorem Nullam elit id ut elit feugiat lacus. Congue eget dapibus congue tincidunt senectus nibh risus Phasellus tristique justo. Justo Pellentesque Donec lobortis faucibus</p>','joomla,prestashop,leotheme'),(16,2,'','','Ipsum cursus vestibulum at interdum Vivamus','ipsum-cursus-vestibulum-at-interdum-vivamus','<p>Donec tellus Nulla lorem Nullam elit id ut elit feugiat lacus. Congue eget dapibus congue tincidunt senectus nibh risus Phasellus tristique justo. Justo Pellentesque Donec lobortis faucibus Vestibulum Praesent mauris volutpat vitae metus. Ipsum cursus vestibulum at interdum Vivamus nunc fringilla Curabitur ac quis. Nam lacinia wisi tortor orci quis vitae. Donec tellus Nulla lorem Nullam elit id ut elit feugiat lacus. Congue eget dapibus congue tincidunt senectus nibh risus Phasellus tristique justo. Justo Pellentesque Donec lobortis faucibus Vestibulum Praesent mauris volutpat vitae metus. Ipsum cursus vestibulum at interdum Vivamus nunc fringilla Curabitur ac quis. Nam lacinia wisi tortor orci quis vitae. Donec tellus Nulla lorem Nullam elit id ut elit feugiat lacus. Congue eget dapibus congue tincidunt senectus nibh risus Phasellus tristique justo. Justo Pellentesque Donec lobortis faucibus Vestibulum Praesent mauris volutpat vitae metus. Ipsum cursus vestibulum at interdum Vivamus nunc fringilla Curabitur ac quis. Nam lacinia wisi tortor orci quis vitae.</p>\n<p>Donec tellus Nulla lorem Nullam elit id ut elit feugiat lacus. Congue eget dapibus congue tincidunt senectus nibh risus Phasellus tristique justo. Justo Pellentesque Donec lobortis faucibus Vestibulum Praesent mauris volutpat vitae metus. Ipsum cursus vestibulum at interdum Vivamus nunc fringilla Curabitur ac quis. Nam lacinia wisi tortor orci quis vitae.Donec tellus Nulla lorem Nullam elit id ut elit feugiat lacus. Congue eget dapibus congue tincidunt senectus nibh risus Phasellus tristique justo. Justo Pellentesque Donec lobortis faucibus Vestibulum Praesent mauris volutpat vitae metus. Ipsum cursus vestibulum at interdum Vivamus nunc fringilla Curabitur ac quis. Nam lacinia wisi tortor orci quis vitae.Donec tellus Nulla lorem Nullam elit id ut elit feugiat lacus. Congue eget dapibus congue tincidunt senectus nibh risus Phasellus tristique justo. Justo Pellentesque Donec lobortis faucibus Vestibulum Praesent mauris volutpat vitae metus. Ipsum cursus vestibulum at interdum Vivamus nunc fringilla Curabitur ac quis. Nam lacinia wisi tortor orci quis vitae.</p>','<p>Donec tellus Nulla lorem Nullam elit id ut elit feugiat lacus. Congue eget dapibus congue tincidunt senectus nibh risus Phasellus tristique justo. Justo Pellentesque Donec lobortis faucibus</p>','joomla,prestashop,leotheme'),(17,1,'','joomla,prestashop,leotheme,prestashop theme','Urna pretium elit mauris cursus Curabitur at elit Vestibulum','urna-pretium-elit-mauris-cursus-curabitur-at-elit-vestibulum','<p>Mi vitae magnis Fusce laoreet nibh felis porttitor laoreet Vestibulum faucibus. At Nulla id tincidunt ut sed semper vel Lorem condimentum ornare. Laoreet Vestibulum lacinia massa a commodo habitasse velit Vestibulum tincidunt In. Turpis at eleifend leo mi elit Aenean porta ac sed faucibus. Nunc urna Morbi fringilla vitae orci convallis condimentum auctor sit dui. Urna pretium elit mauris cursus Curabitur at elit Vestibulum.</p>','<p>Mi vitae magnis Fusce laoreet nibh felis porttitor laoreet Vestibulum faucibus. At Nulla id tincidunt ut sed semper vel Lorem condimentum ornare.</p>','Joomla'),(17,2,'','joomla,prestashop,leotheme,prestashop theme','Urna pretium elit mauris cursus Curabitur at elit Vestibulum','urna-pretium-elit-mauris-cursus-curabitur-at-elit-vestibulum','<p>Mi vitae magnis Fusce laoreet nibh felis porttitor laoreet Vestibulum faucibus. At Nulla id tincidunt ut sed semper vel Lorem condimentum ornare. Laoreet Vestibulum lacinia massa a commodo habitasse velit Vestibulum tincidunt In. Turpis at eleifend leo mi elit Aenean porta ac sed faucibus. Nunc urna Morbi fringilla vitae orci convallis condimentum auctor sit dui. Urna pretium elit mauris cursus Curabitur at elit Vestibulum.</p>','<p>Mi vitae magnis Fusce laoreet nibh felis porttitor laoreet Vestibulum faucibus. At Nulla id tincidunt ut sed semper vel Lorem condimentum ornare.</p>','Joomla'),(18,1,'','','Urna pretium elit mauris cursus Curabitur at elit Vestibulum','urna-pretium-elit-mauris-cursus-curabitur-at-elit-vestibulum','<p>Mi vitae magnis Fusce laoreet nibh felis porttitor laoreet Vestibulum faucibus. At Nulla id tincidunt ut sed semper vel Lorem condimentum ornare. Laoreet Vestibulum lacinia massa a commodo habitasse velit Vestibulum tincidunt In. Turpis at eleifend leo mi elit Aenean porta ac sed faucibus. Nunc urna Morbi fringilla vitae orci convallis condimentum auctor sit dui. Urna pretium elit mauris cursus Curabitur at elit Vestibulum. Mi vitae magnis Fusce laoreet nibh felis porttitor laoreet Vestibulum faucibus. At Nulla id tincidunt ut sed semper vel Lorem condimentum ornare. Laoreet Vestibulum lacinia massa a commodo habitasse velit Vestibulum tincidunt In. Turpis at eleifend leo mi elit Aenean porta ac sed faucibus. Nunc urna Morbi fringilla vitae orci convallis condimentum auctor sit dui. Urna pretium elit mauris cursus Curabitur at elit Vestibulum.</p>','<p>Mi vitae magnis Fusce laoreet nibh felis porttitor laoreet Vestibulum faucibus. At Nulla id tincidunt ut sed semper vel Lorem condimentum ornare.</p>','leotheme,prestashop,theme'),(18,2,'','','Urna pretium elit mauris cursus Curabitur at elit Vestibulum','urna-pretium-elit-mauris-cursus-curabitur-at-elit-vestibulum','<p>Mi vitae magnis Fusce laoreet nibh felis porttitor laoreet Vestibulum faucibus. At Nulla id tincidunt ut sed semper vel Lorem condimentum ornare. Laoreet Vestibulum lacinia massa a commodo habitasse velit Vestibulum tincidunt In. Turpis at eleifend leo mi elit Aenean porta ac sed faucibus. Nunc urna Morbi fringilla vitae orci convallis condimentum auctor sit dui. Urna pretium elit mauris cursus Curabitur at elit Vestibulum. Mi vitae magnis Fusce laoreet nibh felis porttitor laoreet Vestibulum faucibus. At Nulla id tincidunt ut sed semper vel Lorem condimentum ornare. Laoreet Vestibulum lacinia massa a commodo habitasse velit Vestibulum tincidunt In. Turpis at eleifend leo mi elit Aenean porta ac sed faucibus. Nunc urna Morbi fringilla vitae orci convallis condimentum auctor sit dui. Urna pretium elit mauris cursus Curabitur at elit Vestibulum.</p>','<p>Mi vitae magnis Fusce laoreet nibh felis porttitor laoreet Vestibulum faucibus. At Nulla id tincidunt ut sed semper vel Lorem condimentum ornare.</p>','leotheme,prestashop,theme'),(19,1,'','','Morbi condimentum molestie Nam enim odio sodales','morbi-condimentum-molestie-nam-enim-odio-sodales','<p>Odio ut pretium ligula quam Vestibulum consequat convallis fringilla Vestibulum nulla. Accumsan morbi tristique auctor. At risus pretium urna tortor metus fringilla interdum mauris tempor congue.</p><p>Commodo laoreet semper tincidunt lorem Vestibulum nunc at In Curabitur magna. Euismod euismod Suspendisse tortor ante adipiscing risus Aenean Lorem vitae id. Odio ut pretium ligula quam Vestibulum consequat convallis fringilla Vestibulum nulla. Accumsan morbi tristique auctor Aenean nulla lacinia Nullam elit vel vel. At risus pretium urna tortor metus fringilla interdum mauris tempor congue.</p><p>Donec tellus Nulla lorem Nullam elit id ut elit feugiat lacus. Congue eget dapibus congue tincidunt senectus nibh risus Phasellus tristique justo. Justo Pellentesque Donec lobortis faucibus Vestibulum Praesent mauris volutpat vitae metus. Ipsum cursus vestibulum at interdum Vivamus nunc fringilla Curabitur ac quis. Nam lacinia wisi tortor orci quis vitae.</p><p>Sed mauris Pellentesque elit Aliquam at lacus interdum nascetur elit ipsum. Enim ipsum hendrerit Suspendisse turpis laoreet fames tempus ligula pede ac. Et Lorem penatibus orci eu ultrices egestas Nam quam Vivamus nibh. Morbi condimentum molestie Nam enim odio sodales pretium eros sem pellentesque. Sit tellus Integer elit egestas lacus turpis id auctor nascetur ut. Ac elit vitae.</p><p>Mi vitae magnis Fusce laoreet nibh felis porttitor laoreet Vestibulum faucibus. At Nulla id tincidunt ut sed semper vel Lorem condimentum ornare. Laoreet Vestibulum lacinia massa a commodo habitasse velit Vestibulum tincidunt In. Turpis at eleifend leo mi elit Aenean porta ac sed faucibus. Nunc urna Morbi fringilla vitae orci convallis condimentum auctor sit dui. Urna pretium elit mauris cursus Curabitur at elit Vestibulum.</p>','<p>Sed mauris Pellentesque elit Aliquam at lacus interdum nascetur elit ipsum. Enim ipsum hendrerit Suspendisse turpis laoreet fames tempus ligula pede ac. Et Lorem penatibus orci eu ultrices egestas Nam quam Vivamus nibh.</p>','leotheme,prestashop,magento,opencart'),(19,2,'','','Morbi condimentum molestie Nam enim odio sodales','morbi-condimentum-molestie-nam-enim-odio-sodales','<p>Odio ut pretium ligula quam Vestibulum consequat convallis fringilla Vestibulum nulla. Accumsan morbi tristique auctor. At risus pretium urna tortor metus fringilla interdum mauris tempor congue.</p><p>Commodo laoreet semper tincidunt lorem Vestibulum nunc at In Curabitur magna. Euismod euismod Suspendisse tortor ante adipiscing risus Aenean Lorem vitae id. Odio ut pretium ligula quam Vestibulum consequat convallis fringilla Vestibulum nulla. Accumsan morbi tristique auctor Aenean nulla lacinia Nullam elit vel vel. At risus pretium urna tortor metus fringilla interdum mauris tempor congue.</p><p>Donec tellus Nulla lorem Nullam elit id ut elit feugiat lacus. Congue eget dapibus congue tincidunt senectus nibh risus Phasellus tristique justo. Justo Pellentesque Donec lobortis faucibus Vestibulum Praesent mauris volutpat vitae metus. Ipsum cursus vestibulum at interdum Vivamus nunc fringilla Curabitur ac quis. Nam lacinia wisi tortor orci quis vitae.</p><p>Sed mauris Pellentesque elit Aliquam at lacus interdum nascetur elit ipsum. Enim ipsum hendrerit Suspendisse turpis laoreet fames tempus ligula pede ac. Et Lorem penatibus orci eu ultrices egestas Nam quam Vivamus nibh. Morbi condimentum molestie Nam enim odio sodales pretium eros sem pellentesque. Sit tellus Integer elit egestas lacus turpis id auctor nascetur ut. Ac elit vitae.</p><p>Mi vitae magnis Fusce laoreet nibh felis porttitor laoreet Vestibulum faucibus. At Nulla id tincidunt ut sed semper vel Lorem condimentum ornare. Laoreet Vestibulum lacinia massa a commodo habitasse velit Vestibulum tincidunt In. Turpis at eleifend leo mi elit Aenean porta ac sed faucibus. Nunc urna Morbi fringilla vitae orci convallis condimentum auctor sit dui. Urna pretium elit mauris cursus Curabitur at elit Vestibulum.</p>','<p>Sed mauris Pellentesque elit Aliquam at lacus interdum nascetur elit ipsum. Enim ipsum hendrerit Suspendisse turpis laoreet fames tempus ligula pede ac. Et Lorem penatibus orci eu ultrices egestas Nam quam Vivamus nibh.</p>','leotheme,prestashop,magento,opencart'),(20,1,'','','Turpis at eleifend leo mi elit Aenean porta ac sed faucibus','turpis-at-eleifend-leo-mi-elit-aenean-porta-ac-sed-faucibus','<p>Odio ut pretium ligula quam Vestibulum consequat convallis fringilla Vestibulum nulla. Accumsan morbi tristique auctor. At risus pretium urna tortor metus fringilla interdum mauris tempor congue.</p><p>Commodo laoreet semper tincidunt lorem Vestibulum nunc at In Curabitur magna. Euismod euismod Suspendisse tortor ante adipiscing risus Aenean Lorem vitae id. Odio ut pretium ligula quam Vestibulum consequat convallis fringilla Vestibulum nulla. Accumsan morbi tristique auctor Aenean nulla lacinia Nullam elit vel vel. At risus pretium urna tortor metus fringilla interdum mauris tempor congue.</p>\n<p>Donec tellus Nulla lorem Nullam elit id ut elit feugiat lacus. Congue eget dapibus congue tincidunt senectus nibh risus Phasellus tristique justo. Justo Pellentesque Donec lobortis faucibus Vestibulum Praesent mauris volutpat vitae metus. Ipsum cursus vestibulum at interdum Vivamus nunc fringilla Curabitur ac quis. Nam lacinia wisi tortor orci quis vitae.</p>\n<p>Sed mauris Pellentesque elit Aliquam at lacus interdum nascetur elit ipsum. Enim ipsum hendrerit Suspendisse turpis laoreet fames tempus ligula pede ac. Et Lorem penatibus orci eu ultrices egestas Nam quam Vivamus nibh. Morbi condimentum molestie Nam enim odio sodales pretium eros sem pellentesque. Sit tellus Integer elit egestas lacus turpis id auctor nascetur ut. Ac elit vitae.</p>\n<p>Mi vitae magnis Fusce laoreet nibh felis porttitor laoreet Vestibulum faucibus. At Nulla id tincidunt ut sed semper vel Lorem condimentum ornare. Laoreet Vestibulum lacinia massa a commodo habitasse velit Vestibulum tincidunt In. Turpis at eleifend leo mi elit Aenean porta ac sed faucibus. Nunc urna Morbi fringilla vitae orci convallis condimentum auctor sit dui. Urna pretium elit mauris cursus Curabitur at elit Vestibulum.</p>','<p>Turpis at eleifend leo mi elit Aenean porta ac sed faucibus. Nunc urna Morbi fringilla vitae orci convallis condimentum auctor sit dui. Urna pretium elit mauris cursus Curabitur at elit Vestibulum</p>','magento,opencart,template'),(20,2,'','','Turpis at eleifend leo mi elit Aenean porta ac sed faucibus','turpis-at-eleifend-leo-mi-elit-aenean-porta-ac-sed-faucibus','<p>Odio ut pretium ligula quam Vestibulum consequat convallis fringilla Vestibulum nulla. Accumsan morbi tristique auctor. At risus pretium urna tortor metus fringilla interdum mauris tempor congue.</p><p>Commodo laoreet semper tincidunt lorem Vestibulum nunc at In Curabitur magna. Euismod euismod Suspendisse tortor ante adipiscing risus Aenean Lorem vitae id. Odio ut pretium ligula quam Vestibulum consequat convallis fringilla Vestibulum nulla. Accumsan morbi tristique auctor Aenean nulla lacinia Nullam elit vel vel. At risus pretium urna tortor metus fringilla interdum mauris tempor congue.</p>\n<p>Donec tellus Nulla lorem Nullam elit id ut elit feugiat lacus. Congue eget dapibus congue tincidunt senectus nibh risus Phasellus tristique justo. Justo Pellentesque Donec lobortis faucibus Vestibulum Praesent mauris volutpat vitae metus. Ipsum cursus vestibulum at interdum Vivamus nunc fringilla Curabitur ac quis. Nam lacinia wisi tortor orci quis vitae.</p>\n<p>Sed mauris Pellentesque elit Aliquam at lacus interdum nascetur elit ipsum. Enim ipsum hendrerit Suspendisse turpis laoreet fames tempus ligula pede ac. Et Lorem penatibus orci eu ultrices egestas Nam quam Vivamus nibh. Morbi condimentum molestie Nam enim odio sodales pretium eros sem pellentesque. Sit tellus Integer elit egestas lacus turpis id auctor nascetur ut. Ac elit vitae.</p>\n<p>Mi vitae magnis Fusce laoreet nibh felis porttitor laoreet Vestibulum faucibus. At Nulla id tincidunt ut sed semper vel Lorem condimentum ornare. Laoreet Vestibulum lacinia massa a commodo habitasse velit Vestibulum tincidunt In. Turpis at eleifend leo mi elit Aenean porta ac sed faucibus. Nunc urna Morbi fringilla vitae orci convallis condimentum auctor sit dui. Urna pretium elit mauris cursus Curabitur at elit Vestibulum.</p>','<p>Turpis at eleifend leo mi elit Aenean porta ac sed faucibus. Nunc urna Morbi fringilla vitae orci convallis condimentum auctor sit dui. Urna pretium elit mauris cursus Curabitur at elit Vestibulum</p>','magento,opencart,template'),(21,1,'','','Nullam ullamcorper nisl quis ornare molestie','nullam-ullamcorper-nisl-quis-ornare-molestie','<p>Sed ut perspiciatis unde omnis iste natus error sit voluptatem accusantium doloremque laudantium, totam rem aperiam, eaque ipsa quae ab illo inventore veritatis et quas.</p><p>Suspendisse posuere, diam in bibendum lobortis, turpis ipsum aliquam risus, sit amet dictum ligula lorem non nisl. Ut vitae nibh id massa vulputate euismod ut quis justo. Ut bibendum sem at massa lacinia, eget elementum ante consectetur. Nulla id pharetra dui, at rhoncus urna. Maecenas non porttitor purus. Nullam ullamcorper nisl quis ornare molestie.</p>\n<p>Etiam eget erat est. Phasellus elit justo, mattis non lorem non, aliquam aliquam leo. Sed fermentum consectetur magna, eget semper ante. Aliquam scelerisque justo velit. Fusce cursus blandit dolor, in sodales urna vulputate lobortis. Nulla ut tellus turpis. Nullam lacus sem, volutpat id odio sed, cursus tristique eros. Duis at pellentesque magna. Donec magna nisi, vulputate ac nulla eu, ultricies tincidunt tellus. Nunc tincidunt sem urna, nec venenatis libero vehicula ut.</p>\n<p>Vestibulum ante ipsum primis in faucibus orci luctus et ultrices posuere cubilia Curae; Curabitur faucibus aliquam pulvinar. Vivamus mattis volutpat erat, et congue nisi semper quis. Cras vehicula dignissim libero in elementum. Mauris sit amet dolor justo. Morbi consequat velit vel est fermentum euismod. Curabitur in magna augue.</p>','<p>Suspendisse posuere, diam in bibendum lobortis, turpis ipsum aliquam risus, sit amet dictum ligula lorem non nisl Urna pretium elit mauris cursus Curabitur at elit Vestibulum</p>','opencart,theme'),(21,2,'','','Nullam ullamcorper nisl quis ornare molestie','nullam-ullamcorper-nisl-quis-ornare-molestie','<p>Sed ut perspiciatis unde omnis iste natus error sit voluptatem accusantium doloremque laudantium, totam rem aperiam, eaque ipsa quae ab illo inventore veritatis et quas.</p><p>Suspendisse posuere, diam in bibendum lobortis, turpis ipsum aliquam risus, sit amet dictum ligula lorem non nisl. Ut vitae nibh id massa vulputate euismod ut quis justo. Ut bibendum sem at massa lacinia, eget elementum ante consectetur. Nulla id pharetra dui, at rhoncus urna. Maecenas non porttitor purus. Nullam ullamcorper nisl quis ornare molestie.</p>\n<p>Etiam eget erat est. Phasellus elit justo, mattis non lorem non, aliquam aliquam leo. Sed fermentum consectetur magna, eget semper ante. Aliquam scelerisque justo velit. Fusce cursus blandit dolor, in sodales urna vulputate lobortis. Nulla ut tellus turpis. Nullam lacus sem, volutpat id odio sed, cursus tristique eros. Duis at pellentesque magna. Donec magna nisi, vulputate ac nulla eu, ultricies tincidunt tellus. Nunc tincidunt sem urna, nec venenatis libero vehicula ut.</p>\n<p>Vestibulum ante ipsum primis in faucibus orci luctus et ultrices posuere cubilia Curae; Curabitur faucibus aliquam pulvinar. Vivamus mattis volutpat erat, et congue nisi semper quis. Cras vehicula dignissim libero in elementum. Mauris sit amet dolor justo. Morbi consequat velit vel est fermentum euismod. Curabitur in magna augue.</p>','<p>Suspendisse posuere, diam in bibendum lobortis, turpis ipsum aliquam risus, sit amet dictum ligula lorem non nisl Urna pretium elit mauris cursus Curabitur at elit Vestibulum</p>','opencart,theme'),(22,1,'','','At risus pretium urna tortor metus fringilla','at-risus-pretium-urna-tortor-metus-fringilla','<p>Odio ut pretium ligula quam Vestibulum consequat convallis fringilla Vestibulum nulla. Accumsan morbi tristique auctor. At risus pretium urna tortor metus fringilla interdum mauris tempor congue Odio ut pretium ligula quam Vestibulum consequat convallis fringilla Vestibulum nulla. Accumsan morbi tristique auctor. At risus pretium urna tortor metus fringilla interdum mauris tempor congue Odio ut pretium ligula quam Vestibulum consequat convallis fringilla Vestibulum nulla. Accumsan morbi tristique auctor. At risus pretium urna tortor metus fringilla interdum mauris tempor congue</p>\n<p> </p>\n<p>Odio ut pretium ligula quam Vestibulum consequat convallis fringilla Vestibulum nulla. Accumsan morbi tristique auctor. At risus pretium urna tortor metus fringilla interdum mauris tempor congue</p>\n<p> </p>\n<p>Odio ut pretium ligula quam Vestibulum consequat convallis fringilla Vestibulum nulla. Accumsan morbi tristique auctor. At risus pretium urna tortor metus fringilla interdum mauris tempor congue Odio ut pretium ligula quam Vestibulum consequat convallis fringilla Vestibulum nulla. Accumsan morbi tristique auctor. At risus pretium urna tortor metus fringilla interdum mauris tempor congue</p>\n<p> </p>\n<p>Odio ut pretium ligula quam Vestibulum consequat convallis fringilla Vestibulum nulla. Accumsan morbi tristique auctor. At risus pretium urna tortor metus fringilla interdum mauris tempor congue Odio ut pretium ligula quam Vestibulum consequat convallis fringilla Vestibulum nulla. Accumsan morbi tristique auctor. At risus pretium urna tortor metus fringilla interdum mauris tempor congue</p>','<p>Odio ut pretium ligula quam Vestibulum consequat convallis fringilla Vestibulum nulla. Accumsan morbi tristique auctor. At risus pretium urna tortor metus fringilla interdum mauris tempor congue</p>','joomla,wordpress'),(22,2,'','','At risus pretium urna tortor metus fringilla','at-risus-pretium-urna-tortor-metus-fringilla','<p>Odio ut pretium ligula quam Vestibulum consequat convallis fringilla Vestibulum nulla. Accumsan morbi tristique auctor. At risus pretium urna tortor metus fringilla interdum mauris tempor congue Odio ut pretium ligula quam Vestibulum consequat convallis fringilla Vestibulum nulla. Accumsan morbi tristique auctor. At risus pretium urna tortor metus fringilla interdum mauris tempor congue Odio ut pretium ligula quam Vestibulum consequat convallis fringilla Vestibulum nulla. Accumsan morbi tristique auctor. At risus pretium urna tortor metus fringilla interdum mauris tempor congue</p>\n<p> </p>\n<p>Odio ut pretium ligula quam Vestibulum consequat convallis fringilla Vestibulum nulla. Accumsan morbi tristique auctor. At risus pretium urna tortor metus fringilla interdum mauris tempor congue</p>\n<p> </p>\n<p>Odio ut pretium ligula quam Vestibulum consequat convallis fringilla Vestibulum nulla. Accumsan morbi tristique auctor. At risus pretium urna tortor metus fringilla interdum mauris tempor congue Odio ut pretium ligula quam Vestibulum consequat convallis fringilla Vestibulum nulla. Accumsan morbi tristique auctor. At risus pretium urna tortor metus fringilla interdum mauris tempor congue</p>\n<p> </p>\n<p>Odio ut pretium ligula quam Vestibulum consequat convallis fringilla Vestibulum nulla. Accumsan morbi tristique auctor. At risus pretium urna tortor metus fringilla interdum mauris tempor congue Odio ut pretium ligula quam Vestibulum consequat convallis fringilla Vestibulum nulla. Accumsan morbi tristique auctor. At risus pretium urna tortor metus fringilla interdum mauris tempor congue</p>','<p>Odio ut pretium ligula quam Vestibulum consequat convallis fringilla Vestibulum nulla. Accumsan morbi tristique auctor. At risus pretium urna tortor metus fringilla interdum mauris tempor congue</p>','joomla,wordpress'),(23,1,'','','Ipsum cursus vestibulum at interdum Vivamus','ipsum-cursus-vestibulum-at-interdum-vivamus','<p>Donec tellus Nulla lorem Nullam elit id ut elit feugiat lacus. Congue eget dapibus congue tincidunt senectus nibh risus Phasellus tristique justo. Justo Pellentesque Donec lobortis faucibus Vestibulum Praesent mauris volutpat vitae metus. Ipsum cursus vestibulum at interdum Vivamus nunc fringilla Curabitur ac quis. Nam lacinia wisi tortor orci quis vitae. Donec tellus Nulla lorem Nullam elit id ut elit feugiat lacus. Congue eget dapibus congue tincidunt senectus nibh risus Phasellus tristique justo. Justo Pellentesque Donec lobortis faucibus Vestibulum Praesent mauris volutpat vitae metus. Ipsum cursus vestibulum at interdum Vivamus nunc fringilla Curabitur ac quis. Nam lacinia wisi tortor orci quis vitae. Donec tellus Nulla lorem Nullam elit id ut elit feugiat lacus. Congue eget dapibus congue tincidunt senectus nibh risus Phasellus tristique justo. Justo Pellentesque Donec lobortis faucibus Vestibulum Praesent mauris volutpat vitae metus. Ipsum cursus vestibulum at interdum Vivamus nunc fringilla Curabitur ac quis. Nam lacinia wisi tortor orci quis vitae.</p>\n<p>Donec tellus Nulla lorem Nullam elit id ut elit feugiat lacus. Congue eget dapibus congue tincidunt senectus nibh risus Phasellus tristique justo. Justo Pellentesque Donec lobortis faucibus Vestibulum Praesent mauris volutpat vitae metus. Ipsum cursus vestibulum at interdum Vivamus nunc fringilla Curabitur ac quis. Nam lacinia wisi tortor orci quis vitae.Donec tellus Nulla lorem Nullam elit id ut elit feugiat lacus. Congue eget dapibus congue tincidunt senectus nibh risus Phasellus tristique justo. Justo Pellentesque Donec lobortis faucibus Vestibulum Praesent mauris volutpat vitae metus. Ipsum cursus vestibulum at interdum Vivamus nunc fringilla Curabitur ac quis. Nam lacinia wisi tortor orci quis vitae.Donec tellus Nulla lorem Nullam elit id ut elit feugiat lacus. Congue eget dapibus congue tincidunt senectus nibh risus Phasellus tristique justo. Justo Pellentesque Donec lobortis faucibus Vestibulum Praesent mauris volutpat vitae metus. Ipsum cursus vestibulum at interdum Vivamus nunc fringilla Curabitur ac quis. Nam lacinia wisi tortor orci quis vitae.</p>','<p>Donec tellus Nulla lorem Nullam elit id ut elit feugiat lacus. Congue eget dapibus congue tincidunt senectus nibh risus Phasellus tristique justo. Justo Pellentesque Donec lobortis faucibus</p>','joomla,prestashop,leotheme'),(23,2,'','','Ipsum cursus vestibulum at interdum Vivamus','ipsum-cursus-vestibulum-at-interdum-vivamus','<p>Donec tellus Nulla lorem Nullam elit id ut elit feugiat lacus. Congue eget dapibus congue tincidunt senectus nibh risus Phasellus tristique justo. Justo Pellentesque Donec lobortis faucibus Vestibulum Praesent mauris volutpat vitae metus. Ipsum cursus vestibulum at interdum Vivamus nunc fringilla Curabitur ac quis. Nam lacinia wisi tortor orci quis vitae. Donec tellus Nulla lorem Nullam elit id ut elit feugiat lacus. Congue eget dapibus congue tincidunt senectus nibh risus Phasellus tristique justo. Justo Pellentesque Donec lobortis faucibus Vestibulum Praesent mauris volutpat vitae metus. Ipsum cursus vestibulum at interdum Vivamus nunc fringilla Curabitur ac quis. Nam lacinia wisi tortor orci quis vitae. Donec tellus Nulla lorem Nullam elit id ut elit feugiat lacus. Congue eget dapibus congue tincidunt senectus nibh risus Phasellus tristique justo. Justo Pellentesque Donec lobortis faucibus Vestibulum Praesent mauris volutpat vitae metus. Ipsum cursus vestibulum at interdum Vivamus nunc fringilla Curabitur ac quis. Nam lacinia wisi tortor orci quis vitae.</p>\n<p>Donec tellus Nulla lorem Nullam elit id ut elit feugiat lacus. Congue eget dapibus congue tincidunt senectus nibh risus Phasellus tristique justo. Justo Pellentesque Donec lobortis faucibus Vestibulum Praesent mauris volutpat vitae metus. Ipsum cursus vestibulum at interdum Vivamus nunc fringilla Curabitur ac quis. Nam lacinia wisi tortor orci quis vitae.Donec tellus Nulla lorem Nullam elit id ut elit feugiat lacus. Congue eget dapibus congue tincidunt senectus nibh risus Phasellus tristique justo. Justo Pellentesque Donec lobortis faucibus Vestibulum Praesent mauris volutpat vitae metus. Ipsum cursus vestibulum at interdum Vivamus nunc fringilla Curabitur ac quis. Nam lacinia wisi tortor orci quis vitae.Donec tellus Nulla lorem Nullam elit id ut elit feugiat lacus. Congue eget dapibus congue tincidunt senectus nibh risus Phasellus tristique justo. Justo Pellentesque Donec lobortis faucibus Vestibulum Praesent mauris volutpat vitae metus. Ipsum cursus vestibulum at interdum Vivamus nunc fringilla Curabitur ac quis. Nam lacinia wisi tortor orci quis vitae.</p>','<p>Donec tellus Nulla lorem Nullam elit id ut elit feugiat lacus. Congue eget dapibus congue tincidunt senectus nibh risus Phasellus tristique justo. Justo Pellentesque Donec lobortis faucibus</p>','joomla,prestashop,leotheme'),(24,1,'','joomla,prestashop,leotheme,prestashop theme','Urna pretium elit mauris cursus Curabitur at elit Vestibulum','urna-pretium-elit-mauris-cursus-curabitur-at-elit-vestibulum','<p>Mi vitae magnis Fusce laoreet nibh felis porttitor laoreet Vestibulum faucibus. At Nulla id tincidunt ut sed semper vel Lorem condimentum ornare. Laoreet Vestibulum lacinia massa a commodo habitasse velit Vestibulum tincidunt In. Turpis at eleifend leo mi elit Aenean porta ac sed faucibus. Nunc urna Morbi fringilla vitae orci convallis condimentum auctor sit dui. Urna pretium elit mauris cursus Curabitur at elit Vestibulum.</p>','<p>Mi vitae magnis Fusce laoreet nibh felis porttitor laoreet Vestibulum faucibus. At Nulla id tincidunt ut sed semper vel Lorem condimentum ornare.</p>','Joomla'),(24,2,'','joomla,prestashop,leotheme,prestashop theme','Urna pretium elit mauris cursus Curabitur at elit Vestibulum','urna-pretium-elit-mauris-cursus-curabitur-at-elit-vestibulum','<p>Mi vitae magnis Fusce laoreet nibh felis porttitor laoreet Vestibulum faucibus. At Nulla id tincidunt ut sed semper vel Lorem condimentum ornare. Laoreet Vestibulum lacinia massa a commodo habitasse velit Vestibulum tincidunt In. Turpis at eleifend leo mi elit Aenean porta ac sed faucibus. Nunc urna Morbi fringilla vitae orci convallis condimentum auctor sit dui. Urna pretium elit mauris cursus Curabitur at elit Vestibulum.</p>','<p>Mi vitae magnis Fusce laoreet nibh felis porttitor laoreet Vestibulum faucibus. At Nulla id tincidunt ut sed semper vel Lorem condimentum ornare.</p>','Joomla'),(25,1,'','','Urna pretium elit mauris cursus Curabitur at elit Vestibulum','urna-pretium-elit-mauris-cursus-curabitur-at-elit-vestibulum','<p>Mi vitae magnis Fusce laoreet nibh felis porttitor laoreet Vestibulum faucibus. At Nulla id tincidunt ut sed semper vel Lorem condimentum ornare. Laoreet Vestibulum lacinia massa a commodo habitasse velit Vestibulum tincidunt In. Turpis at eleifend leo mi elit Aenean porta ac sed faucibus. Nunc urna Morbi fringilla vitae orci convallis condimentum auctor sit dui. Urna pretium elit mauris cursus Curabitur at elit Vestibulum. Mi vitae magnis Fusce laoreet nibh felis porttitor laoreet Vestibulum faucibus. At Nulla id tincidunt ut sed semper vel Lorem condimentum ornare. Laoreet Vestibulum lacinia massa a commodo habitasse velit Vestibulum tincidunt In. Turpis at eleifend leo mi elit Aenean porta ac sed faucibus. Nunc urna Morbi fringilla vitae orci convallis condimentum auctor sit dui. Urna pretium elit mauris cursus Curabitur at elit Vestibulum.</p>','<p>Mi vitae magnis Fusce laoreet nibh felis porttitor laoreet Vestibulum faucibus. At Nulla id tincidunt ut sed semper vel Lorem condimentum ornare.</p>','leotheme,prestashop,theme'),(25,2,'','','Urna pretium elit mauris cursus Curabitur at elit Vestibulum','urna-pretium-elit-mauris-cursus-curabitur-at-elit-vestibulum','<p>Mi vitae magnis Fusce laoreet nibh felis porttitor laoreet Vestibulum faucibus. At Nulla id tincidunt ut sed semper vel Lorem condimentum ornare. Laoreet Vestibulum lacinia massa a commodo habitasse velit Vestibulum tincidunt In. Turpis at eleifend leo mi elit Aenean porta ac sed faucibus. Nunc urna Morbi fringilla vitae orci convallis condimentum auctor sit dui. Urna pretium elit mauris cursus Curabitur at elit Vestibulum. Mi vitae magnis Fusce laoreet nibh felis porttitor laoreet Vestibulum faucibus. At Nulla id tincidunt ut sed semper vel Lorem condimentum ornare. Laoreet Vestibulum lacinia massa a commodo habitasse velit Vestibulum tincidunt In. Turpis at eleifend leo mi elit Aenean porta ac sed faucibus. Nunc urna Morbi fringilla vitae orci convallis condimentum auctor sit dui. Urna pretium elit mauris cursus Curabitur at elit Vestibulum.</p>','<p>Mi vitae magnis Fusce laoreet nibh felis porttitor laoreet Vestibulum faucibus. At Nulla id tincidunt ut sed semper vel Lorem condimentum ornare.</p>','leotheme,prestashop,theme'),(26,1,'','','Morbi condimentum molestie Nam enim odio sodales','morbi-condimentum-molestie-nam-enim-odio-sodales','<p>Odio ut pretium ligula quam Vestibulum consequat convallis fringilla Vestibulum nulla. Accumsan morbi tristique auctor. At risus pretium urna tortor metus fringilla interdum mauris tempor congue.</p><p>Commodo laoreet semper tincidunt lorem Vestibulum nunc at In Curabitur magna. Euismod euismod Suspendisse tortor ante adipiscing risus Aenean Lorem vitae id. Odio ut pretium ligula quam Vestibulum consequat convallis fringilla Vestibulum nulla. Accumsan morbi tristique auctor Aenean nulla lacinia Nullam elit vel vel. At risus pretium urna tortor metus fringilla interdum mauris tempor congue.</p><p>Donec tellus Nulla lorem Nullam elit id ut elit feugiat lacus. Congue eget dapibus congue tincidunt senectus nibh risus Phasellus tristique justo. Justo Pellentesque Donec lobortis faucibus Vestibulum Praesent mauris volutpat vitae metus. Ipsum cursus vestibulum at interdum Vivamus nunc fringilla Curabitur ac quis. Nam lacinia wisi tortor orci quis vitae.</p><p>Sed mauris Pellentesque elit Aliquam at lacus interdum nascetur elit ipsum. Enim ipsum hendrerit Suspendisse turpis laoreet fames tempus ligula pede ac. Et Lorem penatibus orci eu ultrices egestas Nam quam Vivamus nibh. Morbi condimentum molestie Nam enim odio sodales pretium eros sem pellentesque. Sit tellus Integer elit egestas lacus turpis id auctor nascetur ut. Ac elit vitae.</p><p>Mi vitae magnis Fusce laoreet nibh felis porttitor laoreet Vestibulum faucibus. At Nulla id tincidunt ut sed semper vel Lorem condimentum ornare. Laoreet Vestibulum lacinia massa a commodo habitasse velit Vestibulum tincidunt In. Turpis at eleifend leo mi elit Aenean porta ac sed faucibus. Nunc urna Morbi fringilla vitae orci convallis condimentum auctor sit dui. Urna pretium elit mauris cursus Curabitur at elit Vestibulum.</p>','<p>Sed mauris Pellentesque elit Aliquam at lacus interdum nascetur elit ipsum. Enim ipsum hendrerit Suspendisse turpis laoreet fames tempus ligula pede ac. Et Lorem penatibus orci eu ultrices egestas Nam quam Vivamus nibh.</p>','leotheme,prestashop,magento,opencart'),(26,2,'','','Morbi condimentum molestie Nam enim odio sodales','morbi-condimentum-molestie-nam-enim-odio-sodales','<p>Odio ut pretium ligula quam Vestibulum consequat convallis fringilla Vestibulum nulla. Accumsan morbi tristique auctor. At risus pretium urna tortor metus fringilla interdum mauris tempor congue.</p><p>Commodo laoreet semper tincidunt lorem Vestibulum nunc at In Curabitur magna. Euismod euismod Suspendisse tortor ante adipiscing risus Aenean Lorem vitae id. Odio ut pretium ligula quam Vestibulum consequat convallis fringilla Vestibulum nulla. Accumsan morbi tristique auctor Aenean nulla lacinia Nullam elit vel vel. At risus pretium urna tortor metus fringilla interdum mauris tempor congue.</p><p>Donec tellus Nulla lorem Nullam elit id ut elit feugiat lacus. Congue eget dapibus congue tincidunt senectus nibh risus Phasellus tristique justo. Justo Pellentesque Donec lobortis faucibus Vestibulum Praesent mauris volutpat vitae metus. Ipsum cursus vestibulum at interdum Vivamus nunc fringilla Curabitur ac quis. Nam lacinia wisi tortor orci quis vitae.</p><p>Sed mauris Pellentesque elit Aliquam at lacus interdum nascetur elit ipsum. Enim ipsum hendrerit Suspendisse turpis laoreet fames tempus ligula pede ac. Et Lorem penatibus orci eu ultrices egestas Nam quam Vivamus nibh. Morbi condimentum molestie Nam enim odio sodales pretium eros sem pellentesque. Sit tellus Integer elit egestas lacus turpis id auctor nascetur ut. Ac elit vitae.</p><p>Mi vitae magnis Fusce laoreet nibh felis porttitor laoreet Vestibulum faucibus. At Nulla id tincidunt ut sed semper vel Lorem condimentum ornare. Laoreet Vestibulum lacinia massa a commodo habitasse velit Vestibulum tincidunt In. Turpis at eleifend leo mi elit Aenean porta ac sed faucibus. Nunc urna Morbi fringilla vitae orci convallis condimentum auctor sit dui. Urna pretium elit mauris cursus Curabitur at elit Vestibulum.</p>','<p>Sed mauris Pellentesque elit Aliquam at lacus interdum nascetur elit ipsum. Enim ipsum hendrerit Suspendisse turpis laoreet fames tempus ligula pede ac. Et Lorem penatibus orci eu ultrices egestas Nam quam Vivamus nibh.</p>','leotheme,prestashop,magento,opencart'),(27,1,'','','Turpis at eleifend leo mi elit Aenean porta ac sed faucibus','turpis-at-eleifend-leo-mi-elit-aenean-porta-ac-sed-faucibus','<p>Odio ut pretium ligula quam Vestibulum consequat convallis fringilla Vestibulum nulla. Accumsan morbi tristique auctor. At risus pretium urna tortor metus fringilla interdum mauris tempor congue.</p><p>Commodo laoreet semper tincidunt lorem Vestibulum nunc at In Curabitur magna. Euismod euismod Suspendisse tortor ante adipiscing risus Aenean Lorem vitae id. Odio ut pretium ligula quam Vestibulum consequat convallis fringilla Vestibulum nulla. Accumsan morbi tristique auctor Aenean nulla lacinia Nullam elit vel vel. At risus pretium urna tortor metus fringilla interdum mauris tempor congue.</p>\n<p>Donec tellus Nulla lorem Nullam elit id ut elit feugiat lacus. Congue eget dapibus congue tincidunt senectus nibh risus Phasellus tristique justo. Justo Pellentesque Donec lobortis faucibus Vestibulum Praesent mauris volutpat vitae metus. Ipsum cursus vestibulum at interdum Vivamus nunc fringilla Curabitur ac quis. Nam lacinia wisi tortor orci quis vitae.</p>\n<p>Sed mauris Pellentesque elit Aliquam at lacus interdum nascetur elit ipsum. Enim ipsum hendrerit Suspendisse turpis laoreet fames tempus ligula pede ac. Et Lorem penatibus orci eu ultrices egestas Nam quam Vivamus nibh. Morbi condimentum molestie Nam enim odio sodales pretium eros sem pellentesque. Sit tellus Integer elit egestas lacus turpis id auctor nascetur ut. Ac elit vitae.</p>\n<p>Mi vitae magnis Fusce laoreet nibh felis porttitor laoreet Vestibulum faucibus. At Nulla id tincidunt ut sed semper vel Lorem condimentum ornare. Laoreet Vestibulum lacinia massa a commodo habitasse velit Vestibulum tincidunt In. Turpis at eleifend leo mi elit Aenean porta ac sed faucibus. Nunc urna Morbi fringilla vitae orci convallis condimentum auctor sit dui. Urna pretium elit mauris cursus Curabitur at elit Vestibulum.</p>','<p>Turpis at eleifend leo mi elit Aenean porta ac sed faucibus. Nunc urna Morbi fringilla vitae orci convallis condimentum auctor sit dui. Urna pretium elit mauris cursus Curabitur at elit Vestibulum</p>','magento,opencart,template'),(27,2,'','','Turpis at eleifend leo mi elit Aenean porta ac sed faucibus','turpis-at-eleifend-leo-mi-elit-aenean-porta-ac-sed-faucibus','<p>Odio ut pretium ligula quam Vestibulum consequat convallis fringilla Vestibulum nulla. Accumsan morbi tristique auctor. At risus pretium urna tortor metus fringilla interdum mauris tempor congue.</p><p>Commodo laoreet semper tincidunt lorem Vestibulum nunc at In Curabitur magna. Euismod euismod Suspendisse tortor ante adipiscing risus Aenean Lorem vitae id. Odio ut pretium ligula quam Vestibulum consequat convallis fringilla Vestibulum nulla. Accumsan morbi tristique auctor Aenean nulla lacinia Nullam elit vel vel. At risus pretium urna tortor metus fringilla interdum mauris tempor congue.</p>\n<p>Donec tellus Nulla lorem Nullam elit id ut elit feugiat lacus. Congue eget dapibus congue tincidunt senectus nibh risus Phasellus tristique justo. Justo Pellentesque Donec lobortis faucibus Vestibulum Praesent mauris volutpat vitae metus. Ipsum cursus vestibulum at interdum Vivamus nunc fringilla Curabitur ac quis. Nam lacinia wisi tortor orci quis vitae.</p>\n<p>Sed mauris Pellentesque elit Aliquam at lacus interdum nascetur elit ipsum. Enim ipsum hendrerit Suspendisse turpis laoreet fames tempus ligula pede ac. Et Lorem penatibus orci eu ultrices egestas Nam quam Vivamus nibh. Morbi condimentum molestie Nam enim odio sodales pretium eros sem pellentesque. Sit tellus Integer elit egestas lacus turpis id auctor nascetur ut. Ac elit vitae.</p>\n<p>Mi vitae magnis Fusce laoreet nibh felis porttitor laoreet Vestibulum faucibus. At Nulla id tincidunt ut sed semper vel Lorem condimentum ornare. Laoreet Vestibulum lacinia massa a commodo habitasse velit Vestibulum tincidunt In. Turpis at eleifend leo mi elit Aenean porta ac sed faucibus. Nunc urna Morbi fringilla vitae orci convallis condimentum auctor sit dui. Urna pretium elit mauris cursus Curabitur at elit Vestibulum.</p>','<p>Turpis at eleifend leo mi elit Aenean porta ac sed faucibus. Nunc urna Morbi fringilla vitae orci convallis condimentum auctor sit dui. Urna pretium elit mauris cursus Curabitur at elit Vestibulum</p>','magento,opencart,template'),(28,1,'','','Nullam ullamcorper nisl quis ornare molestie','nullam-ullamcorper-nisl-quis-ornare-molestie','<p>Sed ut perspiciatis unde omnis iste natus error sit voluptatem accusantium doloremque laudantium, totam rem aperiam, eaque ipsa quae ab illo inventore veritatis et quas.</p><p>Suspendisse posuere, diam in bibendum lobortis, turpis ipsum aliquam risus, sit amet dictum ligula lorem non nisl. Ut vitae nibh id massa vulputate euismod ut quis justo. Ut bibendum sem at massa lacinia, eget elementum ante consectetur. Nulla id pharetra dui, at rhoncus urna. Maecenas non porttitor purus. Nullam ullamcorper nisl quis ornare molestie.</p>\n<p>Etiam eget erat est. Phasellus elit justo, mattis non lorem non, aliquam aliquam leo. Sed fermentum consectetur magna, eget semper ante. Aliquam scelerisque justo velit. Fusce cursus blandit dolor, in sodales urna vulputate lobortis. Nulla ut tellus turpis. Nullam lacus sem, volutpat id odio sed, cursus tristique eros. Duis at pellentesque magna. Donec magna nisi, vulputate ac nulla eu, ultricies tincidunt tellus. Nunc tincidunt sem urna, nec venenatis libero vehicula ut.</p>\n<p>Vestibulum ante ipsum primis in faucibus orci luctus et ultrices posuere cubilia Curae; Curabitur faucibus aliquam pulvinar. Vivamus mattis volutpat erat, et congue nisi semper quis. Cras vehicula dignissim libero in elementum. Mauris sit amet dolor justo. Morbi consequat velit vel est fermentum euismod. Curabitur in magna augue.</p>','<p>Suspendisse posuere, diam in bibendum lobortis, turpis ipsum aliquam risus, sit amet dictum ligula lorem non nisl Urna pretium elit mauris cursus Curabitur at elit Vestibulum</p>','opencart,theme'),(28,2,'','','Nullam ullamcorper nisl quis ornare molestie','nullam-ullamcorper-nisl-quis-ornare-molestie','<p>Sed ut perspiciatis unde omnis iste natus error sit voluptatem accusantium doloremque laudantium, totam rem aperiam, eaque ipsa quae ab illo inventore veritatis et quas.</p><p>Suspendisse posuere, diam in bibendum lobortis, turpis ipsum aliquam risus, sit amet dictum ligula lorem non nisl. Ut vitae nibh id massa vulputate euismod ut quis justo. Ut bibendum sem at massa lacinia, eget elementum ante consectetur. Nulla id pharetra dui, at rhoncus urna. Maecenas non porttitor purus. Nullam ullamcorper nisl quis ornare molestie.</p>\n<p>Etiam eget erat est. Phasellus elit justo, mattis non lorem non, aliquam aliquam leo. Sed fermentum consectetur magna, eget semper ante. Aliquam scelerisque justo velit. Fusce cursus blandit dolor, in sodales urna vulputate lobortis. Nulla ut tellus turpis. Nullam lacus sem, volutpat id odio sed, cursus tristique eros. Duis at pellentesque magna. Donec magna nisi, vulputate ac nulla eu, ultricies tincidunt tellus. Nunc tincidunt sem urna, nec venenatis libero vehicula ut.</p>\n<p>Vestibulum ante ipsum primis in faucibus orci luctus et ultrices posuere cubilia Curae; Curabitur faucibus aliquam pulvinar. Vivamus mattis volutpat erat, et congue nisi semper quis. Cras vehicula dignissim libero in elementum. Mauris sit amet dolor justo. Morbi consequat velit vel est fermentum euismod. Curabitur in magna augue.</p>','<p>Suspendisse posuere, diam in bibendum lobortis, turpis ipsum aliquam risus, sit amet dictum ligula lorem non nisl Urna pretium elit mauris cursus Curabitur at elit Vestibulum</p>','opencart,theme'),(29,1,'','','At risus pretium urna tortor metus fringilla','at-risus-pretium-urna-tortor-metus-fringilla','<p>Odio ut pretium ligula quam Vestibulum consequat convallis fringilla Vestibulum nulla. Accumsan morbi tristique auctor. At risus pretium urna tortor metus fringilla interdum mauris tempor congue Odio ut pretium ligula quam Vestibulum consequat convallis fringilla Vestibulum nulla. Accumsan morbi tristique auctor. At risus pretium urna tortor metus fringilla interdum mauris tempor congue Odio ut pretium ligula quam Vestibulum consequat convallis fringilla Vestibulum nulla. Accumsan morbi tristique auctor. At risus pretium urna tortor metus fringilla interdum mauris tempor congue</p>\n<p> </p>\n<p>Odio ut pretium ligula quam Vestibulum consequat convallis fringilla Vestibulum nulla. Accumsan morbi tristique auctor. At risus pretium urna tortor metus fringilla interdum mauris tempor congue</p>\n<p> </p>\n<p>Odio ut pretium ligula quam Vestibulum consequat convallis fringilla Vestibulum nulla. Accumsan morbi tristique auctor. At risus pretium urna tortor metus fringilla interdum mauris tempor congue Odio ut pretium ligula quam Vestibulum consequat convallis fringilla Vestibulum nulla. Accumsan morbi tristique auctor. At risus pretium urna tortor metus fringilla interdum mauris tempor congue</p>\n<p> </p>\n<p>Odio ut pretium ligula quam Vestibulum consequat convallis fringilla Vestibulum nulla. Accumsan morbi tristique auctor. At risus pretium urna tortor metus fringilla interdum mauris tempor congue Odio ut pretium ligula quam Vestibulum consequat convallis fringilla Vestibulum nulla. Accumsan morbi tristique auctor. At risus pretium urna tortor metus fringilla interdum mauris tempor congue</p>','<p>Odio ut pretium ligula quam Vestibulum consequat convallis fringilla Vestibulum nulla. Accumsan morbi tristique auctor. At risus pretium urna tortor metus fringilla interdum mauris tempor congue</p>','joomla,wordpress'),(29,2,'','','At risus pretium urna tortor metus fringilla','at-risus-pretium-urna-tortor-metus-fringilla','<p>Odio ut pretium ligula quam Vestibulum consequat convallis fringilla Vestibulum nulla. Accumsan morbi tristique auctor. At risus pretium urna tortor metus fringilla interdum mauris tempor congue Odio ut pretium ligula quam Vestibulum consequat convallis fringilla Vestibulum nulla. Accumsan morbi tristique auctor. At risus pretium urna tortor metus fringilla interdum mauris tempor congue Odio ut pretium ligula quam Vestibulum consequat convallis fringilla Vestibulum nulla. Accumsan morbi tristique auctor. At risus pretium urna tortor metus fringilla interdum mauris tempor congue</p>\n<p> </p>\n<p>Odio ut pretium ligula quam Vestibulum consequat convallis fringilla Vestibulum nulla. Accumsan morbi tristique auctor. At risus pretium urna tortor metus fringilla interdum mauris tempor congue</p>\n<p> </p>\n<p>Odio ut pretium ligula quam Vestibulum consequat convallis fringilla Vestibulum nulla. Accumsan morbi tristique auctor. At risus pretium urna tortor metus fringilla interdum mauris tempor congue Odio ut pretium ligula quam Vestibulum consequat convallis fringilla Vestibulum nulla. Accumsan morbi tristique auctor. At risus pretium urna tortor metus fringilla interdum mauris tempor congue</p>\n<p> </p>\n<p>Odio ut pretium ligula quam Vestibulum consequat convallis fringilla Vestibulum nulla. Accumsan morbi tristique auctor. At risus pretium urna tortor metus fringilla interdum mauris tempor congue Odio ut pretium ligula quam Vestibulum consequat convallis fringilla Vestibulum nulla. Accumsan morbi tristique auctor. At risus pretium urna tortor metus fringilla interdum mauris tempor congue</p>','<p>Odio ut pretium ligula quam Vestibulum consequat convallis fringilla Vestibulum nulla. Accumsan morbi tristique auctor. At risus pretium urna tortor metus fringilla interdum mauris tempor congue</p>','joomla,wordpress'),(30,1,'','','Ipsum cursus vestibulum at interdum Vivamus','ipsum-cursus-vestibulum-at-interdum-vivamus','<p>Donec tellus Nulla lorem Nullam elit id ut elit feugiat lacus. Congue eget dapibus congue tincidunt senectus nibh risus Phasellus tristique justo. Justo Pellentesque Donec lobortis faucibus Vestibulum Praesent mauris volutpat vitae metus. Ipsum cursus vestibulum at interdum Vivamus nunc fringilla Curabitur ac quis. Nam lacinia wisi tortor orci quis vitae. Donec tellus Nulla lorem Nullam elit id ut elit feugiat lacus. Congue eget dapibus congue tincidunt senectus nibh risus Phasellus tristique justo. Justo Pellentesque Donec lobortis faucibus Vestibulum Praesent mauris volutpat vitae metus. Ipsum cursus vestibulum at interdum Vivamus nunc fringilla Curabitur ac quis. Nam lacinia wisi tortor orci quis vitae. Donec tellus Nulla lorem Nullam elit id ut elit feugiat lacus. Congue eget dapibus congue tincidunt senectus nibh risus Phasellus tristique justo. Justo Pellentesque Donec lobortis faucibus Vestibulum Praesent mauris volutpat vitae metus. Ipsum cursus vestibulum at interdum Vivamus nunc fringilla Curabitur ac quis. Nam lacinia wisi tortor orci quis vitae.</p>\n<p>Donec tellus Nulla lorem Nullam elit id ut elit feugiat lacus. Congue eget dapibus congue tincidunt senectus nibh risus Phasellus tristique justo. Justo Pellentesque Donec lobortis faucibus Vestibulum Praesent mauris volutpat vitae metus. Ipsum cursus vestibulum at interdum Vivamus nunc fringilla Curabitur ac quis. Nam lacinia wisi tortor orci quis vitae.Donec tellus Nulla lorem Nullam elit id ut elit feugiat lacus. Congue eget dapibus congue tincidunt senectus nibh risus Phasellus tristique justo. Justo Pellentesque Donec lobortis faucibus Vestibulum Praesent mauris volutpat vitae metus. Ipsum cursus vestibulum at interdum Vivamus nunc fringilla Curabitur ac quis. Nam lacinia wisi tortor orci quis vitae.Donec tellus Nulla lorem Nullam elit id ut elit feugiat lacus. Congue eget dapibus congue tincidunt senectus nibh risus Phasellus tristique justo. Justo Pellentesque Donec lobortis faucibus Vestibulum Praesent mauris volutpat vitae metus. Ipsum cursus vestibulum at interdum Vivamus nunc fringilla Curabitur ac quis. Nam lacinia wisi tortor orci quis vitae.</p>','<p>Donec tellus Nulla lorem Nullam elit id ut elit feugiat lacus. Congue eget dapibus congue tincidunt senectus nibh risus Phasellus tristique justo. Justo Pellentesque Donec lobortis faucibus</p>','joomla,prestashop,leotheme'),(30,2,'','','Ipsum cursus vestibulum at interdum Vivamus','ipsum-cursus-vestibulum-at-interdum-vivamus','<p>Donec tellus Nulla lorem Nullam elit id ut elit feugiat lacus. Congue eget dapibus congue tincidunt senectus nibh risus Phasellus tristique justo. Justo Pellentesque Donec lobortis faucibus Vestibulum Praesent mauris volutpat vitae metus. Ipsum cursus vestibulum at interdum Vivamus nunc fringilla Curabitur ac quis. Nam lacinia wisi tortor orci quis vitae. Donec tellus Nulla lorem Nullam elit id ut elit feugiat lacus. Congue eget dapibus congue tincidunt senectus nibh risus Phasellus tristique justo. Justo Pellentesque Donec lobortis faucibus Vestibulum Praesent mauris volutpat vitae metus. Ipsum cursus vestibulum at interdum Vivamus nunc fringilla Curabitur ac quis. Nam lacinia wisi tortor orci quis vitae. Donec tellus Nulla lorem Nullam elit id ut elit feugiat lacus. Congue eget dapibus congue tincidunt senectus nibh risus Phasellus tristique justo. Justo Pellentesque Donec lobortis faucibus Vestibulum Praesent mauris volutpat vitae metus. Ipsum cursus vestibulum at interdum Vivamus nunc fringilla Curabitur ac quis. Nam lacinia wisi tortor orci quis vitae.</p>\n<p>Donec tellus Nulla lorem Nullam elit id ut elit feugiat lacus. Congue eget dapibus congue tincidunt senectus nibh risus Phasellus tristique justo. Justo Pellentesque Donec lobortis faucibus Vestibulum Praesent mauris volutpat vitae metus. Ipsum cursus vestibulum at interdum Vivamus nunc fringilla Curabitur ac quis. Nam lacinia wisi tortor orci quis vitae.Donec tellus Nulla lorem Nullam elit id ut elit feugiat lacus. Congue eget dapibus congue tincidunt senectus nibh risus Phasellus tristique justo. Justo Pellentesque Donec lobortis faucibus Vestibulum Praesent mauris volutpat vitae metus. Ipsum cursus vestibulum at interdum Vivamus nunc fringilla Curabitur ac quis. Nam lacinia wisi tortor orci quis vitae.Donec tellus Nulla lorem Nullam elit id ut elit feugiat lacus. Congue eget dapibus congue tincidunt senectus nibh risus Phasellus tristique justo. Justo Pellentesque Donec lobortis faucibus Vestibulum Praesent mauris volutpat vitae metus. Ipsum cursus vestibulum at interdum Vivamus nunc fringilla Curabitur ac quis. Nam lacinia wisi tortor orci quis vitae.</p>','<p>Donec tellus Nulla lorem Nullam elit id ut elit feugiat lacus. Congue eget dapibus congue tincidunt senectus nibh risus Phasellus tristique justo. Justo Pellentesque Donec lobortis faucibus</p>','joomla,prestashop,leotheme'),(31,1,'','joomla,prestashop,leotheme,prestashop theme','Urna pretium elit mauris cursus Curabitur at elit Vestibulum','urna-pretium-elit-mauris-cursus-curabitur-at-elit-vestibulum','<p>Mi vitae magnis Fusce laoreet nibh felis porttitor laoreet Vestibulum faucibus. At Nulla id tincidunt ut sed semper vel Lorem condimentum ornare. Laoreet Vestibulum lacinia massa a commodo habitasse velit Vestibulum tincidunt In. Turpis at eleifend leo mi elit Aenean porta ac sed faucibus. Nunc urna Morbi fringilla vitae orci convallis condimentum auctor sit dui. Urna pretium elit mauris cursus Curabitur at elit Vestibulum.</p>','<p>Mi vitae magnis Fusce laoreet nibh felis porttitor laoreet Vestibulum faucibus. At Nulla id tincidunt ut sed semper vel Lorem condimentum ornare.</p>','Joomla'),(31,2,'','joomla,prestashop,leotheme,prestashop theme','Urna pretium elit mauris cursus Curabitur at elit Vestibulum','urna-pretium-elit-mauris-cursus-curabitur-at-elit-vestibulum','<p>Mi vitae magnis Fusce laoreet nibh felis porttitor laoreet Vestibulum faucibus. At Nulla id tincidunt ut sed semper vel Lorem condimentum ornare. Laoreet Vestibulum lacinia massa a commodo habitasse velit Vestibulum tincidunt In. Turpis at eleifend leo mi elit Aenean porta ac sed faucibus. Nunc urna Morbi fringilla vitae orci convallis condimentum auctor sit dui. Urna pretium elit mauris cursus Curabitur at elit Vestibulum.</p>','<p>Mi vitae magnis Fusce laoreet nibh felis porttitor laoreet Vestibulum faucibus. At Nulla id tincidunt ut sed semper vel Lorem condimentum ornare.</p>','Joomla'),(32,1,'','','Urna pretium elit mauris cursus Curabitur at elit Vestibulum','urna-pretium-elit-mauris-cursus-curabitur-at-elit-vestibulum','<p>Mi vitae magnis Fusce laoreet nibh felis porttitor laoreet Vestibulum faucibus. At Nulla id tincidunt ut sed semper vel Lorem condimentum ornare. Laoreet Vestibulum lacinia massa a commodo habitasse velit Vestibulum tincidunt In. Turpis at eleifend leo mi elit Aenean porta ac sed faucibus. Nunc urna Morbi fringilla vitae orci convallis condimentum auctor sit dui. Urna pretium elit mauris cursus Curabitur at elit Vestibulum. Mi vitae magnis Fusce laoreet nibh felis porttitor laoreet Vestibulum faucibus. At Nulla id tincidunt ut sed semper vel Lorem condimentum ornare. Laoreet Vestibulum lacinia massa a commodo habitasse velit Vestibulum tincidunt In. Turpis at eleifend leo mi elit Aenean porta ac sed faucibus. Nunc urna Morbi fringilla vitae orci convallis condimentum auctor sit dui. Urna pretium elit mauris cursus Curabitur at elit Vestibulum.</p>','<p>Mi vitae magnis Fusce laoreet nibh felis porttitor laoreet Vestibulum faucibus. At Nulla id tincidunt ut sed semper vel Lorem condimentum ornare.</p>','leotheme,prestashop,theme'),(32,2,'','','Urna pretium elit mauris cursus Curabitur at elit Vestibulum','urna-pretium-elit-mauris-cursus-curabitur-at-elit-vestibulum','<p>Mi vitae magnis Fusce laoreet nibh felis porttitor laoreet Vestibulum faucibus. At Nulla id tincidunt ut sed semper vel Lorem condimentum ornare. Laoreet Vestibulum lacinia massa a commodo habitasse velit Vestibulum tincidunt In. Turpis at eleifend leo mi elit Aenean porta ac sed faucibus. Nunc urna Morbi fringilla vitae orci convallis condimentum auctor sit dui. Urna pretium elit mauris cursus Curabitur at elit Vestibulum. Mi vitae magnis Fusce laoreet nibh felis porttitor laoreet Vestibulum faucibus. At Nulla id tincidunt ut sed semper vel Lorem condimentum ornare. Laoreet Vestibulum lacinia massa a commodo habitasse velit Vestibulum tincidunt In. Turpis at eleifend leo mi elit Aenean porta ac sed faucibus. Nunc urna Morbi fringilla vitae orci convallis condimentum auctor sit dui. Urna pretium elit mauris cursus Curabitur at elit Vestibulum.</p>','<p>Mi vitae magnis Fusce laoreet nibh felis porttitor laoreet Vestibulum faucibus. At Nulla id tincidunt ut sed semper vel Lorem condimentum ornare.</p>','leotheme,prestashop,theme'),(33,1,'','','Morbi condimentum molestie Nam enim odio sodales','morbi-condimentum-molestie-nam-enim-odio-sodales','<p>Odio ut pretium ligula quam Vestibulum consequat convallis fringilla Vestibulum nulla. Accumsan morbi tristique auctor. At risus pretium urna tortor metus fringilla interdum mauris tempor congue.</p><p>Commodo laoreet semper tincidunt lorem Vestibulum nunc at In Curabitur magna. Euismod euismod Suspendisse tortor ante adipiscing risus Aenean Lorem vitae id. Odio ut pretium ligula quam Vestibulum consequat convallis fringilla Vestibulum nulla. Accumsan morbi tristique auctor Aenean nulla lacinia Nullam elit vel vel. At risus pretium urna tortor metus fringilla interdum mauris tempor congue.</p><p>Donec tellus Nulla lorem Nullam elit id ut elit feugiat lacus. Congue eget dapibus congue tincidunt senectus nibh risus Phasellus tristique justo. Justo Pellentesque Donec lobortis faucibus Vestibulum Praesent mauris volutpat vitae metus. Ipsum cursus vestibulum at interdum Vivamus nunc fringilla Curabitur ac quis. Nam lacinia wisi tortor orci quis vitae.</p><p>Sed mauris Pellentesque elit Aliquam at lacus interdum nascetur elit ipsum. Enim ipsum hendrerit Suspendisse turpis laoreet fames tempus ligula pede ac. Et Lorem penatibus orci eu ultrices egestas Nam quam Vivamus nibh. Morbi condimentum molestie Nam enim odio sodales pretium eros sem pellentesque. Sit tellus Integer elit egestas lacus turpis id auctor nascetur ut. Ac elit vitae.</p><p>Mi vitae magnis Fusce laoreet nibh felis porttitor laoreet Vestibulum faucibus. At Nulla id tincidunt ut sed semper vel Lorem condimentum ornare. Laoreet Vestibulum lacinia massa a commodo habitasse velit Vestibulum tincidunt In. Turpis at eleifend leo mi elit Aenean porta ac sed faucibus. Nunc urna Morbi fringilla vitae orci convallis condimentum auctor sit dui. Urna pretium elit mauris cursus Curabitur at elit Vestibulum.</p>','<p>Sed mauris Pellentesque elit Aliquam at lacus interdum nascetur elit ipsum. Enim ipsum hendrerit Suspendisse turpis laoreet fames tempus ligula pede ac. Et Lorem penatibus orci eu ultrices egestas Nam quam Vivamus nibh.</p>','leotheme,prestashop,magento,opencart'),(33,2,'','','Morbi condimentum molestie Nam enim odio sodales','morbi-condimentum-molestie-nam-enim-odio-sodales','<p>Odio ut pretium ligula quam Vestibulum consequat convallis fringilla Vestibulum nulla. Accumsan morbi tristique auctor. At risus pretium urna tortor metus fringilla interdum mauris tempor congue.</p><p>Commodo laoreet semper tincidunt lorem Vestibulum nunc at In Curabitur magna. Euismod euismod Suspendisse tortor ante adipiscing risus Aenean Lorem vitae id. Odio ut pretium ligula quam Vestibulum consequat convallis fringilla Vestibulum nulla. Accumsan morbi tristique auctor Aenean nulla lacinia Nullam elit vel vel. At risus pretium urna tortor metus fringilla interdum mauris tempor congue.</p><p>Donec tellus Nulla lorem Nullam elit id ut elit feugiat lacus. Congue eget dapibus congue tincidunt senectus nibh risus Phasellus tristique justo. Justo Pellentesque Donec lobortis faucibus Vestibulum Praesent mauris volutpat vitae metus. Ipsum cursus vestibulum at interdum Vivamus nunc fringilla Curabitur ac quis. Nam lacinia wisi tortor orci quis vitae.</p><p>Sed mauris Pellentesque elit Aliquam at lacus interdum nascetur elit ipsum. Enim ipsum hendrerit Suspendisse turpis laoreet fames tempus ligula pede ac. Et Lorem penatibus orci eu ultrices egestas Nam quam Vivamus nibh. Morbi condimentum molestie Nam enim odio sodales pretium eros sem pellentesque. Sit tellus Integer elit egestas lacus turpis id auctor nascetur ut. Ac elit vitae.</p><p>Mi vitae magnis Fusce laoreet nibh felis porttitor laoreet Vestibulum faucibus. At Nulla id tincidunt ut sed semper vel Lorem condimentum ornare. Laoreet Vestibulum lacinia massa a commodo habitasse velit Vestibulum tincidunt In. Turpis at eleifend leo mi elit Aenean porta ac sed faucibus. Nunc urna Morbi fringilla vitae orci convallis condimentum auctor sit dui. Urna pretium elit mauris cursus Curabitur at elit Vestibulum.</p>','<p>Sed mauris Pellentesque elit Aliquam at lacus interdum nascetur elit ipsum. Enim ipsum hendrerit Suspendisse turpis laoreet fames tempus ligula pede ac. Et Lorem penatibus orci eu ultrices egestas Nam quam Vivamus nibh.</p>','leotheme,prestashop,magento,opencart'),(34,1,'','','Turpis at eleifend leo mi elit Aenean porta ac sed faucibus','turpis-at-eleifend-leo-mi-elit-aenean-porta-ac-sed-faucibus','<p>Odio ut pretium ligula quam Vestibulum consequat convallis fringilla Vestibulum nulla. Accumsan morbi tristique auctor. At risus pretium urna tortor metus fringilla interdum mauris tempor congue.</p><p>Commodo laoreet semper tincidunt lorem Vestibulum nunc at In Curabitur magna. Euismod euismod Suspendisse tortor ante adipiscing risus Aenean Lorem vitae id. Odio ut pretium ligula quam Vestibulum consequat convallis fringilla Vestibulum nulla. Accumsan morbi tristique auctor Aenean nulla lacinia Nullam elit vel vel. At risus pretium urna tortor metus fringilla interdum mauris tempor congue.</p>\n<p>Donec tellus Nulla lorem Nullam elit id ut elit feugiat lacus. Congue eget dapibus congue tincidunt senectus nibh risus Phasellus tristique justo. Justo Pellentesque Donec lobortis faucibus Vestibulum Praesent mauris volutpat vitae metus. Ipsum cursus vestibulum at interdum Vivamus nunc fringilla Curabitur ac quis. Nam lacinia wisi tortor orci quis vitae.</p>\n<p>Sed mauris Pellentesque elit Aliquam at lacus interdum nascetur elit ipsum. Enim ipsum hendrerit Suspendisse turpis laoreet fames tempus ligula pede ac. Et Lorem penatibus orci eu ultrices egestas Nam quam Vivamus nibh. Morbi condimentum molestie Nam enim odio sodales pretium eros sem pellentesque. Sit tellus Integer elit egestas lacus turpis id auctor nascetur ut. Ac elit vitae.</p>\n<p>Mi vitae magnis Fusce laoreet nibh felis porttitor laoreet Vestibulum faucibus. At Nulla id tincidunt ut sed semper vel Lorem condimentum ornare. Laoreet Vestibulum lacinia massa a commodo habitasse velit Vestibulum tincidunt In. Turpis at eleifend leo mi elit Aenean porta ac sed faucibus. Nunc urna Morbi fringilla vitae orci convallis condimentum auctor sit dui. Urna pretium elit mauris cursus Curabitur at elit Vestibulum.</p>','<p>Turpis at eleifend leo mi elit Aenean porta ac sed faucibus. Nunc urna Morbi fringilla vitae orci convallis condimentum auctor sit dui. Urna pretium elit mauris cursus Curabitur at elit Vestibulum</p>','magento,opencart,template'),(34,2,'','','Turpis at eleifend leo mi elit Aenean porta ac sed faucibus','turpis-at-eleifend-leo-mi-elit-aenean-porta-ac-sed-faucibus','<p>Odio ut pretium ligula quam Vestibulum consequat convallis fringilla Vestibulum nulla. Accumsan morbi tristique auctor. At risus pretium urna tortor metus fringilla interdum mauris tempor congue.</p><p>Commodo laoreet semper tincidunt lorem Vestibulum nunc at In Curabitur magna. Euismod euismod Suspendisse tortor ante adipiscing risus Aenean Lorem vitae id. Odio ut pretium ligula quam Vestibulum consequat convallis fringilla Vestibulum nulla. Accumsan morbi tristique auctor Aenean nulla lacinia Nullam elit vel vel. At risus pretium urna tortor metus fringilla interdum mauris tempor congue.</p>\n<p>Donec tellus Nulla lorem Nullam elit id ut elit feugiat lacus. Congue eget dapibus congue tincidunt senectus nibh risus Phasellus tristique justo. Justo Pellentesque Donec lobortis faucibus Vestibulum Praesent mauris volutpat vitae metus. Ipsum cursus vestibulum at interdum Vivamus nunc fringilla Curabitur ac quis. Nam lacinia wisi tortor orci quis vitae.</p>\n<p>Sed mauris Pellentesque elit Aliquam at lacus interdum nascetur elit ipsum. Enim ipsum hendrerit Suspendisse turpis laoreet fames tempus ligula pede ac. Et Lorem penatibus orci eu ultrices egestas Nam quam Vivamus nibh. Morbi condimentum molestie Nam enim odio sodales pretium eros sem pellentesque. Sit tellus Integer elit egestas lacus turpis id auctor nascetur ut. Ac elit vitae.</p>\n<p>Mi vitae magnis Fusce laoreet nibh felis porttitor laoreet Vestibulum faucibus. At Nulla id tincidunt ut sed semper vel Lorem condimentum ornare. Laoreet Vestibulum lacinia massa a commodo habitasse velit Vestibulum tincidunt In. Turpis at eleifend leo mi elit Aenean porta ac sed faucibus. Nunc urna Morbi fringilla vitae orci convallis condimentum auctor sit dui. Urna pretium elit mauris cursus Curabitur at elit Vestibulum.</p>','<p>Turpis at eleifend leo mi elit Aenean porta ac sed faucibus. Nunc urna Morbi fringilla vitae orci convallis condimentum auctor sit dui. Urna pretium elit mauris cursus Curabitur at elit Vestibulum</p>','magento,opencart,template'),(35,1,'','','Nullam ullamcorper nisl quis ornare molestie','nullam-ullamcorper-nisl-quis-ornare-molestie','<p>Sed ut perspiciatis unde omnis iste natus error sit voluptatem accusantium doloremque laudantium, totam rem aperiam, eaque ipsa quae ab illo inventore veritatis et quas.</p><p>Suspendisse posuere, diam in bibendum lobortis, turpis ipsum aliquam risus, sit amet dictum ligula lorem non nisl. Ut vitae nibh id massa vulputate euismod ut quis justo. Ut bibendum sem at massa lacinia, eget elementum ante consectetur. Nulla id pharetra dui, at rhoncus urna. Maecenas non porttitor purus. Nullam ullamcorper nisl quis ornare molestie.</p>\n<p>Etiam eget erat est. Phasellus elit justo, mattis non lorem non, aliquam aliquam leo. Sed fermentum consectetur magna, eget semper ante. Aliquam scelerisque justo velit. Fusce cursus blandit dolor, in sodales urna vulputate lobortis. Nulla ut tellus turpis. Nullam lacus sem, volutpat id odio sed, cursus tristique eros. Duis at pellentesque magna. Donec magna nisi, vulputate ac nulla eu, ultricies tincidunt tellus. Nunc tincidunt sem urna, nec venenatis libero vehicula ut.</p>\n<p>Vestibulum ante ipsum primis in faucibus orci luctus et ultrices posuere cubilia Curae; Curabitur faucibus aliquam pulvinar. Vivamus mattis volutpat erat, et congue nisi semper quis. Cras vehicula dignissim libero in elementum. Mauris sit amet dolor justo. Morbi consequat velit vel est fermentum euismod. Curabitur in magna augue.</p>','<p>Suspendisse posuere, diam in bibendum lobortis, turpis ipsum aliquam risus, sit amet dictum ligula lorem non nisl Urna pretium elit mauris cursus Curabitur at elit Vestibulum</p>','opencart,theme'),(35,2,'','','Nullam ullamcorper nisl quis ornare molestie','nullam-ullamcorper-nisl-quis-ornare-molestie','<p>Sed ut perspiciatis unde omnis iste natus error sit voluptatem accusantium doloremque laudantium, totam rem aperiam, eaque ipsa quae ab illo inventore veritatis et quas.</p><p>Suspendisse posuere, diam in bibendum lobortis, turpis ipsum aliquam risus, sit amet dictum ligula lorem non nisl. Ut vitae nibh id massa vulputate euismod ut quis justo. Ut bibendum sem at massa lacinia, eget elementum ante consectetur. Nulla id pharetra dui, at rhoncus urna. Maecenas non porttitor purus. Nullam ullamcorper nisl quis ornare molestie.</p>\n<p>Etiam eget erat est. Phasellus elit justo, mattis non lorem non, aliquam aliquam leo. Sed fermentum consectetur magna, eget semper ante. Aliquam scelerisque justo velit. Fusce cursus blandit dolor, in sodales urna vulputate lobortis. Nulla ut tellus turpis. Nullam lacus sem, volutpat id odio sed, cursus tristique eros. Duis at pellentesque magna. Donec magna nisi, vulputate ac nulla eu, ultricies tincidunt tellus. Nunc tincidunt sem urna, nec venenatis libero vehicula ut.</p>\n<p>Vestibulum ante ipsum primis in faucibus orci luctus et ultrices posuere cubilia Curae; Curabitur faucibus aliquam pulvinar. Vivamus mattis volutpat erat, et congue nisi semper quis. Cras vehicula dignissim libero in elementum. Mauris sit amet dolor justo. Morbi consequat velit vel est fermentum euismod. Curabitur in magna augue.</p>','<p>Suspendisse posuere, diam in bibendum lobortis, turpis ipsum aliquam risus, sit amet dictum ligula lorem non nisl Urna pretium elit mauris cursus Curabitur at elit Vestibulum</p>','opencart,theme');

--
-- Table structure for table `pre3305_leoblog_blog_shop`
--

CREATE TABLE `pre3305_leoblog_blog_shop` (
  `id_leoblog_blog` int(11) NOT NULL DEFAULT '0',
  `id_shop` int(11) NOT NULL DEFAULT '0',
  PRIMARY KEY (`id_leoblog_blog`,`id_shop`)
) ENGINE=InnoDB DEFAULT CHARSET=utf8;

--
-- Dumping data for table `pre3305_leoblog_blog_shop`
--

INSERT INTO `pre3305_leoblog_blog_shop` VALUES (1,4),(2,4),(3,4),(4,4),(5,4),(6,4),(7,4),(8,5),(9,5),(10,5),(11,5),(12,5),(13,5),(14,5),(15,4),(16,4),(17,4),(18,4),(19,4),(20,4),(21,4),(22,4),(23,4),(24,4),(25,4),(26,4),(27,4),(28,4),(29,2),(30,2),(31,2),(32,2),(33,2),(34,2),(35,2);

--
-- Table structure for table `pre3305_leoblog_comment`
--

CREATE TABLE `pre3305_leoblog_comment` (
  `id_comment` int(11) unsigned NOT NULL AUTO_INCREMENT,
  `id_shop` int(11) NOT NULL DEFAULT '0',
  `id_leoblog_blog` int(11) unsigned NOT NULL,
  `comment` text NOT NULL,
  `active` tinyint(1) NOT NULL DEFAULT '0',
  `date_add` datetime DEFAULT NULL,
  `user` varchar(255) NOT NULL,
  `email` varchar(255) NOT NULL,
  PRIMARY KEY (`id_comment`,`id_shop`),
  KEY `FK_blog_comment` (`id_leoblog_blog`)
) ENGINE=InnoDB AUTO_INCREMENT=46 DEFAULT CHARSET=utf8;

--
-- Dumping data for table `pre3305_leoblog_comment`
--

INSERT INTO `pre3305_leoblog_comment` VALUES (1,4,1,' At Nulla id tincidunt ut sed semper vel Lorem condimentum ornare. Laoreet Vestibulum lacinia massa a commodo habitasse velit Vestibulum tincidunt In',1,'2018-07-18 16:23:16','ha cong tien','tienhc@brainos.vn'),(2,4,1,' At Nulla id tincidunt ut sed semper vel Lorem condimentum ornare. Laoreet Vestibulum lacinia massa a commodo habitasse velit Vestibulum tincidunt In',1,'2018-07-18 16:23:16','ha cong tien','tienhc@brainos.vn'),(3,4,1,'ádasdasd',0,'2018-07-18 16:23:16','ádasd','12312@gmail.com'),(4,4,1,'aa',0,'2018-07-18 16:23:16','aa','aa@gmail.com'),(5,4,1,'sđfsd',0,'2018-07-18 16:23:16','manufacturer1','demo@demo.com'),(6,4,1,'a',0,'2018-07-18 16:23:16','manufacturer1','demo@demo.com'),(7,4,1,'abc',0,'2018-07-18 16:23:16','aba','aba@gmail.com'),(8,4,1,'submitcomment',0,'2018-07-18 16:23:16','submitcomment','submitcomment@gmail.com'),(9,4,1,'ádasdas',0,'2018-07-18 16:23:16','ádasd','12312@gmail.com'),(10,5,8,' At Nulla id tincidunt ut sed semper vel Lorem condimentum ornare. Laoreet Vestibulum lacinia massa a commodo habitasse velit Vestibulum tincidunt In',1,'2018-07-18 16:28:09','ha cong tien','tienhc@brainos.vn'),(11,5,8,' At Nulla id tincidunt ut sed semper vel Lorem condimentum ornare. Laoreet Vestibulum lacinia massa a commodo habitasse velit Vestibulum tincidunt In',1,'2018-07-18 16:28:09','ha cong tien','tienhc@brainos.vn'),(12,5,8,'ádasdasd',0,'2018-07-18 16:28:09','ádasd','12312@gmail.com'),(13,5,8,'aa',0,'2018-07-18 16:28:09','aa','aa@gmail.com'),(14,5,8,'sđfsd',0,'2018-07-18 16:28:09','manufacturer1','demo@demo.com'),(15,5,8,'a',0,'2018-07-18 16:28:09','manufacturer1','demo@demo.com'),(16,5,8,'abc',0,'2018-07-18 16:28:09','aba','aba@gmail.com'),(17,5,8,'submitcomment',0,'2018-07-18 16:28:09','submitcomment','submitcomment@gmail.com'),(18,5,8,'ádasdas',0,'2018-07-18 16:28:09','ádasd','12312@gmail.com'),(19,4,15,' At Nulla id tincidunt ut sed semper vel Lorem condimentum ornare. Laoreet Vestibulum lacinia massa a commodo habitasse velit Vestibulum tincidunt In',1,'2018-09-07 11:38:38','ha cong tien','tienhc@brainos.vn'),(20,4,15,' At Nulla id tincidunt ut sed semper vel Lorem condimentum ornare. Laoreet Vestibulum lacinia massa a commodo habitasse velit Vestibulum tincidunt In',1,'2018-09-07 11:38:38','ha cong tien','tienhc@brainos.vn'),(21,4,15,'ádasdasd',0,'2018-09-07 11:38:38','ádasd','12312@gmail.com'),(22,4,15,'aa',0,'2018-09-07 11:38:38','aa','aa@gmail.com'),(23,4,15,'sđfsd',0,'2018-09-07 11:38:38','manufacturer1','demo@demo.com'),(24,4,15,'a',0,'2018-09-07 11:38:38','manufacturer1','demo@demo.com'),(25,4,15,'abc',0,'2018-09-07 11:38:38','aba','aba@gmail.com'),(26,4,15,'submitcomment',0,'2018-09-07 11:38:38','submitcomment','submitcomment@gmail.com'),(27,4,15,'ádasdas',0,'2018-09-07 11:38:38','ádasd','12312@gmail.com'),(28,4,22,' At Nulla id tincidunt ut sed semper vel Lorem condimentum ornare. Laoreet Vestibulum lacinia massa a commodo habitasse velit Vestibulum tincidunt In',1,'2018-09-07 11:39:04','ha cong tien','tienhc@brainos.vn'),(29,4,22,' At Nulla id tincidunt ut sed semper vel Lorem condimentum ornare. Laoreet Vestibulum lacinia massa a commodo habitasse velit Vestibulum tincidunt In',1,'2018-09-07 11:39:04','ha cong tien','tienhc@brainos.vn'),(30,4,22,'ádasdasd',0,'2018-09-07 11:39:04','ádasd','12312@gmail.com'),(31,4,22,'aa',0,'2018-09-07 11:39:04','aa','aa@gmail.com'),(32,4,22,'sđfsd',0,'2018-09-07 11:39:04','manufacturer1','demo@demo.com'),(33,4,22,'a',0,'2018-09-07 11:39:04','manufacturer1','demo@demo.com'),(34,4,22,'abc',0,'2018-09-07 11:39:04','aba','aba@gmail.com'),(35,4,22,'submitcomment',0,'2018-09-07 11:39:04','submitcomment','submitcomment@gmail.com'),(36,4,22,'ádasdas',0,'2018-09-07 11:39:04','ádasd','12312@gmail.com'),(37,2,29,' At Nulla id tincidunt ut sed semper vel Lorem condimentum ornare. Laoreet Vestibulum lacinia massa a commodo habitasse velit Vestibulum tincidunt In',1,'2018-09-07 15:30:52','ha cong tien','tienhc@brainos.vn'),(38,2,29,' At Nulla id tincidunt ut sed semper vel Lorem condimentum ornare. Laoreet Vestibulum lacinia massa a commodo habitasse velit Vestibulum tincidunt In',1,'2018-09-07 15:30:52','ha cong tien','tienhc@brainos.vn'),(39,2,29,'ádasdasd',0,'2018-09-07 15:30:52','ádasd','12312@gmail.com'),(40,2,29,'aa',0,'2018-09-07 15:30:52','aa','aa@gmail.com'),(41,2,29,'sđfsd',0,'2018-09-07 15:30:52','manufacturer1','demo@demo.com'),(42,2,29,'a',0,'2018-09-07 15:30:52','manufacturer1','demo@demo.com'),(43,2,29,'abc',0,'2018-09-07 15:30:52','aba','aba@gmail.com'),(44,2,29,'submitcomment',0,'2018-09-07 15:30:52','submitcomment','submitcomment@gmail.com'),(45,2,29,'ádasdas',0,'2018-09-07 15:30:52','ádasd','12312@gmail.com');

--
-- Table structure for table `pre3305_leoblogcat`
--

CREATE TABLE `pre3305_leoblogcat` (
  `id_leoblogcat` int(11) NOT NULL AUTO_INCREMENT,
  `image` varchar(255) NOT NULL,
  `id_parent` int(11) NOT NULL,
  `item` varchar(255) DEFAULT NULL,
  `level_depth` smallint(6) NOT NULL,
  `active` tinyint(1) NOT NULL,
  `show_title` tinyint(1) NOT NULL,
  `position` int(11) NOT NULL,
  `submenu_content` text NOT NULL,
  `privacy` smallint(6) DEFAULT NULL,
  `position_type` varchar(25) DEFAULT NULL,
  `menu_class` varchar(25) DEFAULT NULL,
  `content` text,
  `icon_class` varchar(255) DEFAULT NULL,
  `level` int(11) NOT NULL,
  `left` int(11) NOT NULL,
  `right` int(11) NOT NULL,
  `date_add` datetime DEFAULT NULL,
  `date_upd` datetime DEFAULT NULL,
  `template` varchar(200) NOT NULL,
  `randkey` varchar(255) DEFAULT NULL,
  PRIMARY KEY (`id_leoblogcat`)
) ENGINE=InnoDB AUTO_INCREMENT=17 DEFAULT CHARSET=utf8;

--
-- Dumping data for table `pre3305_leoblogcat`
--

INSERT INTO `pre3305_leoblogcat` VALUES (1,'',0,NULL,0,0,0,0,'',NULL,NULL,NULL,NULL,NULL,0,0,0,NULL,NULL,'',NULL),(2,'category-3.jpg',1,NULL,1,1,0,0,'',0,NULL,'',NULL,'',0,0,0,'2018-07-18 16:23:16','2018-07-18 16:23:16','default','5577844800e55bda2c0540af22ba96ce'),(3,'category-2.jpg',2,NULL,2,1,0,0,'',0,NULL,'',NULL,'',0,0,0,'2018-07-18 16:23:16','2018-07-18 16:23:16','default','0abc8c406b64fa2f13f5a7cbecbfb67f'),(4,'category-1.jpg',2,NULL,2,1,0,1,'',0,NULL,'',NULL,'',0,0,0,'2018-07-18 16:23:16','2018-07-18 16:23:16','default','1dcae6f22c5962b687451c98c27946f0'),(5,'category-3.jpg',1,NULL,1,1,0,1,'',0,NULL,'',NULL,'',0,0,0,'2018-07-18 16:28:08','2018-07-18 16:28:08','default','5577844800e55bda2c0540af22ba96ce'),(6,'category-2.jpg',5,NULL,2,1,0,0,'',0,NULL,'',NULL,'',0,0,0,'2018-07-18 16:28:08','2018-07-18 16:28:08','default','0abc8c406b64fa2f13f5a7cbecbfb67f'),(7,'category-1.jpg',5,NULL,2,1,0,1,'',0,NULL,'',NULL,'',0,0,0,'2018-07-18 16:28:09','2018-07-18 16:28:09','default','1dcae6f22c5962b687451c98c27946f0'),(8,'category-3.jpg',1,NULL,1,1,0,2,'',0,NULL,'',NULL,'',0,0,0,'2018-09-07 11:38:38','2018-09-07 11:38:38','default','5577844800e55bda2c0540af22ba96ce'),(9,'category-2.jpg',8,NULL,2,1,0,0,'',0,NULL,'',NULL,'',0,0,0,'2018-09-07 11:38:38','2018-09-07 11:38:38','default','0abc8c406b64fa2f13f5a7cbecbfb67f'),(10,'category-1.jpg',8,NULL,2,1,0,1,'',0,NULL,'',NULL,'',0,0,0,'2018-09-07 11:38:38','2018-09-07 11:38:38','default','1dcae6f22c5962b687451c98c27946f0'),(11,'category-3.jpg',1,NULL,1,1,0,3,'',0,NULL,'',NULL,'',0,0,0,'2018-09-07 11:39:04','2018-09-07 11:39:04','default','5577844800e55bda2c0540af22ba96ce'),(12,'category-2.jpg',11,NULL,2,1,0,0,'',0,NULL,'',NULL,'',0,0,0,'2018-09-07 11:39:04','2018-09-07 11:39:04','default','0abc8c406b64fa2f13f5a7cbecbfb67f'),(13,'category-1.jpg',11,NULL,2,1,0,1,'',0,NULL,'',NULL,'',0,0,0,'2018-09-07 11:39:04','2018-09-07 11:39:04','default','1dcae6f22c5962b687451c98c27946f0'),(14,'category-3.jpg',1,NULL,1,1,0,4,'',0,NULL,'',NULL,'',0,0,0,'2018-09-07 15:30:52','2018-09-07 15:30:52','default','5577844800e55bda2c0540af22ba96ce'),(15,'category-2.jpg',14,NULL,2,1,0,0,'',0,NULL,'',NULL,'',0,0,0,'2018-09-07 15:30:52','2018-09-07 15:30:52','default','0abc8c406b64fa2f13f5a7cbecbfb67f'),(16,'category-1.jpg',14,NULL,2,1,0,1,'',0,NULL,'',NULL,'',0,0,0,'2018-09-07 15:30:53','2018-09-07 15:30:53','default','1dcae6f22c5962b687451c98c27946f0');

--
-- Table structure for table `pre3305_leoblogcat_lang`
--

CREATE TABLE `pre3305_leoblogcat_lang` (
  `id_leoblogcat` int(11) NOT NULL,
  `id_lang` int(11) NOT NULL,
  `title` varchar(255) DEFAULT NULL,
  `content_text` text,
  `description` varchar(200) NOT NULL,
  `meta_keywords` varchar(255) NOT NULL,
  `meta_description` varchar(255) NOT NULL,
  `link_rewrite` varchar(250) NOT NULL,
  PRIMARY KEY (`id_leoblogcat`,`id_lang`)
) ENGINE=InnoDB DEFAULT CHARSET=utf8;

--
-- Dumping data for table `pre3305_leoblogcat_lang`
--

INSERT INTO `pre3305_leoblogcat_lang` VALUES (1,1,'Root',NULL,'','','',''),(1,2,'Root',NULL,'','','',''),(2,1,'Catégorie 1','<p>Odio ut pretium ligula quam Vestibulum consequat convallis fringilla Vestibulum nulla. Accumsan morbi tristique auctor. At risus pretium urna tortor metus fringilla interdum mauris tempor congue</p>','','','','categorie-1'),(2,2,'Category 1','<p>Odio ut pretium ligula quam Vestibulum consequat convallis fringilla Vestibulum nulla. Accumsan morbi tristique auctor. At risus pretium urna tortor metus fringilla interdum mauris tempor congue</p>','','','','category-1'),(3,1,'Sous-catégorie 1','<p>Odio ut pretium ligula quam Vestibulum consequat convallis fringilla Vestibulum nulla. Accumsan morbi tristique auctor. At risus pretium urna tortor metus fringilla interdum mauris tempor congue</p>','','joomla,prestashop,leotheme,pavothemes','','sous-categorie-1'),(3,2,'Sub Category 1','<p>Odio ut pretium ligula quam Vestibulum consequat convallis fringilla Vestibulum nulla. Accumsan morbi tristique auctor. At risus pretium urna tortor metus fringilla interdum mauris tempor congue</p>','','joomla,prestashop,leotheme,pavothemes','','sub-category-1'),(4,1,'Sous-catégorie 2','<p>Odio ut pretium ligula quam Vestibulum consequat convallis fringilla Vestibulum nulla. Accumsan morbi tristique auctor. At risus pretium urna tortor metus fringilla interdum mauris tempor congue</p>','','haha,joomla,magento','gogogoel','sous-categorie-2'),(4,2,'Sub Category 2','<p>Odio ut pretium ligula quam Vestibulum consequat convallis fringilla Vestibulum nulla. Accumsan morbi tristique auctor. At risus pretium urna tortor metus fringilla interdum mauris tempor congue</p>','','haha,joomla,magento','gogogoel','sub-category-2'),(5,1,'Catégorie 1','<p>Odio ut pretium ligula quam Vestibulum consequat convallis fringilla Vestibulum nulla. Accumsan morbi tristique auctor. At risus pretium urna tortor metus fringilla interdum mauris tempor congue</p>','','','','categorie-1'),(5,2,'Category 1','<p>Odio ut pretium ligula quam Vestibulum consequat convallis fringilla Vestibulum nulla. Accumsan morbi tristique auctor. At risus pretium urna tortor metus fringilla interdum mauris tempor congue</p>','','','','category-1'),(6,1,'Sous-catégorie 1','<p>Odio ut pretium ligula quam Vestibulum consequat convallis fringilla Vestibulum nulla. Accumsan morbi tristique auctor. At risus pretium urna tortor metus fringilla interdum mauris tempor congue</p>','','joomla,prestashop,leotheme,pavothemes','','sous-categorie-1'),(6,2,'Sub Category 1','<p>Odio ut pretium ligula quam Vestibulum consequat convallis fringilla Vestibulum nulla. Accumsan morbi tristique auctor. At risus pretium urna tortor metus fringilla interdum mauris tempor congue</p>','','joomla,prestashop,leotheme,pavothemes','','sub-category-1'),(7,1,'Sous-catégorie 2','<p>Odio ut pretium ligula quam Vestibulum consequat convallis fringilla Vestibulum nulla. Accumsan morbi tristique auctor. At risus pretium urna tortor metus fringilla interdum mauris tempor congue</p>','','haha,joomla,magento','gogogoel','sous-categorie-2'),(7,2,'Sub Category 2','<p>Odio ut pretium ligula quam Vestibulum consequat convallis fringilla Vestibulum nulla. Accumsan morbi tristique auctor. At risus pretium urna tortor metus fringilla interdum mauris tempor congue</p>','','haha,joomla,magento','gogogoel','sub-category-2'),(8,1,'Catégorie 1','<p>Odio ut pretium ligula quam Vestibulum consequat convallis fringilla Vestibulum nulla. Accumsan morbi tristique auctor. At risus pretium urna tortor metus fringilla interdum mauris tempor congue</p>','','','','categorie-1'),(8,2,'Category 1','<p>Odio ut pretium ligula quam Vestibulum consequat convallis fringilla Vestibulum nulla. Accumsan morbi tristique auctor. At risus pretium urna tortor metus fringilla interdum mauris tempor congue</p>','','','','category-1'),(9,1,'Sous-catégorie 1','<p>Odio ut pretium ligula quam Vestibulum consequat convallis fringilla Vestibulum nulla. Accumsan morbi tristique auctor. At risus pretium urna tortor metus fringilla interdum mauris tempor congue</p>','','joomla,prestashop,leotheme,pavothemes','','sous-categorie-1'),(9,2,'Sub Category 1','<p>Odio ut pretium ligula quam Vestibulum consequat convallis fringilla Vestibulum nulla. Accumsan morbi tristique auctor. At risus pretium urna tortor metus fringilla interdum mauris tempor congue</p>','','joomla,prestashop,leotheme,pavothemes','','sub-category-1'),(10,1,'Sous-catégorie 2','<p>Odio ut pretium ligula quam Vestibulum consequat convallis fringilla Vestibulum nulla. Accumsan morbi tristique auctor. At risus pretium urna tortor metus fringilla interdum mauris tempor congue</p>','','haha,joomla,magento','gogogoel','sous-categorie-2'),(10,2,'Sub Category 2','<p>Odio ut pretium ligula quam Vestibulum consequat convallis fringilla Vestibulum nulla. Accumsan morbi tristique auctor. At risus pretium urna tortor metus fringilla interdum mauris tempor congue</p>','','haha,joomla,magento','gogogoel','sub-category-2'),(11,1,'Catégorie 1','<p>Odio ut pretium ligula quam Vestibulum consequat convallis fringilla Vestibulum nulla. Accumsan morbi tristique auctor. At risus pretium urna tortor metus fringilla interdum mauris tempor congue</p>','','','','categorie-1'),(11,2,'Category 1','<p>Odio ut pretium ligula quam Vestibulum consequat convallis fringilla Vestibulum nulla. Accumsan morbi tristique auctor. At risus pretium urna tortor metus fringilla interdum mauris tempor congue</p>','','','','category-1'),(12,1,'Sous-catégorie 1','<p>Odio ut pretium ligula quam Vestibulum consequat convallis fringilla Vestibulum nulla. Accumsan morbi tristique auctor. At risus pretium urna tortor metus fringilla interdum mauris tempor congue</p>','','joomla,prestashop,leotheme,pavothemes','','sous-categorie-1'),(12,2,'Sub Category 1','<p>Odio ut pretium ligula quam Vestibulum consequat convallis fringilla Vestibulum nulla. Accumsan morbi tristique auctor. At risus pretium urna tortor metus fringilla interdum mauris tempor congue</p>','','joomla,prestashop,leotheme,pavothemes','','sub-category-1'),(13,1,'Sous-catégorie 2','<p>Odio ut pretium ligula quam Vestibulum consequat convallis fringilla Vestibulum nulla. Accumsan morbi tristique auctor. At risus pretium urna tortor metus fringilla interdum mauris tempor congue</p>','','haha,joomla,magento','gogogoel','sous-categorie-2'),(13,2,'Sub Category 2','<p>Odio ut pretium ligula quam Vestibulum consequat convallis fringilla Vestibulum nulla. Accumsan morbi tristique auctor. At risus pretium urna tortor metus fringilla interdum mauris tempor congue</p>','','haha,joomla,magento','gogogoel','sub-category-2'),(14,1,'Catégorie 1','<p>Odio ut pretium ligula quam Vestibulum consequat convallis fringilla Vestibulum nulla. Accumsan morbi tristique auctor. At risus pretium urna tortor metus fringilla interdum mauris tempor congue</p>','','','','categorie-1'),(14,2,'Category 1','<p>Odio ut pretium ligula quam Vestibulum consequat convallis fringilla Vestibulum nulla. Accumsan morbi tristique auctor. At risus pretium urna tortor metus fringilla interdum mauris tempor congue</p>','','','','category-1'),(15,1,'Sous-catégorie 1','<p>Odio ut pretium ligula quam Vestibulum consequat convallis fringilla Vestibulum nulla. Accumsan morbi tristique auctor. At risus pretium urna tortor metus fringilla interdum mauris tempor congue</p>','','joomla,prestashop,leotheme,pavothemes','','sous-categorie-1'),(15,2,'Sub Category 1','<p>Odio ut pretium ligula quam Vestibulum consequat convallis fringilla Vestibulum nulla. Accumsan morbi tristique auctor. At risus pretium urna tortor metus fringilla interdum mauris tempor congue</p>','','joomla,prestashop,leotheme,pavothemes','','sub-category-1'),(16,1,'Sous-catégorie 2','<p>Odio ut pretium ligula quam Vestibulum consequat convallis fringilla Vestibulum nulla. Accumsan morbi tristique auctor. At risus pretium urna tortor metus fringilla interdum mauris tempor congue</p>','','haha,joomla,magento','gogogoel','sous-categorie-2'),(16,2,'Sub Category 2','<p>Odio ut pretium ligula quam Vestibulum consequat convallis fringilla Vestibulum nulla. Accumsan morbi tristique auctor. At risus pretium urna tortor metus fringilla interdum mauris tempor congue</p>','','haha,joomla,magento','gogogoel','sub-category-2');

--
-- Table structure for table `pre3305_leoblogcat_shop`
--

CREATE TABLE `pre3305_leoblogcat_shop` (
  `id_leoblogcat` int(11) NOT NULL DEFAULT '0',
  `id_shop` int(11) NOT NULL DEFAULT '0',
  PRIMARY KEY (`id_leoblogcat`,`id_shop`)
) ENGINE=InnoDB DEFAULT CHARSET=utf8;

--
-- Dumping data for table `pre3305_leoblogcat_shop`
--

INSERT INTO `pre3305_leoblogcat_shop` VALUES (1,0),(1,2),(1,4),(1,5),(2,4),(3,4),(4,4),(5,5),(6,5),(7,5),(8,4),(9,4),(10,4),(11,4),(12,4),(13,4),(14,2),(15,2),(16,2);

--
-- Table structure for table `pre3305_leofeature_compare`
--

CREATE TABLE `pre3305_leofeature_compare` (
  `id_compare` int(10) unsigned NOT NULL AUTO_INCREMENT,
  `id_customer` int(10) unsigned NOT NULL,
  PRIMARY KEY (`id_compare`)
) ENGINE=InnoDB DEFAULT CHARSET=utf8;

--
-- Dumping data for table `pre3305_leofeature_compare`
--


--
-- Table structure for table `pre3305_leofeature_compare_product`
--

CREATE TABLE `pre3305_leofeature_compare_product` (
  `id_compare` int(10) unsigned NOT NULL,
  `id_product` int(10) unsigned NOT NULL,
  `date_add` datetime NOT NULL,
  `date_upd` datetime NOT NULL,
  PRIMARY KEY (`id_compare`,`id_product`)
) ENGINE=InnoDB DEFAULT CHARSET=utf8;

--
-- Dumping data for table `pre3305_leofeature_compare_product`
--


--
-- Table structure for table `pre3305_leofeature_product_review`
--

CREATE TABLE `pre3305_leofeature_product_review` (
  `id_product_review` int(10) unsigned NOT NULL AUTO_INCREMENT,
  `id_product` int(10) unsigned NOT NULL,
  `id_customer` int(10) unsigned NOT NULL,
  `id_guest` int(10) unsigned DEFAULT NULL,
  `title` varchar(64) DEFAULT NULL,
  `content` text NOT NULL,
  `customer_name` varchar(64) DEFAULT NULL,
  `grade` float unsigned NOT NULL,
  `validate` tinyint(1) NOT NULL,
  `deleted` tinyint(1) NOT NULL,
  `date_add` datetime NOT NULL,
  PRIMARY KEY (`id_product_review`),
  KEY `id_product` (`id_product`),
  KEY `id_customer` (`id_customer`),
  KEY `id_guest` (`id_guest`)
) ENGINE=InnoDB AUTO_INCREMENT=10 DEFAULT CHARSET=utf8;

--
-- Dumping data for table `pre3305_leofeature_product_review`
--

INSERT INTO `pre3305_leofeature_product_review` VALUES (7,26,1,0,'asd','asdas','John DOE',4,1,0,'2018-09-07 15:30:53'),(8,1,1,0,'asdas','asdas','John DOE',4,1,0,'2018-09-07 15:30:53'),(9,2,1,0,'ád','ádas','John DOE',5,1,0,'2018-09-07 15:30:53');

--
-- Table structure for table `pre3305_leofeature_product_review_criterion`
--

CREATE TABLE `pre3305_leofeature_product_review_criterion` (
  `id_product_review_criterion` int(10) unsigned NOT NULL AUTO_INCREMENT,
  `id_product_review_criterion_type` tinyint(1) NOT NULL,
  `active` tinyint(1) NOT NULL,
  PRIMARY KEY (`id_product_review_criterion`)
) ENGINE=InnoDB AUTO_INCREMENT=4 DEFAULT CHARSET=utf8;

--
-- Dumping data for table `pre3305_leofeature_product_review_criterion`
--

INSERT INTO `pre3305_leofeature_product_review_criterion` VALUES (3,1,1);

--
-- Table structure for table `pre3305_leofeature_product_review_criterion_category`
--

CREATE TABLE `pre3305_leofeature_product_review_criterion_category` (
  `id_product_review_criterion` int(10) unsigned NOT NULL,
  `id_category` int(10) unsigned NOT NULL,
  PRIMARY KEY (`id_product_review_criterion`,`id_category`),
  KEY `id_category` (`id_category`)
) ENGINE=InnoDB DEFAULT CHARSET=utf8;

--
-- Dumping data for table `pre3305_leofeature_product_review_criterion_category`
--


--
-- Table structure for table `pre3305_leofeature_product_review_criterion_lang`
--

CREATE TABLE `pre3305_leofeature_product_review_criterion_lang` (
  `id_product_review_criterion` int(11) unsigned NOT NULL,
  `id_lang` int(11) unsigned NOT NULL,
  `name` varchar(64) NOT NULL,
  PRIMARY KEY (`id_product_review_criterion`,`id_lang`)
) ENGINE=InnoDB DEFAULT CHARSET=utf8;

--
-- Dumping data for table `pre3305_leofeature_product_review_criterion_lang`
--

INSERT INTO `pre3305_leofeature_product_review_criterion_lang` VALUES (3,1,'Qualité'),(3,2,'Quality');

--
-- Table structure for table `pre3305_leofeature_product_review_criterion_product`
--

CREATE TABLE `pre3305_leofeature_product_review_criterion_product` (
  `id_product` int(10) unsigned NOT NULL,
  `id_product_review_criterion` int(10) unsigned NOT NULL,
  PRIMARY KEY (`id_product`,`id_product_review_criterion`),
  KEY `id_product_review_criterion` (`id_product_review_criterion`)
) ENGINE=InnoDB DEFAULT CHARSET=utf8;

--
-- Dumping data for table `pre3305_leofeature_product_review_criterion_product`
--


--
-- Table structure for table `pre3305_leofeature_product_review_grade`
--

CREATE TABLE `pre3305_leofeature_product_review_grade` (
  `id_product_review_grade` int(11) NOT NULL AUTO_INCREMENT,
  `id_product_review` int(10) unsigned NOT NULL,
  `id_product_review_criterion` int(10) unsigned NOT NULL,
  `grade` int(10) unsigned NOT NULL,
  PRIMARY KEY (`id_product_review_grade`),
  KEY `id_product_review_criterion` (`id_product_review_criterion`)
) ENGINE=InnoDB AUTO_INCREMENT=4 DEFAULT CHARSET=utf8;

--
-- Dumping data for table `pre3305_leofeature_product_review_grade`
--

INSERT INTO `pre3305_leofeature_product_review_grade` VALUES (1,7,3,4),(2,8,3,4),(3,9,3,5);

--
-- Table structure for table `pre3305_leofeature_product_review_report`
--

CREATE TABLE `pre3305_leofeature_product_review_report` (
  `id_product_review` int(10) unsigned NOT NULL,
  `id_customer` int(10) unsigned NOT NULL,
  PRIMARY KEY (`id_product_review`,`id_customer`)
) ENGINE=InnoDB DEFAULT CHARSET=utf8;

--
-- Dumping data for table `pre3305_leofeature_product_review_report`
--


--
-- Table structure for table `pre3305_leofeature_product_review_usefulness`
--

CREATE TABLE `pre3305_leofeature_product_review_usefulness` (
  `id_product_review` int(10) unsigned NOT NULL,
  `id_customer` int(10) unsigned NOT NULL,
  `usefulness` tinyint(1) unsigned NOT NULL,
  PRIMARY KEY (`id_product_review`,`id_customer`)
) ENGINE=InnoDB DEFAULT CHARSET=utf8;

--
-- Dumping data for table `pre3305_leofeature_product_review_usefulness`
--


--
-- Table structure for table `pre3305_leofeature_wishlist`
--

CREATE TABLE `pre3305_leofeature_wishlist` (
  `id_wishlist` int(10) unsigned NOT NULL AUTO_INCREMENT,
  `id_customer` int(10) unsigned NOT NULL,
  `token` varchar(64) NOT NULL,
  `name` varchar(64) NOT NULL,
  `counter` int(10) unsigned DEFAULT NULL,
  `id_shop` int(10) unsigned DEFAULT '1',
  `id_shop_group` int(10) unsigned DEFAULT '1',
  `date_add` datetime NOT NULL,
  `date_upd` datetime NOT NULL,
  `default` int(10) unsigned DEFAULT '0',
  PRIMARY KEY (`id_wishlist`)
) ENGINE=InnoDB AUTO_INCREMENT=2 DEFAULT CHARSET=utf8;

--
-- Dumping data for table `pre3305_leofeature_wishlist`
--

INSERT INTO `pre3305_leofeature_wishlist` VALUES (1,6024,'C01F2789E05942A7','Ma liste d\'envies',NULL,4,1,'2018-07-20 11:10:36','2018-07-20 11:10:36',1);

--
-- Table structure for table `pre3305_leofeature_wishlist_product`
--

CREATE TABLE `pre3305_leofeature_wishlist_product` (
  `id_wishlist_product` int(10) NOT NULL AUTO_INCREMENT,
  `id_wishlist` int(10) unsigned NOT NULL,
  `id_product` int(10) unsigned NOT NULL,
  `id_product_attribute` int(10) unsigned NOT NULL,
  `quantity` int(10) unsigned NOT NULL,
  `priority` int(10) unsigned NOT NULL,
  PRIMARY KEY (`id_wishlist_product`)
) ENGINE=InnoDB AUTO_INCREMENT=2 DEFAULT CHARSET=utf8;

--
-- Dumping data for table `pre3305_leofeature_wishlist_product`
--

INSERT INTO `pre3305_leofeature_wishlist_product` VALUES (1,1,6032,1,1,1);

--
-- Table structure for table `pre3305_leoslideshow_groups`
--

CREATE TABLE `pre3305_leoslideshow_groups` (
  `id_leoslideshow_groups` int(10) unsigned NOT NULL AUTO_INCREMENT,
  `title` varchar(255) NOT NULL,
  `id_shop` int(10) unsigned NOT NULL,
  `hook` varchar(64) DEFAULT NULL,
  `active` tinyint(1) unsigned NOT NULL DEFAULT '1',
  `params` text NOT NULL,
  `active_ap` tinyint(1) DEFAULT NULL,
  `randkey` varchar(255) DEFAULT NULL,
  PRIMARY KEY (`id_leoslideshow_groups`,`id_shop`)
) ENGINE=InnoDB AUTO_INCREMENT=13 DEFAULT CHARSET=utf8;

--
-- Dumping data for table `pre3305_leoslideshow_groups`
--

INSERT INTO `pre3305_leoslideshow_groups` VALUES (1,'JK Bandeau Litho',4,'',1,'eyJkZWxheSI6IjkwMDAiLCJzdGFydF93aXRoX3NsaWRlIjoiMSIsInRpbWVyX3Nob3ciOiIyIiwic3RvcF9vbl9ob3ZlciI6IjEiLCJzaHVmZmxlX21vZGUiOiIwIiwiZnVsbHdpZHRoIjoiZnVsbHdpZHRoIiwibWRfd2lkdGgiOiIxMiIsInNtX3dpZHRoIjoiMTIiLCJ4c193aWR0aCI6IjEyIiwiaW1hZ2VfY3JvcHBpbmciOiIwIiwid2lkdGgiOiIxMTcwIiwiaGVpZ2h0IjoiNDAwIiwibWFyZ2luIjoiMHB4IiwicGFkZGluZyI6IjBweCIsImJhY2tncm91bmRfaW1hZ2UiOiIxIiwiYmFja2dyb3VuZF91cmwiOiIiLCJiYWNrZ3JvdW5kX2NvbG9yIjoiI2Q5ZDlkOSIsImdyb3VwX2NsYXNzIjoiIiwiY29udHJvbE5hdiI6IjAiLCJuYXZpZ2F0b3JfdHlwZSI6ImJ1bGxldCIsImVuYWJsZV9jdXN0b21faHRtbF9idWxsZXQiOiIwIiwiY29udHJvbE5hdlRvb2x0aXAiOiIwIiwidG9vbHRpcFgiOiI1IiwidG9vbHRpcFkiOiItNSIsIm5hdl90aHVtYm5haWxfd2lkdGgiOiIiLCJuYXZfdGh1bWJuYWlsX2hlaWdodCI6IiIsImNvbnRyb2xOYXZIb3Zlck9wYWNpdHkiOiIxIiwiZGlyZWN0aW9uTmF2IjoiMSIsImRpcmVjdGlvbk5hdkhvdmVyT3BhY2l0eSI6IjEiLCJrZXlib2FyZE5hdiI6IjEiLCJ0aW1lciI6IjM2MEJhciIsInRpbWVyUG9zaXRpb24iOiJ0b3AtcmlnaHQiLCJ0aW1lclgiOiIxMCIsInRpbWVyWSI6IjEwIiwidGltZXJPcGFjaXR5IjoiMC41IiwidGltZXJCZyI6IiMwMDAiLCJ0aW1lckNvbG9yIjoiI0VFRSIsInRpbWVyRGlhbWV0ZXIiOiIzMCIsInRpbWVyUGFkZGluZyI6IjQiLCJ0aW1lclN0cm9rZSI6IjMiLCJ0aW1lckJhclN0cm9rZSI6IjEiLCJ0aW1lckJhclN0cm9rZUNvbG9yIjoiI0VFRSIsInRpbWVyQmFyU3Ryb2tlU3R5bGUiOiJzb2xpZCIsImZ4IjoicmFuZG9tIiwiYW5pbWF0aW9uU3BlZWQiOiI1MDAiLCJzdHJpcHMiOiIyMCIsImJsb2NrQ29scyI6IjEwIiwiYmxvY2tSb3dzIjoiNSIsImNhcHRpb25TcGVlZCI6IjUwMCIsImNhcHRpb25PcGFjaXR5IjoiMSJ9',1,'ac70e5b81cccd4671f8c75a464e569bd'),(2,'Sample Slide 2',4,'',0,'eyJkZWxheSI6IjkwMDAiLCJzdGFydF93aXRoX3NsaWRlIjoiMSIsInRpbWVyX3Nob3ciOiIyIiwic3RvcF9vbl9ob3ZlciI6IjEiLCJzaHVmZmxlX21vZGUiOiIwIiwiZnVsbHdpZHRoIjoiZnVsbHdpZHRoIiwibWRfd2lkdGgiOiIxMiIsInNtX3dpZHRoIjoiMTIiLCJ4c193aWR0aCI6IjEyIiwiaW1hZ2VfY3JvcHBpbmciOiIwIiwid2lkdGgiOiI4NzMiLCJoZWlnaHQiOiI0OTYiLCJtYXJnaW4iOiIwcHgiLCJwYWRkaW5nIjoiMHB4IiwiYmFja2dyb3VuZF9pbWFnZSI6IjEiLCJiYWNrZ3JvdW5kX3VybCI6IiIsImJhY2tncm91bmRfY29sb3IiOiIjZDlkOWQ5IiwiZ3JvdXBfY2xhc3MiOiIiLCJjb250cm9sTmF2IjoiMCIsIm5hdmlnYXRvcl90eXBlIjoiYnVsbGV0IiwiZW5hYmxlX2N1c3RvbV9odG1sX2J1bGxldCI6IjAiLCJjb250cm9sTmF2VG9vbHRpcCI6IjAiLCJ0b29sdGlwWCI6IjUiLCJ0b29sdGlwWSI6Ii01IiwibmF2X3RodW1ibmFpbF93aWR0aCI6IiIsIm5hdl90aHVtYm5haWxfaGVpZ2h0IjoiIiwiY29udHJvbE5hdkhvdmVyT3BhY2l0eSI6IjEiLCJkaXJlY3Rpb25OYXYiOiIxIiwiZGlyZWN0aW9uTmF2SG92ZXJPcGFjaXR5IjoiMSIsImtleWJvYXJkTmF2IjoiMSIsInRpbWVyIjoiMzYwQmFyIiwidGltZXJQb3NpdGlvbiI6InRvcC1yaWdodCIsInRpbWVyWCI6IjEwIiwidGltZXJZIjoiMTAiLCJ0aW1lck9wYWNpdHkiOiIwLjUiLCJ0aW1lckJnIjoiIzAwMCIsInRpbWVyQ29sb3IiOiIjRUVFIiwidGltZXJEaWFtZXRlciI6IjMwIiwidGltZXJQYWRkaW5nIjoiNCIsInRpbWVyU3Ryb2tlIjoiMyIsInRpbWVyQmFyU3Ryb2tlIjoiMSIsInRpbWVyQmFyU3Ryb2tlQ29sb3IiOiIjRUVFIiwidGltZXJCYXJTdHJva2VTdHlsZSI6InNvbGlkIiwiZngiOiJyYW5kb20iLCJhbmltYXRpb25TcGVlZCI6IjUwMCIsInN0cmlwcyI6IjIwIiwiYmxvY2tDb2xzIjoiMTAiLCJibG9ja1Jvd3MiOiI1IiwiY2FwdGlvblNwZWVkIjoiNTAwIiwiY2FwdGlvbk9wYWNpdHkiOiIxIn0=',1,'2863a251a275922c638479982029a28a'),(3,'Sample Slide 3',4,'',0,'eyJkZWxheSI6IjkwMDAiLCJzdGFydF93aXRoX3NsaWRlIjoiMSIsInRpbWVyX3Nob3ciOiIyIiwic3RvcF9vbl9ob3ZlciI6IjEiLCJzaHVmZmxlX21vZGUiOiIwIiwiZnVsbHdpZHRoIjoiZnVsbHdpZHRoIiwibWRfd2lkdGgiOiIxMiIsInNtX3dpZHRoIjoiMTIiLCJ4c193aWR0aCI6IjEyIiwiaW1hZ2VfY3JvcHBpbmciOiIwIiwid2lkdGgiOiIxOTIwIiwiaGVpZ2h0IjoiNjAwIiwibWFyZ2luIjoiMHB4IiwicGFkZGluZyI6IjBweCIsImJhY2tncm91bmRfaW1hZ2UiOiIxIiwiYmFja2dyb3VuZF91cmwiOiIiLCJiYWNrZ3JvdW5kX2NvbG9yIjoiI2Q5ZDlkOSIsImdyb3VwX2NsYXNzIjoiIiwiY29udHJvbE5hdiI6IjAiLCJuYXZpZ2F0b3JfdHlwZSI6ImJ1bGxldCIsImVuYWJsZV9jdXN0b21faHRtbF9idWxsZXQiOiIwIiwiY29udHJvbE5hdlRvb2x0aXAiOiIwIiwidG9vbHRpcFgiOiI1IiwidG9vbHRpcFkiOiItNSIsIm5hdl90aHVtYm5haWxfd2lkdGgiOiIiLCJuYXZfdGh1bWJuYWlsX2hlaWdodCI6IiIsImNvbnRyb2xOYXZIb3Zlck9wYWNpdHkiOiIxIiwiZGlyZWN0aW9uTmF2IjoiMSIsImRpcmVjdGlvbk5hdkhvdmVyT3BhY2l0eSI6IjEiLCJrZXlib2FyZE5hdiI6IjEiLCJ0aW1lciI6IjM2MEJhciIsInRpbWVyUG9zaXRpb24iOiJ0b3AtcmlnaHQiLCJ0aW1lclgiOiIxMCIsInRpbWVyWSI6IjEwIiwidGltZXJPcGFjaXR5IjoiMC41IiwidGltZXJCZyI6IiMwMDAiLCJ0aW1lckNvbG9yIjoiI0VFRSIsInRpbWVyRGlhbWV0ZXIiOiIzMCIsInRpbWVyUGFkZGluZyI6IjQiLCJ0aW1lclN0cm9rZSI6IjMiLCJ0aW1lckJhclN0cm9rZSI6IjEiLCJ0aW1lckJhclN0cm9rZUNvbG9yIjoiI0VFRSIsInRpbWVyQmFyU3Ryb2tlU3R5bGUiOiJzb2xpZCIsImZ4IjoicmFuZG9tIiwiYW5pbWF0aW9uU3BlZWQiOiI1MDAiLCJzdHJpcHMiOiIyMCIsImJsb2NrQ29scyI6IjEwIiwiYmxvY2tSb3dzIjoiNSIsImNhcHRpb25TcGVlZCI6IjUwMCIsImNhcHRpb25PcGFjaXR5IjoiMSJ9',1,'2a76fd72e4752d08702c4a8d95eb1c73'),(4,'Sample Slide 4',4,'',0,'eyJkZWxheSI6IjkwMDAiLCJzdGFydF93aXRoX3NsaWRlIjoiMSIsInRpbWVyX3Nob3ciOiIyIiwic3RvcF9vbl9ob3ZlciI6IjEiLCJzaHVmZmxlX21vZGUiOiIwIiwiZnVsbHdpZHRoIjoiZnVsbHdpZHRoIiwibWRfd2lkdGgiOiIxMiIsInNtX3dpZHRoIjoiMTIiLCJ4c193aWR0aCI6IjEyIiwiaW1hZ2VfY3JvcHBpbmciOiIwIiwid2lkdGgiOiIxOTIwIiwiaGVpZ2h0IjoiNjAwIiwibWFyZ2luIjoiMHB4IiwicGFkZGluZyI6IjBweCIsImJhY2tncm91bmRfaW1hZ2UiOiIxIiwiYmFja2dyb3VuZF91cmwiOiIiLCJiYWNrZ3JvdW5kX2NvbG9yIjoiI2Q5ZDlkOSIsImdyb3VwX2NsYXNzIjoiIiwiY29udHJvbE5hdiI6IjAiLCJuYXZpZ2F0b3JfdHlwZSI6ImJ1bGxldCIsImVuYWJsZV9jdXN0b21faHRtbF9idWxsZXQiOiIwIiwiY29udHJvbE5hdlRvb2x0aXAiOiIwIiwidG9vbHRpcFgiOiI1IiwidG9vbHRpcFkiOiItNSIsIm5hdl90aHVtYm5haWxfd2lkdGgiOiIiLCJuYXZfdGh1bWJuYWlsX2hlaWdodCI6IiIsImNvbnRyb2xOYXZIb3Zlck9wYWNpdHkiOiIxIiwiZGlyZWN0aW9uTmF2IjoiMSIsImRpcmVjdGlvbk5hdkhvdmVyT3BhY2l0eSI6IjEiLCJrZXlib2FyZE5hdiI6IjEiLCJ0aW1lciI6IjM2MEJhciIsInRpbWVyUG9zaXRpb24iOiJ0b3AtcmlnaHQiLCJ0aW1lclgiOiIxMCIsInRpbWVyWSI6IjEwIiwidGltZXJPcGFjaXR5IjoiMC41IiwidGltZXJCZyI6IiMwMDAiLCJ0aW1lckNvbG9yIjoiI0VFRSIsInRpbWVyRGlhbWV0ZXIiOiIzMCIsInRpbWVyUGFkZGluZyI6IjQiLCJ0aW1lclN0cm9rZSI6IjMiLCJ0aW1lckJhclN0cm9rZSI6IjEiLCJ0aW1lckJhclN0cm9rZUNvbG9yIjoiI0VFRSIsInRpbWVyQmFyU3Ryb2tlU3R5bGUiOiJzb2xpZCIsImZ4IjoicmFuZG9tIiwiYW5pbWF0aW9uU3BlZWQiOiI1MDAiLCJzdHJpcHMiOiIyMCIsImJsb2NrQ29scyI6IjEwIiwiYmxvY2tSb3dzIjoiNSIsImNhcHRpb25TcGVlZCI6IjUwMCIsImNhcHRpb25PcGFjaXR5IjoiMSJ9',1,'417248b8347111e7844bb32405e0907a'),(5,'Sample Slide 1',5,'',1,'eyJkZWxheSI6IjkwMDAiLCJzdGFydF93aXRoX3NsaWRlIjoiMSIsInRpbWVyX3Nob3ciOiIyIiwic3RvcF9vbl9ob3ZlciI6IjEiLCJzaHVmZmxlX21vZGUiOiIwIiwiZnVsbHdpZHRoIjoiZnVsbHdpZHRoIiwibWRfd2lkdGgiOiIxMiIsInNtX3dpZHRoIjoiMTIiLCJ4c193aWR0aCI6IjEyIiwiaW1hZ2VfY3JvcHBpbmciOiIwIiwid2lkdGgiOiIxMTcwIiwiaGVpZ2h0IjoiNjAwIiwibWFyZ2luIjoiMHB4IiwicGFkZGluZyI6IjBweCIsImJhY2tncm91bmRfaW1hZ2UiOiIxIiwiYmFja2dyb3VuZF91cmwiOiIiLCJiYWNrZ3JvdW5kX2NvbG9yIjoiI2Q5ZDlkOSIsImdyb3VwX2NsYXNzIjoiIiwiY29udHJvbE5hdiI6IjAiLCJuYXZpZ2F0b3JfdHlwZSI6ImJ1bGxldCIsImVuYWJsZV9jdXN0b21faHRtbF9idWxsZXQiOiIwIiwiY29udHJvbE5hdlRvb2x0aXAiOiIwIiwidG9vbHRpcFgiOiI1IiwidG9vbHRpcFkiOiItNSIsIm5hdl90aHVtYm5haWxfd2lkdGgiOiIiLCJuYXZfdGh1bWJuYWlsX2hlaWdodCI6IiIsImNvbnRyb2xOYXZIb3Zlck9wYWNpdHkiOiIxIiwiZGlyZWN0aW9uTmF2IjoiMSIsImRpcmVjdGlvbk5hdkhvdmVyT3BhY2l0eSI6IjEiLCJrZXlib2FyZE5hdiI6IjEiLCJ0aW1lciI6IjM2MEJhciIsInRpbWVyUG9zaXRpb24iOiJ0b3AtcmlnaHQiLCJ0aW1lclgiOiIxMCIsInRpbWVyWSI6IjEwIiwidGltZXJPcGFjaXR5IjoiMC41IiwidGltZXJCZyI6IiMwMDAiLCJ0aW1lckNvbG9yIjoiI0VFRSIsInRpbWVyRGlhbWV0ZXIiOiIzMCIsInRpbWVyUGFkZGluZyI6IjQiLCJ0aW1lclN0cm9rZSI6IjMiLCJ0aW1lckJhclN0cm9rZSI6IjEiLCJ0aW1lckJhclN0cm9rZUNvbG9yIjoiI0VFRSIsInRpbWVyQmFyU3Ryb2tlU3R5bGUiOiJzb2xpZCIsImZ4IjoicmFuZG9tIiwiYW5pbWF0aW9uU3BlZWQiOiI1MDAiLCJzdHJpcHMiOiIyMCIsImJsb2NrQ29scyI6IjEwIiwiYmxvY2tSb3dzIjoiNSIsImNhcHRpb25TcGVlZCI6IjUwMCIsImNhcHRpb25PcGFjaXR5IjoiMSJ9',1,'ac70e5b81cccd4671f8c75a464e569bd'),(6,'Sample Slide 2',5,'',1,'eyJkZWxheSI6IjkwMDAiLCJzdGFydF93aXRoX3NsaWRlIjoiMSIsInRpbWVyX3Nob3ciOiIyIiwic3RvcF9vbl9ob3ZlciI6IjEiLCJzaHVmZmxlX21vZGUiOiIwIiwiZnVsbHdpZHRoIjoiZnVsbHdpZHRoIiwibWRfd2lkdGgiOiIxMiIsInNtX3dpZHRoIjoiMTIiLCJ4c193aWR0aCI6IjEyIiwiaW1hZ2VfY3JvcHBpbmciOiIwIiwid2lkdGgiOiI4NzMiLCJoZWlnaHQiOiI0OTYiLCJtYXJnaW4iOiIwcHgiLCJwYWRkaW5nIjoiMHB4IiwiYmFja2dyb3VuZF9pbWFnZSI6IjEiLCJiYWNrZ3JvdW5kX3VybCI6IiIsImJhY2tncm91bmRfY29sb3IiOiIjZDlkOWQ5IiwiZ3JvdXBfY2xhc3MiOiIiLCJjb250cm9sTmF2IjoiMCIsIm5hdmlnYXRvcl90eXBlIjoiYnVsbGV0IiwiZW5hYmxlX2N1c3RvbV9odG1sX2J1bGxldCI6IjAiLCJjb250cm9sTmF2VG9vbHRpcCI6IjAiLCJ0b29sdGlwWCI6IjUiLCJ0b29sdGlwWSI6Ii01IiwibmF2X3RodW1ibmFpbF93aWR0aCI6IiIsIm5hdl90aHVtYm5haWxfaGVpZ2h0IjoiIiwiY29udHJvbE5hdkhvdmVyT3BhY2l0eSI6IjEiLCJkaXJlY3Rpb25OYXYiOiIxIiwiZGlyZWN0aW9uTmF2SG92ZXJPcGFjaXR5IjoiMSIsImtleWJvYXJkTmF2IjoiMSIsInRpbWVyIjoiMzYwQmFyIiwidGltZXJQb3NpdGlvbiI6InRvcC1yaWdodCIsInRpbWVyWCI6IjEwIiwidGltZXJZIjoiMTAiLCJ0aW1lck9wYWNpdHkiOiIwLjUiLCJ0aW1lckJnIjoiIzAwMCIsInRpbWVyQ29sb3IiOiIjRUVFIiwidGltZXJEaWFtZXRlciI6IjMwIiwidGltZXJQYWRkaW5nIjoiNCIsInRpbWVyU3Ryb2tlIjoiMyIsInRpbWVyQmFyU3Ryb2tlIjoiMSIsInRpbWVyQmFyU3Ryb2tlQ29sb3IiOiIjRUVFIiwidGltZXJCYXJTdHJva2VTdHlsZSI6InNvbGlkIiwiZngiOiJyYW5kb20iLCJhbmltYXRpb25TcGVlZCI6IjUwMCIsInN0cmlwcyI6IjIwIiwiYmxvY2tDb2xzIjoiMTAiLCJibG9ja1Jvd3MiOiI1IiwiY2FwdGlvblNwZWVkIjoiNTAwIiwiY2FwdGlvbk9wYWNpdHkiOiIxIn0=',1,'2863a251a275922c638479982029a28a'),(7,'Sample Slide 3',5,'',1,'eyJkZWxheSI6IjkwMDAiLCJzdGFydF93aXRoX3NsaWRlIjoiMSIsInRpbWVyX3Nob3ciOiIyIiwic3RvcF9vbl9ob3ZlciI6IjEiLCJzaHVmZmxlX21vZGUiOiIwIiwiZnVsbHdpZHRoIjoiZnVsbHdpZHRoIiwibWRfd2lkdGgiOiIxMiIsInNtX3dpZHRoIjoiMTIiLCJ4c193aWR0aCI6IjEyIiwiaW1hZ2VfY3JvcHBpbmciOiIwIiwid2lkdGgiOiIxOTIwIiwiaGVpZ2h0IjoiNjAwIiwibWFyZ2luIjoiMHB4IiwicGFkZGluZyI6IjBweCIsImJhY2tncm91bmRfaW1hZ2UiOiIxIiwiYmFja2dyb3VuZF91cmwiOiIiLCJiYWNrZ3JvdW5kX2NvbG9yIjoiI2Q5ZDlkOSIsImdyb3VwX2NsYXNzIjoiIiwiY29udHJvbE5hdiI6IjAiLCJuYXZpZ2F0b3JfdHlwZSI6ImJ1bGxldCIsImVuYWJsZV9jdXN0b21faHRtbF9idWxsZXQiOiIwIiwiY29udHJvbE5hdlRvb2x0aXAiOiIwIiwidG9vbHRpcFgiOiI1IiwidG9vbHRpcFkiOiItNSIsIm5hdl90aHVtYm5haWxfd2lkdGgiOiIiLCJuYXZfdGh1bWJuYWlsX2hlaWdodCI6IiIsImNvbnRyb2xOYXZIb3Zlck9wYWNpdHkiOiIxIiwiZGlyZWN0aW9uTmF2IjoiMSIsImRpcmVjdGlvbk5hdkhvdmVyT3BhY2l0eSI6IjEiLCJrZXlib2FyZE5hdiI6IjEiLCJ0aW1lciI6IjM2MEJhciIsInRpbWVyUG9zaXRpb24iOiJ0b3AtcmlnaHQiLCJ0aW1lclgiOiIxMCIsInRpbWVyWSI6IjEwIiwidGltZXJPcGFjaXR5IjoiMC41IiwidGltZXJCZyI6IiMwMDAiLCJ0aW1lckNvbG9yIjoiI0VFRSIsInRpbWVyRGlhbWV0ZXIiOiIzMCIsInRpbWVyUGFkZGluZyI6IjQiLCJ0aW1lclN0cm9rZSI6IjMiLCJ0aW1lckJhclN0cm9rZSI6IjEiLCJ0aW1lckJhclN0cm9rZUNvbG9yIjoiI0VFRSIsInRpbWVyQmFyU3Ryb2tlU3R5bGUiOiJzb2xpZCIsImZ4IjoicmFuZG9tIiwiYW5pbWF0aW9uU3BlZWQiOiI1MDAiLCJzdHJpcHMiOiIyMCIsImJsb2NrQ29scyI6IjEwIiwiYmxvY2tSb3dzIjoiNSIsImNhcHRpb25TcGVlZCI6IjUwMCIsImNhcHRpb25PcGFjaXR5IjoiMSJ9',1,'2a76fd72e4752d08702c4a8d95eb1c73'),(8,'Sample Slide 4',5,'',1,'eyJkZWxheSI6IjkwMDAiLCJzdGFydF93aXRoX3NsaWRlIjoiMSIsInRpbWVyX3Nob3ciOiIyIiwic3RvcF9vbl9ob3ZlciI6IjEiLCJzaHVmZmxlX21vZGUiOiIwIiwiZnVsbHdpZHRoIjoiZnVsbHdpZHRoIiwibWRfd2lkdGgiOiIxMiIsInNtX3dpZHRoIjoiMTIiLCJ4c193aWR0aCI6IjEyIiwiaW1hZ2VfY3JvcHBpbmciOiIwIiwid2lkdGgiOiIxOTIwIiwiaGVpZ2h0IjoiNjAwIiwibWFyZ2luIjoiMHB4IiwicGFkZGluZyI6IjBweCIsImJhY2tncm91bmRfaW1hZ2UiOiIxIiwiYmFja2dyb3VuZF91cmwiOiIiLCJiYWNrZ3JvdW5kX2NvbG9yIjoiI2Q5ZDlkOSIsImdyb3VwX2NsYXNzIjoiIiwiY29udHJvbE5hdiI6IjAiLCJuYXZpZ2F0b3JfdHlwZSI6ImJ1bGxldCIsImVuYWJsZV9jdXN0b21faHRtbF9idWxsZXQiOiIwIiwiY29udHJvbE5hdlRvb2x0aXAiOiIwIiwidG9vbHRpcFgiOiI1IiwidG9vbHRpcFkiOiItNSIsIm5hdl90aHVtYm5haWxfd2lkdGgiOiIiLCJuYXZfdGh1bWJuYWlsX2hlaWdodCI6IiIsImNvbnRyb2xOYXZIb3Zlck9wYWNpdHkiOiIxIiwiZGlyZWN0aW9uTmF2IjoiMSIsImRpcmVjdGlvbk5hdkhvdmVyT3BhY2l0eSI6IjEiLCJrZXlib2FyZE5hdiI6IjEiLCJ0aW1lciI6IjM2MEJhciIsInRpbWVyUG9zaXRpb24iOiJ0b3AtcmlnaHQiLCJ0aW1lclgiOiIxMCIsInRpbWVyWSI6IjEwIiwidGltZXJPcGFjaXR5IjoiMC41IiwidGltZXJCZyI6IiMwMDAiLCJ0aW1lckNvbG9yIjoiI0VFRSIsInRpbWVyRGlhbWV0ZXIiOiIzMCIsInRpbWVyUGFkZGluZyI6IjQiLCJ0aW1lclN0cm9rZSI6IjMiLCJ0aW1lckJhclN0cm9rZSI6IjEiLCJ0aW1lckJhclN0cm9rZUNvbG9yIjoiI0VFRSIsInRpbWVyQmFyU3Ryb2tlU3R5bGUiOiJzb2xpZCIsImZ4IjoicmFuZG9tIiwiYW5pbWF0aW9uU3BlZWQiOiI1MDAiLCJzdHJpcHMiOiIyMCIsImJsb2NrQ29scyI6IjEwIiwiYmxvY2tSb3dzIjoiNSIsImNhcHRpb25TcGVlZCI6IjUwMCIsImNhcHRpb25PcGFjaXR5IjoiMSJ9',1,'417248b8347111e7844bb32405e0907a'),(9,'JK Slideshow',2,'',1,'eyJkZWxheSI6IjIwMDAiLCJzdGFydF93aXRoX3NsaWRlIjoiMSIsInRpbWVyX3Nob3ciOiIzIiwic3RvcF9vbl9ob3ZlciI6IjAiLCJzaHVmZmxlX21vZGUiOiIwIiwiZnVsbHdpZHRoIjoiZnVsbHdpZHRoIiwibWRfd2lkdGgiOiIxMiIsInNtX3dpZHRoIjoiMTIiLCJ4c193aWR0aCI6IjEyIiwiaW1hZ2VfY3JvcHBpbmciOiIwIiwid2lkdGgiOiIzMDAiLCJoZWlnaHQiOiIzMjAiLCJtYXJnaW4iOiIwcHgiLCJwYWRkaW5nIjoiMHB4IiwiYmFja2dyb3VuZF9pbWFnZSI6IjEiLCJiYWNrZ3JvdW5kX3VybCI6IiIsImJhY2tncm91bmRfY29sb3IiOiIjZDlkOWQ5IiwiZ3JvdXBfY2xhc3MiOiIiLCJjb250cm9sTmF2IjoiMCIsIm5hdmlnYXRvcl90eXBlIjoiYnVsbGV0IiwiZW5hYmxlX2N1c3RvbV9odG1sX2J1bGxldCI6IjAiLCJjb250cm9sTmF2VG9vbHRpcCI6IjAiLCJ0b29sdGlwWCI6IjUiLCJ0b29sdGlwWSI6Ii01IiwibmF2X3RodW1ibmFpbF93aWR0aCI6IiIsIm5hdl90aHVtYm5haWxfaGVpZ2h0IjoiIiwiY29udHJvbE5hdkhvdmVyT3BhY2l0eSI6IjEiLCJkaXJlY3Rpb25OYXYiOiIxIiwiZGlyZWN0aW9uTmF2SG92ZXJPcGFjaXR5IjoiMSIsImtleWJvYXJkTmF2IjoiMSIsInRpbWVyIjoiMzYwQmFyIiwidGltZXJQb3NpdGlvbiI6InRvcC1yaWdodCIsInRpbWVyWCI6IjEwIiwidGltZXJZIjoiMTAiLCJ0aW1lck9wYWNpdHkiOiIwLjIiLCJ0aW1lckJnIjoiIzAwMCIsInRpbWVyQ29sb3IiOiIjRUVFIiwidGltZXJEaWFtZXRlciI6IjMwIiwidGltZXJQYWRkaW5nIjoiNCIsInRpbWVyU3Ryb2tlIjoiMyIsInRpbWVyQmFyU3Ryb2tlIjoiMSIsInRpbWVyQmFyU3Ryb2tlQ29sb3IiOiIjRUVFIiwidGltZXJCYXJTdHJva2VTdHlsZSI6InNvbGlkIiwiZngiOiJyYW5kb20iLCJhbmltYXRpb25TcGVlZCI6IjIwMCIsInN0cmlwcyI6IjIwIiwiYmxvY2tDb2xzIjoiMTAiLCJibG9ja1Jvd3MiOiI1IiwiY2FwdGlvblNwZWVkIjoiMjAwIiwiY2FwdGlvbk9wYWNpdHkiOiIxIn0=',1,'ac70e5b81cccd4671f8c75a464e569bd'),(10,'Sample Slide 2',2,'',1,'eyJkZWxheSI6IjkwMDAiLCJzdGFydF93aXRoX3NsaWRlIjoiMSIsInRpbWVyX3Nob3ciOiIyIiwic3RvcF9vbl9ob3ZlciI6IjEiLCJzaHVmZmxlX21vZGUiOiIwIiwiZnVsbHdpZHRoIjoiZnVsbHdpZHRoIiwibWRfd2lkdGgiOiIxMiIsInNtX3dpZHRoIjoiMTIiLCJ4c193aWR0aCI6IjEyIiwiaW1hZ2VfY3JvcHBpbmciOiIwIiwid2lkdGgiOiI4NzMiLCJoZWlnaHQiOiI0OTYiLCJtYXJnaW4iOiIwcHgiLCJwYWRkaW5nIjoiMHB4IiwiYmFja2dyb3VuZF9pbWFnZSI6IjEiLCJiYWNrZ3JvdW5kX3VybCI6IiIsImJhY2tncm91bmRfY29sb3IiOiIjZDlkOWQ5IiwiZ3JvdXBfY2xhc3MiOiIiLCJjb250cm9sTmF2IjoiMCIsIm5hdmlnYXRvcl90eXBlIjoiYnVsbGV0IiwiZW5hYmxlX2N1c3RvbV9odG1sX2J1bGxldCI6IjAiLCJjb250cm9sTmF2VG9vbHRpcCI6IjAiLCJ0b29sdGlwWCI6IjUiLCJ0b29sdGlwWSI6Ii01IiwibmF2X3RodW1ibmFpbF93aWR0aCI6IiIsIm5hdl90aHVtYm5haWxfaGVpZ2h0IjoiIiwiY29udHJvbE5hdkhvdmVyT3BhY2l0eSI6IjEiLCJkaXJlY3Rpb25OYXYiOiIxIiwiZGlyZWN0aW9uTmF2SG92ZXJPcGFjaXR5IjoiMSIsImtleWJvYXJkTmF2IjoiMSIsInRpbWVyIjoiMzYwQmFyIiwidGltZXJQb3NpdGlvbiI6InRvcC1yaWdodCIsInRpbWVyWCI6IjEwIiwidGltZXJZIjoiMTAiLCJ0aW1lck9wYWNpdHkiOiIwLjUiLCJ0aW1lckJnIjoiIzAwMCIsInRpbWVyQ29sb3IiOiIjRUVFIiwidGltZXJEaWFtZXRlciI6IjMwIiwidGltZXJQYWRkaW5nIjoiNCIsInRpbWVyU3Ryb2tlIjoiMyIsInRpbWVyQmFyU3Ryb2tlIjoiMSIsInRpbWVyQmFyU3Ryb2tlQ29sb3IiOiIjRUVFIiwidGltZXJCYXJTdHJva2VTdHlsZSI6InNvbGlkIiwiZngiOiJyYW5kb20iLCJhbmltYXRpb25TcGVlZCI6IjUwMCIsInN0cmlwcyI6IjIwIiwiYmxvY2tDb2xzIjoiMTAiLCJibG9ja1Jvd3MiOiI1IiwiY2FwdGlvblNwZWVkIjoiNTAwIiwiY2FwdGlvbk9wYWNpdHkiOiIxIn0=',1,'2863a251a275922c638479982029a28a'),(11,'Sample Slide 3',2,'',1,'eyJkZWxheSI6IjkwMDAiLCJzdGFydF93aXRoX3NsaWRlIjoiMSIsInRpbWVyX3Nob3ciOiIyIiwic3RvcF9vbl9ob3ZlciI6IjEiLCJzaHVmZmxlX21vZGUiOiIwIiwiZnVsbHdpZHRoIjoiZnVsbHdpZHRoIiwibWRfd2lkdGgiOiIxMiIsInNtX3dpZHRoIjoiMTIiLCJ4c193aWR0aCI6IjEyIiwiaW1hZ2VfY3JvcHBpbmciOiIwIiwid2lkdGgiOiIxOTIwIiwiaGVpZ2h0IjoiNjAwIiwibWFyZ2luIjoiMHB4IiwicGFkZGluZyI6IjBweCIsImJhY2tncm91bmRfaW1hZ2UiOiIxIiwiYmFja2dyb3VuZF91cmwiOiIiLCJiYWNrZ3JvdW5kX2NvbG9yIjoiI2Q5ZDlkOSIsImdyb3VwX2NsYXNzIjoiIiwiY29udHJvbE5hdiI6IjAiLCJuYXZpZ2F0b3JfdHlwZSI6ImJ1bGxldCIsImVuYWJsZV9jdXN0b21faHRtbF9idWxsZXQiOiIwIiwiY29udHJvbE5hdlRvb2x0aXAiOiIwIiwidG9vbHRpcFgiOiI1IiwidG9vbHRpcFkiOiItNSIsIm5hdl90aHVtYm5haWxfd2lkdGgiOiIiLCJuYXZfdGh1bWJuYWlsX2hlaWdodCI6IiIsImNvbnRyb2xOYXZIb3Zlck9wYWNpdHkiOiIxIiwiZGlyZWN0aW9uTmF2IjoiMSIsImRpcmVjdGlvbk5hdkhvdmVyT3BhY2l0eSI6IjEiLCJrZXlib2FyZE5hdiI6IjEiLCJ0aW1lciI6IjM2MEJhciIsInRpbWVyUG9zaXRpb24iOiJ0b3AtcmlnaHQiLCJ0aW1lclgiOiIxMCIsInRpbWVyWSI6IjEwIiwidGltZXJPcGFjaXR5IjoiMC41IiwidGltZXJCZyI6IiMwMDAiLCJ0aW1lckNvbG9yIjoiI0VFRSIsInRpbWVyRGlhbWV0ZXIiOiIzMCIsInRpbWVyUGFkZGluZyI6IjQiLCJ0aW1lclN0cm9rZSI6IjMiLCJ0aW1lckJhclN0cm9rZSI6IjEiLCJ0aW1lckJhclN0cm9rZUNvbG9yIjoiI0VFRSIsInRpbWVyQmFyU3Ryb2tlU3R5bGUiOiJzb2xpZCIsImZ4IjoicmFuZG9tIiwiYW5pbWF0aW9uU3BlZWQiOiI1MDAiLCJzdHJpcHMiOiIyMCIsImJsb2NrQ29scyI6IjEwIiwiYmxvY2tSb3dzIjoiNSIsImNhcHRpb25TcGVlZCI6IjUwMCIsImNhcHRpb25PcGFjaXR5IjoiMSJ9',1,'2a76fd72e4752d08702c4a8d95eb1c73'),(12,'Sample Slide 4',2,'',1,'eyJkZWxheSI6IjkwMDAiLCJzdGFydF93aXRoX3NsaWRlIjoiMSIsInRpbWVyX3Nob3ciOiIyIiwic3RvcF9vbl9ob3ZlciI6IjEiLCJzaHVmZmxlX21vZGUiOiIwIiwiZnVsbHdpZHRoIjoiZnVsbHdpZHRoIiwibWRfd2lkdGgiOiIxMiIsInNtX3dpZHRoIjoiMTIiLCJ4c193aWR0aCI6IjEyIiwiaW1hZ2VfY3JvcHBpbmciOiIwIiwid2lkdGgiOiIxOTIwIiwiaGVpZ2h0IjoiNjAwIiwibWFyZ2luIjoiMHB4IiwicGFkZGluZyI6IjBweCIsImJhY2tncm91bmRfaW1hZ2UiOiIxIiwiYmFja2dyb3VuZF91cmwiOiIiLCJiYWNrZ3JvdW5kX2NvbG9yIjoiI2Q5ZDlkOSIsImdyb3VwX2NsYXNzIjoiIiwiY29udHJvbE5hdiI6IjAiLCJuYXZpZ2F0b3JfdHlwZSI6ImJ1bGxldCIsImVuYWJsZV9jdXN0b21faHRtbF9idWxsZXQiOiIwIiwiY29udHJvbE5hdlRvb2x0aXAiOiIwIiwidG9vbHRpcFgiOiI1IiwidG9vbHRpcFkiOiItNSIsIm5hdl90aHVtYm5haWxfd2lkdGgiOiIiLCJuYXZfdGh1bWJuYWlsX2hlaWdodCI6IiIsImNvbnRyb2xOYXZIb3Zlck9wYWNpdHkiOiIxIiwiZGlyZWN0aW9uTmF2IjoiMSIsImRpcmVjdGlvbk5hdkhvdmVyT3BhY2l0eSI6IjEiLCJrZXlib2FyZE5hdiI6IjEiLCJ0aW1lciI6IjM2MEJhciIsInRpbWVyUG9zaXRpb24iOiJ0b3AtcmlnaHQiLCJ0aW1lclgiOiIxMCIsInRpbWVyWSI6IjEwIiwidGltZXJPcGFjaXR5IjoiMC41IiwidGltZXJCZyI6IiMwMDAiLCJ0aW1lckNvbG9yIjoiI0VFRSIsInRpbWVyRGlhbWV0ZXIiOiIzMCIsInRpbWVyUGFkZGluZyI6IjQiLCJ0aW1lclN0cm9rZSI6IjMiLCJ0aW1lckJhclN0cm9rZSI6IjEiLCJ0aW1lckJhclN0cm9rZUNvbG9yIjoiI0VFRSIsInRpbWVyQmFyU3Ryb2tlU3R5bGUiOiJzb2xpZCIsImZ4IjoicmFuZG9tIiwiYW5pbWF0aW9uU3BlZWQiOiI1MDAiLCJzdHJpcHMiOiIyMCIsImJsb2NrQ29scyI6IjEwIiwiYmxvY2tSb3dzIjoiNSIsImNhcHRpb25TcGVlZCI6IjUwMCIsImNhcHRpb25PcGFjaXR5IjoiMSJ9',1,'417248b8347111e7844bb32405e0907a');

--
-- Table structure for table `pre3305_leoslideshow_slides`
--

CREATE TABLE `pre3305_leoslideshow_slides` (
  `id_leoslideshow_slides` int(10) unsigned NOT NULL AUTO_INCREMENT,
  `id_group` int(11) NOT NULL,
  `position` int(10) unsigned NOT NULL DEFAULT '0',
  `active` tinyint(1) unsigned NOT NULL DEFAULT '1',
  `params` text NOT NULL,
  PRIMARY KEY (`id_leoslideshow_slides`)
) ENGINE=InnoDB AUTO_INCREMENT=31 DEFAULT CHARSET=utf8;

--
-- Dumping data for table `pre3305_leoslideshow_slides`
--

INSERT INTO `pre3305_leoslideshow_slides` VALUES (1,1,0,0,'eyJkZWxheSI6IjUwMDAiLCJncm91cF9pZCI6IjUiLCJlbmFibGVfbGluayI6IjEiLCJ0YXJnZXQiOiJzYW1lIiwic3RhcnRfZGF0ZV90aW1lIjoiIiwiZW5kX2RhdGVfdGltZSI6IiIsImJ1bGxldF9jbGFzcyI6IiJ9'),(2,1,0,0,'eyJkZWxheSI6IjUwMDAiLCJncm91cF9pZCI6IjUiLCJlbmFibGVfbGluayI6IjEiLCJ0YXJnZXQiOiJzYW1lIiwic3RhcnRfZGF0ZV90aW1lIjoiIiwiZW5kX2RhdGVfdGltZSI6IiIsImJ1bGxldF9jbGFzcyI6IiJ9'),(3,2,0,1,'eyJkZWxheSI6IjUwMDAiLCJncm91cF9pZCI6IjIiLCJlbmFibGVfbGluayI6IjEiLCJ0YXJnZXQiOiJzYW1lIiwic3RhcnRfZGF0ZV90aW1lIjoiIiwiZW5kX2RhdGVfdGltZSI6IiIsImJ1bGxldF9jbGFzcyI6IiJ9'),(4,2,0,1,'eyJkZWxheSI6IjUwMDAiLCJncm91cF9pZCI6IjIiLCJlbmFibGVfbGluayI6IjEiLCJ0YXJnZXQiOiJzYW1lIiwic3RhcnRfZGF0ZV90aW1lIjoiIiwiZW5kX2RhdGVfdGltZSI6IiIsImJ1bGxldF9jbGFzcyI6IiJ9'),(5,3,0,1,'eyJkZWxheSI6IjUwMDAiLCJncm91cF9pZCI6IjciLCJlbmFibGVfbGluayI6IjEiLCJ0YXJnZXQiOiJzYW1lIiwic3RhcnRfZGF0ZV90aW1lIjoiIiwiZW5kX2RhdGVfdGltZSI6IiIsImJ1bGxldF9jbGFzcyI6IiJ9'),(6,3,0,1,'eyJkZWxheSI6IjUwMDAiLCJncm91cF9pZCI6IjciLCJlbmFibGVfbGluayI6IjEiLCJ0YXJnZXQiOiJzYW1lIiwic3RhcnRfZGF0ZV90aW1lIjoiIiwiZW5kX2RhdGVfdGltZSI6IiIsImJ1bGxldF9jbGFzcyI6IiJ9'),(7,4,0,1,'eyJkZWxheSI6IjUwMDAiLCJncm91cF9pZCI6IjgiLCJlbmFibGVfbGluayI6IjEiLCJ0YXJnZXQiOiJzYW1lIiwic3RhcnRfZGF0ZV90aW1lIjoiIiwiZW5kX2RhdGVfdGltZSI6IiIsImJ1bGxldF9jbGFzcyI6IiJ9'),(8,4,0,1,'eyJkZWxheSI6IjUwMDAiLCJncm91cF9pZCI6IjgiLCJlbmFibGVfbGluayI6IjEiLCJ0YXJnZXQiOiJzYW1lIiwic3RhcnRfZGF0ZV90aW1lIjoiIiwiZW5kX2RhdGVfdGltZSI6IiIsImJ1bGxldF9jbGFzcyI6IiJ9'),(9,5,0,1,'eyJkZWxheSI6IjUwMDAiLCJncm91cF9pZCI6IjUiLCJlbmFibGVfbGluayI6IjEiLCJ0YXJnZXQiOiJzYW1lIiwic3RhcnRfZGF0ZV90aW1lIjoiIiwiZW5kX2RhdGVfdGltZSI6IiIsImJ1bGxldF9jbGFzcyI6IiJ9'),(10,5,0,1,'eyJkZWxheSI6IjUwMDAiLCJncm91cF9pZCI6IjUiLCJlbmFibGVfbGluayI6IjEiLCJ0YXJnZXQiOiJzYW1lIiwic3RhcnRfZGF0ZV90aW1lIjoiIiwiZW5kX2RhdGVfdGltZSI6IiIsImJ1bGxldF9jbGFzcyI6IiJ9'),(11,6,0,1,'eyJkZWxheSI6IjUwMDAiLCJncm91cF9pZCI6IjIiLCJlbmFibGVfbGluayI6IjEiLCJ0YXJnZXQiOiJzYW1lIiwic3RhcnRfZGF0ZV90aW1lIjoiIiwiZW5kX2RhdGVfdGltZSI6IiIsImJ1bGxldF9jbGFzcyI6IiJ9'),(12,6,0,1,'eyJkZWxheSI6IjUwMDAiLCJncm91cF9pZCI6IjIiLCJlbmFibGVfbGluayI6IjEiLCJ0YXJnZXQiOiJzYW1lIiwic3RhcnRfZGF0ZV90aW1lIjoiIiwiZW5kX2RhdGVfdGltZSI6IiIsImJ1bGxldF9jbGFzcyI6IiJ9'),(13,7,0,1,'eyJkZWxheSI6IjUwMDAiLCJncm91cF9pZCI6IjciLCJlbmFibGVfbGluayI6IjEiLCJ0YXJnZXQiOiJzYW1lIiwic3RhcnRfZGF0ZV90aW1lIjoiIiwiZW5kX2RhdGVfdGltZSI6IiIsImJ1bGxldF9jbGFzcyI6IiJ9'),(14,7,0,1,'eyJkZWxheSI6IjUwMDAiLCJncm91cF9pZCI6IjciLCJlbmFibGVfbGluayI6IjEiLCJ0YXJnZXQiOiJzYW1lIiwic3RhcnRfZGF0ZV90aW1lIjoiIiwiZW5kX2RhdGVfdGltZSI6IiIsImJ1bGxldF9jbGFzcyI6IiJ9'),(15,8,0,1,'eyJkZWxheSI6IjUwMDAiLCJncm91cF9pZCI6IjgiLCJlbmFibGVfbGluayI6IjEiLCJ0YXJnZXQiOiJzYW1lIiwic3RhcnRfZGF0ZV90aW1lIjoiIiwiZW5kX2RhdGVfdGltZSI6IiIsImJ1bGxldF9jbGFzcyI6IiJ9'),(16,8,0,1,'eyJkZWxheSI6IjUwMDAiLCJncm91cF9pZCI6IjgiLCJlbmFibGVfbGluayI6IjEiLCJ0YXJnZXQiOiJzYW1lIiwic3RhcnRfZGF0ZV90aW1lIjoiIiwiZW5kX2RhdGVfdGltZSI6IiIsImJ1bGxldF9jbGFzcyI6IiJ9'),(17,1,0,1,'eyJkZWxheSI6IjUiLCJncm91cF9pZCI6IjEiLCJlbmFibGVfbGluayI6IjEiLCJ0YXJnZXQiOiJzYW1lIiwic3RhcnRfZGF0ZV90aW1lIjoiIiwiZW5kX2RhdGVfdGltZSI6IiIsImJ1bGxldF9jbGFzcyI6IiJ9'),(18,1,0,1,'eyJkZWxheSI6IjUwMDAiLCJncm91cF9pZCI6IjEiLCJlbmFibGVfbGluayI6IjEiLCJ0YXJnZXQiOiJzYW1lIiwic3RhcnRfZGF0ZV90aW1lIjoiIiwiZW5kX2RhdGVfdGltZSI6IiIsImJ1bGxldF9jbGFzcyI6IiJ9'),(21,10,0,1,'eyJkZWxheSI6IjUwMDAiLCJncm91cF9pZCI6IjIiLCJlbmFibGVfbGluayI6IjEiLCJ0YXJnZXQiOiJzYW1lIiwic3RhcnRfZGF0ZV90aW1lIjoiIiwiZW5kX2RhdGVfdGltZSI6IiIsImJ1bGxldF9jbGFzcyI6IiJ9'),(22,10,0,1,'eyJkZWxheSI6IjUwMDAiLCJncm91cF9pZCI6IjIiLCJlbmFibGVfbGluayI6IjEiLCJ0YXJnZXQiOiJzYW1lIiwic3RhcnRfZGF0ZV90aW1lIjoiIiwiZW5kX2RhdGVfdGltZSI6IiIsImJ1bGxldF9jbGFzcyI6IiJ9'),(23,11,0,1,'eyJkZWxheSI6IjUwMDAiLCJncm91cF9pZCI6IjciLCJlbmFibGVfbGluayI6IjEiLCJ0YXJnZXQiOiJzYW1lIiwic3RhcnRfZGF0ZV90aW1lIjoiIiwiZW5kX2RhdGVfdGltZSI6IiIsImJ1bGxldF9jbGFzcyI6IiJ9'),(24,11,0,1,'eyJkZWxheSI6IjUwMDAiLCJncm91cF9pZCI6IjciLCJlbmFibGVfbGluayI6IjEiLCJ0YXJnZXQiOiJzYW1lIiwic3RhcnRfZGF0ZV90aW1lIjoiIiwiZW5kX2RhdGVfdGltZSI6IiIsImJ1bGxldF9jbGFzcyI6IiJ9'),(25,12,0,1,'eyJkZWxheSI6IjUwMDAiLCJncm91cF9pZCI6IjgiLCJlbmFibGVfbGluayI6IjEiLCJ0YXJnZXQiOiJzYW1lIiwic3RhcnRfZGF0ZV90aW1lIjoiIiwiZW5kX2RhdGVfdGltZSI6IiIsImJ1bGxldF9jbGFzcyI6IiJ9'),(26,12,0,1,'eyJkZWxheSI6IjUwMDAiLCJncm91cF9pZCI6IjgiLCJlbmFibGVfbGluayI6IjEiLCJ0YXJnZXQiOiJzYW1lIiwic3RhcnRfZGF0ZV90aW1lIjoiIiwiZW5kX2RhdGVfdGltZSI6IiIsImJ1bGxldF9jbGFzcyI6IiJ9'),(27,9,0,1,'eyJkZWxheSI6IjUwMDAiLCJncm91cF9pZCI6IjkiLCJlbmFibGVfbGluayI6IjEiLCJ0YXJnZXQiOiJzYW1lIiwic3RhcnRfZGF0ZV90aW1lIjoiIiwiZW5kX2RhdGVfdGltZSI6IiIsImJ1bGxldF9jbGFzcyI6IiJ9'),(28,9,0,1,'eyJkZWxheSI6IjUwMDAiLCJncm91cF9pZCI6IjkiLCJlbmFibGVfbGluayI6IjEiLCJ0YXJnZXQiOiJzYW1lIiwic3RhcnRfZGF0ZV90aW1lIjoiIiwiZW5kX2RhdGVfdGltZSI6IiIsImJ1bGxldF9jbGFzcyI6IiJ9'),(29,9,0,1,'eyJkZWxheSI6IjUwMDAiLCJncm91cF9pZCI6IjkiLCJlbmFibGVfbGluayI6IjEiLCJ0YXJnZXQiOiJzYW1lIiwic3RhcnRfZGF0ZV90aW1lIjoiIiwiZW5kX2RhdGVfdGltZSI6IiIsImJ1bGxldF9jbGFzcyI6IiJ9'),(30,9,0,1,'eyJkZWxheSI6IjUwMDAiLCJncm91cF9pZCI6IjkiLCJlbmFibGVfbGluayI6IjEiLCJ0YXJnZXQiOiJzYW1lIiwic3RhcnRfZGF0ZV90aW1lIjoiIiwiZW5kX2RhdGVfdGltZSI6IiIsImJ1bGxldF9jbGFzcyI6IiJ9');

--
-- Table structure for table `pre3305_leoslideshow_slides_lang`
--

CREATE TABLE `pre3305_leoslideshow_slides_lang` (
  `id_leoslideshow_slides` int(10) unsigned NOT NULL,
  `id_lang` int(10) unsigned NOT NULL,
  `title` varchar(255) NOT NULL,
  `link` varchar(255) NOT NULL,
  `image` varchar(255) NOT NULL,
  `thumbnail` varchar(255) NOT NULL,
  `video` text,
  `layersparams` text,
  PRIMARY KEY (`id_leoslideshow_slides`,`id_lang`)
) ENGINE=InnoDB DEFAULT CHARSET=utf8;

--
-- Dumping data for table `pre3305_leoslideshow_slides_lang`
--

INSERT INTO `pre3305_leoslideshow_slides_lang` VALUES (1,1,'Sample slider 1','','slider-1.jpg','','eyJ1c2V2aWRlbyI6IjAiLCJ2aWRlb2lkIjoiIiwidmlkZW9hdXRvIjoiMCIsImJhY2tncm91bmRfY29sb3IiOiIiLCJidWxsZXRfZGVzY3JpcHRpb24iOiIifQ==','W3sibGF5ZXJfdmlkZW9fdHlwZSI6InlvdXR1YmUiLCJsYXllcl92aWRlb19pZCI6IiIsImxheWVyX3ZpZGVvX2hlaWdodCI6IjIwMCIsImxheWVyX3ZpZGVvX3dpZHRoIjoiMzAwIiwibGF5ZXJfdmlkZW9fdGh1bWIiOiIiLCJsYXllcl9pZCI6IjJfMSIsImxheWVyX2NvbnRlbnQiOiIiLCJsYXllcl90eXBlIjoidGV4dCIsImxheWVyX3N0YXR1cyI6IjEiLCJsYXllcl9jbGFzcyI6Im1lZGl1bV93aGl0ZSIsImxheWVyX2NhcHRpb24iOiJJbnRyb2R1aXNhbnQiLCJsYXllcl9mb250X3NpemUiOiIiLCJsYXllcl9iYWNrZ3JvdW5kX2NvbG9yIjoiIiwibGF5ZXJfY29sb3IiOiIiLCJsYXllcl9saW5rIjoiIiwibGF5ZXJfdGFyZ2V0Ijoic2FtZSIsImxheWVyX3RvcCI6IjE1NSIsImxheWVyX2xlZnQiOiI1MjMiLCJsYXllcl90cmFuc2l0aW9uIjoiZmFkZSIsInRpbWVfc3RhcnQiOm51bGx9LHsibGF5ZXJfdmlkZW9fdHlwZSI6InlvdXR1YmUiLCJsYXllcl92aWRlb19pZCI6IiIsImxheWVyX3ZpZGVvX2hlaWdodCI6IjIwMCIsImxheWVyX3ZpZGVvX3dpZHRoIjoiMzAwIiwibGF5ZXJfdmlkZW9fdGh1bWIiOiIiLCJsYXllcl9pZCI6IjJfMiIsImxheWVyX2NvbnRlbnQiOiJsaW5lLXNsaWRlMS5wbmciLCJsYXllcl90eXBlIjoiaW1hZ2UiLCJsYXllcl9zdGF0dXMiOiIxIiwibGF5ZXJfY2xhc3MiOiIiLCJsYXllcl9jYXB0aW9uIjoiWW91ciBJbWFnZSBIZXJlIDIiLCJsYXllcl9mb250X3NpemUiOiIiLCJsYXllcl9iYWNrZ3JvdW5kX2NvbG9yIjoiIiwibGF5ZXJfY29sb3IiOiIiLCJsYXllcl9saW5rIjoiIiwibGF5ZXJfdGFyZ2V0Ijoic2FtZSIsImxheWVyX3RvcCI6IjE5MCIsImxheWVyX2xlZnQiOiI0OTAiLCJsYXllcl90cmFuc2l0aW9uIjoiZmFkZSIsInRpbWVfc3RhcnQiOm51bGx9LHsibGF5ZXJfdmlkZW9fdHlwZSI6InlvdXR1YmUiLCJsYXllcl92aWRlb19pZCI6IiIsImxheWVyX3ZpZGVvX2hlaWdodCI6IjIwMCIsImxheWVyX3ZpZGVvX3dpZHRoIjoiMzAwIiwibGF5ZXJfdmlkZW9fdGh1bWIiOiIiLCJsYXllcl9pZCI6IjJfMyIsImxheWVyX2NvbnRlbnQiOiJsaW5lLXNsaWRlMS5wbmciLCJsYXllcl90eXBlIjoidGV4dCIsImxheWVyX3N0YXR1cyI6IjEiLCJsYXllcl9jbGFzcyI6ImJpZ193aGl0ZSIsImxheWVyX2NhcHRpb24iOiJDb2xsZWN0aW9uIGF1dG9tbmUgMjAxMyIsImxheWVyX2ZvbnRfc2l6ZSI6IiIsImxheWVyX2JhY2tncm91bmRfY29sb3IiOiIiLCJsYXllcl9jb2xvciI6IiIsImxheWVyX2xpbmsiOiIiLCJsYXllcl90YXJnZXQiOiJzYW1lIiwibGF5ZXJfdG9wIjoiMjI1IiwibGF5ZXJfbGVmdCI6IjI4MCIsImxheWVyX3RyYW5zaXRpb24iOiJmYWRlIiwidGltZV9zdGFydCI6bnVsbH0seyJsYXllcl92aWRlb190eXBlIjoieW91dHViZSIsImxheWVyX3ZpZGVvX2lkIjoiIiwibGF5ZXJfdmlkZW9faGVpZ2h0IjoiMjAwIiwibGF5ZXJfdmlkZW9fd2lkdGgiOiIzMDAiLCJsYXllcl92aWRlb190aHVtYiI6IiIsImxheWVyX2lkIjoiMl80IiwibGF5ZXJfY29udGVudCI6ImxpbmUtc2xpZGUxLnBuZyIsImxheWVyX3R5cGUiOiJ0ZXh0IiwibGF5ZXJfc3RhdHVzIjoiMSIsImxheWVyX2NsYXNzIjoic21hbGxfdGV4dCIsImxheWVyX2NhcHRpb24iOiJQcm9pbiBncmF2aWRhIG5pYmggdmVsIHZlbGl0IGF1Y3RvciBhbGlxdWV0LiBBZW5lYW4gc29sbGljaXR1ZGluLCBsb3JlbSBxdWlzIDxicj5iaWJkdW0gYXVjdG9yLCBuaXNpIGVsaXQgY29uc2VxdWF0IGlwc3VtLCBuZWMgc2FnaXR0aXMgc2VtIG5pYmggaWQgZWxpdC4gRHVpcyBzZWQgPGJyPm9kaW8gc2l0IGFtZXQgbmliaCB2dWxwdXRhdGUgY3Vyc3VzIGEgc2l0IGFtZXQgbWF1cmlzIiwibGF5ZXJfZm9udF9zaXplIjoiIiwibGF5ZXJfYmFja2dyb3VuZF9jb2xvciI6IiIsImxheWVyX2NvbG9yIjoiIiwibGF5ZXJfbGluayI6IiIsImxheWVyX3RhcmdldCI6InNhbWUiLCJsYXllcl90b3AiOiIyOTUiLCJsYXllcl9sZWZ0IjoiMzIwIiwibGF5ZXJfdHJhbnNpdGlvbiI6ImZhZGUiLCJ0aW1lX3N0YXJ0IjpudWxsfSx7ImxheWVyX3ZpZGVvX3R5cGUiOiJ5b3V0dWJlIiwibGF5ZXJfdmlkZW9faWQiOiIiLCJsYXllcl92aWRlb19oZWlnaHQiOiIyMDAiLCJsYXllcl92aWRlb193aWR0aCI6IjMwMCIsImxheWVyX3ZpZGVvX3RodW1iIjoiIiwibGF5ZXJfaWQiOiIyXzUiLCJsYXllcl9jb250ZW50IjoibGluZS1zbGlkZTEucG5nIiwibGF5ZXJfdHlwZSI6InRleHQiLCJsYXllcl9zdGF0dXMiOiIxIiwibGF5ZXJfY2xhc3MiOiJidXR0b24xIiwibGF5ZXJfY2FwdGlvbiI6ImFjcXVpc3RhcmUgb3JhIiwibGF5ZXJfZm9udF9zaXplIjoiIiwibGF5ZXJfYmFja2dyb3VuZF9jb2xvciI6IiIsImxheWVyX2NvbG9yIjoiIiwibGF5ZXJfbGluayI6IiMiLCJsYXllcl90YXJnZXQiOiJzYW1lIiwibGF5ZXJfdG9wIjoiNDAwIiwibGF5ZXJfbGVmdCI6IjUzNiIsImxheWVyX3RyYW5zaXRpb24iOiJmYWRlIiwidGltZV9zdGFydCI6bnVsbH1d'),(1,2,'Sample slider 1','','slider-1.jpg','','eyJ1c2V2aWRlbyI6IjAiLCJ2aWRlb2lkIjoiIiwidmlkZW9hdXRvIjoiMCIsImJhY2tncm91bmRfY29sb3IiOiIiLCJidWxsZXRfZGVzY3JpcHRpb24iOiIifQ==','W3sibGF5ZXJfdmlkZW9fdHlwZSI6InlvdXR1YmUiLCJsYXllcl92aWRlb19pZCI6IiIsImxheWVyX3ZpZGVvX2hlaWdodCI6IjIwMCIsImxheWVyX3ZpZGVvX3dpZHRoIjoiMzAwIiwibGF5ZXJfdmlkZW9fdGh1bWIiOiIiLCJsYXllcl9pZCI6IjFfMSIsImxheWVyX2NvbnRlbnQiOiIiLCJsYXllcl90eXBlIjoidGV4dCIsImxheWVyX3N0YXR1cyI6IjEiLCJsYXllcl9jbGFzcyI6Im1lZGl1bV93aGl0ZSIsImxheWVyX2NhcHRpb24iOiJpbnRyb2R1Y2luZyIsImxheWVyX2ZvbnRfc2l6ZSI6IiIsImxheWVyX2JhY2tncm91bmRfY29sb3IiOiIiLCJsYXllcl9jb2xvciI6IiIsImxheWVyX2xpbmsiOiIiLCJsYXllcl90YXJnZXQiOiJzYW1lIiwibGF5ZXJfdG9wIjoiMTU1IiwibGF5ZXJfbGVmdCI6IjUyMyIsImxheWVyX3RyYW5zaXRpb24iOiJmYWRlIiwidGltZV9zdGFydCI6bnVsbH0seyJsYXllcl92aWRlb190eXBlIjoieW91dHViZSIsImxheWVyX3ZpZGVvX2lkIjoiIiwibGF5ZXJfdmlkZW9faGVpZ2h0IjoiMjAwIiwibGF5ZXJfdmlkZW9fd2lkdGgiOiIzMDAiLCJsYXllcl92aWRlb190aHVtYiI6IiIsImxheWVyX2lkIjoiMV8yIiwibGF5ZXJfY29udGVudCI6ImxpbmUtc2xpZGUxLnBuZyIsImxheWVyX3R5cGUiOiJpbWFnZSIsImxheWVyX3N0YXR1cyI6IjEiLCJsYXllcl9jbGFzcyI6IiIsImxheWVyX2NhcHRpb24iOiJZb3VyIEltYWdlIEhlcmUgMiIsImxheWVyX2ZvbnRfc2l6ZSI6IiIsImxheWVyX2JhY2tncm91bmRfY29sb3IiOiIiLCJsYXllcl9jb2xvciI6IiIsImxheWVyX2xpbmsiOiIiLCJsYXllcl90YXJnZXQiOiJzYW1lIiwibGF5ZXJfdG9wIjoiMTkwIiwibGF5ZXJfbGVmdCI6IjQ5MCIsImxheWVyX3RyYW5zaXRpb24iOiJmYWRlIiwidGltZV9zdGFydCI6bnVsbH0seyJsYXllcl92aWRlb190eXBlIjoieW91dHViZSIsImxheWVyX3ZpZGVvX2lkIjoiIiwibGF5ZXJfdmlkZW9faGVpZ2h0IjoiMjAwIiwibGF5ZXJfdmlkZW9fd2lkdGgiOiIzMDAiLCJsYXllcl92aWRlb190aHVtYiI6IiIsImxheWVyX2lkIjoiMV8zIiwibGF5ZXJfY29udGVudCI6ImxpbmUtc2xpZGUxLnBuZyIsImxheWVyX3R5cGUiOiJ0ZXh0IiwibGF5ZXJfc3RhdHVzIjoiMSIsImxheWVyX2NsYXNzIjoiYmlnX3doaXRlIiwibGF5ZXJfY2FwdGlvbiI6ImF1dHVtbiBjb2xsZWN0aW9uIDIwMTMiLCJsYXllcl9mb250X3NpemUiOiIiLCJsYXllcl9iYWNrZ3JvdW5kX2NvbG9yIjoiIiwibGF5ZXJfY29sb3IiOiIiLCJsYXllcl9saW5rIjoiIiwibGF5ZXJfdGFyZ2V0Ijoic2FtZSIsImxheWVyX3RvcCI6IjIyNSIsImxheWVyX2xlZnQiOiIyODAiLCJsYXllcl90cmFuc2l0aW9uIjoiZmFkZSIsInRpbWVfc3RhcnQiOm51bGx9LHsibGF5ZXJfdmlkZW9fdHlwZSI6InlvdXR1YmUiLCJsYXllcl92aWRlb19pZCI6IiIsImxheWVyX3ZpZGVvX2hlaWdodCI6IjIwMCIsImxheWVyX3ZpZGVvX3dpZHRoIjoiMzAwIiwibGF5ZXJfdmlkZW9fdGh1bWIiOiIiLCJsYXllcl9pZCI6IjFfNCIsImxheWVyX2NvbnRlbnQiOiJsaW5lLXNsaWRlMS5wbmciLCJsYXllcl90eXBlIjoidGV4dCIsImxheWVyX3N0YXR1cyI6IjEiLCJsYXllcl9jbGFzcyI6InNtYWxsX3RleHQiLCJsYXllcl9jYXB0aW9uIjoiUHJvaW4gZ3JhdmlkYSBuaWJoIHZlbCB2ZWxpdCBhdWN0b3IgYWxpcXVldC4gQWVuZWFuIHNvbGxpY2l0dWRpbiwgbG9yZW0gcXVpcyA8YnI+YmliZHVtIGF1Y3RvciwgbmlzaSBlbGl0IGNvbnNlcXVhdCBpcHN1bSwgbmVjIHNhZ2l0dGlzIHNlbSBuaWJoIGlkIGVsaXQuIER1aXMgc2VkIDxicj5vZGlvIHNpdCBhbWV0IG5pYmggdnVscHV0YXRlIGN1cnN1cyBhIHNpdCBhbWV0IG1hdXJpcyIsImxheWVyX2ZvbnRfc2l6ZSI6IiIsImxheWVyX2JhY2tncm91bmRfY29sb3IiOiIiLCJsYXllcl9jb2xvciI6IiIsImxheWVyX2xpbmsiOiIiLCJsYXllcl90YXJnZXQiOiJzYW1lIiwibGF5ZXJfdG9wIjoiMjk1IiwibGF5ZXJfbGVmdCI6IjMyMCIsImxheWVyX3RyYW5zaXRpb24iOiJmYWRlIiwidGltZV9zdGFydCI6bnVsbH0seyJsYXllcl92aWRlb190eXBlIjoieW91dHViZSIsImxheWVyX3ZpZGVvX2lkIjoiIiwibGF5ZXJfdmlkZW9faGVpZ2h0IjoiMjAwIiwibGF5ZXJfdmlkZW9fd2lkdGgiOiIzMDAiLCJsYXllcl92aWRlb190aHVtYiI6IiIsImxheWVyX2lkIjoiMV81IiwibGF5ZXJfY29udGVudCI6ImxpbmUtc2xpZGUxLnBuZyIsImxheWVyX3R5cGUiOiJ0ZXh0IiwibGF5ZXJfc3RhdHVzIjoiMSIsImxheWVyX2NsYXNzIjoiYnV0dG9uMSIsImxheWVyX2NhcHRpb24iOiJzaG9wIG5vdyIsImxheWVyX2ZvbnRfc2l6ZSI6IiIsImxheWVyX2JhY2tncm91bmRfY29sb3IiOiIiLCJsYXllcl9jb2xvciI6IiIsImxheWVyX2xpbmsiOiIjIiwibGF5ZXJfdGFyZ2V0Ijoic2FtZSIsImxheWVyX3RvcCI6IjQwMCIsImxheWVyX2xlZnQiOiI1MzYiLCJsYXllcl90cmFuc2l0aW9uIjoiZmFkZSIsInRpbWVfc3RhcnQiOm51bGx9XQ=='),(2,1,'Sample slider 2','','slider-2.jpg','','eyJ1c2V2aWRlbyI6IjAiLCJ2aWRlb2lkIjoiIiwidmlkZW9hdXRvIjoiMCIsImJhY2tncm91bmRfY29sb3IiOiIiLCJidWxsZXRfZGVzY3JpcHRpb24iOiIifQ==','W3sibGF5ZXJfdmlkZW9fdHlwZSI6InlvdXR1YmUiLCJsYXllcl92aWRlb19pZCI6IiIsImxheWVyX3ZpZGVvX2hlaWdodCI6IjIwMCIsImxheWVyX3ZpZGVvX3dpZHRoIjoiMzAwIiwibGF5ZXJfdmlkZW9fdGh1bWIiOiIiLCJsYXllcl9pZCI6IjJfMSIsImxheWVyX2NvbnRlbnQiOiIiLCJsYXllcl90eXBlIjoidGV4dCIsImxheWVyX3N0YXR1cyI6IjEiLCJsYXllcl9jbGFzcyI6Im1lZGl1bV93aGl0ZSIsImxheWVyX2NhcHRpb24iOiJJbnRyb2R1aXNhbnQiLCJsYXllcl9mb250X3NpemUiOiIiLCJsYXllcl9iYWNrZ3JvdW5kX2NvbG9yIjoiIiwibGF5ZXJfY29sb3IiOiIiLCJsYXllcl9saW5rIjoiIiwibGF5ZXJfdGFyZ2V0Ijoic2FtZSIsImxheWVyX3RvcCI6IjE1NSIsImxheWVyX2xlZnQiOiI1MjMiLCJsYXllcl90cmFuc2l0aW9uIjoiZmFkZSIsInRpbWVfc3RhcnQiOm51bGx9LHsibGF5ZXJfdmlkZW9fdHlwZSI6InlvdXR1YmUiLCJsYXllcl92aWRlb19pZCI6IiIsImxheWVyX3ZpZGVvX2hlaWdodCI6IjIwMCIsImxheWVyX3ZpZGVvX3dpZHRoIjoiMzAwIiwibGF5ZXJfdmlkZW9fdGh1bWIiOiIiLCJsYXllcl9pZCI6IjJfMiIsImxheWVyX2NvbnRlbnQiOiJsaW5lLXNsaWRlMS5wbmciLCJsYXllcl90eXBlIjoiaW1hZ2UiLCJsYXllcl9zdGF0dXMiOiIxIiwibGF5ZXJfY2xhc3MiOiIiLCJsYXllcl9jYXB0aW9uIjoiWW91ciBJbWFnZSBIZXJlIDIiLCJsYXllcl9mb250X3NpemUiOiIiLCJsYXllcl9iYWNrZ3JvdW5kX2NvbG9yIjoiIiwibGF5ZXJfY29sb3IiOiIiLCJsYXllcl9saW5rIjoiIiwibGF5ZXJfdGFyZ2V0Ijoic2FtZSIsImxheWVyX3RvcCI6IjE5MCIsImxheWVyX2xlZnQiOiI0OTAiLCJsYXllcl90cmFuc2l0aW9uIjoiZmFkZSIsInRpbWVfc3RhcnQiOm51bGx9LHsibGF5ZXJfdmlkZW9fdHlwZSI6InlvdXR1YmUiLCJsYXllcl92aWRlb19pZCI6IiIsImxheWVyX3ZpZGVvX2hlaWdodCI6IjIwMCIsImxheWVyX3ZpZGVvX3dpZHRoIjoiMzAwIiwibGF5ZXJfdmlkZW9fdGh1bWIiOiIiLCJsYXllcl9pZCI6IjJfMyIsImxheWVyX2NvbnRlbnQiOiJsaW5lLXNsaWRlMS5wbmciLCJsYXllcl90eXBlIjoidGV4dCIsImxheWVyX3N0YXR1cyI6IjEiLCJsYXllcl9jbGFzcyI6ImJpZ193aGl0ZSIsImxheWVyX2NhcHRpb24iOiJDb2xsZWN0aW9uIGF1dG9tbmUgMjAxMyIsImxheWVyX2ZvbnRfc2l6ZSI6IiIsImxheWVyX2JhY2tncm91bmRfY29sb3IiOiIiLCJsYXllcl9jb2xvciI6IiIsImxheWVyX2xpbmsiOiIiLCJsYXllcl90YXJnZXQiOiJzYW1lIiwibGF5ZXJfdG9wIjoiMjI1IiwibGF5ZXJfbGVmdCI6IjI4MCIsImxheWVyX3RyYW5zaXRpb24iOiJmYWRlIiwidGltZV9zdGFydCI6bnVsbH0seyJsYXllcl92aWRlb190eXBlIjoieW91dHViZSIsImxheWVyX3ZpZGVvX2lkIjoiIiwibGF5ZXJfdmlkZW9faGVpZ2h0IjoiMjAwIiwibGF5ZXJfdmlkZW9fd2lkdGgiOiIzMDAiLCJsYXllcl92aWRlb190aHVtYiI6IiIsImxheWVyX2lkIjoiMl80IiwibGF5ZXJfY29udGVudCI6ImxpbmUtc2xpZGUxLnBuZyIsImxheWVyX3R5cGUiOiJ0ZXh0IiwibGF5ZXJfc3RhdHVzIjoiMSIsImxheWVyX2NsYXNzIjoic21hbGxfdGV4dCIsImxheWVyX2NhcHRpb24iOiJQcm9pbiBncmF2aWRhIG5pYmggdmVsIHZlbGl0IGF1Y3RvciBhbGlxdWV0LiBBZW5lYW4gc29sbGljaXR1ZGluLCBsb3JlbSBxdWlzIDxicj5iaWJkdW0gYXVjdG9yLCBuaXNpIGVsaXQgY29uc2VxdWF0IGlwc3VtLCBuZWMgc2FnaXR0aXMgc2VtIG5pYmggaWQgZWxpdC4gRHVpcyBzZWQgPGJyPm9kaW8gc2l0IGFtZXQgbmliaCB2dWxwdXRhdGUgY3Vyc3VzIGEgc2l0IGFtZXQgbWF1cmlzIiwibGF5ZXJfZm9udF9zaXplIjoiIiwibGF5ZXJfYmFja2dyb3VuZF9jb2xvciI6IiIsImxheWVyX2NvbG9yIjoiIiwibGF5ZXJfbGluayI6IiIsImxheWVyX3RhcmdldCI6InNhbWUiLCJsYXllcl90b3AiOiIyOTUiLCJsYXllcl9sZWZ0IjoiMzIwIiwibGF5ZXJfdHJhbnNpdGlvbiI6ImZhZGUiLCJ0aW1lX3N0YXJ0IjpudWxsfSx7ImxheWVyX3ZpZGVvX3R5cGUiOiJ5b3V0dWJlIiwibGF5ZXJfdmlkZW9faWQiOiIiLCJsYXllcl92aWRlb19oZWlnaHQiOiIyMDAiLCJsYXllcl92aWRlb193aWR0aCI6IjMwMCIsImxheWVyX3ZpZGVvX3RodW1iIjoiIiwibGF5ZXJfaWQiOiIyXzUiLCJsYXllcl9jb250ZW50IjoibGluZS1zbGlkZTEucG5nIiwibGF5ZXJfdHlwZSI6InRleHQiLCJsYXllcl9zdGF0dXMiOiIxIiwibGF5ZXJfY2xhc3MiOiJidXR0b24xIiwibGF5ZXJfY2FwdGlvbiI6IkFjaGV0ZXogbWFpbnRlbmFudCIsImxheWVyX2ZvbnRfc2l6ZSI6IiIsImxheWVyX2JhY2tncm91bmRfY29sb3IiOiIiLCJsYXllcl9jb2xvciI6IiIsImxheWVyX2xpbmsiOiIjIiwibGF5ZXJfdGFyZ2V0Ijoic2FtZSIsImxheWVyX3RvcCI6IjQwMCIsImxheWVyX2xlZnQiOiI1MzYiLCJsYXllcl90cmFuc2l0aW9uIjoiZmFkZSIsInRpbWVfc3RhcnQiOm51bGx9XQ=='),(2,2,'Sample slider 2','','slider-2.jpg','','eyJ1c2V2aWRlbyI6IjAiLCJ2aWRlb2lkIjoiIiwidmlkZW9hdXRvIjoiMCIsImJhY2tncm91bmRfY29sb3IiOiIiLCJidWxsZXRfZGVzY3JpcHRpb24iOiIifQ==','W3sibGF5ZXJfdmlkZW9fdHlwZSI6InlvdXR1YmUiLCJsYXllcl92aWRlb19pZCI6IiIsImxheWVyX3ZpZGVvX2hlaWdodCI6IjIwMCIsImxheWVyX3ZpZGVvX3dpZHRoIjoiMzAwIiwibGF5ZXJfdmlkZW9fdGh1bWIiOiIiLCJsYXllcl9pZCI6IjFfMSIsImxheWVyX2NvbnRlbnQiOiIiLCJsYXllcl90eXBlIjoidGV4dCIsImxheWVyX3N0YXR1cyI6IjEiLCJsYXllcl9jbGFzcyI6Im1lZGl1bV93aGl0ZSIsImxheWVyX2NhcHRpb24iOiJpbnRyb2R1Y2luZyIsImxheWVyX2ZvbnRfc2l6ZSI6IiIsImxheWVyX2JhY2tncm91bmRfY29sb3IiOiIiLCJsYXllcl9jb2xvciI6IiIsImxheWVyX2xpbmsiOiIiLCJsYXllcl90YXJnZXQiOiJzYW1lIiwibGF5ZXJfdG9wIjoiMTU1IiwibGF5ZXJfbGVmdCI6IjUyMyIsImxheWVyX3RyYW5zaXRpb24iOiJmYWRlIiwidGltZV9zdGFydCI6bnVsbH0seyJsYXllcl92aWRlb190eXBlIjoieW91dHViZSIsImxheWVyX3ZpZGVvX2lkIjoiIiwibGF5ZXJfdmlkZW9faGVpZ2h0IjoiMjAwIiwibGF5ZXJfdmlkZW9fd2lkdGgiOiIzMDAiLCJsYXllcl92aWRlb190aHVtYiI6IiIsImxheWVyX2lkIjoiMV8yIiwibGF5ZXJfY29udGVudCI6ImxpbmUtc2xpZGUxLnBuZyIsImxheWVyX3R5cGUiOiJpbWFnZSIsImxheWVyX3N0YXR1cyI6IjEiLCJsYXllcl9jbGFzcyI6IiIsImxheWVyX2NhcHRpb24iOiJZb3VyIEltYWdlIEhlcmUgMiIsImxheWVyX2ZvbnRfc2l6ZSI6IiIsImxheWVyX2JhY2tncm91bmRfY29sb3IiOiIiLCJsYXllcl9jb2xvciI6IiIsImxheWVyX2xpbmsiOiIiLCJsYXllcl90YXJnZXQiOiJzYW1lIiwibGF5ZXJfdG9wIjoiMTkwIiwibGF5ZXJfbGVmdCI6IjQ5MCIsImxheWVyX3RyYW5zaXRpb24iOiJmYWRlIiwidGltZV9zdGFydCI6bnVsbH0seyJsYXllcl92aWRlb190eXBlIjoieW91dHViZSIsImxheWVyX3ZpZGVvX2lkIjoiIiwibGF5ZXJfdmlkZW9faGVpZ2h0IjoiMjAwIiwibGF5ZXJfdmlkZW9fd2lkdGgiOiIzMDAiLCJsYXllcl92aWRlb190aHVtYiI6IiIsImxheWVyX2lkIjoiMV8zIiwibGF5ZXJfY29udGVudCI6ImxpbmUtc2xpZGUxLnBuZyIsImxheWVyX3R5cGUiOiJ0ZXh0IiwibGF5ZXJfc3RhdHVzIjoiMSIsImxheWVyX2NsYXNzIjoiYmlnX3doaXRlIiwibGF5ZXJfY2FwdGlvbiI6ImF1dHVtbiBjb2xsZWN0aW9uIDIwMTMiLCJsYXllcl9mb250X3NpemUiOiIiLCJsYXllcl9iYWNrZ3JvdW5kX2NvbG9yIjoiIiwibGF5ZXJfY29sb3IiOiIiLCJsYXllcl9saW5rIjoiIiwibGF5ZXJfdGFyZ2V0Ijoic2FtZSIsImxheWVyX3RvcCI6IjIyNSIsImxheWVyX2xlZnQiOiIyODAiLCJsYXllcl90cmFuc2l0aW9uIjoiZmFkZSIsInRpbWVfc3RhcnQiOm51bGx9LHsibGF5ZXJfdmlkZW9fdHlwZSI6InlvdXR1YmUiLCJsYXllcl92aWRlb19pZCI6IiIsImxheWVyX3ZpZGVvX2hlaWdodCI6IjIwMCIsImxheWVyX3ZpZGVvX3dpZHRoIjoiMzAwIiwibGF5ZXJfdmlkZW9fdGh1bWIiOiIiLCJsYXllcl9pZCI6IjFfNCIsImxheWVyX2NvbnRlbnQiOiJsaW5lLXNsaWRlMS5wbmciLCJsYXllcl90eXBlIjoidGV4dCIsImxheWVyX3N0YXR1cyI6IjEiLCJsYXllcl9jbGFzcyI6InNtYWxsX3RleHQiLCJsYXllcl9jYXB0aW9uIjoiUHJvaW4gZ3JhdmlkYSBuaWJoIHZlbCB2ZWxpdCBhdWN0b3IgYWxpcXVldC4gQWVuZWFuIHNvbGxpY2l0dWRpbiwgbG9yZW0gcXVpcyA8YnI+YmliZHVtIGF1Y3RvciwgbmlzaSBlbGl0IGNvbnNlcXVhdCBpcHN1bSwgbmVjIHNhZ2l0dGlzIHNlbSBuaWJoIGlkIGVsaXQuIER1aXMgc2VkIDxicj5vZGlvIHNpdCBhbWV0IG5pYmggdnVscHV0YXRlIGN1cnN1cyBhIHNpdCBhbWV0IG1hdXJpcyIsImxheWVyX2ZvbnRfc2l6ZSI6IiIsImxheWVyX2JhY2tncm91bmRfY29sb3IiOiIiLCJsYXllcl9jb2xvciI6IiIsImxheWVyX2xpbmsiOiIiLCJsYXllcl90YXJnZXQiOiJzYW1lIiwibGF5ZXJfdG9wIjoiMjk1IiwibGF5ZXJfbGVmdCI6IjMyMCIsImxheWVyX3RyYW5zaXRpb24iOiJmYWRlIiwidGltZV9zdGFydCI6bnVsbH0seyJsYXllcl92aWRlb190eXBlIjoieW91dHViZSIsImxheWVyX3ZpZGVvX2lkIjoiIiwibGF5ZXJfdmlkZW9faGVpZ2h0IjoiMjAwIiwibGF5ZXJfdmlkZW9fd2lkdGgiOiIzMDAiLCJsYXllcl92aWRlb190aHVtYiI6IiIsImxheWVyX2lkIjoiMV81IiwibGF5ZXJfY29udGVudCI6ImxpbmUtc2xpZGUxLnBuZyIsImxheWVyX3R5cGUiOiJ0ZXh0IiwibGF5ZXJfc3RhdHVzIjoiMSIsImxheWVyX2NsYXNzIjoiYnV0dG9uMSIsImxheWVyX2NhcHRpb24iOiJzaG9wIG5vdyIsImxheWVyX2ZvbnRfc2l6ZSI6IiIsImxheWVyX2JhY2tncm91bmRfY29sb3IiOiIiLCJsYXllcl9jb2xvciI6IiIsImxheWVyX2xpbmsiOiIjIiwibGF5ZXJfdGFyZ2V0Ijoic2FtZSIsImxheWVyX3RvcCI6IjQwMCIsImxheWVyX2xlZnQiOiI1MzYiLCJsYXllcl90cmFuc2l0aW9uIjoiZmFkZSIsInRpbWVfc3RhcnQiOm51bGx9XQ=='),(3,1,'Sample Slide 3','','slider-3.jpg','','eyJ1c2V2aWRlbyI6IjAiLCJ2aWRlb2lkIjoiIiwidmlkZW9hdXRvIjoiMCIsImJhY2tncm91bmRfY29sb3IiOiIiLCJidWxsZXRfZGVzY3JpcHRpb24iOiIifQ==',''),(3,2,'Sample Slide 3','','slider-3.jpg','','eyJ1c2V2aWRlbyI6IjAiLCJ2aWRlb2lkIjoiIiwidmlkZW9hdXRvIjoiMCIsImJhY2tncm91bmRfY29sb3IiOiIiLCJidWxsZXRfZGVzY3JpcHRpb24iOiIifQ==',''),(4,1,'Sample Slide 4','','slider-4.jpg','','eyJ1c2V2aWRlbyI6IjAiLCJ2aWRlb2lkIjoiIiwidmlkZW9hdXRvIjoiMCIsImJhY2tncm91bmRfY29sb3IiOiIiLCJidWxsZXRfZGVzY3JpcHRpb24iOiIifQ==',''),(4,2,'Sample Slide 4','','slider-4.jpg','','eyJ1c2V2aWRlbyI6IjAiLCJ2aWRlb2lkIjoiIiwidmlkZW9hdXRvIjoiMCIsImJhY2tncm91bmRfY29sb3IiOiIiLCJidWxsZXRfZGVzY3JpcHRpb24iOiIifQ==',''),(5,1,'Sample slide 5','','slider-5.jpg','','eyJ1c2V2aWRlbyI6IjAiLCJ2aWRlb2lkIjoiIiwidmlkZW9hdXRvIjoiMCIsImJhY2tncm91bmRfY29sb3IiOiIiLCJidWxsZXRfZGVzY3JpcHRpb24iOiIifQ==','[encoded data, 5492 characters]'),(5,2,'Sample slide 5','','slider-5.jpg','','eyJ1c2V2aWRlbyI6IjAiLCJ2aWRlb2lkIjoiIiwidmlkZW9hdXRvIjoiMCIsImJhY2tncm91bmRfY29sb3IiOiIiLCJidWxsZXRfZGVzY3JpcHRpb24iOiIifQ==','[encoded data, 5448 characters]'),(6,1,'Sample slide 6','','slider-6.jpg','','eyJ1c2V2aWRlbyI6IjAiLCJ2aWRlb2lkIjoiIiwidmlkZW9hdXRvIjoiMCIsImJhY2tncm91bmRfY29sb3IiOiIiLCJidWxsZXRfZGVzY3JpcHRpb24iOiIifQ==','[encoded data, 5504 characters]'),(6,2,'Sample slide 6','','slider-6.jpg','','eyJ1c2V2aWRlbyI6IjAiLCJ2aWRlb2lkIjoiIiwidmlkZW9hdXRvIjoiMCIsImJhY2tncm91bmRfY29sb3IiOiIiLCJidWxsZXRfZGVzY3JpcHRpb24iOiIifQ==','[encoded data, 5460 characters]'),(7,1,'Sample slide 7','','slider-7.jpg','','eyJ1c2V2aWRlbyI6IjAiLCJ2aWRlb2lkIjoiIiwidmlkZW9hdXRvIjoiMCIsImJhY2tncm91bmRfY29sb3IiOiIiLCJidWxsZXRfZGVzY3JpcHRpb24iOiIifQ==','[encoded data, 5492 characters]'),(7,2,'Sample slide 7','','slider-7.jpg','','eyJ1c2V2aWRlbyI6IjAiLCJ2aWRlb2lkIjoiIiwidmlkZW9hdXRvIjoiMCIsImJhY2tncm91bmRfY29sb3IiOiIiLCJidWxsZXRfZGVzY3JpcHRpb24iOiIifQ==','[encoded data, 5448 characters]'),(8,1,'Sample slide 8','','slider-8.jpg','','eyJ1c2V2aWRlbyI6IjAiLCJ2aWRlb2lkIjoiIiwidmlkZW9hdXRvIjoiMCIsImJhY2tncm91bmRfY29sb3IiOiIiLCJidWxsZXRfZGVzY3JpcHRpb24iOiIifQ==','[encoded data, 5496 characters]'),(8,2,'Sample slide 8','','slider-8.jpg','','eyJ1c2V2aWRlbyI6IjAiLCJ2aWRlb2lkIjoiIiwidmlkZW9hdXRvIjoiMCIsImJhY2tncm91bmRfY29sb3IiOiIiLCJidWxsZXRfZGVzY3JpcHRpb24iOiIifQ==','[encoded data, 5448 characters]'),(9,1,'Sample slider 1','','slider-1.jpg','','eyJ1c2V2aWRlbyI6IjAiLCJ2aWRlb2lkIjoiIiwidmlkZW9hdXRvIjoiMCIsImJhY2tncm91bmRfY29sb3IiOiIiLCJidWxsZXRfZGVzY3JpcHRpb24iOiIifQ==','W3sibGF5ZXJfdmlkZW9fdHlwZSI6InlvdXR1YmUiLCJsYXllcl92aWRlb19pZCI6IiIsImxheWVyX3ZpZGVvX2hlaWdodCI6IjIwMCIsImxheWVyX3ZpZGVvX3dpZHRoIjoiMzAwIiwibGF5ZXJfdmlkZW9fdGh1bWIiOiIiLCJsYXllcl9pZCI6IjJfMSIsImxheWVyX2NvbnRlbnQiOiIiLCJsYXllcl90eXBlIjoidGV4dCIsImxheWVyX3N0YXR1cyI6IjEiLCJsYXllcl9jbGFzcyI6Im1lZGl1bV93aGl0ZSIsImxheWVyX2NhcHRpb24iOiJJbnRyb2R1aXNhbnQiLCJsYXllcl9mb250X3NpemUiOiIiLCJsYXllcl9iYWNrZ3JvdW5kX2NvbG9yIjoiIiwibGF5ZXJfY29sb3IiOiIiLCJsYXllcl9saW5rIjoiIiwibGF5ZXJfdGFyZ2V0Ijoic2FtZSIsImxheWVyX3RvcCI6IjE1NSIsImxheWVyX2xlZnQiOiI1MjMiLCJsYXllcl90cmFuc2l0aW9uIjoiZmFkZSIsInRpbWVfc3RhcnQiOm51bGx9LHsibGF5ZXJfdmlkZW9fdHlwZSI6InlvdXR1YmUiLCJsYXllcl92aWRlb19pZCI6IiIsImxheWVyX3ZpZGVvX2hlaWdodCI6IjIwMCIsImxheWVyX3ZpZGVvX3dpZHRoIjoiMzAwIiwibGF5ZXJfdmlkZW9fdGh1bWIiOiIiLCJsYXllcl9pZCI6IjJfMiIsImxheWVyX2NvbnRlbnQiOiJsaW5lLXNsaWRlMS5wbmciLCJsYXllcl90eXBlIjoiaW1hZ2UiLCJsYXllcl9zdGF0dXMiOiIxIiwibGF5ZXJfY2xhc3MiOiIiLCJsYXllcl9jYXB0aW9uIjoiWW91ciBJbWFnZSBIZXJlIDIiLCJsYXllcl9mb250X3NpemUiOiIiLCJsYXllcl9iYWNrZ3JvdW5kX2NvbG9yIjoiIiwibGF5ZXJfY29sb3IiOiIiLCJsYXllcl9saW5rIjoiIiwibGF5ZXJfdGFyZ2V0Ijoic2FtZSIsImxheWVyX3RvcCI6IjE5MCIsImxheWVyX2xlZnQiOiI0OTAiLCJsYXllcl90cmFuc2l0aW9uIjoiZmFkZSIsInRpbWVfc3RhcnQiOm51bGx9LHsibGF5ZXJfdmlkZW9fdHlwZSI6InlvdXR1YmUiLCJsYXllcl92aWRlb19pZCI6IiIsImxheWVyX3ZpZGVvX2hlaWdodCI6IjIwMCIsImxheWVyX3ZpZGVvX3dpZHRoIjoiMzAwIiwibGF5ZXJfdmlkZW9fdGh1bWIiOiIiLCJsYXllcl9pZCI6IjJfMyIsImxheWVyX2NvbnRlbnQiOiJsaW5lLXNsaWRlMS5wbmciLCJsYXllcl90eXBlIjoidGV4dCIsImxheWVyX3N0YXR1cyI6IjEiLCJsYXllcl9jbGFzcyI6ImJpZ193aGl0ZSIsImxheWVyX2NhcHRpb24iOiJDb2xsZWN0aW9uIGF1dG9tbmUgMjAxMyIsImxheWVyX2ZvbnRfc2l6ZSI6IiIsImxheWVyX2JhY2tncm91bmRfY29sb3IiOiIiLCJsYXllcl9jb2xvciI6IiIsImxheWVyX2xpbmsiOiIiLCJsYXllcl90YXJnZXQiOiJzYW1lIiwibGF5ZXJfdG9wIjoiMjI1IiwibGF5ZXJfbGVmdCI6IjI4MCIsImxheWVyX3RyYW5zaXRpb24iOiJmYWRlIiwidGltZV9zdGFydCI6bnVsbH0seyJsYXllcl92aWRlb190eXBlIjoieW91dHViZSIsImxheWVyX3ZpZGVvX2lkIjoiIiwibGF5ZXJfdmlkZW9faGVpZ2h0IjoiMjAwIiwibGF5ZXJfdmlkZW9fd2lkdGgiOiIzMDAiLCJsYXllcl92aWRlb190aHVtYiI6IiIsImxheWVyX2lkIjoiMl80IiwibGF5ZXJfY29udGVudCI6ImxpbmUtc2xpZGUxLnBuZyIsImxheWVyX3R5cGUiOiJ0ZXh0IiwibGF5ZXJfc3RhdHVzIjoiMSIsImxheWVyX2NsYXNzIjoic21hbGxfdGV4dCIsImxheWVyX2NhcHRpb24iOiJQcm9pbiBncmF2aWRhIG5pYmggdmVsIHZlbGl0IGF1Y3RvciBhbGlxdWV0LiBBZW5lYW4gc29sbGljaXR1ZGluLCBsb3JlbSBxdWlzIDxicj5iaWJkdW0gYXVjdG9yLCBuaXNpIGVsaXQgY29uc2VxdWF0IGlwc3VtLCBuZWMgc2FnaXR0aXMgc2VtIG5pYmggaWQgZWxpdC4gRHVpcyBzZWQgPGJyPm9kaW8gc2l0IGFtZXQgbmliaCB2dWxwdXRhdGUgY3Vyc3VzIGEgc2l0IGFtZXQgbWF1cmlzIiwibGF5ZXJfZm9udF9zaXplIjoiIiwibGF5ZXJfYmFja2dyb3VuZF9jb2xvciI6IiIsImxheWVyX2NvbG9yIjoiIiwibGF5ZXJfbGluayI6IiIsImxheWVyX3RhcmdldCI6InNhbWUiLCJsYXllcl90b3AiOiIyOTUiLCJsYXllcl9sZWZ0IjoiMzIwIiwibGF5ZXJfdHJhbnNpdGlvbiI6ImZhZGUiLCJ0aW1lX3N0YXJ0IjpudWxsfSx7ImxheWVyX3ZpZGVvX3R5cGUiOiJ5b3V0dWJlIiwibGF5ZXJfdmlkZW9faWQiOiIiLCJsYXllcl92aWRlb19oZWlnaHQiOiIyMDAiLCJsYXllcl92aWRlb193aWR0aCI6IjMwMCIsImxheWVyX3ZpZGVvX3RodW1iIjoiIiwibGF5ZXJfaWQiOiIyXzUiLCJsYXllcl9jb250ZW50IjoibGluZS1zbGlkZTEucG5nIiwibGF5ZXJfdHlwZSI6InRleHQiLCJsYXllcl9zdGF0dXMiOiIxIiwibGF5ZXJfY2xhc3MiOiJidXR0b24xIiwibGF5ZXJfY2FwdGlvbiI6ImFjcXVpc3RhcmUgb3JhIiwibGF5ZXJfZm9udF9zaXplIjoiIiwibGF5ZXJfYmFja2dyb3VuZF9jb2xvciI6IiIsImxheWVyX2NvbG9yIjoiIiwibGF5ZXJfbGluayI6IiMiLCJsYXllcl90YXJnZXQiOiJzYW1lIiwibGF5ZXJfdG9wIjoiNDAwIiwibGF5ZXJfbGVmdCI6IjUzNiIsImxheWVyX3RyYW5zaXRpb24iOiJmYWRlIiwidGltZV9zdGFydCI6bnVsbH1d'),(9,2,'Sample slider 1','','slider-1.jpg','','eyJ1c2V2aWRlbyI6IjAiLCJ2aWRlb2lkIjoiIiwidmlkZW9hdXRvIjoiMCIsImJhY2tncm91bmRfY29sb3IiOiIiLCJidWxsZXRfZGVzY3JpcHRpb24iOiIifQ==','W3sibGF5ZXJfdmlkZW9fdHlwZSI6InlvdXR1YmUiLCJsYXllcl92aWRlb19pZCI6IiIsImxheWVyX3ZpZGVvX2hlaWdodCI6IjIwMCIsImxheWVyX3ZpZGVvX3dpZHRoIjoiMzAwIiwibGF5ZXJfdmlkZW9fdGh1bWIiOiIiLCJsYXllcl9pZCI6IjFfMSIsImxheWVyX2NvbnRlbnQiOiIiLCJsYXllcl90eXBlIjoidGV4dCIsImxheWVyX3N0YXR1cyI6IjEiLCJsYXllcl9jbGFzcyI6Im1lZGl1bV93aGl0ZSIsImxheWVyX2NhcHRpb24iOiJpbnRyb2R1Y2luZyIsImxheWVyX2ZvbnRfc2l6ZSI6IiIsImxheWVyX2JhY2tncm91bmRfY29sb3IiOiIiLCJsYXllcl9jb2xvciI6IiIsImxheWVyX2xpbmsiOiIiLCJsYXllcl90YXJnZXQiOiJzYW1lIiwibGF5ZXJfdG9wIjoiMTU1IiwibGF5ZXJfbGVmdCI6IjUyMyIsImxheWVyX3RyYW5zaXRpb24iOiJmYWRlIiwidGltZV9zdGFydCI6bnVsbH0seyJsYXllcl92aWRlb190eXBlIjoieW91dHViZSIsImxheWVyX3ZpZGVvX2lkIjoiIiwibGF5ZXJfdmlkZW9faGVpZ2h0IjoiMjAwIiwibGF5ZXJfdmlkZW9fd2lkdGgiOiIzMDAiLCJsYXllcl92aWRlb190aHVtYiI6IiIsImxheWVyX2lkIjoiMV8yIiwibGF5ZXJfY29udGVudCI6ImxpbmUtc2xpZGUxLnBuZyIsImxheWVyX3R5cGUiOiJpbWFnZSIsImxheWVyX3N0YXR1cyI6IjEiLCJsYXllcl9jbGFzcyI6IiIsImxheWVyX2NhcHRpb24iOiJZb3VyIEltYWdlIEhlcmUgMiIsImxheWVyX2ZvbnRfc2l6ZSI6IiIsImxheWVyX2JhY2tncm91bmRfY29sb3IiOiIiLCJsYXllcl9jb2xvciI6IiIsImxheWVyX2xpbmsiOiIiLCJsYXllcl90YXJnZXQiOiJzYW1lIiwibGF5ZXJfdG9wIjoiMTkwIiwibGF5ZXJfbGVmdCI6IjQ5MCIsImxheWVyX3RyYW5zaXRpb24iOiJmYWRlIiwidGltZV9zdGFydCI6bnVsbH0seyJsYXllcl92aWRlb190eXBlIjoieW91dHViZSIsImxheWVyX3ZpZGVvX2lkIjoiIiwibGF5ZXJfdmlkZW9faGVpZ2h0IjoiMjAwIiwibGF5ZXJfdmlkZW9fd2lkdGgiOiIzMDAiLCJsYXllcl92aWRlb190aHVtYiI6IiIsImxheWVyX2lkIjoiMV8zIiwibGF5ZXJfY29udGVudCI6ImxpbmUtc2xpZGUxLnBuZyIsImxheWVyX3R5cGUiOiJ0ZXh0IiwibGF5ZXJfc3RhdHVzIjoiMSIsImxheWVyX2NsYXNzIjoiYmlnX3doaXRlIiwibGF5ZXJfY2FwdGlvbiI6ImF1dHVtbiBjb2xsZWN0aW9uIDIwMTMiLCJsYXllcl9mb250X3NpemUiOiIiLCJsYXllcl9iYWNrZ3JvdW5kX2NvbG9yIjoiIiwibGF5ZXJfY29sb3IiOiIiLCJsYXllcl9saW5rIjoiIiwibGF5ZXJfdGFyZ2V0Ijoic2FtZSIsImxheWVyX3RvcCI6IjIyNSIsImxheWVyX2xlZnQiOiIyODAiLCJsYXllcl90cmFuc2l0aW9uIjoiZmFkZSIsInRpbWVfc3RhcnQiOm51bGx9LHsibGF5ZXJfdmlkZW9fdHlwZSI6InlvdXR1YmUiLCJsYXllcl92aWRlb19pZCI6IiIsImxheWVyX3ZpZGVvX2hlaWdodCI6IjIwMCIsImxheWVyX3ZpZGVvX3dpZHRoIjoiMzAwIiwibGF5ZXJfdmlkZW9fdGh1bWIiOiIiLCJsYXllcl9pZCI6IjFfNCIsImxheWVyX2NvbnRlbnQiOiJsaW5lLXNsaWRlMS5wbmciLCJsYXllcl90eXBlIjoidGV4dCIsImxheWVyX3N0YXR1cyI6IjEiLCJsYXllcl9jbGFzcyI6InNtYWxsX3RleHQiLCJsYXllcl9jYXB0aW9uIjoiUHJvaW4gZ3JhdmlkYSBuaWJoIHZlbCB2ZWxpdCBhdWN0b3IgYWxpcXVldC4gQWVuZWFuIHNvbGxpY2l0dWRpbiwgbG9yZW0gcXVpcyA8YnI+YmliZHVtIGF1Y3RvciwgbmlzaSBlbGl0IGNvbnNlcXVhdCBpcHN1bSwgbmVjIHNhZ2l0dGlzIHNlbSBuaWJoIGlkIGVsaXQuIER1aXMgc2VkIDxicj5vZGlvIHNpdCBhbWV0IG5pYmggdnVscHV0YXRlIGN1cnN1cyBhIHNpdCBhbWV0IG1hdXJpcyIsImxheWVyX2ZvbnRfc2l6ZSI6IiIsImxheWVyX2JhY2tncm91bmRfY29sb3IiOiIiLCJsYXllcl9jb2xvciI6IiIsImxheWVyX2xpbmsiOiIiLCJsYXllcl90YXJnZXQiOiJzYW1lIiwibGF5ZXJfdG9wIjoiMjk1IiwibGF5ZXJfbGVmdCI6IjMyMCIsImxheWVyX3RyYW5zaXRpb24iOiJmYWRlIiwidGltZV9zdGFydCI6bnVsbH0seyJsYXllcl92aWRlb190eXBlIjoieW91dHViZSIsImxheWVyX3ZpZGVvX2lkIjoiIiwibGF5ZXJfdmlkZW9faGVpZ2h0IjoiMjAwIiwibGF5ZXJfdmlkZW9fd2lkdGgiOiIzMDAiLCJsYXllcl92aWRlb190aHVtYiI6IiIsImxheWVyX2lkIjoiMV81IiwibGF5ZXJfY29udGVudCI6ImxpbmUtc2xpZGUxLnBuZyIsImxheWVyX3R5cGUiOiJ0ZXh0IiwibGF5ZXJfc3RhdHVzIjoiMSIsImxheWVyX2NsYXNzIjoiYnV0dG9uMSIsImxheWVyX2NhcHRpb24iOiJzaG9wIG5vdyIsImxheWVyX2ZvbnRfc2l6ZSI6IiIsImxheWVyX2JhY2tncm91bmRfY29sb3IiOiIiLCJsYXllcl9jb2xvciI6IiIsImxheWVyX2xpbmsiOiIjIiwibGF5ZXJfdGFyZ2V0Ijoic2FtZSIsImxheWVyX3RvcCI6IjQwMCIsImxheWVyX2xlZnQiOiI1MzYiLCJsYXllcl90cmFuc2l0aW9uIjoiZmFkZSIsInRpbWVfc3RhcnQiOm51bGx9XQ=='),(10,1,'Sample slider 2','','slider-2.jpg','','eyJ1c2V2aWRlbyI6IjAiLCJ2aWRlb2lkIjoiIiwidmlkZW9hdXRvIjoiMCIsImJhY2tncm91bmRfY29sb3IiOiIiLCJidWxsZXRfZGVzY3JpcHRpb24iOiIifQ==','W3sibGF5ZXJfdmlkZW9fdHlwZSI6InlvdXR1YmUiLCJsYXllcl92aWRlb19pZCI6IiIsImxheWVyX3ZpZGVvX2hlaWdodCI6IjIwMCIsImxheWVyX3ZpZGVvX3dpZHRoIjoiMzAwIiwibGF5ZXJfdmlkZW9fdGh1bWIiOiIiLCJsYXllcl9pZCI6IjJfMSIsImxheWVyX2NvbnRlbnQiOiIiLCJsYXllcl90eXBlIjoidGV4dCIsImxheWVyX3N0YXR1cyI6IjEiLCJsYXllcl9jbGFzcyI6Im1lZGl1bV93aGl0ZSIsImxheWVyX2NhcHRpb24iOiJJbnRyb2R1aXNhbnQiLCJsYXllcl9mb250X3NpemUiOiIiLCJsYXllcl9iYWNrZ3JvdW5kX2NvbG9yIjoiIiwibGF5ZXJfY29sb3IiOiIiLCJsYXllcl9saW5rIjoiIiwibGF5ZXJfdGFyZ2V0Ijoic2FtZSIsImxheWVyX3RvcCI6IjE1NSIsImxheWVyX2xlZnQiOiI1MjMiLCJsYXllcl90cmFuc2l0aW9uIjoiZmFkZSIsInRpbWVfc3RhcnQiOm51bGx9LHsibGF5ZXJfdmlkZW9fdHlwZSI6InlvdXR1YmUiLCJsYXllcl92aWRlb19pZCI6IiIsImxheWVyX3ZpZGVvX2hlaWdodCI6IjIwMCIsImxheWVyX3ZpZGVvX3dpZHRoIjoiMzAwIiwibGF5ZXJfdmlkZW9fdGh1bWIiOiIiLCJsYXllcl9pZCI6IjJfMiIsImxheWVyX2NvbnRlbnQiOiJsaW5lLXNsaWRlMS5wbmciLCJsYXllcl90eXBlIjoiaW1hZ2UiLCJsYXllcl9zdGF0dXMiOiIxIiwibGF5ZXJfY2xhc3MiOiIiLCJsYXllcl9jYXB0aW9uIjoiWW91ciBJbWFnZSBIZXJlIDIiLCJsYXllcl9mb250X3NpemUiOiIiLCJsYXllcl9iYWNrZ3JvdW5kX2NvbG9yIjoiIiwibGF5ZXJfY29sb3IiOiIiLCJsYXllcl9saW5rIjoiIiwibGF5ZXJfdGFyZ2V0Ijoic2FtZSIsImxheWVyX3RvcCI6IjE5MCIsImxheWVyX2xlZnQiOiI0OTAiLCJsYXllcl90cmFuc2l0aW9uIjoiZmFkZSIsInRpbWVfc3RhcnQiOm51bGx9LHsibGF5ZXJfdmlkZW9fdHlwZSI6InlvdXR1YmUiLCJsYXllcl92aWRlb19pZCI6IiIsImxheWVyX3ZpZGVvX2hlaWdodCI6IjIwMCIsImxheWVyX3ZpZGVvX3dpZHRoIjoiMzAwIiwibGF5ZXJfdmlkZW9fdGh1bWIiOiIiLCJsYXllcl9pZCI6IjJfMyIsImxheWVyX2NvbnRlbnQiOiJsaW5lLXNsaWRlMS5wbmciLCJsYXllcl90eXBlIjoidGV4dCIsImxheWVyX3N0YXR1cyI6IjEiLCJsYXllcl9jbGFzcyI6ImJpZ193aGl0ZSIsImxheWVyX2NhcHRpb24iOiJDb2xsZWN0aW9uIGF1dG9tbmUgMjAxMyIsImxheWVyX2ZvbnRfc2l6ZSI6IiIsImxheWVyX2JhY2tncm91bmRfY29sb3IiOiIiLCJsYXllcl9jb2xvciI6IiIsImxheWVyX2xpbmsiOiIiLCJsYXllcl90YXJnZXQiOiJzYW1lIiwibGF5ZXJfdG9wIjoiMjI1IiwibGF5ZXJfbGVmdCI6IjI4MCIsImxheWVyX3RyYW5zaXRpb24iOiJmYWRlIiwidGltZV9zdGFydCI6bnVsbH0seyJsYXllcl92aWRlb190eXBlIjoieW91dHViZSIsImxheWVyX3ZpZGVvX2lkIjoiIiwibGF5ZXJfdmlkZW9faGVpZ2h0IjoiMjAwIiwibGF5ZXJfdmlkZW9fd2lkdGgiOiIzMDAiLCJsYXllcl92aWRlb190aHVtYiI6IiIsImxheWVyX2lkIjoiMl80IiwibGF5ZXJfY29udGVudCI6ImxpbmUtc2xpZGUxLnBuZyIsImxheWVyX3R5cGUiOiJ0ZXh0IiwibGF5ZXJfc3RhdHVzIjoiMSIsImxheWVyX2NsYXNzIjoic21hbGxfdGV4dCIsImxheWVyX2NhcHRpb24iOiJQcm9pbiBncmF2aWRhIG5pYmggdmVsIHZlbGl0IGF1Y3RvciBhbGlxdWV0LiBBZW5lYW4gc29sbGljaXR1ZGluLCBsb3JlbSBxdWlzIDxicj5iaWJkdW0gYXVjdG9yLCBuaXNpIGVsaXQgY29uc2VxdWF0IGlwc3VtLCBuZWMgc2FnaXR0aXMgc2VtIG5pYmggaWQgZWxpdC4gRHVpcyBzZWQgPGJyPm9kaW8gc2l0IGFtZXQgbmliaCB2dWxwdXRhdGUgY3Vyc3VzIGEgc2l0IGFtZXQgbWF1cmlzIiwibGF5ZXJfZm9udF9zaXplIjoiIiwibGF5ZXJfYmFja2dyb3VuZF9jb2xvciI6IiIsImxheWVyX2NvbG9yIjoiIiwibGF5ZXJfbGluayI6IiIsImxheWVyX3RhcmdldCI6InNhbWUiLCJsYXllcl90b3AiOiIyOTUiLCJsYXllcl9sZWZ0IjoiMzIwIiwibGF5ZXJfdHJhbnNpdGlvbiI6ImZhZGUiLCJ0aW1lX3N0YXJ0IjpudWxsfSx7ImxheWVyX3ZpZGVvX3R5cGUiOiJ5b3V0dWJlIiwibGF5ZXJfdmlkZW9faWQiOiIiLCJsYXllcl92aWRlb19oZWlnaHQiOiIyMDAiLCJsYXllcl92aWRlb193aWR0aCI6IjMwMCIsImxheWVyX3ZpZGVvX3RodW1iIjoiIiwibGF5ZXJfaWQiOiIyXzUiLCJsYXllcl9jb250ZW50IjoibGluZS1zbGlkZTEucG5nIiwibGF5ZXJfdHlwZSI6InRleHQiLCJsYXllcl9zdGF0dXMiOiIxIiwibGF5ZXJfY2xhc3MiOiJidXR0b24xIiwibGF5ZXJfY2FwdGlvbiI6IkFjaGV0ZXogbWFpbnRlbmFudCIsImxheWVyX2ZvbnRfc2l6ZSI6IiIsImxheWVyX2JhY2tncm91bmRfY29sb3IiOiIiLCJsYXllcl9jb2xvciI6IiIsImxheWVyX2xpbmsiOiIjIiwibGF5ZXJfdGFyZ2V0Ijoic2FtZSIsImxheWVyX3RvcCI6IjQwMCIsImxheWVyX2xlZnQiOiI1MzYiLCJsYXllcl90cmFuc2l0aW9uIjoiZmFkZSIsInRpbWVfc3RhcnQiOm51bGx9XQ=='),(10,2,'Sample slider 2','','slider-2.jpg','','eyJ1c2V2aWRlbyI6IjAiLCJ2aWRlb2lkIjoiIiwidmlkZW9hdXRvIjoiMCIsImJhY2tncm91bmRfY29sb3IiOiIiLCJidWxsZXRfZGVzY3JpcHRpb24iOiIifQ==','W3sibGF5ZXJfdmlkZW9fdHlwZSI6InlvdXR1YmUiLCJsYXllcl92aWRlb19pZCI6IiIsImxheWVyX3ZpZGVvX2hlaWdodCI6IjIwMCIsImxheWVyX3ZpZGVvX3dpZHRoIjoiMzAwIiwibGF5ZXJfdmlkZW9fdGh1bWIiOiIiLCJsYXllcl9pZCI6IjFfMSIsImxheWVyX2NvbnRlbnQiOiIiLCJsYXllcl90eXBlIjoidGV4dCIsImxheWVyX3N0YXR1cyI6IjEiLCJsYXllcl9jbGFzcyI6Im1lZGl1bV93aGl0ZSIsImxheWVyX2NhcHRpb24iOiJpbnRyb2R1Y2luZyIsImxheWVyX2ZvbnRfc2l6ZSI6IiIsImxheWVyX2JhY2tncm91bmRfY29sb3IiOiIiLCJsYXllcl9jb2xvciI6IiIsImxheWVyX2xpbmsiOiIiLCJsYXllcl90YXJnZXQiOiJzYW1lIiwibGF5ZXJfdG9wIjoiMTU1IiwibGF5ZXJfbGVmdCI6IjUyMyIsImxheWVyX3RyYW5zaXRpb24iOiJmYWRlIiwidGltZV9zdGFydCI6bnVsbH0seyJsYXllcl92aWRlb190eXBlIjoieW91dHViZSIsImxheWVyX3ZpZGVvX2lkIjoiIiwibGF5ZXJfdmlkZW9faGVpZ2h0IjoiMjAwIiwibGF5ZXJfdmlkZW9fd2lkdGgiOiIzMDAiLCJsYXllcl92aWRlb190aHVtYiI6IiIsImxheWVyX2lkIjoiMV8yIiwibGF5ZXJfY29udGVudCI6ImxpbmUtc2xpZGUxLnBuZyIsImxheWVyX3R5cGUiOiJpbWFnZSIsImxheWVyX3N0YXR1cyI6IjEiLCJsYXllcl9jbGFzcyI6IiIsImxheWVyX2NhcHRpb24iOiJZb3VyIEltYWdlIEhlcmUgMiIsImxheWVyX2ZvbnRfc2l6ZSI6IiIsImxheWVyX2JhY2tncm91bmRfY29sb3IiOiIiLCJsYXllcl9jb2xvciI6IiIsImxheWVyX2xpbmsiOiIiLCJsYXllcl90YXJnZXQiOiJzYW1lIiwibGF5ZXJfdG9wIjoiMTkwIiwibGF5ZXJfbGVmdCI6IjQ5MCIsImxheWVyX3RyYW5zaXRpb24iOiJmYWRlIiwidGltZV9zdGFydCI6bnVsbH0seyJsYXllcl92aWRlb190eXBlIjoieW91dHViZSIsImxheWVyX3ZpZGVvX2lkIjoiIiwibGF5ZXJfdmlkZW9faGVpZ2h0IjoiMjAwIiwibGF5ZXJfdmlkZW9fd2lkdGgiOiIzMDAiLCJsYXllcl92aWRlb190aHVtYiI6IiIsImxheWVyX2lkIjoiMV8zIiwibGF5ZXJfY29udGVudCI6ImxpbmUtc2xpZGUxLnBuZyIsImxheWVyX3R5cGUiOiJ0ZXh0IiwibGF5ZXJfc3RhdHVzIjoiMSIsImxheWVyX2NsYXNzIjoiYmlnX3doaXRlIiwibGF5ZXJfY2FwdGlvbiI6ImF1dHVtbiBjb2xsZWN0aW9uIDIwMTMiLCJsYXllcl9mb250X3NpemUiOiIiLCJsYXllcl9iYWNrZ3JvdW5kX2NvbG9yIjoiIiwibGF5ZXJfY29sb3IiOiIiLCJsYXllcl9saW5rIjoiIiwibGF5ZXJfdGFyZ2V0Ijoic2FtZSIsImxheWVyX3RvcCI6IjIyNSIsImxheWVyX2xlZnQiOiIyODAiLCJsYXllcl90cmFuc2l0aW9uIjoiZmFkZSIsInRpbWVfc3RhcnQiOm51bGx9LHsibGF5ZXJfdmlkZW9fdHlwZSI6InlvdXR1YmUiLCJsYXllcl92aWRlb19pZCI6IiIsImxheWVyX3ZpZGVvX2hlaWdodCI6IjIwMCIsImxheWVyX3ZpZGVvX3dpZHRoIjoiMzAwIiwibGF5ZXJfdmlkZW9fdGh1bWIiOiIiLCJsYXllcl9pZCI6IjFfNCIsImxheWVyX2NvbnRlbnQiOiJsaW5lLXNsaWRlMS5wbmciLCJsYXllcl90eXBlIjoidGV4dCIsImxheWVyX3N0YXR1cyI6IjEiLCJsYXllcl9jbGFzcyI6InNtYWxsX3RleHQiLCJsYXllcl9jYXB0aW9uIjoiUHJvaW4gZ3JhdmlkYSBuaWJoIHZlbCB2ZWxpdCBhdWN0b3IgYWxpcXVldC4gQWVuZWFuIHNvbGxpY2l0dWRpbiwgbG9yZW0gcXVpcyA8YnI+YmliZHVtIGF1Y3RvciwgbmlzaSBlbGl0IGNvbnNlcXVhdCBpcHN1bSwgbmVjIHNhZ2l0dGlzIHNlbSBuaWJoIGlkIGVsaXQuIER1aXMgc2VkIDxicj5vZGlvIHNpdCBhbWV0IG5pYmggdnVscHV0YXRlIGN1cnN1cyBhIHNpdCBhbWV0IG1hdXJpcyIsImxheWVyX2ZvbnRfc2l6ZSI6IiIsImxheWVyX2JhY2tncm91bmRfY29sb3IiOiIiLCJsYXllcl9jb2xvciI6IiIsImxheWVyX2xpbmsiOiIiLCJsYXllcl90YXJnZXQiOiJzYW1lIiwibGF5ZXJfdG9wIjoiMjk1IiwibGF5ZXJfbGVmdCI6IjMyMCIsImxheWVyX3RyYW5zaXRpb24iOiJmYWRlIiwidGltZV9zdGFydCI6bnVsbH0seyJsYXllcl92aWRlb190eXBlIjoieW91dHViZSIsImxheWVyX3ZpZGVvX2lkIjoiIiwibGF5ZXJfdmlkZW9faGVpZ2h0IjoiMjAwIiwibGF5ZXJfdmlkZW9fd2lkdGgiOiIzMDAiLCJsYXllcl92aWRlb190aHVtYiI6IiIsImxheWVyX2lkIjoiMV81IiwibGF5ZXJfY29udGVudCI6ImxpbmUtc2xpZGUxLnBuZyIsImxheWVyX3R5cGUiOiJ0ZXh0IiwibGF5ZXJfc3RhdHVzIjoiMSIsImxheWVyX2NsYXNzIjoiYnV0dG9uMSIsImxheWVyX2NhcHRpb24iOiJzaG9wIG5vdyIsImxheWVyX2ZvbnRfc2l6ZSI6IiIsImxheWVyX2JhY2tncm91bmRfY29sb3IiOiIiLCJsYXllcl9jb2xvciI6IiIsImxheWVyX2xpbmsiOiIjIiwibGF5ZXJfdGFyZ2V0Ijoic2FtZSIsImxheWVyX3RvcCI6IjQwMCIsImxheWVyX2xlZnQiOiI1MzYiLCJsYXllcl90cmFuc2l0aW9uIjoiZmFkZSIsInRpbWVfc3RhcnQiOm51bGx9XQ=='),(11,1,'Sample Slide 3','','slider-3.jpg','','eyJ1c2V2aWRlbyI6IjAiLCJ2aWRlb2lkIjoiIiwidmlkZW9hdXRvIjoiMCIsImJhY2tncm91bmRfY29sb3IiOiIiLCJidWxsZXRfZGVzY3JpcHRpb24iOiIifQ==',''),(11,2,'Sample Slide 3','','slider-3.jpg','','eyJ1c2V2aWRlbyI6IjAiLCJ2aWRlb2lkIjoiIiwidmlkZW9hdXRvIjoiMCIsImJhY2tncm91bmRfY29sb3IiOiIiLCJidWxsZXRfZGVzY3JpcHRpb24iOiIifQ==',''),(12,1,'Sample Slide 4','','slider-4.jpg','','eyJ1c2V2aWRlbyI6IjAiLCJ2aWRlb2lkIjoiIiwidmlkZW9hdXRvIjoiMCIsImJhY2tncm91bmRfY29sb3IiOiIiLCJidWxsZXRfZGVzY3JpcHRpb24iOiIifQ==',''),(12,2,'Sample Slide 4','','slider-4.jpg','','eyJ1c2V2aWRlbyI6IjAiLCJ2aWRlb2lkIjoiIiwidmlkZW9hdXRvIjoiMCIsImJhY2tncm91bmRfY29sb3IiOiIiLCJidWxsZXRfZGVzY3JpcHRpb24iOiIifQ==',''),(13,1,'Sample slide 5','','slider-5.jpg','','eyJ1c2V2aWRlbyI6IjAiLCJ2aWRlb2lkIjoiIiwidmlkZW9hdXRvIjoiMCIsImJhY2tncm91bmRfY29sb3IiOiIiLCJidWxsZXRfZGVzY3JpcHRpb24iOiIifQ==','[encoded data, 5492 characters]'),(13,2,'Sample slide 5','','slider-5.jpg','','eyJ1c2V2aWRlbyI6IjAiLCJ2aWRlb2lkIjoiIiwidmlkZW9hdXRvIjoiMCIsImJhY2tncm91bmRfY29sb3IiOiIiLCJidWxsZXRfZGVzY3JpcHRpb24iOiIifQ==','[encoded data, 5448 characters]'),(14,1,'Sample slide 6','','slider-6.jpg','','eyJ1c2V2aWRlbyI6IjAiLCJ2aWRlb2lkIjoiIiwidmlkZW9hdXRvIjoiMCIsImJhY2tncm91bmRfY29sb3IiOiIiLCJidWxsZXRfZGVzY3JpcHRpb24iOiIifQ==','[encoded data, 5504 characters]'),(14,2,'Sample slide 6','','slider-6.jpg','','eyJ1c2V2aWRlbyI6IjAiLCJ2aWRlb2lkIjoiIiwidmlkZW9hdXRvIjoiMCIsImJhY2tncm91bmRfY29sb3IiOiIiLCJidWxsZXRfZGVzY3JpcHRpb24iOiIifQ==','[encoded data, 5460 characters]'),(15,1,'Sample slide 7','','slider-7.jpg','','eyJ1c2V2aWRlbyI6IjAiLCJ2aWRlb2lkIjoiIiwidmlkZW9hdXRvIjoiMCIsImJhY2tncm91bmRfY29sb3IiOiIiLCJidWxsZXRfZGVzY3JpcHRpb24iOiIifQ==','[encoded data, 5492 characters]'),(15,2,'Sample slide 7','','slider-7.jpg','','eyJ1c2V2aWRlbyI6IjAiLCJ2aWRlb2lkIjoiIiwidmlkZW9hdXRvIjoiMCIsImJhY2tncm91bmRfY29sb3IiOiIiLCJidWxsZXRfZGVzY3JpcHRpb24iOiIifQ==','[encoded data, 5448 characters]'),(16,1,'Sample slide 8','','slider-8.jpg','','eyJ1c2V2aWRlbyI6IjAiLCJ2aWRlb2lkIjoiIiwidmlkZW9hdXRvIjoiMCIsImJhY2tncm91bmRfY29sb3IiOiIiLCJidWxsZXRfZGVzY3JpcHRpb24iOiIifQ==','[encoded data, 5496 characters]'),(16,2,'Sample slide 8','','slider-8.jpg','','eyJ1c2V2aWRlbyI6IjAiLCJ2aWRlb2lkIjoiIiwidmlkZW9hdXRvIjoiMCIsImJhY2tncm91bmRfY29sb3IiOiIiLCJidWxsZXRfZGVzY3JpcHRpb24iOiIifQ==','[encoded data, 5448 characters]'),(17,1,'JK Bandeau Image 1','','','','eyJ1c2V2aWRlbyI6IjAiLCJ2aWRlb2lkIjoiIiwidmlkZW9hdXRvIjoiMSIsImJhY2tncm91bmRfY29sb3IiOiIiLCJidWxsZXRfZGVzY3JpcHRpb24iOiIifQ==','W3sibGF5ZXJfdmlkZW9fdHlwZSI6InlvdXR1YmUiLCJsYXllcl92aWRlb19pZCI6IiIsImxheWVyX3ZpZGVvX2hlaWdodCI6IjIwMCIsImxheWVyX3ZpZGVvX3dpZHRoIjoiMzAwIiwibGF5ZXJfdmlkZW9fdGh1bWIiOiIiLCJsYXllcl9pZCI6IjFfMSIsImxheWVyX2NvbnRlbnQiOiJCYW5kZWF1IHNpdGUgbGl0aG8gQzIxNS5qcGciLCJsYXllcl90eXBlIjoiaW1hZ2UiLCJsYXllcl9zdGF0dXMiOiIxIiwibGF5ZXJfY2xhc3MiOiIiLCJsYXllcl9jYXB0aW9uIjoiTm91dmVsbGVzIGVzdGFtcGVzIGRlIEMyMTUiLCJsYXllcl9mb250X3NpemUiOiIiLCJsYXllcl9iYWNrZ3JvdW5kX2NvbG9yIjoiIiwibGF5ZXJfY29sb3IiOiIiLCJsYXllcl9saW5rIjoiaHR0cHM6XC9cL2xpdGhvLm9ubGluZVwvZnJcLzEzNC1jMjE1IiwibGF5ZXJfdGFyZ2V0Ijoic2FtZSIsImxheWVyX3RvcCI6IjAiLCJsYXllcl9sZWZ0IjoiMCIsImxheWVyX3RyYW5zaXRpb24iOiJmYWRlIiwidGltZV9zdGFydCI6bnVsbH1d'),(17,2,'JK Bandeau Image 1','https://litho.online/en/76-artistes?q=Artiste-Speedy+Graphito','','','eyJ1c2V2aWRlbyI6IjAiLCJ2aWRlb2lkIjoiIiwidmlkZW9hdXRvIjoiMCIsImJhY2tncm91bmRfY29sb3IiOiIiLCJidWxsZXRfZGVzY3JpcHRpb24iOiIifQ==','W3sibGF5ZXJfdmlkZW9fdHlwZSI6InlvdXR1YmUiLCJsYXllcl92aWRlb19pZCI6IiIsImxheWVyX3ZpZGVvX2hlaWdodCI6IjIwMCIsImxheWVyX3ZpZGVvX3dpZHRoIjoiMzAwIiwibGF5ZXJfdmlkZW9fdGh1bWIiOiIiLCJsYXllcl9pZCI6IjJfMSIsImxheWVyX2NvbnRlbnQiOiJiYW5kZWF1IGFjY3VlaWwgbGl0aG8gb25saW5lIFNwZWVkeSBHQi5qcGciLCJsYXllcl90eXBlIjoiaW1hZ2UiLCJsYXllcl9zdGF0dXMiOiIxIiwibGF5ZXJfY2xhc3MiOiIiLCJsYXllcl9jYXB0aW9uIjoiWW91ciBJbWFnZSBIZXJlIDIiLCJsYXllcl9mb250X3NpemUiOiIiLCJsYXllcl9iYWNrZ3JvdW5kX2NvbG9yIjoiIiwibGF5ZXJfY29sb3IiOiIiLCJsYXllcl9saW5rIjoiIiwibGF5ZXJfdGFyZ2V0Ijoic2FtZSIsImxheWVyX3RvcCI6IjAiLCJsYXllcl9sZWZ0IjoiMCIsImxheWVyX3RyYW5zaXRpb24iOiJmYWRlIiwidGltZV9zdGFydCI6bnVsbH1d'),(18,1,'JK Bandeau Image 2','','','','eyJ1c2V2aWRlbyI6IjAiLCJ2aWRlb2lkIjoiIiwidmlkZW9hdXRvIjoiMCIsImJhY2tncm91bmRfY29sb3IiOiIiLCJidWxsZXRfZGVzY3JpcHRpb24iOiIifQ==','W3sibGF5ZXJfdmlkZW9fdHlwZSI6InlvdXR1YmUiLCJsYXllcl92aWRlb19pZCI6IiIsImxheWVyX3ZpZGVvX2hlaWdodCI6IjIwMCIsImxheWVyX3ZpZGVvX3dpZHRoIjoiMzAwIiwibGF5ZXJfdmlkZW9fdGh1bWIiOiIiLCJsYXllcl9pZCI6IjFfMSIsImxheWVyX2NvbnRlbnQiOiJCYW5kZWF1IHNpdGUgbGl0aG8gbGV2YWxldC5qcGciLCJsYXllcl90eXBlIjoiaW1hZ2UiLCJsYXllcl9zdGF0dXMiOiIxIiwibGF5ZXJfY2xhc3MiOiIiLCJsYXllcl9jYXB0aW9uIjoiVG91dGVzIGxlcyBlc3RhbXBlcyBkZSBMZXZhbGV0IiwibGF5ZXJfZm9udF9zaXplIjoiIiwibGF5ZXJfYmFja2dyb3VuZF9jb2xvciI6IiIsImxheWVyX2NvbG9yIjoiIiwibGF5ZXJfbGluayI6Imh0dHBzOlwvXC9saXRoby5vbmxpbmVcL2ZyXC8xMl9sZXZhbGV0IiwibGF5ZXJfdGFyZ2V0Ijoic2FtZSIsImxheWVyX3RvcCI6IjAiLCJsYXllcl9sZWZ0IjoiMCIsImxheWVyX3RyYW5zaXRpb24iOiJ3aXBlbGVmdCIsInRpbWVfc3RhcnQiOm51bGx9XQ=='),(18,2,'JK Bandeau Image 2','https://litho.online/en/76-artistes?q=Artiste-C215','','','eyJ1c2V2aWRlbyI6IjAiLCJ2aWRlb2lkIjoiIiwidmlkZW9hdXRvIjoiMCIsImJhY2tncm91bmRfY29sb3IiOiIiLCJidWxsZXRfZGVzY3JpcHRpb24iOiIifQ==','W3sibGF5ZXJfdmlkZW9fdHlwZSI6InlvdXR1YmUiLCJsYXllcl92aWRlb19pZCI6IiIsImxheWVyX3ZpZGVvX2hlaWdodCI6IjIwMCIsImxheWVyX3ZpZGVvX3dpZHRoIjoiMzAwIiwibGF5ZXJfdmlkZW9fdGh1bWIiOiIiLCJsYXllcl9pZCI6IjJfMSIsImxheWVyX2NvbnRlbnQiOiJiYW5kZWF1IGFjY3VlaWwgbGl0aG8gb25saW5lIEMyMTUuanBnIiwibGF5ZXJfdHlwZSI6ImltYWdlIiwibGF5ZXJfc3RhdHVzIjoiMSIsImxheWVyX2NsYXNzIjoiIiwibGF5ZXJfY2FwdGlvbiI6IllvdXIgSW1hZ2UgSGVyZSAxIiwibGF5ZXJfZm9udF9zaXplIjoiIiwibGF5ZXJfYmFja2dyb3VuZF9jb2xvciI6IiIsImxheWVyX2NvbG9yIjoiIiwibGF5ZXJfbGluayI6IiIsImxheWVyX3RhcmdldCI6InNhbWUiLCJsYXllcl90b3AiOiIwIiwibGF5ZXJfbGVmdCI6IjAiLCJsYXllcl90cmFuc2l0aW9uIjoiZmFkZSIsInRpbWVfc3RhcnQiOm51bGx9XQ=='),(21,1,'Sample Slide 3','','slider-3.jpg','','eyJ1c2V2aWRlbyI6IjAiLCJ2aWRlb2lkIjoiIiwidmlkZW9hdXRvIjoiMCIsImJhY2tncm91bmRfY29sb3IiOiIiLCJidWxsZXRfZGVzY3JpcHRpb24iOiIifQ==',''),(21,2,'Sample Slide 3','','slider-3.jpg','','eyJ1c2V2aWRlbyI6IjAiLCJ2aWRlb2lkIjoiIiwidmlkZW9hdXRvIjoiMCIsImJhY2tncm91bmRfY29sb3IiOiIiLCJidWxsZXRfZGVzY3JpcHRpb24iOiIifQ==',''),(22,1,'Sample Slide 4','','slider-4.jpg','','eyJ1c2V2aWRlbyI6IjAiLCJ2aWRlb2lkIjoiIiwidmlkZW9hdXRvIjoiMCIsImJhY2tncm91bmRfY29sb3IiOiIiLCJidWxsZXRfZGVzY3JpcHRpb24iOiIifQ==',''),(22,2,'Sample Slide 4','','slider-4.jpg','','eyJ1c2V2aWRlbyI6IjAiLCJ2aWRlb2lkIjoiIiwidmlkZW9hdXRvIjoiMCIsImJhY2tncm91bmRfY29sb3IiOiIiLCJidWxsZXRfZGVzY3JpcHRpb24iOiIifQ==',''),(23,1,'Sample slide 5','','slider-5.jpg','','eyJ1c2V2aWRlbyI6IjAiLCJ2aWRlb2lkIjoiIiwidmlkZW9hdXRvIjoiMCIsImJhY2tncm91bmRfY29sb3IiOiIiLCJidWxsZXRfZGVzY3JpcHRpb24iOiIifQ==','[encoded data, 5492 characters]'),(23,2,'Sample slide 5','','slider-5.jpg','','eyJ1c2V2aWRlbyI6IjAiLCJ2aWRlb2lkIjoiIiwidmlkZW9hdXRvIjoiMCIsImJhY2tncm91bmRfY29sb3IiOiIiLCJidWxsZXRfZGVzY3JpcHRpb24iOiIifQ==','[encoded data, 5448 characters]'),(24,1,'Sample slide 6','','slider-6.jpg','','eyJ1c2V2aWRlbyI6IjAiLCJ2aWRlb2lkIjoiIiwidmlkZW9hdXRvIjoiMCIsImJhY2tncm91bmRfY29sb3IiOiIiLCJidWxsZXRfZGVzY3JpcHRpb24iOiIifQ==','[encoded data, 5504 characters]'),(24,2,'Sample slide 6','','slider-6.jpg','','eyJ1c2V2aWRlbyI6IjAiLCJ2aWRlb2lkIjoiIiwidmlkZW9hdXRvIjoiMCIsImJhY2tncm91bmRfY29sb3IiOiIiLCJidWxsZXRfZGVzY3JpcHRpb24iOiIifQ==','[encoded data, 5460 characters]'),(25,1,'Sample slide 7','','slider-7.jpg','','eyJ1c2V2aWRlbyI6IjAiLCJ2aWRlb2lkIjoiIiwidmlkZW9hdXRvIjoiMCIsImJhY2tncm91bmRfY29sb3IiOiIiLCJidWxsZXRfZGVzY3JpcHRpb24iOiIifQ==','[encoded data, 5492 characters]'),(25,2,'Sample slide 7','','slider-7.jpg','','eyJ1c2V2aWRlbyI6IjAiLCJ2aWRlb2lkIjoiIiwidmlkZW9hdXRvIjoiMCIsImJhY2tncm91bmRfY29sb3IiOiIiLCJidWxsZXRfZGVzY3JpcHRpb24iOiIifQ==','[encoded data, 5448 characters]'),(26,1,'Sample slide 8','','slider-8.jpg','','eyJ1c2V2aWRlbyI6IjAiLCJ2aWRlb2lkIjoiIiwidmlkZW9hdXRvIjoiMCIsImJhY2tncm91bmRfY29sb3IiOiIiLCJidWxsZXRfZGVzY3JpcHRpb24iOiIifQ==','[encoded data, 5496 characters]'),(26,2,'Sample slide 8','','slider-8.jpg','','eyJ1c2V2aWRlbyI6IjAiLCJ2aWRlb2lkIjoiIiwidmlkZW9hdXRvIjoiMCIsImJhY2tncm91bmRfY29sb3IiOiIiLCJidWxsZXRfZGVzY3JpcHRpb24iOiIifQ==','[encoded data, 5448 characters]'),(27,1,'JK Slider LEK','https://store.joelknafo-art.com/fr/219-lek','Banner-Lek.jpg','','eyJ1c2V2aWRlbyI6IjAiLCJ2aWRlb2lkIjoiIiwidmlkZW9hdXRvIjoiMCIsImJhY2tncm91bmRfY29sb3IiOiIiLCJidWxsZXRfZGVzY3JpcHRpb24iOiIifQ==','W3sibGF5ZXJfdmlkZW9fdHlwZSI6InlvdXR1YmUiLCJsYXllcl92aWRlb19pZCI6IiIsImxheWVyX3ZpZGVvX2hlaWdodCI6IjIwMCIsImxheWVyX3ZpZGVvX3dpZHRoIjoiMzAwIiwibGF5ZXJfdmlkZW9fdGh1bWIiOiIiLCJsYXllcl9pZCI6IjFfMSIsImxheWVyX2NvbnRlbnQiOiIiLCJsYXllcl90eXBlIjoidGV4dCIsImxheWVyX3N0YXR1cyI6IjEiLCJsYXllcl9jbGFzcyI6ImJpZ193aGl0ZSIsImxheWVyX2NhcHRpb24iOiJMRUsiLCJsYXllcl9mb250X3NpemUiOiIiLCJsYXllcl9iYWNrZ3JvdW5kX2NvbG9yIjoiIzAwMDAwMCIsImxheWVyX2NvbG9yIjoiI2ZmZmZmZiIsImxheWVyX2xpbmsiOiIiLCJsYXllcl90YXJnZXQiOiJzYW1lIiwibGF5ZXJfdG9wIjoiMTUwIiwibGF5ZXJfbGVmdCI6IjE1MCIsImxheWVyX3RyYW5zaXRpb24iOiJmYWRlIiwidGltZV9zdGFydCI6bnVsbH1d'),(27,2,'Dupliquer des Sample slider 1','','slider-1.jpg','','eyJ1c2V2aWRlbyI6IjAiLCJ2aWRlb2lkIjoiIiwidmlkZW9hdXRvIjoiMCIsImJhY2tncm91bmRfY29sb3IiOiIiLCJidWxsZXRfZGVzY3JpcHRpb24iOiIifQ==','W3sibGF5ZXJfdmlkZW9fdHlwZSI6InlvdXR1YmUiLCJsYXllcl92aWRlb19pZCI6IiIsImxheWVyX3ZpZGVvX2hlaWdodCI6IjIwMCIsImxheWVyX3ZpZGVvX3dpZHRoIjoiMzAwIiwibGF5ZXJfdmlkZW9fdGh1bWIiOiIiLCJsYXllcl9pZCI6IjJfMSIsImxheWVyX2NvbnRlbnQiOiIiLCJsYXllcl90eXBlIjoidGV4dCIsImxheWVyX3N0YXR1cyI6IjEiLCJsYXllcl9jbGFzcyI6Im1lZGl1bV93aGl0ZSIsImxheWVyX2NhcHRpb24iOiJpbnRyb2R1Y2luZyIsImxheWVyX2ZvbnRfc2l6ZSI6IiIsImxheWVyX2JhY2tncm91bmRfY29sb3IiOiIiLCJsYXllcl9jb2xvciI6IiIsImxheWVyX2xpbmsiOiIiLCJsYXllcl90YXJnZXQiOiJzYW1lIiwibGF5ZXJfdG9wIjoiMTU1IiwibGF5ZXJfbGVmdCI6IjUyMyIsImxheWVyX3RyYW5zaXRpb24iOiJmYWRlIiwidGltZV9zdGFydCI6bnVsbH0seyJsYXllcl92aWRlb190eXBlIjoieW91dHViZSIsImxheWVyX3ZpZGVvX2lkIjoiIiwibGF5ZXJfdmlkZW9faGVpZ2h0IjoiMjAwIiwibGF5ZXJfdmlkZW9fd2lkdGgiOiIzMDAiLCJsYXllcl92aWRlb190aHVtYiI6IiIsImxheWVyX2lkIjoiMl8yIiwibGF5ZXJfY29udGVudCI6ImxpbmUtc2xpZGUxLnBuZyIsImxheWVyX3R5cGUiOiJpbWFnZSIsImxheWVyX3N0YXR1cyI6IjEiLCJsYXllcl9jbGFzcyI6IiIsImxheWVyX2NhcHRpb24iOiJZb3VyIEltYWdlIEhlcmUgMiIsImxheWVyX2ZvbnRfc2l6ZSI6IiIsImxheWVyX2JhY2tncm91bmRfY29sb3IiOiIiLCJsYXllcl9jb2xvciI6IiIsImxheWVyX2xpbmsiOiIiLCJsYXllcl90YXJnZXQiOiJzYW1lIiwibGF5ZXJfdG9wIjoiMTkwIiwibGF5ZXJfbGVmdCI6IjQ5MCIsImxheWVyX3RyYW5zaXRpb24iOiJmYWRlIiwidGltZV9zdGFydCI6bnVsbH0seyJsYXllcl92aWRlb190eXBlIjoieW91dHViZSIsImxheWVyX3ZpZGVvX2lkIjoiIiwibGF5ZXJfdmlkZW9faGVpZ2h0IjoiMjAwIiwibGF5ZXJfdmlkZW9fd2lkdGgiOiIzMDAiLCJsYXllcl92aWRlb190aHVtYiI6IiIsImxheWVyX2lkIjoiMl8zIiwibGF5ZXJfY29udGVudCI6ImxpbmUtc2xpZGUxLnBuZyIsImxheWVyX3R5cGUiOiJ0ZXh0IiwibGF5ZXJfc3RhdHVzIjoiMSIsImxheWVyX2NsYXNzIjoiYmlnX3doaXRlIiwibGF5ZXJfY2FwdGlvbiI6ImF1dHVtbiBjb2xsZWN0aW9uIDIwMTMiLCJsYXllcl9mb250X3NpemUiOiIiLCJsYXllcl9iYWNrZ3JvdW5kX2NvbG9yIjoiIiwibGF5ZXJfY29sb3IiOiIiLCJsYXllcl9saW5rIjoiIiwibGF5ZXJfdGFyZ2V0Ijoic2FtZSIsImxheWVyX3RvcCI6IjIyNSIsImxheWVyX2xlZnQiOiIyODAiLCJsYXllcl90cmFuc2l0aW9uIjoiZmFkZSIsInRpbWVfc3RhcnQiOm51bGx9LHsibGF5ZXJfdmlkZW9fdHlwZSI6InlvdXR1YmUiLCJsYXllcl92aWRlb19pZCI6IiIsImxheWVyX3ZpZGVvX2hlaWdodCI6IjIwMCIsImxheWVyX3ZpZGVvX3dpZHRoIjoiMzAwIiwibGF5ZXJfdmlkZW9fdGh1bWIiOiIiLCJsYXllcl9pZCI6IjJfNCIsImxheWVyX2NvbnRlbnQiOiJsaW5lLXNsaWRlMS5wbmciLCJsYXllcl90eXBlIjoidGV4dCIsImxheWVyX3N0YXR1cyI6IjEiLCJsYXllcl9jbGFzcyI6InNtYWxsX3RleHQiLCJsYXllcl9jYXB0aW9uIjoiUHJvaW4gZ3JhdmlkYSBuaWJoIHZlbCB2ZWxpdCBhdWN0b3IgYWxpcXVldC4gQWVuZWFuIHNvbGxpY2l0dWRpbiwgbG9yZW0gcXVpcyA8YnI+YmliZHVtIGF1Y3RvciwgbmlzaSBlbGl0IGNvbnNlcXVhdCBpcHN1bSwgbmVjIHNhZ2l0dGlzIHNlbSBuaWJoIGlkIGVsaXQuIER1aXMgc2VkIDxicj5vZGlvIHNpdCBhbWV0IG5pYmggdnVscHV0YXRlIGN1cnN1cyBhIHNpdCBhbWV0IG1hdXJpcyIsImxheWVyX2ZvbnRfc2l6ZSI6IiIsImxheWVyX2JhY2tncm91bmRfY29sb3IiOiIiLCJsYXllcl9jb2xvciI6IiIsImxheWVyX2xpbmsiOiIiLCJsYXllcl90YXJnZXQiOiJzYW1lIiwibGF5ZXJfdG9wIjoiMjk1IiwibGF5ZXJfbGVmdCI6IjMyMCIsImxheWVyX3RyYW5zaXRpb24iOiJmYWRlIiwidGltZV9zdGFydCI6bnVsbH0seyJsYXllcl92aWRlb190eXBlIjoieW91dHViZSIsImxheWVyX3ZpZGVvX2lkIjoiIiwibGF5ZXJfdmlkZW9faGVpZ2h0IjoiMjAwIiwibGF5ZXJfdmlkZW9fd2lkdGgiOiIzMDAiLCJsYXllcl92aWRlb190aHVtYiI6IiIsImxheWVyX2lkIjoiMl81IiwibGF5ZXJfY29udGVudCI6ImxpbmUtc2xpZGUxLnBuZyIsImxheWVyX3R5cGUiOiJ0ZXh0IiwibGF5ZXJfc3RhdHVzIjoiMSIsImxheWVyX2NsYXNzIjoiYnV0dG9uMSIsImxheWVyX2NhcHRpb24iOiJzaG9wIG5vdyIsImxheWVyX2ZvbnRfc2l6ZSI6IiIsImxheWVyX2JhY2tncm91bmRfY29sb3IiOiIiLCJsYXllcl9jb2xvciI6IiIsImxheWVyX2xpbmsiOiIjIiwibGF5ZXJfdGFyZ2V0Ijoic2FtZSIsImxheWVyX3RvcCI6IjQwMCIsImxheWVyX2xlZnQiOiI1MzYiLCJsYXllcl90cmFuc2l0aW9uIjoiZmFkZSIsInRpbWVfc3RhcnQiOm51bGx9XQ=='),(28,1,'JK Slider Miss Tic','https://store.joelknafo-art.com/fr/221-miss-tic','Banner-MissTic.jpg','','eyJ1c2V2aWRlbyI6IjAiLCJ2aWRlb2lkIjoiIiwidmlkZW9hdXRvIjoiMCIsImJhY2tncm91bmRfY29sb3IiOiIiLCJidWxsZXRfZGVzY3JpcHRpb24iOiIifQ==','W3sibGF5ZXJfdmlkZW9fdHlwZSI6InlvdXR1YmUiLCJsYXllcl92aWRlb19pZCI6IiIsImxheWVyX3ZpZGVvX2hlaWdodCI6IjIwMCIsImxheWVyX3ZpZGVvX3dpZHRoIjoiMzAwIiwibGF5ZXJfdmlkZW9fdGh1bWIiOiIiLCJsYXllcl9pZCI6IjFfMSIsImxheWVyX2NvbnRlbnQiOiIiLCJsYXllcl90eXBlIjoidGV4dCIsImxheWVyX3N0YXR1cyI6IjEiLCJsYXllcl9jbGFzcyI6ImJpZ193aGl0ZSIsImxheWVyX2NhcHRpb24iOiJNaXNzIFRpYyIsImxheWVyX2ZvbnRfc2l6ZSI6IiIsImxheWVyX2JhY2tncm91bmRfY29sb3IiOiIjMDAwMDAwIiwibGF5ZXJfY29sb3IiOiIjZmZmZmZmIiwibGF5ZXJfbGluayI6IiIsImxheWVyX3RhcmdldCI6InNhbWUiLCJsYXllcl90b3AiOiIxNTAiLCJsYXllcl9sZWZ0IjoiMTUwIiwibGF5ZXJfdHJhbnNpdGlvbiI6ImZhZGUiLCJ0aW1lX3N0YXJ0IjpudWxsfV0='),(28,2,'Dupliquer des Dupliquer des Sample slider 1','','slider-1.jpg','','eyJ1c2V2aWRlbyI6IjAiLCJ2aWRlb2lkIjoiIiwidmlkZW9hdXRvIjoiMCIsImJhY2tncm91bmRfY29sb3IiOiIiLCJidWxsZXRfZGVzY3JpcHRpb24iOiIifQ==','W3sibGF5ZXJfdmlkZW9fdHlwZSI6InlvdXR1YmUiLCJsYXllcl92aWRlb19pZCI6IiIsImxheWVyX3ZpZGVvX2hlaWdodCI6IjIwMCIsImxheWVyX3ZpZGVvX3dpZHRoIjoiMzAwIiwibGF5ZXJfdmlkZW9fdGh1bWIiOiIiLCJsYXllcl9pZCI6IjJfMSIsImxheWVyX2NvbnRlbnQiOiIiLCJsYXllcl90eXBlIjoidGV4dCIsImxheWVyX3N0YXR1cyI6IjEiLCJsYXllcl9jbGFzcyI6Im1lZGl1bV93aGl0ZSIsImxheWVyX2NhcHRpb24iOiJpbnRyb2R1Y2luZyIsImxheWVyX2ZvbnRfc2l6ZSI6IiIsImxheWVyX2JhY2tncm91bmRfY29sb3IiOiIiLCJsYXllcl9jb2xvciI6IiIsImxheWVyX2xpbmsiOiIiLCJsYXllcl90YXJnZXQiOiJzYW1lIiwibGF5ZXJfdG9wIjoiMTU1IiwibGF5ZXJfbGVmdCI6IjUyMyIsImxheWVyX3RyYW5zaXRpb24iOiJmYWRlIiwidGltZV9zdGFydCI6bnVsbH0seyJsYXllcl92aWRlb190eXBlIjoieW91dHViZSIsImxheWVyX3ZpZGVvX2lkIjoiIiwibGF5ZXJfdmlkZW9faGVpZ2h0IjoiMjAwIiwibGF5ZXJfdmlkZW9fd2lkdGgiOiIzMDAiLCJsYXllcl92aWRlb190aHVtYiI6IiIsImxheWVyX2lkIjoiMl8yIiwibGF5ZXJfY29udGVudCI6ImxpbmUtc2xpZGUxLnBuZyIsImxheWVyX3R5cGUiOiJpbWFnZSIsImxheWVyX3N0YXR1cyI6IjEiLCJsYXllcl9jbGFzcyI6IiIsImxheWVyX2NhcHRpb24iOiJZb3VyIEltYWdlIEhlcmUgMiIsImxheWVyX2ZvbnRfc2l6ZSI6IiIsImxheWVyX2JhY2tncm91bmRfY29sb3IiOiIiLCJsYXllcl9jb2xvciI6IiIsImxheWVyX2xpbmsiOiIiLCJsYXllcl90YXJnZXQiOiJzYW1lIiwibGF5ZXJfdG9wIjoiMTkwIiwibGF5ZXJfbGVmdCI6IjQ5MCIsImxheWVyX3RyYW5zaXRpb24iOiJmYWRlIiwidGltZV9zdGFydCI6bnVsbH0seyJsYXllcl92aWRlb190eXBlIjoieW91dHViZSIsImxheWVyX3ZpZGVvX2lkIjoiIiwibGF5ZXJfdmlkZW9faGVpZ2h0IjoiMjAwIiwibGF5ZXJfdmlkZW9fd2lkdGgiOiIzMDAiLCJsYXllcl92aWRlb190aHVtYiI6IiIsImxheWVyX2lkIjoiMl8zIiwibGF5ZXJfY29udGVudCI6ImxpbmUtc2xpZGUxLnBuZyIsImxheWVyX3R5cGUiOiJ0ZXh0IiwibGF5ZXJfc3RhdHVzIjoiMSIsImxheWVyX2NsYXNzIjoiYmlnX3doaXRlIiwibGF5ZXJfY2FwdGlvbiI6ImF1dHVtbiBjb2xsZWN0aW9uIDIwMTMiLCJsYXllcl9mb250X3NpemUiOiIiLCJsYXllcl9iYWNrZ3JvdW5kX2NvbG9yIjoiIiwibGF5ZXJfY29sb3IiOiIiLCJsYXllcl9saW5rIjoiIiwibGF5ZXJfdGFyZ2V0Ijoic2FtZSIsImxheWVyX3RvcCI6IjIyNSIsImxheWVyX2xlZnQiOiIyODAiLCJsYXllcl90cmFuc2l0aW9uIjoiZmFkZSIsInRpbWVfc3RhcnQiOm51bGx9LHsibGF5ZXJfdmlkZW9fdHlwZSI6InlvdXR1YmUiLCJsYXllcl92aWRlb19pZCI6IiIsImxheWVyX3ZpZGVvX2hlaWdodCI6IjIwMCIsImxheWVyX3ZpZGVvX3dpZHRoIjoiMzAwIiwibGF5ZXJfdmlkZW9fdGh1bWIiOiIiLCJsYXllcl9pZCI6IjJfNCIsImxheWVyX2NvbnRlbnQiOiJsaW5lLXNsaWRlMS5wbmciLCJsYXllcl90eXBlIjoidGV4dCIsImxheWVyX3N0YXR1cyI6IjEiLCJsYXllcl9jbGFzcyI6InNtYWxsX3RleHQiLCJsYXllcl9jYXB0aW9uIjoiUHJvaW4gZ3JhdmlkYSBuaWJoIHZlbCB2ZWxpdCBhdWN0b3IgYWxpcXVldC4gQWVuZWFuIHNvbGxpY2l0dWRpbiwgbG9yZW0gcXVpcyA8YnI+YmliZHVtIGF1Y3RvciwgbmlzaSBlbGl0IGNvbnNlcXVhdCBpcHN1bSwgbmVjIHNhZ2l0dGlzIHNlbSBuaWJoIGlkIGVsaXQuIER1aXMgc2VkIDxicj5vZGlvIHNpdCBhbWV0IG5pYmggdnVscHV0YXRlIGN1cnN1cyBhIHNpdCBhbWV0IG1hdXJpcyIsImxheWVyX2ZvbnRfc2l6ZSI6IiIsImxheWVyX2JhY2tncm91bmRfY29sb3IiOiIiLCJsYXllcl9jb2xvciI6IiIsImxheWVyX2xpbmsiOiIiLCJsYXllcl90YXJnZXQiOiJzYW1lIiwibGF5ZXJfdG9wIjoiMjk1IiwibGF5ZXJfbGVmdCI6IjMyMCIsImxheWVyX3RyYW5zaXRpb24iOiJmYWRlIiwidGltZV9zdGFydCI6bnVsbH0seyJsYXllcl92aWRlb190eXBlIjoieW91dHViZSIsImxheWVyX3ZpZGVvX2lkIjoiIiwibGF5ZXJfdmlkZW9faGVpZ2h0IjoiMjAwIiwibGF5ZXJfdmlkZW9fd2lkdGgiOiIzMDAiLCJsYXllcl92aWRlb190aHVtYiI6IiIsImxheWVyX2lkIjoiMl81IiwibGF5ZXJfY29udGVudCI6ImxpbmUtc2xpZGUxLnBuZyIsImxheWVyX3R5cGUiOiJ0ZXh0IiwibGF5ZXJfc3RhdHVzIjoiMSIsImxheWVyX2NsYXNzIjoiYnV0dG9uMSIsImxheWVyX2NhcHRpb24iOiJzaG9wIG5vdyIsImxheWVyX2ZvbnRfc2l6ZSI6IiIsImxheWVyX2JhY2tncm91bmRfY29sb3IiOiIiLCJsYXllcl9jb2xvciI6IiIsImxheWVyX2xpbmsiOiIjIiwibGF5ZXJfdGFyZ2V0Ijoic2FtZSIsImxheWVyX3RvcCI6IjQwMCIsImxheWVyX2xlZnQiOiI1MzYiLCJsYXllcl90cmFuc2l0aW9uIjoiZmFkZSIsInRpbWVfc3RhcnQiOm51bGx9XQ=='),(29,1,'JK Slider Herard','https://store.joelknafo-art.com/fr/216-philippe-herard','Banner-PhilippeHerard.jpg','','eyJ1c2V2aWRlbyI6IjAiLCJ2aWRlb2lkIjoiIiwidmlkZW9hdXRvIjoiMCIsImJhY2tncm91bmRfY29sb3IiOiIiLCJidWxsZXRfZGVzY3JpcHRpb24iOiIifQ==','W3sibGF5ZXJfdmlkZW9fdHlwZSI6InlvdXR1YmUiLCJsYXllcl92aWRlb19pZCI6IiIsImxheWVyX3ZpZGVvX2hlaWdodCI6IjIwMCIsImxheWVyX3ZpZGVvX3dpZHRoIjoiMzAwIiwibGF5ZXJfdmlkZW9fdGh1bWIiOiIiLCJsYXllcl9pZCI6IjFfMSIsImxheWVyX2NvbnRlbnQiOiIiLCJsYXllcl90eXBlIjoidGV4dCIsImxheWVyX3N0YXR1cyI6IjEiLCJsYXllcl9jbGFzcyI6ImJpZ193aGl0ZSIsImxheWVyX2NhcHRpb24iOiJQaGlsaXBwZSBIXHUwMGMzXHUwMGE5cmFyZCIsImxheWVyX2ZvbnRfc2l6ZSI6IiIsImxheWVyX2JhY2tncm91bmRfY29sb3IiOiIjMDAwMDAwIiwibGF5ZXJfY29sb3IiOiIjZmZmZmZmIiwibGF5ZXJfbGluayI6IiIsImxheWVyX3RhcmdldCI6InNhbWUiLCJsYXllcl90b3AiOiIxNTAiLCJsYXllcl9sZWZ0IjoiMTUwIiwibGF5ZXJfdHJhbnNpdGlvbiI6ImZhZGUiLCJ0aW1lX3N0YXJ0IjpudWxsfV0='),(29,2,'Dupliquer des Dupliquer des Dupliquer des Sample slider 1','','slider-1.jpg','','eyJ1c2V2aWRlbyI6IjAiLCJ2aWRlb2lkIjoiIiwidmlkZW9hdXRvIjoiMCIsImJhY2tncm91bmRfY29sb3IiOiIiLCJidWxsZXRfZGVzY3JpcHRpb24iOiIifQ==','W3sibGF5ZXJfdmlkZW9fdHlwZSI6InlvdXR1YmUiLCJsYXllcl92aWRlb19pZCI6IiIsImxheWVyX3ZpZGVvX2hlaWdodCI6IjIwMCIsImxheWVyX3ZpZGVvX3dpZHRoIjoiMzAwIiwibGF5ZXJfdmlkZW9fdGh1bWIiOiIiLCJsYXllcl9pZCI6IjJfMSIsImxheWVyX2NvbnRlbnQiOiIiLCJsYXllcl90eXBlIjoidGV4dCIsImxheWVyX3N0YXR1cyI6IjEiLCJsYXllcl9jbGFzcyI6Im1lZGl1bV93aGl0ZSIsImxheWVyX2NhcHRpb24iOiJpbnRyb2R1Y2luZyIsImxheWVyX2ZvbnRfc2l6ZSI6IiIsImxheWVyX2JhY2tncm91bmRfY29sb3IiOiIiLCJsYXllcl9jb2xvciI6IiIsImxheWVyX2xpbmsiOiIiLCJsYXllcl90YXJnZXQiOiJzYW1lIiwibGF5ZXJfdG9wIjoiMTU1IiwibGF5ZXJfbGVmdCI6IjUyMyIsImxheWVyX3RyYW5zaXRpb24iOiJmYWRlIiwidGltZV9zdGFydCI6bnVsbH0seyJsYXllcl92aWRlb190eXBlIjoieW91dHViZSIsImxheWVyX3ZpZGVvX2lkIjoiIiwibGF5ZXJfdmlkZW9faGVpZ2h0IjoiMjAwIiwibGF5ZXJfdmlkZW9fd2lkdGgiOiIzMDAiLCJsYXllcl92aWRlb190aHVtYiI6IiIsImxheWVyX2lkIjoiMl8yIiwibGF5ZXJfY29udGVudCI6ImxpbmUtc2xpZGUxLnBuZyIsImxheWVyX3R5cGUiOiJpbWFnZSIsImxheWVyX3N0YXR1cyI6IjEiLCJsYXllcl9jbGFzcyI6IiIsImxheWVyX2NhcHRpb24iOiJZb3VyIEltYWdlIEhlcmUgMiIsImxheWVyX2ZvbnRfc2l6ZSI6IiIsImxheWVyX2JhY2tncm91bmRfY29sb3IiOiIiLCJsYXllcl9jb2xvciI6IiIsImxheWVyX2xpbmsiOiIiLCJsYXllcl90YXJnZXQiOiJzYW1lIiwibGF5ZXJfdG9wIjoiMTkwIiwibGF5ZXJfbGVmdCI6IjQ5MCIsImxheWVyX3RyYW5zaXRpb24iOiJmYWRlIiwidGltZV9zdGFydCI6bnVsbH0seyJsYXllcl92aWRlb190eXBlIjoieW91dHViZSIsImxheWVyX3ZpZGVvX2lkIjoiIiwibGF5ZXJfdmlkZW9faGVpZ2h0IjoiMjAwIiwibGF5ZXJfdmlkZW9fd2lkdGgiOiIzMDAiLCJsYXllcl92aWRlb190aHVtYiI6IiIsImxheWVyX2lkIjoiMl8zIiwibGF5ZXJfY29udGVudCI6ImxpbmUtc2xpZGUxLnBuZyIsImxheWVyX3R5cGUiOiJ0ZXh0IiwibGF5ZXJfc3RhdHVzIjoiMSIsImxheWVyX2NsYXNzIjoiYmlnX3doaXRlIiwibGF5ZXJfY2FwdGlvbiI6ImF1dHVtbiBjb2xsZWN0aW9uIDIwMTMiLCJsYXllcl9mb250X3NpemUiOiIiLCJsYXllcl9iYWNrZ3JvdW5kX2NvbG9yIjoiIiwibGF5ZXJfY29sb3IiOiIiLCJsYXllcl9saW5rIjoiIiwibGF5ZXJfdGFyZ2V0Ijoic2FtZSIsImxheWVyX3RvcCI6IjIyNSIsImxheWVyX2xlZnQiOiIyODAiLCJsYXllcl90cmFuc2l0aW9uIjoiZmFkZSIsInRpbWVfc3RhcnQiOm51bGx9LHsibGF5ZXJfdmlkZW9fdHlwZSI6InlvdXR1YmUiLCJsYXllcl92aWRlb19pZCI6IiIsImxheWVyX3ZpZGVvX2hlaWdodCI6IjIwMCIsImxheWVyX3ZpZGVvX3dpZHRoIjoiMzAwIiwibGF5ZXJfdmlkZW9fdGh1bWIiOiIiLCJsYXllcl9pZCI6IjJfNCIsImxheWVyX2NvbnRlbnQiOiJsaW5lLXNsaWRlMS5wbmciLCJsYXllcl90eXBlIjoidGV4dCIsImxheWVyX3N0YXR1cyI6IjEiLCJsYXllcl9jbGFzcyI6InNtYWxsX3RleHQiLCJsYXllcl9jYXB0aW9uIjoiUHJvaW4gZ3JhdmlkYSBuaWJoIHZlbCB2ZWxpdCBhdWN0b3IgYWxpcXVldC4gQWVuZWFuIHNvbGxpY2l0dWRpbiwgbG9yZW0gcXVpcyA8YnI+YmliZHVtIGF1Y3RvciwgbmlzaSBlbGl0IGNvbnNlcXVhdCBpcHN1bSwgbmVjIHNhZ2l0dGlzIHNlbSBuaWJoIGlkIGVsaXQuIER1aXMgc2VkIDxicj5vZGlvIHNpdCBhbWV0IG5pYmggdnVscHV0YXRlIGN1cnN1cyBhIHNpdCBhbWV0IG1hdXJpcyIsImxheWVyX2ZvbnRfc2l6ZSI6IiIsImxheWVyX2JhY2tncm91bmRfY29sb3IiOiIiLCJsYXllcl9jb2xvciI6IiIsImxheWVyX2xpbmsiOiIiLCJsYXllcl90YXJnZXQiOiJzYW1lIiwibGF5ZXJfdG9wIjoiMjk1IiwibGF5ZXJfbGVmdCI6IjMyMCIsImxheWVyX3RyYW5zaXRpb24iOiJmYWRlIiwidGltZV9zdGFydCI6bnVsbH0seyJsYXllcl92aWRlb190eXBlIjoieW91dHViZSIsImxheWVyX3ZpZGVvX2lkIjoiIiwibGF5ZXJfdmlkZW9faGVpZ2h0IjoiMjAwIiwibGF5ZXJfdmlkZW9fd2lkdGgiOiIzMDAiLCJsYXllcl92aWRlb190aHVtYiI6IiIsImxheWVyX2lkIjoiMl81IiwibGF5ZXJfY29udGVudCI6ImxpbmUtc2xpZGUxLnBuZyIsImxheWVyX3R5cGUiOiJ0ZXh0IiwibGF5ZXJfc3RhdHVzIjoiMSIsImxheWVyX2NsYXNzIjoiYnV0dG9uMSIsImxheWVyX2NhcHRpb24iOiJzaG9wIG5vdyIsImxheWVyX2ZvbnRfc2l6ZSI6IiIsImxheWVyX2JhY2tncm91bmRfY29sb3IiOiIiLCJsYXllcl9jb2xvciI6IiIsImxheWVyX2xpbmsiOiIjIiwibGF5ZXJfdGFyZ2V0Ijoic2FtZSIsImxheWVyX3RvcCI6IjQwMCIsImxheWVyX2xlZnQiOiI1MzYiLCJsYXllcl90cmFuc2l0aW9uIjoiZmFkZSIsInRpbWVfc3RhcnQiOm51bGx9XQ=='),(30,1,'JK Slider Slazmann','https://store.joelknafo-art.com/fr/11_gottfried-salzmann','Banner-GottfriedSalzmann.jpg','','eyJ1c2V2aWRlbyI6IjAiLCJ2aWRlb2lkIjoiIiwidmlkZW9hdXRvIjoiMCIsImJhY2tncm91bmRfY29sb3IiOiIiLCJidWxsZXRfZGVzY3JpcHRpb24iOiIifQ==','W3sibGF5ZXJfdmlkZW9fdHlwZSI6InlvdXR1YmUiLCJsYXllcl92aWRlb19pZCI6IiIsImxheWVyX3ZpZGVvX2hlaWdodCI6IjIwMCIsImxheWVyX3ZpZGVvX3dpZHRoIjoiMzAwIiwibGF5ZXJfdmlkZW9fdGh1bWIiOiIiLCJsYXllcl9pZCI6IjFfMSIsImxheWVyX2NvbnRlbnQiOiIiLCJsYXllcl90eXBlIjoidGV4dCIsImxheWVyX3N0YXR1cyI6IjEiLCJsYXllcl9jbGFzcyI6ImJpZ193aGl0ZSIsImxheWVyX2NhcHRpb24iOiJHb3R0ZnJpZWQgU2Fsem1hbm4iLCJsYXllcl9mb250X3NpemUiOiIiLCJsYXllcl9iYWNrZ3JvdW5kX2NvbG9yIjoiIzAwMDAwMCIsImxheWVyX2NvbG9yIjoiI2ZmZmZmZiIsImxheWVyX2xpbmsiOiIiLCJsYXllcl90YXJnZXQiOiJzYW1lIiwibGF5ZXJfdG9wIjoiMTUwIiwibGF5ZXJfbGVmdCI6IjE1MCIsImxheWVyX3RyYW5zaXRpb24iOiJmYWRlIiwidGltZV9zdGFydCI6bnVsbH1d'),(30,2,'Dupliquer des Dupliquer des Dupliquer des Dupliquer des Sample slider 1','','slider-1.jpg','','eyJ1c2V2aWRlbyI6IjAiLCJ2aWRlb2lkIjoiIiwidmlkZW9hdXRvIjoiMCIsImJhY2tncm91bmRfY29sb3IiOiIiLCJidWxsZXRfZGVzY3JpcHRpb24iOiIifQ==','W3sibGF5ZXJfdmlkZW9fdHlwZSI6InlvdXR1YmUiLCJsYXllcl92aWRlb19pZCI6IiIsImxheWVyX3ZpZGVvX2hlaWdodCI6IjIwMCIsImxheWVyX3ZpZGVvX3dpZHRoIjoiMzAwIiwibGF5ZXJfdmlkZW9fdGh1bWIiOiIiLCJsYXllcl9pZCI6IjJfMSIsImxheWVyX2NvbnRlbnQiOiIiLCJsYXllcl90eXBlIjoidGV4dCIsImxheWVyX3N0YXR1cyI6IjEiLCJsYXllcl9jbGFzcyI6Im1lZGl1bV93aGl0ZSIsImxheWVyX2NhcHRpb24iOiJpbnRyb2R1Y2luZyIsImxheWVyX2ZvbnRfc2l6ZSI6IiIsImxheWVyX2JhY2tncm91bmRfY29sb3IiOiIiLCJsYXllcl9jb2xvciI6IiIsImxheWVyX2xpbmsiOiIiLCJsYXllcl90YXJnZXQiOiJzYW1lIiwibGF5ZXJfdG9wIjoiMTU1IiwibGF5ZXJfbGVmdCI6IjUyMyIsImxheWVyX3RyYW5zaXRpb24iOiJmYWRlIiwidGltZV9zdGFydCI6bnVsbH0seyJsYXllcl92aWRlb190eXBlIjoieW91dHViZSIsImxheWVyX3ZpZGVvX2lkIjoiIiwibGF5ZXJfdmlkZW9faGVpZ2h0IjoiMjAwIiwibGF5ZXJfdmlkZW9fd2lkdGgiOiIzMDAiLCJsYXllcl92aWRlb190aHVtYiI6IiIsImxheWVyX2lkIjoiMl8yIiwibGF5ZXJfY29udGVudCI6ImxpbmUtc2xpZGUxLnBuZyIsImxheWVyX3R5cGUiOiJpbWFnZSIsImxheWVyX3N0YXR1cyI6IjEiLCJsYXllcl9jbGFzcyI6IiIsImxheWVyX2NhcHRpb24iOiJZb3VyIEltYWdlIEhlcmUgMiIsImxheWVyX2ZvbnRfc2l6ZSI6IiIsImxheWVyX2JhY2tncm91bmRfY29sb3IiOiIiLCJsYXllcl9jb2xvciI6IiIsImxheWVyX2xpbmsiOiIiLCJsYXllcl90YXJnZXQiOiJzYW1lIiwibGF5ZXJfdG9wIjoiMTkwIiwibGF5ZXJfbGVmdCI6IjQ5MCIsImxheWVyX3RyYW5zaXRpb24iOiJmYWRlIiwidGltZV9zdGFydCI6bnVsbH0seyJsYXllcl92aWRlb190eXBlIjoieW91dHViZSIsImxheWVyX3ZpZGVvX2lkIjoiIiwibGF5ZXJfdmlkZW9faGVpZ2h0IjoiMjAwIiwibGF5ZXJfdmlkZW9fd2lkdGgiOiIzMDAiLCJsYXllcl92aWRlb190aHVtYiI6IiIsImxheWVyX2lkIjoiMl8zIiwibGF5ZXJfY29udGVudCI6ImxpbmUtc2xpZGUxLnBuZyIsImxheWVyX3R5cGUiOiJ0ZXh0IiwibGF5ZXJfc3RhdHVzIjoiMSIsImxheWVyX2NsYXNzIjoiYmlnX3doaXRlIiwibGF5ZXJfY2FwdGlvbiI6ImF1dHVtbiBjb2xsZWN0aW9uIDIwMTMiLCJsYXllcl9mb250X3NpemUiOiIiLCJsYXllcl9iYWNrZ3JvdW5kX2NvbG9yIjoiIiwibGF5ZXJfY29sb3IiOiIiLCJsYXllcl9saW5rIjoiIiwibGF5ZXJfdGFyZ2V0Ijoic2FtZSIsImxheWVyX3RvcCI6IjIyNSIsImxheWVyX2xlZnQiOiIyODAiLCJsYXllcl90cmFuc2l0aW9uIjoiZmFkZSIsInRpbWVfc3RhcnQiOm51bGx9LHsibGF5ZXJfdmlkZW9fdHlwZSI6InlvdXR1YmUiLCJsYXllcl92aWRlb19pZCI6IiIsImxheWVyX3ZpZGVvX2hlaWdodCI6IjIwMCIsImxheWVyX3ZpZGVvX3dpZHRoIjoiMzAwIiwibGF5ZXJfdmlkZW9fdGh1bWIiOiIiLCJsYXllcl9pZCI6IjJfNCIsImxheWVyX2NvbnRlbnQiOiJsaW5lLXNsaWRlMS5wbmciLCJsYXllcl90eXBlIjoidGV4dCIsImxheWVyX3N0YXR1cyI6IjEiLCJsYXllcl9jbGFzcyI6InNtYWxsX3RleHQiLCJsYXllcl9jYXB0aW9uIjoiUHJvaW4gZ3JhdmlkYSBuaWJoIHZlbCB2ZWxpdCBhdWN0b3IgYWxpcXVldC4gQWVuZWFuIHNvbGxpY2l0dWRpbiwgbG9yZW0gcXVpcyA8YnI+YmliZHVtIGF1Y3RvciwgbmlzaSBlbGl0IGNvbnNlcXVhdCBpcHN1bSwgbmVjIHNhZ2l0dGlzIHNlbSBuaWJoIGlkIGVsaXQuIER1aXMgc2VkIDxicj5vZGlvIHNpdCBhbWV0IG5pYmggdnVscHV0YXRlIGN1cnN1cyBhIHNpdCBhbWV0IG1hdXJpcyIsImxheWVyX2ZvbnRfc2l6ZSI6IiIsImxheWVyX2JhY2tncm91bmRfY29sb3IiOiIiLCJsYXllcl9jb2xvciI6IiIsImxheWVyX2xpbmsiOiIiLCJsYXllcl90YXJnZXQiOiJzYW1lIiwibGF5ZXJfdG9wIjoiMjk1IiwibGF5ZXJfbGVmdCI6IjMyMCIsImxheWVyX3RyYW5zaXRpb24iOiJmYWRlIiwidGltZV9zdGFydCI6bnVsbH0seyJsYXllcl92aWRlb190eXBlIjoieW91dHViZSIsImxheWVyX3ZpZGVvX2lkIjoiIiwibGF5ZXJfdmlkZW9faGVpZ2h0IjoiMjAwIiwibGF5ZXJfdmlkZW9fd2lkdGgiOiIzMDAiLCJsYXllcl92aWRlb190aHVtYiI6IiIsImxheWVyX2lkIjoiMl81IiwibGF5ZXJfY29udGVudCI6ImxpbmUtc2xpZGUxLnBuZyIsImxheWVyX3R5cGUiOiJ0ZXh0IiwibGF5ZXJfc3RhdHVzIjoiMSIsImxheWVyX2NsYXNzIjoiYnV0dG9uMSIsImxheWVyX2NhcHRpb24iOiJzaG9wIG5vdyIsImxheWVyX2ZvbnRfc2l6ZSI6IiIsImxheWVyX2JhY2tncm91bmRfY29sb3IiOiIiLCJsYXllcl9jb2xvciI6IiIsImxheWVyX2xpbmsiOiIjIiwibGF5ZXJfdGFyZ2V0Ijoic2FtZSIsImxheWVyX3RvcCI6IjQwMCIsImxheWVyX2xlZnQiOiI1MzYiLCJsYXllcl90cmFuc2l0aW9uIjoiZmFkZSIsInRpbWVfc3RhcnQiOm51bGx9XQ==');

--
