-- Table structure for table `pre3303_manufacturer_shop`
--

CREATE TABLE `pre3303_manufacturer_shop` (
  `id_manufacturer` int(11) unsigned NOT NULL,
  `id_shop` int(11) unsigned NOT NULL,
  PRIMARY KEY (`id_manufacturer`,`id_shop`),
  KEY `id_shop` (`id_shop`)
) ENGINE=InnoDB DEFAULT CHARSET=utf8;

--
-- Dumping data for table `pre3303_manufacturer_shop`
--

INSERT INTO `pre3303_manufacturer_shop` VALUES (4,2),(5,2),(6,2),(7,2),(8,2),(9,2),(11,2),(12,2),(13,2),(14,2),(15,2),(16,2),(17,2),(18,2),(19,2),(20,2),(21,2),(22,2),(23,2),(24,2),(25,2),(26,2),(31,2),(33,2),(37,2),(40,2),(41,2),(42,2),(44,2),(45,2),(46,2),(47,2),(48,2),(49,2),(50,2),(51,2),(52,2),(53,2),(54,2),(55,2),(61,2),(62,2),(64,2),(4,4),(5,4),(6,4),(7,4),(8,4),(9,4),(11,4),(12,4),(13,4),(14,4),(15,4),(16,4),(17,4),(18,4),(19,4),(21,4),(22,4),(23,4),(24,4),(25,4),(27,4),(28,4),(29,4),(30,4),(32,4),(33,4),(35,4),(38,4),(39,4),(40,4),(41,4),(42,4),(43,4),(50,4),(52,4),(53,4),(54,4),(55,4),(56,4),(57,4),(58,4),(59,4),(60,4),(61,4),(4,5),(5,5),(6,5),(7,5),(8,5),(9,5),(11,5),(12,5),(13,5),(14,5),(15,5),(16,5),(17,5),(18,5),(19,5),(20,5),(21,5),(22,5),(23,5),(24,5),(25,5),(26,5),(31,5),(33,5),(35,5),(37,5),(40,5),(41,5),(42,5),(44,5),(45,5),(46,5),(47,5),(48,5),(49,5),(50,5),(51,5),(52,5),(53,5),(54,5),(55,5);

--
-- Table structure for table `pre3303_memcached_servers`
--

CREATE TABLE `pre3303_memcached_servers` (
  `id_memcached_server` int(11) unsigned NOT NULL AUTO_INCREMENT,
  `ip` varchar(254) NOT NULL,
  `port` int(11) unsigned NOT NULL,
  `weight` int(11) unsigned NOT NULL,
  PRIMARY KEY (`id_memcached_server`)
) ENGINE=InnoDB DEFAULT CHARSET=utf8;

--
-- Dumping data for table `pre3303_memcached_servers`
--


--
-- Table structure for table `pre3303_message`
--

CREATE TABLE `pre3303_message` (
  `id_message` int(10) unsigned NOT NULL AUTO_INCREMENT,
  `id_cart` int(10) unsigned DEFAULT NULL,
  `id_customer` int(10) unsigned NOT NULL,
  `id_employee` int(10) unsigned DEFAULT NULL,
  `id_order` int(10) unsigned NOT NULL,
  `message` text NOT NULL,
  `private` tinyint(1) unsigned NOT NULL DEFAULT '1',
  `date_add` datetime NOT NULL,
  PRIMARY KEY (`id_message`),
  KEY `message_order` (`id_order`),
  KEY `id_cart` (`id_cart`),
  KEY `id_customer` (`id_customer`),
  KEY `id_employee` (`id_employee`)
) ENGINE=InnoDB AUTO_INCREMENT=309 DEFAULT CHARSET=utf8;

--
-- Dumping data for table `pre3303_message`
--

INSERT INTO `pre3303_message` VALUES (1,4,6272,0,1,'Commande manuelle - Employé : P. Mazac',1,'2019-01-03 16:17:23'),(2,5,6272,0,2,'Commande manuelle - Employé : P. Mazac',1,'2019-01-03 16:18:29'),(3,6,6362,0,3,'Commande manuelle - Employé : P. Mazac',1,'2019-01-03 16:26:05'),(4,7,6363,0,4,'Commande manuelle - Employé : P. Mazac',1,'2019-01-03 16:36:31'),(5,8,6364,0,5,'Commande manuelle - Employé : P. Mazac',1,'2019-01-03 16:47:29'),(6,12,3621,0,6,'Payment accepted.',1,'2019-01-03 20:00:26'),(7,14,6366,0,0,'commande artsper',0,'2019-01-04 14:42:21'),(8,15,6366,0,7,'Commande artsper',0,'2019-01-04 14:45:20'),(9,15,6366,0,7,'Commande manuelle - Employé : J. Knafo Joël',1,'2019-01-04 14:45:45'),(10,13,6365,0,8,'Commande manuelle - Employé : P. Mazac',1,'2019-01-04 16:47:05'),(11,22,6367,0,9,'Commande manuelle - Employé : P. Mazac',1,'2019-01-04 16:50:42'),(12,23,6354,0,10,'Commande manuelle - Employé : P. Mazac',1,'2019-01-04 16:53:41'),(13,45,6272,0,11,'Commande manuelle - Employé : P. Mazac',1,'2019-01-05 18:29:49'),(14,63,6368,0,12,'Merci de conserver la toile dans votre galerie apr&egrave;s r&eacute;glement.\r\nD&egrave;s que je serai disponible je viendrai la r&eacute;cup&eacute;rer directement &agrave; votre galerie.\r\nCordialement\r\nRonan DESEVEDAVY\r\n',0,'2019-01-07 17:55:39'),(15,63,6368,0,12,'Payment accepted.',1,'2019-01-07 17:57:28'),(16,64,6369,0,13,'Commande manuelle - Employé : J. Knafo Joël',1,'2019-01-07 18:05:57'),(17,67,6370,0,14,'Payment accepted.',1,'2019-01-08 00:34:19'),(18,185,6372,0,15,'Commande manuelle - Employé : P. Mazac',1,'2019-01-10 16:13:36'),(19,187,6272,0,16,'Commande manuelle - Employé : P. Mazac',1,'2019-01-11 16:53:27'),(20,188,6373,0,17,'Payment accepted.',1,'2019-01-12 13:11:21'),(21,191,6263,0,18,'Commande manuelle - Employé : J. Knafo Joël',1,'2019-01-14 23:45:46'),(22,192,6374,0,19,'Commande manuelle - Employé : J. Knafo Joël',1,'2019-01-14 23:51:46'),(23,194,6375,0,20,'Commande manuelle - Employé : J. Knafo Joël',1,'2019-01-18 14:18:40'),(24,195,6375,0,21,'Commande manuelle - Employé : J. Knafo Joël',1,'2019-01-18 14:56:21'),(25,196,6376,0,22,'reste 1000 euros à payer \n300 euros payés acompte CB',0,'2019-01-18 15:10:02'),(26,196,6376,0,22,'Commande manuelle - Employé : J. Knafo Joël',1,'2019-01-18 15:10:02'),(27,197,6377,0,23,'Commande manuelle - Employé : J. Knafo Joël',1,'2019-01-18 17:21:26'),(28,199,6224,0,24,'Commande manuelle - Employé : J. Knafo Joël',1,'2019-01-18 18:45:05'),(29,200,6378,0,25,'Commande manuelle - Employé : P. Mazac',1,'2019-01-18 18:49:41'),(30,203,6274,0,26,'Commande manuelle - Employé : P. Mazac',1,'2019-01-19 18:44:07'),(31,204,6379,0,27,'Commande manuelle - Employé : J. Knafo Joël',1,'2019-01-19 18:56:36'),(32,209,6381,0,28,'Commande manuelle - Employé : J. Knafo Joël',1,'2019-01-22 15:31:58'),(33,211,6382,0,29,'Commande manuelle - Employé : P. Mazac',1,'2019-01-24 15:20:29'),(34,213,6383,0,30,'Commande manuelle - Employé : J. Knafo Joël',1,'2019-01-24 15:59:27'),(35,214,6384,0,31,'Commande manuelle - Employé : P. Mazac',1,'2019-01-26 15:39:40'),(36,215,6385,0,32,'Payment accepted.',1,'2019-01-26 15:41:14'),(37,217,3461,0,33,'Commande manuelle - Employé : J. Knafo Joël',1,'2019-01-26 19:04:19'),(38,219,6386,0,34,'Payé 1000 euros à la commande par CB\nReste 1000 euros à l\'enlèvement',0,'2019-01-26 19:53:31'),(39,219,6386,0,34,'Commande manuelle - Employé : J. Knafo Joël',1,'2019-01-26 19:53:32'),(40,221,6387,0,35,'Payment accepted.',1,'2019-01-28 23:35:05'),(41,225,6388,0,36,'Commande manuelle - Employé : P. Mazac',1,'2019-01-31 15:00:33'),(42,230,6274,0,37,'Commande manuelle - Employé : P. Mazac',1,'2019-02-02 17:46:40'),(43,231,6389,0,38,'Commande manuelle - Employé : P. Mazac',1,'2019-02-02 17:57:10'),(44,210,6390,0,39,'Payment accepted.',1,'2019-02-04 14:39:47'),(45,243,6394,0,40,'Commande manuelle - Employé : P. Mazac',1,'2019-02-07 14:38:02'),(46,244,6395,0,41,'Commande manuelle - Employé : P. Mazac',1,'2019-02-07 16:46:30'),(47,246,6396,0,42,'Commande manuelle - Employé : P. Mazac',1,'2019-02-07 17:03:43'),(48,252,6397,0,43,'Commande manuelle - Employé : P. Mazac',1,'2019-02-14 14:26:46'),(49,256,6398,0,44,'Bonjour,\r\nmerci de me pr&eacute;ciser &agrave; partir de quand je peux venir chercher l&#039;oeuvre. bien cordialement,  CR',0,'2019-02-17 18:16:43'),(50,256,6398,0,44,'Payment accepted.',1,'2019-02-17 18:18:49'),(51,259,6400,0,45,'Payment accepted.',1,'2019-02-18 22:25:43'),(52,260,6401,0,46,'Payment accepted.',1,'2019-02-19 10:48:40'),(53,266,6402,0,47,'Payment accepted.',1,'2019-02-23 13:45:32'),(54,267,6272,0,48,'Commande manuelle - Employé : P. Mazac',1,'2019-02-23 15:00:32'),(55,269,6403,0,49,'Payment accepted.',1,'2019-02-24 19:05:48'),(56,277,6263,0,50,'Commande manuelle - Employé : J. Knafo Joël',1,'2019-03-02 18:33:41'),(57,278,6272,0,51,'Commande manuelle - Employé : J. Knafo Joël',1,'2019-03-02 18:42:50'),(58,282,6035,0,52,'Payment accepted.',1,'2019-03-04 17:35:05'),(59,287,3429,0,53,'Commande manuelle - Employé : J. Knafo Joël',1,'2019-03-08 11:42:32'),(60,288,6404,0,54,'Commande manuelle - Employé : P. Mazac',1,'2019-03-08 15:28:48'),(61,292,6406,0,55,'Bonsoir,\r\nS&#039;il vous est possible de m&#039;adresser les tous premiers exemplaires des s&eacute;rigraphies, ce serait vraiment cool... \r\nMerci et &agrave; bient&ocirc;t. \r\nEric ',0,'2019-03-10 13:37:29'),(62,292,6406,0,55,'Payment accepted.',1,'2019-03-10 13:38:29'),(63,295,2950,0,56,'Bonjour Joel, Merci de me r&eacute;server la s&eacute;rie des 13/50 et &eacute;galement la s&eacute;rie des 11/50 ou 50/50. Merci d&#039;avance. &Agrave; mercredi. Bien &agrave; toi benjamin ',0,'2019-03-10 16:01:33'),(64,295,2950,0,56,'Payment accepted.',1,'2019-03-10 16:04:00'),(65,301,6409,0,57,'Payment accepted.',1,'2019-03-11 09:26:16'),(66,302,6410,0,58,'Payment accepted.',1,'2019-03-11 09:27:07'),(67,303,6411,0,59,'Payment accepted.',1,'2019-03-11 18:08:59'),(68,306,6412,0,60,'Payment accepted.',1,'2019-03-12 10:27:06'),(69,311,6415,0,61,'Payment accepted.',1,'2019-03-13 18:39:44'),(70,317,6416,0,62,'Commande manuelle - Employé : J. Knafo Joël',1,'2019-03-14 12:30:39'),(71,319,6417,0,63,'acompte 700 CB \nchèque à venir 600x3',0,'2019-03-14 14:19:26'),(72,319,6417,0,63,'Commande manuelle - Employé : J. Knafo Joël',1,'2019-03-14 14:23:22'),(73,321,6257,0,64,'réglé par CB',0,'2019-03-14 14:35:10'),(74,321,6257,0,64,'Commande manuelle - Employé : J. Knafo Joël',1,'2019-03-14 14:35:11'),(75,322,6418,0,65,'chèque ',0,'2019-03-14 14:41:38'),(76,322,6418,0,65,'Commande manuelle - Employé : J. Knafo Joël',1,'2019-03-14 14:41:39'),(77,296,2950,0,66,'3 chèques ',0,'2019-03-14 15:07:17'),(78,296,2950,0,66,'Commande manuelle - Employé : J. Knafo Joël',1,'2019-03-14 15:07:56'),(79,324,2951,0,67,'virement',0,'2019-03-14 15:37:44'),(80,324,2951,0,67,'Commande manuelle - Employé : J. Knafo Joël',1,'2019-03-14 15:38:04'),(81,325,6272,0,68,'CB',0,'2019-03-15 17:42:44'),(82,325,6272,0,68,'Commande manuelle - Employé : J. Knafo Joël',1,'2019-03-15 17:42:48'),(83,327,6419,0,69,'Commande manuelle - Employé : J. Knafo Joël',1,'2019-03-15 18:02:17'),(84,333,6420,0,70,'Payment accepted.',1,'2019-03-17 21:08:44'),(85,338,4098,0,71,'Payment accepted.',1,'2019-03-22 16:43:40'),(86,340,6423,0,72,'Commande manuelle - Employé : P. Mazac',1,'2019-03-23 19:32:58'),(87,343,6424,0,73,'Payment accepted.',1,'2019-03-24 08:53:55'),(88,345,6425,0,74,'Commande manuelle - Employé : J. Knafo Joël',1,'2019-03-24 15:57:51'),(89,305,4696,0,75,'Payment accepted.',1,'2019-03-26 18:02:04'),(90,348,6427,0,76,'Payment accepted.',1,'2019-03-28 12:02:02'),(91,352,6428,0,77,'Commande manuelle - Employé : P. Mazac',1,'2019-03-28 16:38:27'),(92,353,6429,0,78,'Commande manuelle - Employé : P. Mazac',1,'2019-03-28 16:44:14'),(93,357,6430,0,79,'Commande manuelle - Employé : J. Knafo Joël',1,'2019-03-29 14:59:07'),(94,339,6422,0,80,'Commande manuelle - Employé : P. Mazac',1,'2019-03-29 15:59:15'),(95,358,6431,0,81,'Commande manuelle - Employé : J. Knafo Joël',1,'2019-03-29 16:59:27'),(96,359,6432,0,82,'Commande manuelle - Employé : J. Knafo Joël',1,'2019-03-29 17:04:13'),(97,360,6083,0,83,'Commande manuelle - Employé : J. Knafo Joël',1,'2019-03-29 17:08:38'),(98,355,6375,0,84,'Commande manuelle - Employé : J. Knafo Joël',1,'2019-03-29 17:13:28'),(99,363,6433,0,85,'Commande manuelle - Employé : P. Mazac',1,'2019-03-30 14:32:59'),(100,365,6434,0,86,'Commande manuelle - Employé : P. Mazac',1,'2019-03-30 17:13:33'),(101,367,6435,0,87,'Commande manuelle - Employé : P. Mazac',1,'2019-03-30 18:37:15'),(102,368,6436,0,88,'Payment accepted.',1,'2019-03-31 09:55:02'),(103,372,6420,0,89,'Payment accepted.',1,'2019-04-01 10:22:17'),(104,395,6438,0,90,'Payment accepted.',1,'2019-04-04 11:12:33'),(105,397,6439,0,91,'Commande manuelle - Employé : P. Mazac',1,'2019-04-04 14:48:08'),(106,398,6439,0,92,'Commande manuelle - Employé : P. Mazac',1,'2019-04-04 14:49:50'),(107,402,6272,0,93,'Commande manuelle - Employé : J. Knafo Joël',1,'2019-04-04 17:32:14'),(108,432,6440,0,94,'Commande manuelle - Employé : J. Knafo Joël',1,'2019-04-05 12:44:46'),(109,433,6441,0,95,'Commande manuelle - Employé : P. Mazac',1,'2019-04-05 14:42:48'),(110,434,6442,0,96,'Payment accepted.',1,'2019-04-05 16:37:04'),(111,437,6444,0,97,'Commande manuelle - Employé : P. Mazac',1,'2019-04-06 18:29:20'),(112,444,4507,0,98,'règlement 3 chèques 2x300 + 1X200',1,'2019-04-10 14:48:11'),(113,445,6446,0,99,'Commande manuelle - Employé : J. Knafo Joël',1,'2019-04-10 15:08:47'),(114,450,4637,0,100,'Commande manuelle - Employé : J. Knafo Joël',1,'2019-04-10 15:37:57'),(115,451,6250,0,144,'4 chèques : 3x600 + 1X700 ',0,'2019-04-10 16:54:24'),(116,454,6447,0,101,'Commande manuelle - Employé : J. Knafo Joël',1,'2019-04-10 17:27:11'),(117,455,5816,0,131,'Acompte chèque 1000',0,'2019-04-10 18:41:33'),(118,456,6448,0,102,'Payment accepted.',1,'2019-04-10 20:35:10'),(119,457,6449,0,103,'Commande manuelle - Employé : P. Mazac',1,'2019-04-10 23:27:52'),(120,458,6450,0,104,'Commande manuelle - Employé : J. Knafo Joël',1,'2019-04-11 15:26:10'),(121,460,5768,0,105,'Commande manuelle - Employé : J. Knafo Joël',1,'2019-04-11 15:47:08'),(122,464,6246,0,106,'règlement par virement ',0,'2019-04-12 14:13:34'),(123,464,6246,0,106,'Commande manuelle - Employé : J. Knafo Joël',1,'2019-04-12 14:14:44'),(124,467,6452,0,107,'Commande manuelle - Employé : J. Knafo Joël',1,'2019-04-12 14:23:35'),(125,468,6453,0,108,'Virement ',0,'2019-04-12 14:59:49'),(126,468,6453,0,108,'Commande manuelle - Employé : J. Knafo Joël',1,'2019-04-12 14:59:50'),(127,436,6443,0,109,'Commande manuelle - Employé : J. Knafo Joël',1,'2019-04-12 16:34:46'),(128,469,6454,0,110,'Commande manuelle - Employé : J. Knafo Joël',1,'2019-04-12 17:55:12'),(129,470,6244,0,111,'Commande manuelle - Employé : J. Knafo Joël',1,'2019-04-12 18:15:49'),(130,475,6456,0,112,'Commande manuelle - Employé : J. Knafo Joël',1,'2019-04-12 18:39:02'),(131,453,3672,0,113,'Commande manuelle - Employé : J. Knafo Joël',1,'2019-04-13 13:40:33'),(132,477,6457,0,114,'Commande manuelle - Employé : J. Knafo Joël',1,'2019-04-13 18:28:18'),(133,483,6458,0,173,'1400 virement',0,'2019-04-13 19:16:00'),(134,472,3461,0,115,'Commande manuelle - Employé : J. Knafo Joël',1,'2019-04-16 13:20:31'),(135,474,6455,0,116,'Commande manuelle - Employé : J. Knafo Joël',1,'2019-04-16 13:25:08'),(136,490,6459,0,117,'CB : 2000 euros\nChèque au 10 mai : 1600 euros',0,'2019-04-16 15:05:53'),(137,490,6459,0,117,'Commande manuelle - Employé : J. Knafo Joël',1,'2019-04-16 15:06:20'),(138,492,6460,0,118,'Commande manuelle - Employé : J. Knafo Joël',1,'2019-04-16 15:11:01'),(139,493,6461,0,119,'Commande manuelle - Employé : J. Knafo Joël',1,'2019-04-16 15:14:49'),(140,495,6462,0,120,'Commande manuelle - Employé : J. Knafo Joël',1,'2019-04-16 15:27:10'),(141,496,6463,0,121,'CB : 800 euros\nChèque : 1000 euros',1,'2019-04-16 15:38:47'),(142,498,6465,0,122,'Commande manuelle - Employé : J. Knafo Joël',1,'2019-04-16 17:13:04'),(143,497,6464,0,123,'CB : 1600\nChèque mai : 1600',1,'2019-04-16 17:15:21'),(144,500,4696,0,124,'Commande manuelle - Employé : J. Knafo Joël',1,'2019-04-16 17:33:35'),(145,499,6466,0,125,'Commande manuelle - Employé : J. Knafo Joël',1,'2019-04-16 17:36:07'),(146,502,4696,0,126,'Commande manuelle - Employé : J. Knafo Joël',1,'2019-04-16 18:11:33'),(147,504,6468,0,127,'Commande manuelle - Employé : J. Knafo Joël',1,'2019-04-16 19:31:34'),(148,505,6468,0,128,'Paiement avec la Commande GJK 00263',0,'2019-04-16 19:34:15'),(149,505,6468,0,128,'Commande manuelle - Employé : J. Knafo Joël',1,'2019-04-16 19:34:36'),(150,506,6469,0,129,'Commande manuelle - Employé : J. Knafo Joël',1,'2019-04-16 19:38:49'),(151,507,1193,0,130,'Commande manuelle - Employé : J. Knafo Joël',1,'2019-04-16 19:45:11'),(152,455,5816,0,131,'Commande manuelle - Employé : J. Knafo Joël',1,'2019-04-16 20:02:11'),(153,510,6419,0,132,'Commande manuelle - Employé : J. Knafo Joël',1,'2019-04-16 21:22:59'),(154,512,3290,0,133,'Commande manuelle - Employé : J. Knafo Joël',1,'2019-04-16 21:26:40'),(155,513,6470,0,134,'Commande manuelle - Employé : J. Knafo Joël',1,'2019-04-16 21:39:06'),(156,514,1221,0,135,'Règlement 2 chèques',0,'2019-04-17 12:41:22'),(157,514,1221,0,135,'Commande manuelle - Employé : J. Knafo Joël',1,'2019-04-17 12:41:23'),(158,516,6471,0,136,'Commande manuelle - Employé : J. Knafo Joël',1,'2019-04-17 12:45:39'),(159,517,6472,0,137,'Commande manuelle - Employé : J. Knafo Joël',1,'2019-04-17 13:03:45'),(160,518,6473,0,138,'Commande manuelle - Employé : J. Knafo Joël',1,'2019-04-17 14:29:50'),(161,520,6272,0,139,'Commande manuelle - Employé : J. Knafo Joël',1,'2019-04-17 17:57:03'),(162,521,6272,0,140,'Commande manuelle - Employé : J. Knafo Joël',1,'2019-04-17 18:37:54'),(163,522,6474,0,141,'Commande manuelle - Employé : J. Knafo Joël',1,'2019-04-17 18:47:53'),(164,523,6257,0,142,'Commande manuelle - Employé : J. Knafo Joël',1,'2019-04-18 12:10:48'),(165,452,5388,0,143,'Commande manuelle - Employé : J. Knafo Joël',1,'2019-04-18 14:34:25'),(166,451,6250,0,144,'Commande manuelle - Employé : J. Knafo Joël',1,'2019-04-18 15:49:59'),(167,527,6475,0,145,'Payment accepted.',1,'2019-04-18 17:17:01'),(168,528,6476,0,146,'Commande manuelle - Employé : P. Mazac',1,'2019-04-18 17:41:01'),(169,529,6477,0,147,'Commande manuelle - Employé : P. Mazac',1,'2019-04-18 17:45:25'),(170,530,6478,0,148,'Commande manuelle - Employé : P. Mazac',1,'2019-04-18 18:25:35'),(171,532,6480,0,149,'Payment accepted.',1,'2019-04-20 09:40:00'),(172,533,6035,0,150,'Payment accepted.',1,'2019-04-20 16:02:41'),(173,541,6305,0,151,'2 chèques - 1300 mai / 1000 juin',0,'2019-04-24 12:19:06'),(174,541,6305,0,151,'Commande manuelle - Employé : J. Knafo Joël',1,'2019-04-24 12:19:08'),(175,543,4445,0,152,'Paiement par chèque à la livraison',0,'2019-04-24 17:39:31'),(176,543,4445,0,152,'Commande manuelle - Employé : J. Knafo Joël',1,'2019-04-24 17:39:39'),(177,547,6188,0,153,'Commande manuelle - Employé : J. Knafo Joël',1,'2019-04-24 17:49:07'),(178,548,6482,0,154,'Commande manuelle - Employé : P. Mazac',1,'2019-04-25 13:59:02'),(179,549,6483,0,155,'Commande manuelle - Employé : P. Mazac',1,'2019-04-25 16:54:22'),(180,555,6272,0,156,'Commande manuelle - Employé : P. Mazac',1,'2019-04-27 20:13:46'),(181,561,6485,0,157,'Ce sera moi ou Alain CASIER ou Mireille JAEGL&Eacute; qui r&eacute;cup&eacute;rons l&rsquo;affiche &agrave; la galerie. Cordialement ',0,'2019-05-01 11:50:38'),(182,561,6485,0,157,'Payment accepted.',1,'2019-05-01 11:52:20'),(183,564,6486,0,158,'Commande manuelle - Employé : P. Mazac',1,'2019-05-03 13:51:48'),(184,556,6272,0,159,'Commande manuelle - Employé : J. Knafo Joël',1,'2019-05-03 17:28:28'),(185,565,6487,0,160,'Commande manuelle - Employé : P. Mazac',1,'2019-05-04 15:44:28'),(186,566,6488,0,161,'Payment accepted.',1,'2019-05-04 17:02:35'),(187,570,6490,0,162,'Bonjour. La commande est un cadeau s&rsquo;anniversaire. Peut on esp&eacute;rer &ecirc;tre livr&eacute;s rapidement ? Merci. Cordialement ',0,'2019-05-06 21:52:04'),(188,570,6490,0,162,'Payment accepted.',1,'2019-05-06 22:21:10'),(189,572,6491,0,163,'Commande manuelle - Employé : P. Mazac',1,'2019-05-09 13:41:35'),(190,576,6492,0,164,'Commande manuelle - Employé : J. Knafo Joël',1,'2019-05-10 12:55:58'),(191,577,6493,0,165,'Commande manuelle - Employé : P. Mazac',1,'2019-05-10 14:54:45'),(192,584,6497,0,166,'Payment accepted.',1,'2019-05-11 10:27:56'),(193,586,6498,0,167,'Je passe samedi apr&egrave;s-midi &agrave; la galerie pour me faire d&eacute;dicacer le catalogue ',0,'2019-05-11 14:37:38'),(194,586,6498,0,167,'Payment accepted.',1,'2019-05-11 14:39:40'),(195,591,5350,0,168,'Commande manuelle - Employé : J. Knafo Joël',1,'2019-05-12 20:21:00'),(196,592,6499,0,169,'Commande manuelle - Employé : J. Knafo Joël',1,'2019-05-12 20:26:28'),(197,593,6500,0,170,'Commande manuelle - Employé : J. Knafo Joël',1,'2019-05-12 20:30:30'),(198,594,6501,0,171,'Commande manuelle - Employé : J. Knafo Joël',1,'2019-05-12 20:44:57'),(199,596,6503,0,0,'C&rsquo;est ma fille Julie LIANG qui viendra chercher les 4 estampes et les 4 catalogues.',0,'2019-05-13 22:34:31'),(200,579,6504,0,172,'Ma fille Julie LIANG viendra chercher les 4 estampes et les 4 catalogues &agrave; la galerie. Pour confirmer son identit&eacute;, elle est n&eacute;e le 6 octobre 1984 &agrave; Issy-les-Moulineaux.',0,'2019-05-13 22:48:00'),(201,579,6504,0,172,'Payment accepted.',1,'2019-05-13 22:51:50'),(202,483,6458,0,173,'Commande manuelle - Employé : J. Knafo Joël',1,'2019-05-15 19:55:14'),(203,595,6502,0,174,'Commande manuelle - Employé : P. Mazac',1,'2019-05-16 15:36:58'),(204,602,6272,0,175,'Commande manuelle - Employé : P. Mazac',1,'2019-05-16 15:47:48'),(205,604,6506,0,176,'Payment accepted.',1,'2019-05-16 17:09:30'),(206,606,1056,0,177,'Commande manuelle - Employé : J. Knafo Joël',1,'2019-05-17 11:46:49'),(207,603,6272,0,178,'Commande manuelle - Employé : J. Knafo Joël',1,'2019-05-17 12:04:22'),(208,608,2950,0,179,'Commande manuelle - Employé : J. Knafo Joël',1,'2019-05-17 12:48:55'),(209,610,6507,0,180,'Payment accepted.',1,'2019-05-17 13:54:01'),(210,611,6508,0,181,'Commande manuelle - Employé : P. Mazac',1,'2019-05-17 15:53:24'),(211,612,5350,0,182,'Commande manuelle - Employé : J. Knafo Joël',1,'2019-05-17 16:58:25'),(212,614,6509,0,183,'Payment accepted.',1,'2019-05-17 18:20:22'),(213,616,6510,0,184,'Payment accepted.',1,'2019-05-17 19:44:05'),(214,618,6512,0,185,'Pouvez vous livrer au Canada ? Je veux pas d&rsquo;un retrait en galerie ',0,'2019-05-17 22:15:48'),(215,618,6512,0,185,'Payment accepted.',1,'2019-05-17 22:18:31'),(216,621,6513,0,186,'Commande manuelle - Employé : J. Knafo Joël',1,'2019-05-18 16:14:12'),(217,620,6035,0,187,'Payment accepted.',1,'2019-05-18 16:50:41'),(218,625,6514,0,188,'Payment accepted.',1,'2019-05-19 16:17:52'),(219,631,6272,0,189,'Commande manuelle - Employé : J. Knafo Joël',1,'2019-05-20 14:15:46'),(220,632,6272,0,190,'Commande manuelle - Employé : J. Knafo Joël',1,'2019-05-20 14:17:39'),(221,573,6491,0,191,'Commande manuelle - Employé : P. Mazac',1,'2019-05-23 13:59:52'),(222,636,6491,0,192,'Commande manuelle - Employé : P. Mazac',1,'2019-05-23 14:02:47'),(223,638,6272,0,193,'Commande manuelle - Employé : J. Knafo Joël',1,'2019-05-23 19:17:50'),(224,641,6516,0,194,'Commande manuelle - Employé : J. Knafo Joël',1,'2019-05-24 11:22:00'),(225,642,4996,0,195,'Commande manuelle - Employé : J. Knafo Joël',1,'2019-05-24 11:28:33'),(226,644,6517,0,196,'Payment accepted.',1,'2019-05-24 15:45:58'),(227,639,6272,0,197,'Commande manuelle - Employé : P. Mazac',1,'2019-05-24 16:59:13'),(228,645,6272,0,198,'Commande manuelle - Employé : P. Mazac',1,'2019-05-24 17:01:22'),(229,649,6519,0,199,'Pouvez vous le livrer chez mes parents en france ?',0,'2019-05-25 01:45:13'),(230,649,6519,0,199,'Payment accepted.',1,'2019-05-25 01:46:17'),(231,650,6520,0,200,'Payment accepted.',1,'2019-05-25 16:20:48'),(232,652,6521,0,0,'Interphone &agrave; LALA ',0,'2019-05-26 16:25:35'),(233,656,6517,0,201,'Payment accepted.',1,'2019-05-27 15:59:06'),(234,657,6522,0,202,'Payment accepted.',1,'2019-05-27 18:00:29'),(235,664,6523,0,203,'Payment accepted.',1,'2019-05-28 18:43:13'),(236,665,6524,0,204,'Payment accepted.',1,'2019-05-28 18:50:06'),(237,669,6525,0,205,'Payment accepted.',1,'2019-05-29 05:19:50'),(238,670,6525,0,206,'Payment accepted.',1,'2019-05-29 05:25:09'),(239,673,6528,0,207,'De la part du fils',0,'2019-05-29 18:20:30'),(240,673,6528,0,207,'Payment accepted.',1,'2019-05-29 18:23:23'),(241,674,6529,0,208,'Commande manuelle - Employé : J. Knafo Joël',1,'2019-05-29 18:39:48'),(242,675,6272,0,209,'Commande manuelle - Employé : J. Knafo Joël',1,'2019-05-29 18:46:40'),(243,676,6272,0,210,'Commande manuelle - Employé : J. Knafo Joël',1,'2019-05-29 18:54:20'),(244,681,6530,0,211,'Payment accepted.',1,'2019-05-30 09:22:09'),(245,688,6532,0,212,'Payment accepted.',1,'2019-05-30 13:49:49'),(246,689,6532,0,213,'Payment accepted.',1,'2019-05-30 13:55:11'),(247,694,6535,0,214,'Payment accepted.',1,'2019-05-30 20:18:13'),(248,696,6537,0,215,'Payment accepted.',1,'2019-05-30 22:36:41'),(249,697,6538,0,216,'Payment accepted.',1,'2019-05-30 23:11:08'),(250,698,6539,0,217,'Vu avec Pascaline Mazac pour une d&eacute;dicace pour Olga (pour ses 70 ans), grande fan de Logan Hicks.',0,'2019-05-30 23:34:10'),(251,698,6539,0,217,'Payment accepted.',1,'2019-05-30 23:35:27'),(252,700,6541,0,218,'Bonjour, je viendrai dimanche r&eacute;cup&eacute;rer l&rsquo;&oelig;uvre et la faire d&eacute;dicacer par l&rsquo;artiste. Bien cordialement. Romain grimaud ',0,'2019-05-31 07:44:16'),(253,700,6541,0,218,'Payment accepted.',1,'2019-05-31 07:45:48'),(254,701,6542,0,219,'Commande manuelle - Employé : P. Mazac',1,'2019-05-31 13:17:34'),(255,703,6543,0,220,'Payment accepted.',1,'2019-05-31 15:13:12'),(256,704,6544,0,221,'Payment accepted.',1,'2019-05-31 16:25:52'),(257,706,6517,0,234,'Hi my print I ordered from you arrived today . Love it want to purchase a partner for it . I&rsquo;m not able to get to shipping area to pay . Can you please invoice me for shipping ',0,'2019-05-31 23:34:13'),(258,707,6545,0,222,'Commande manuelle - Employé : P. Mazac',1,'2019-06-01 09:52:54'),(259,709,6272,0,223,'Commande manuelle - Employé : J. Knafo Joël',1,'2019-06-01 17:11:20'),(260,671,6526,0,224,'Please note: Delivery is to US',0,'2019-06-02 21:14:18'),(261,671,6526,0,224,'Payment accepted.',1,'2019-06-02 21:16:04'),(262,718,6539,0,225,'Acompte 280 euros par chèque\nreste à régler 1500 euros',0,'2019-06-03 11:46:50'),(263,718,6539,0,225,'Commande manuelle - Employé : J. Knafo Joël',1,'2019-06-03 11:54:32'),(264,720,6548,0,226,'Payment accepted.',1,'2019-06-03 12:10:19'),(265,728,6272,0,227,'Commande manuelle - Employé : J. Knafo Joël',1,'2019-06-05 16:39:58'),(266,730,6551,0,228,'Payment accepted.',1,'2019-06-05 22:26:41'),(267,731,6552,0,229,'Commande manuelle - Employé : P. Mazac',1,'2019-06-06 15:34:05'),(268,737,6272,0,230,'Commande manuelle - Employé : P. Mazac',1,'2019-06-07 16:12:32'),(269,738,6272,0,231,'Commande manuelle - Employé : P. Mazac',1,'2019-06-07 17:51:28'),(270,743,6554,0,232,'Commande manuelle - Employé : P. Mazac',1,'2019-06-08 14:54:11'),(271,751,6557,0,233,'Payment accepted.',1,'2019-06-11 00:15:06'),(272,706,6517,0,234,'Payment accepted.',1,'2019-06-11 21:44:10'),(273,747,6556,0,235,'Payment accepted.',1,'2019-06-13 15:49:27'),(274,756,6559,0,236,'Commande manuelle - Employé : P. Mazac',1,'2019-06-13 16:02:46'),(275,760,6562,0,237,'Il n&rsquo;y a pas de sonnette mais le portillon sera ouvert le jour de la livraison . ',0,'2019-06-14 10:31:27'),(276,760,6562,0,237,'Payment accepted.',1,'2019-06-14 10:33:12'),(277,761,6563,0,238,'Payment accepted.',1,'2019-06-14 11:56:22'),(278,766,6564,0,239,'Commande manuelle - Employé : P. Mazac',1,'2019-06-15 16:24:09'),(279,739,6272,0,240,'Commande manuelle - Employé : P. Mazac',1,'2019-06-15 16:35:46'),(280,773,6565,0,241,'Payment accepted.',1,'2019-06-16 11:42:28'),(281,777,6529,0,242,'Commande manuelle - Employé : J. Knafo Joël',1,'2019-06-17 17:58:23'),(282,782,6560,0,243,'Merci de me contacter au 06795114 au moment de la livraison. Je vie dans un logement de fonction au sein de l&rsquo;h&ocirc;pital lapeyronie ',0,'2019-06-20 14:18:05'),(283,782,6560,0,243,'Payment accepted.',1,'2019-06-20 14:19:43'),(284,783,6566,0,244,'Payment accepted.',1,'2019-06-23 01:41:45'),(285,790,6567,0,245,'Payment accepted.',1,'2019-06-24 16:38:21'),(286,797,6568,0,246,'Payment accepted.',1,'2019-06-27 07:24:01'),(287,800,6243,0,247,'Acompte CB 500 €\nReste à régler : 2300 €',0,'2019-06-27 13:57:06'),(288,800,6243,0,247,'Commande manuelle - Employé : J. Bonhoure',1,'2019-06-27 13:58:15'),(289,802,3140,0,248,'Commande manuelle - Employé : J. Bonhoure',1,'2019-06-27 14:11:20'),(290,805,1268,0,249,'Commande manuelle - Employé : J. Bonhoure',1,'2019-06-27 14:22:22'),(291,799,6262,0,250,'Commande manuelle - Employé : J. Bonhoure',1,'2019-06-27 15:36:50'),(292,809,6569,0,251,'250€ réglé par CB ce jour + chèque de 250€ remis ce jour à encaisser vers le 27.07.19\nRdv le 3.08 pour lui remettre son print. ',0,'2019-06-27 15:38:16'),(293,809,6569,0,251,'Commande manuelle - Employé : P. Mazac',1,'2019-06-27 15:39:23'),(294,804,6377,0,252,'Commande manuelle - Employé : J. Bonhoure',1,'2019-06-27 15:40:54'),(295,812,6570,0,253,'Commande manuelle - Employé : P. Mazac',1,'2019-06-27 15:47:22'),(296,807,6250,0,254,'Commande manuelle - Employé : J. Bonhoure',1,'2019-06-27 16:02:36'),(297,815,6571,0,255,'Commande manuelle - Employé : P. Mazac',1,'2019-06-27 16:45:00'),(298,727,6257,0,256,'Commande manuelle - Employé : J. Bonhoure',1,'2019-06-27 16:50:23'),(299,816,6572,0,257,'Commande manuelle - Employé : P. Mazac',1,'2019-06-27 16:54:44'),(300,813,6250,0,258,'Commande manuelle - Employé : J. Bonhoure',1,'2019-06-27 16:56:29'),(301,820,6575,0,259,'Commande manuelle - Employé : P. Mazac',1,'2019-06-28 16:04:35'),(302,821,6515,0,260,'Payment accepted.',1,'2019-07-02 20:32:15'),(303,822,6577,0,261,'Payment accepted.',1,'2019-07-02 23:30:10'),(304,826,6545,0,262,'Commande manuelle - Employé : P. Mazac',1,'2019-07-04 15:26:00'),(305,829,6578,0,263,'Commande manuelle - Employé : P. Mazac',1,'2019-07-04 16:12:01'),(306,827,6578,0,264,'Commande manuelle - Employé : P. Mazac',1,'2019-07-04 16:15:09'),(307,838,6272,0,265,'Commande manuelle - Employé : J. Bonhoure',1,'2019-07-05 13:22:05'),(308,839,6272,0,266,'Commande manuelle - Employé : J. Bonhoure',1,'2019-07-05 14:29:17');

--
-- Table structure for table `pre3303_message_readed`
--

CREATE TABLE `pre3303_message_readed` (
  `id_message` int(10) unsigned NOT NULL,
  `id_employee` int(10) unsigned NOT NULL,
  `date_add` datetime NOT NULL,
  PRIMARY KEY (`id_message`,`id_employee`)
) ENGINE=InnoDB DEFAULT CHARSET=utf8;

--
-- Dumping data for table `pre3303_message_readed`
--


--
-- Table structure for table `pre3303_meta`
--

CREATE TABLE `pre3303_meta` (
  `id_meta` int(10) unsigned NOT NULL AUTO_INCREMENT,
  `page` varchar(64) NOT NULL,
  `configurable` tinyint(1) unsigned NOT NULL DEFAULT '1',
  PRIMARY KEY (`id_meta`),
  UNIQUE KEY `page` (`page`)
) ENGINE=InnoDB AUTO_INCREMENT=65 DEFAULT CHARSET=utf8;

--
-- Dumping data for table `pre3303_meta`
--

INSERT INTO `pre3303_meta` VALUES (1,'pagenotfound',1),(2,'best-sales',1),(3,'contact',1),(4,'index',1),(5,'manufacturer',1),(6,'new-products',1),(7,'password',1),(8,'prices-drop',1),(9,'sitemap',1),(10,'supplier',1),(11,'address',1),(12,'addresses',1),(13,'authentication',1),(14,'cart',1),(15,'discount',1),(16,'history',1),(17,'identity',1),(18,'my-account',1),(19,'order-follow',1),(20,'order-slip',1),(21,'order',1),(22,'search',1),(23,'stores',1),(24,'guest-tracking',1),(25,'order-confirmation',1),(26,'product',0),(27,'category',0),(28,'cms',0),(29,'module-cheque-payment',0),(30,'module-cheque-validation',0),(31,'module-bankwire-validation',0),(32,'module-bankwire-payment',0),(33,'module-cashondelivery-validation',0),(34,'module-ps_checkpayment-payment',1),(35,'module-ps_checkpayment-validation',1),(36,'module-ps_emailsubscription-verification',1),(38,'module-ps_wirepayment-payment',1),(39,'module-ps_wirepayment-validation',1),(40,'module-cronjobs-callback',1),(48,'module-paypal-payment',1),(49,'module-paypal-validation',1),(53,'module-leoblog-blog',1),(54,'module-leoblog-category',1),(55,'module-leoblog-list',1),(56,'module-leobootstrapmenu-widget',1),(57,'module-leofeature-productscompare',1),(58,'module-leofeature-mywishlist',1),(59,'module-leofeature-viewwishlist',1),(60,'module-ps_emailalerts-account',1),(61,'module-psgdpr-AdminAjaxPsgdpr',1),(62,'module-psgdpr-AdminDownloadInvoicesPsgdpr',1),(64,'module-ps_shoppingcart-ajax',1);

--
-- Table structure for table `pre3303_meta_lang`
--

CREATE TABLE `pre3303_meta_lang` (
  `id_meta` int(10) unsigned NOT NULL,
  `id_shop` int(11) unsigned NOT NULL DEFAULT '1',
  `id_lang` int(10) unsigned NOT NULL,
  `title` varchar(128) DEFAULT NULL,
  `description` varchar(255) DEFAULT NULL,
  `keywords` varchar(255) DEFAULT NULL,
  `url_rewrite` varchar(254) NOT NULL,
  PRIMARY KEY (`id_meta`,`id_shop`,`id_lang`),
  KEY `id_shop` (`id_shop`),
  KEY `id_lang` (`id_lang`)
) ENGINE=InnoDB DEFAULT CHARSET=utf8;

--
-- Dumping data for table `pre3303_meta_lang`
--

INSERT INTO `pre3303_meta_lang` VALUES (1,2,1,'Erreur 404','Impossible de trouver la page','','page-introuvable'),(1,2,2,'404 error','This page cannot be found','','page-not-found'),(1,4,1,'Erreur 404','Impossible de trouver la page','','page-introuvable'),(1,4,2,'404 error','This page cannot be found','','page-not-found'),(1,5,1,'Erreur 404','Impossible de trouver la page','','page-introuvable'),(1,5,2,'404 error','This page cannot be found','','page-not-found'),(2,2,1,'Meilleures ventes','Nos meilleures ventes','','meilleures-ventes'),(2,2,2,'Best sales','Our best sales','','best-sales'),(2,4,1,'Meilleures ventes','Nos meilleures ventes','','meilleures-ventes'),(2,4,2,'Best sales','Our best sales','','best-sales'),(2,5,1,'Meilleures ventes','Nos meilleures ventes','','meilleures-ventes'),(2,5,2,'Best sales','Our best sales','','best-sales'),(3,2,1,'Nous contacter','Utiliser le formulaire pour nous contacter','','nous-contacter'),(3,2,2,'Contact us','Use our form to contact us','','contact-us'),(3,4,1,'Nous contacter','Utiliser le formulaire pour nous contacter','','nous-contacter'),(3,4,2,'Contact us','Use our form to contact us','','contact-us'),(3,5,1,'Nous contacter','Utiliser le formulaire pour nous contacter','','nous-contacter'),(3,5,2,'Nous contacter','Use our form to contact us','','contact-us'),(4,2,1,'','Boutique propulsée par PrestaShop','',''),(4,2,2,'','Shop powered by PrestaShop','',''),(4,4,1,'','Boutique propulsée par PrestaShop','',''),(4,4,2,'','Shop powered by PrestaShop','',''),(4,5,1,'','Boutique propulsée par PrestaShop','',''),(4,5,2,'','Shop powered by PrestaShop','',''),(5,2,1,'Marques','Liste des marques','','marques'),(5,2,2,'Marques','Brand list','','marques'),(5,4,1,'Artistes','Liste des artistes','','artistes'),(5,4,2,'Marques','Brand list','','marques'),(5,5,1,'Marques','Liste des marques','','marques'),(5,5,2,'Marques','Brand list','','marques'),(6,2,1,'Nouveaux produits','Nos nouveaux produits','','nouveaux-produits'),(6,2,2,'New products','Our new products','','new-products'),(6,4,1,'Nouvelles oeuvres','Nos Nouvelles oeuvres','','nouvelles-oeuvres'),(6,4,2,'New artworks','Our new artworks','','new-artworks'),(6,5,1,'Nouveaux produits','Nos nouveaux produits','','nouveaux-produits'),(6,5,2,'New products','Our new products','','new-products'),(7,2,1,'Mot de passe oublié','Entrez l\'adresse e-mail que vous utilisez pour vous connecter afin de recevoir un e-mail avec un nouveau mot de passe','','recuperation-mot-de-passe'),(7,2,2,'Forgot your password','Enter the e-mail address you use to sign in to receive an e-mail with a new password','','password-recovery'),(7,4,1,'Mot de passe oublié','Entrez l\'adresse e-mail que vous utilisez pour vous connecter afin de recevoir un e-mail avec un nouveau mot de passe','','recuperation-mot-de-passe'),(7,4,2,'Forgot your password','Enter the e-mail address you use to sign in to receive an e-mail with a new password','','password-recovery'),(7,5,1,'Mot de passe oublié','Entrez l\'adresse e-mail que vous utilisez pour vous connecter afin de recevoir un e-mail avec un nouveau mot de passe','','recuperation-mot-de-passe'),(7,5,2,'Forgot your password','Enter the e-mail address you use to sign in to receive an e-mail with a new password','','password-recovery'),(8,2,1,'Promotions','Produits en promotion','','promotions'),(8,2,2,'Prices drop','On-sale products','','prices-drop'),(8,4,1,'Promotions','Produits en promotion','','promotions'),(8,4,2,'Prices drop','On-sale products','','prices-drop'),(8,5,1,'Promotions','Produits en promotion','','promotions'),(8,5,2,'Prices drop','On-sale products','','prices-drop'),(9,2,1,'Plan du site','Vous êtes perdu ? Trouvez ce que vous cherchez','','plan-site'),(9,2,2,'Plan du site','Lost ? Find what your are looking for','','plan-site'),(9,4,1,'Plan du site','Vous êtes perdu ? Trouvez ce que vous cherchez','','plan-site'),(9,4,2,'Plan du site','Lost ? Find what your are looking for','','plan-site'),(9,5,1,'Plan du site','Vous êtes perdu ? Trouvez ce que vous cherchez','','plan-site'),(9,5,2,'Plan du site','Lost ? Find what your are looking for','','plan-site'),(10,2,1,'Fournisseurs','Liste des fournisseurs','','fournisseur'),(10,2,2,'Suppliers','Suppliers list','','supplier'),(10,4,1,'Atelier','Liste des Ateliers','','atelier'),(10,4,2,'Suppliers','Suppliers list','','supplier'),(10,5,1,'Fournisseurs','Liste des fournisseurs','','fournisseur'),(10,5,2,'Suppliers','Suppliers list','','supplier'),(11,2,1,'Adresse','','','adresse'),(11,2,2,'Address','','','address'),(11,4,1,'Adresse','','','adresse'),(11,4,2,'Address','','','address'),(11,5,1,'Adresse','','','adresse'),(11,5,2,'Address','','','address'),(12,2,1,'Adresses','','','adresses'),(12,2,2,'Addresses','','','addresses'),(12,4,1,'Adresses','','','adresses'),(12,4,2,'Addresses','','','addresses'),(12,5,1,'Adresses','','','adresses'),(12,5,2,'Addresses','','','addresses'),(13,2,1,'Connexion','','','connexion'),(13,2,2,'Connexion','','','login'),(13,4,1,'Connexion','','','connexion'),(13,4,2,'Connexion','','','login'),(13,5,1,'Connexion','','','connexion'),(13,5,2,'Connexion','','','login'),(14,2,1,'Panier','','','panier'),(14,2,2,'Cart','','','cart'),(14,4,1,'Panier','','','panier'),(14,4,2,'Cart','','','cart'),(14,5,1,'Panier','','','panier'),(14,5,2,'Cart','','','cart'),(15,2,1,'Réduction','','','reduction'),(15,2,2,'Réduction','','','discount'),(15,4,1,'Réduction','','','reduction'),(15,4,2,'Réduction','','','discount'),(15,5,1,'Réduction','','','reduction'),(15,5,2,'Réduction','','','discount'),(16,2,1,'Historique des commandes','','','historique-commandes'),(16,2,2,'Historique des commandes','','','order-history'),(16,4,1,'Historique des commandes','','','historique-commandes'),(16,4,2,'Historique des commandes','','','order-history'),(16,5,1,'Historique des commandes','','','historique-commandes'),(16,5,2,'Historique des commandes','','','order-history'),(17,2,1,'Identité','','','identite'),(17,2,2,'Identity','','','identity'),(17,4,1,'Identité','','','identite'),(17,4,2,'Identity','','','identity'),(17,5,1,'Identité','','','identite'),(17,5,2,'Identity','','','identity'),(18,2,1,'Mon compte','','','mon-compte'),(18,2,2,'My account','','','my-account'),(18,4,1,'Mon compte','','','mon-compte'),(18,4,2,'My account','','','my-account'),(18,5,1,'Mon compte','','','mon-compte'),(18,5,2,'My account','','','my-account'),(19,2,1,'Suivi de commande','','','suivi-commande'),(19,2,2,'Order follow','','','order-follow'),(19,4,1,'Suivi de commande','','','suivi-commande'),(19,4,2,'Order follow','','','order-follow'),(19,5,1,'Suivi de commande','','','suivi-commande'),(19,5,2,'Order follow','','','order-follow'),(20,2,1,'Avoirs','','','avoirs'),(20,2,2,'Avoirs','','','credit-slip'),(20,4,1,'Avoirs','','','avoirs'),(20,4,2,'Avoirs','','','credit-slip'),(20,5,1,'Avoirs','','','avoirs'),(20,5,2,'Avoirs','','','credit-slip'),(21,2,1,'Commande','','','commande'),(21,2,2,'Order','','','order'),(21,4,1,'Commande','','','commande'),(21,4,2,'Order','','','order'),(21,5,1,'Commande','','','commande'),(21,5,2,'Order','','','order'),(22,2,1,'Recherche','','','recherche'),(22,2,2,'Recherche','','','search'),(22,4,1,'Recherche','','','recherche'),(22,4,2,'Recherche','','','search'),(22,5,1,'Recherche','','','recherche'),(22,5,2,'Recherche','','','search'),(23,2,1,'Magasins','','','magasins'),(23,2,2,'Stores','','','stores'),(23,4,1,'Galeries','','','galeries'),(23,4,2,'Stores','','','stores'),(23,5,1,'Magasins','','','magasins'),(23,5,2,'Stores','','','stores'),(24,2,1,'Suivi de commande invité','','','suivi-commande-invite'),(24,2,2,'Guest tracking','','','guest-tracking'),(24,4,1,'Suivi de commande invité','','','suivi-commande-invite'),(24,4,2,'Guest tracking','','','guest-tracking'),(24,5,1,'Suivi de commande invité','','','suivi-commande-invite'),(24,5,2,'Guest tracking','','','guest-tracking'),(25,2,1,'Confirmation de commande','','','confirmation-commande'),(25,2,2,'Order confirmation','','','order-confirmation'),(25,4,1,'Confirmation de commande','','','confirmation-commande'),(25,4,2,'Order confirmation','','','order-confirmation'),(25,5,1,'Confirmation de commande','','','confirmation-commande'),(25,5,2,'Order confirmation','','','order-confirmation'),(34,2,1,'','','',''),(34,2,2,'','','',''),(34,4,1,'','','',''),(34,4,2,'','','',''),(34,5,1,'','','',''),(34,5,2,'','','',''),(35,2,1,'','','',''),(35,2,2,'','','',''),(35,4,1,'','','',''),(35,4,2,'','','',''),(35,5,1,'','','',''),(35,5,2,'','','',''),(36,2,1,'','','',''),(36,2,2,'','','',''),(36,4,1,'','','',''),(36,4,2,'','','',''),(36,5,1,'','','',''),(36,5,2,'','','',''),(38,2,1,'','','',''),(38,2,2,'','','',''),(38,4,1,'','','',''),(38,4,2,'','','',''),(38,5,1,'','','',''),(38,5,2,'','','',''),(39,2,1,'','','',''),(39,2,2,'','','',''),(39,4,1,'','','',''),(39,4,2,'','','',''),(39,5,1,'','','',''),(39,5,2,'','','',''),(40,2,1,'','','',''),(40,2,2,'','','',''),(40,4,1,'','','',''),(40,4,2,'','','',''),(40,5,1,'','','',''),(40,5,2,'','','',''),(48,2,1,'','','',''),(48,2,2,'','','',''),(48,4,1,'','','',''),(48,4,2,'','','',''),(48,5,1,'','','',''),(48,5,2,'','','',''),(49,2,1,'','','',''),(49,2,2,'','','',''),(49,4,1,'','','',''),(49,4,2,'','','',''),(49,5,1,'','','',''),(49,5,2,'','','',''),(53,2,1,'','','',''),(53,2,2,'','','',''),(53,4,1,'','','',''),(53,4,2,'','','',''),(53,5,1,'','','',''),(53,5,2,'','','',''),(54,2,1,'','','',''),(54,2,2,'','','',''),(54,4,1,'','','',''),(54,4,2,'','','',''),(54,5,1,'','','',''),(54,5,2,'','','',''),(55,2,1,'','','',''),(55,2,2,'','','',''),(55,4,1,'','','',''),(55,4,2,'','','',''),(55,5,1,'','','',''),(55,5,2,'','','',''),(56,2,1,'','','',''),(56,2,2,'','','',''),(56,4,1,'','','',''),(56,4,2,'','','',''),(56,5,1,'','','',''),(56,5,2,'','','',''),(57,2,1,'','','',''),(57,2,2,'','','',''),(57,4,1,'','','',''),(57,4,2,'','','',''),(57,5,1,'','','',''),(57,5,2,'','','',''),(58,2,1,'','','',''),(58,2,2,'','','',''),(58,4,1,'','','',''),(58,4,2,'','','',''),(58,5,1,'','','',''),(58,5,2,'','','',''),(59,2,1,'','','',''),(59,2,2,'','','',''),(59,4,1,'','','',''),(59,4,2,'','','',''),(59,5,1,'','','',''),(59,5,2,'','','',''),(60,2,1,'','','',''),(60,2,2,'','','',''),(60,4,1,'','','',''),(60,4,2,'','','',''),(60,5,1,'','','',''),(60,5,2,'','','',''),(61,2,1,'','','',''),(61,2,2,'','','',''),(61,4,1,'','','',''),(61,4,2,'','','',''),(61,5,1,'','','',''),(61,5,2,'','','',''),(62,2,1,'','','',''),(62,2,2,'','','',''),(62,4,1,'','','',''),(62,4,2,'','','',''),(62,5,1,'','','',''),(62,5,2,'','','',''),(64,2,1,'','','',''),(64,2,2,'','','',''),(64,4,1,'','','',''),(64,4,2,'','','',''),(64,5,1,'','','',''),(64,5,2,'','','','');

--
-- Table structure for table `pre3303_migrationpro_error_logs`
--

CREATE TABLE `pre3303_migrationpro_error_logs` (
  `id` int(11) NOT NULL AUTO_INCREMENT,
  `log_text` varchar(855) DEFAULT NULL,
  `entity_type` varchar(255) NOT NULL,
  `log_date_add` datetime NOT NULL,
  PRIMARY KEY (`id`)
) ENGINE=MyISAM DEFAULT CHARSET=utf8;

--
-- Dumping data for table `pre3303_migrationpro_error_logs`
--


--
-- Table structure for table `pre3303_migrationpro_migrated_data`
--

CREATE TABLE `pre3303_migrationpro_migrated_data` (
  `id_data` int(11) NOT NULL AUTO_INCREMENT,
  `entity_type` varchar(100) NOT NULL,
  `source_id` int(11) NOT NULL,
  `local_id` int(11) NOT NULL,
  PRIMARY KEY (`id_data`),
  UNIQUE KEY `entity_type_source_id` (`entity_type`,`source_id`)
) ENGINE=MyISAM DEFAULT CHARSET=utf8;

--
-- Dumping data for table `pre3303_migrationpro_migrated_data`
--


--
-- Table structure for table `pre3303_migrationpro_pass`
--

CREATE TABLE `pre3303_migrationpro_pass` (
  `id` int(11) NOT NULL AUTO_INCREMENT,
  `id_customer` int(11) NOT NULL,
  `mail` varchar(255) NOT NULL,
  `passwd` varchar(255) NOT NULL,
  PRIMARY KEY (`id`)
) ENGINE=MyISAM DEFAULT CHARSET=utf8;

--
-- Dumping data for table `pre3303_migrationpro_pass`
--


--
-- Table structure for table `pre3303_migrationpro_save_mapping`
--

CREATE TABLE `pre3303_migrationpro_save_mapping` (
  `id_mapping` int(11) NOT NULL AUTO_INCREMENT,
  `group` varchar(128) NOT NULL,
  `type` varchar(128) NOT NULL,
  `source_id` int(11) NOT NULL,
  `source_name` varchar(128) DEFAULT NULL,
  `mapping` int(11) DEFAULT NULL,
  PRIMARY KEY (`id_mapping`)
) ENGINE=MyISAM DEFAULT CHARSET=utf8;

--
-- Dumping data for table `pre3303_migrationpro_save_mapping`
--


--
-- Table structure for table `pre3303_migrationpro_warning_logs`
--

CREATE TABLE `pre3303_migrationpro_warning_logs` (
  `id` int(11) NOT NULL AUTO_INCREMENT,
  `log_text` varchar(855) DEFAULT NULL,
  `entity_type` varchar(255) NOT NULL,
  `log_date_add` datetime NOT NULL,
  PRIMARY KEY (`id`)
) ENGINE=MyISAM DEFAULT CHARSET=utf8;

--
-- Dumping data for table `pre3303_migrationpro_warning_logs`
--


--
-- Table structure for table `pre3303_module`
--

CREATE TABLE `pre3303_module` (
  `id_module` int(10) unsigned NOT NULL AUTO_INCREMENT,
  `name` varchar(64) NOT NULL,
  `active` tinyint(1) unsigned NOT NULL DEFAULT '0',
  `version` varchar(8) NOT NULL,
  PRIMARY KEY (`id_module`),
  UNIQUE KEY `name_UNIQUE` (`name`),
  KEY `name` (`name`)
) ENGINE=InnoDB AUTO_INCREMENT=102 DEFAULT CHARSET=utf8;

--
-- Dumping data for table `pre3303_module`
--

INSERT INTO `pre3303_module` VALUES (1,'dashactivity',1,'2.0.2'),(2,'dashtrends',1,'2.0.2'),(3,'dashgoals',1,'2.0.2'),(4,'dashproducts',1,'2.0.4'),(5,'graphnvd3',1,'2.0.0'),(6,'gridhtml',1,'2.0.0'),(7,'ps_banner',1,'2.1.0'),(8,'ps_categorytree',1,'2.0.0'),(9,'ps_checkpayment',1,'2.0.4'),(10,'ps_contactinfo',1,'3.1.0'),(11,'ps_currencyselector',1,'2.0.0'),(12,'ps_customeraccountlinks',1,'3.1.0'),(13,'ps_customersignin',1,'2.0.2'),(14,'ps_customtext',1,'4.1.0'),(15,'ps_emailsubscription',1,'2.3.1'),(16,'ps_facetedsearch',1,'2.2.1'),(17,'ps_featuredproducts',1,'2.0.0'),(18,'ps_imageslider',1,'3.0.0'),(19,'ps_languageselector',1,'2.0.2'),(20,'ps_linklist',1,'2.1.6'),(21,'ps_mainmenu',1,'2.1.1'),(22,'ps_searchbar',1,'2.0.1'),(23,'ps_sharebuttons',1,'2.0.1'),(25,'ps_socialfollow',1,'2.0.0'),(26,'ps_wirepayment',1,'2.0.4'),(27,'pagesnotfound',1,'2.0.0'),(28,'sekeywords',1,'2.0.0'),(29,'statsbestcategories',1,'2.0.0'),(30,'statsbestcustomers',1,'2.0.2'),(31,'statsbestproducts',1,'2.0.0'),(32,'statsbestsuppliers',1,'2.0.0'),(33,'statsbestvouchers',1,'2.0.0'),(34,'statscarrier',1,'2.0.0'),(35,'statscatalog',1,'2.0.1'),(36,'statscheckup',1,'2.0.1'),(37,'statsdata',1,'2.0.0'),(38,'statsequipment',1,'2.0.0'),(39,'statsforecast',1,'2.0.3'),(40,'statslive',1,'2.0.2'),(41,'statsnewsletter',1,'2.0.2'),(42,'statsorigin',1,'2.0.2'),(43,'statspersonalinfos',1,'2.0.2'),(44,'statsproduct',1,'2.0.3'),(45,'statsregistrations',1,'2.0.0'),(46,'statssales',1,'2.0.0'),(47,'statssearch',1,'2.0.1'),(48,'statsstock',1,'2.0.0'),(49,'statsvisits',1,'2.0.2'),(50,'welcome',1,'5.1.0'),(51,'gamification',1,'2.2.1'),(52,'cronjobs',1,'1.4.0'),(53,'psaddonsconnect',1,'1.0.1'),(54,'blockreassurance',1,'3.0.1'),(55,'autoupgrade',1,'4.6.0'),(56,'pscleaner',1,'2.0.0'),(59,'ps_bestsellers',1,'1.0.3'),(60,'ps_newproducts',1,'1.0.1'),(61,'ps_categoryproducts',1,'1.0.4'),(62,'ps_legalcompliance',1,'3.0.1'),(66,'sendcloud',1,'1.1.7'),(67,'sendinblue',1,'3.2.7'),(68,'paypal',1,'4.4.2'),(69,'seoimg',1,'1.0.3'),(70,'m4pdf',1,'2.3.2'),(71,'mailchimpintegration',1,'1.1.4'),(72,'newsletter',1,'3.0.0'),(73,'seoexpert',1,'3.2.7'),(75,'appagebuilder',1,'2.1.3'),(76,'leoblog',1,'3.0.2'),(77,'leobootstrapmenu',1,'4.0.7'),(78,'leoslideshow',1,'1.0.0'),(79,'leofeature',1,'2.1.1'),(82,'feedbiz',1,'1.2.83'),(83,'contactform',1,'4.1.1'),(84,'gmerchantcenter',1,'4.7.9'),(85,'gadwordstracking',1,'2.2.7'),(86,'gremarketing',1,'1.5.9'),(88,'everpsshoppayment',1,'1.1.1'),(89,'ps_emailalerts',1,'2.1.1'),(90,'pspixel',1,'1.1.2'),(91,'psgdpr',1,'1.1.2'),(92,'invoicenumbermultistore',1,'0.8.5'),(93,'ets_megamenu',1,'2.0.7'),(95,'ps_shoppingcart',1,'2.0.2'),(96,'facebookproductsfeed',1,'1.3.0'),(97,'facebookconversiontrackingplus',1,'1.8.9'),(98,'cdc_googletagmanager',1,'4.7.0'),(99,'ganalytics',1,'2.3.4'),(101,'migrationproserver',1,'4.0.0');

--
-- Table structure for table `pre3303_module_access`
--

CREATE TABLE `pre3303_module_access` (
  `id_profile` int(10) unsigned NOT NULL,
  `id_authorization_role` int(10) unsigned NOT NULL,
  PRIMARY KEY (`id_profile`,`id_authorization_role`)
) ENGINE=InnoDB DEFAULT CHARSET=utf8;

--
-- Dumping data for table `pre3303_module_access`
--

INSERT INTO `pre3303_module_access` VALUES (1,453),(1,454),(1,455),(1,456),(1,457),(1,458),(1,459),(1,460),(1,465),(1,466),(1,467),(1,468),(1,469),(1,470),(1,471),(1,472),(1,473),(1,474),(1,475),(1,476),(1,477),(1,478),(1,479),(1,480),(1,481),(1,482),(1,483),(1,484),(1,485),(1,486),(1,487),(1,488),(1,489),(1,490),(1,491),(1,492),(1,493),(1,494),(1,495),(1,496),(1,497),(1,498),(1,499),(1,500),(1,501),(1,502),(1,503),(1,504),(1,505),(1,506),(1,507),(1,508),(1,509),(1,510),(1,511),(1,512),(1,513),(1,514),(1,515),(1,516),(1,517),(1,518),(1,519),(1,520),(1,521),(1,522),(1,523),(1,524),(1,525),(1,526),(1,527),(1,528),(1,529),(1,530),(1,531),(1,532),(1,533),(1,534),(1,535),(1,536),(1,541),(1,542),(1,543),(1,544),(1,545),(1,546),(1,547),(1,548),(1,549),(1,550),(1,551),(1,552),(1,557),(1,558),(1,559),(1,560),(1,561),(1,562),(1,563),(1,564),(1,565),(1,566),(1,567),(1,568),(1,569),(1,570),(1,571),(1,572),(1,573),(1,574),(1,575),(1,576),(1,577),(1,578),(1,579),(1,580),(1,581),(1,582),(1,583),(1,584),(1,585),(1,586),(1,587),(1,588),(1,589),(1,590),(1,591),(1,592),(1,593),(1,594),(1,595),(1,596),(1,597),(1,598),(1,599),(1,600),(1,601),(1,602),(1,603),(1,604),(1,605),(1,606),(1,607),(1,608),(1,609),(1,610),(1,611),(1,612),(1,613),(1,614),(1,615),(1,616),(1,617),(1,618),(1,619),(1,620),(1,621),(1,622),(1,623),(1,624),(1,625),(1,626),(1,627),(1,628),(1,629),(1,630),(1,631),(1,632),(1,633),(1,634),(1,635),(1,636),(1,637),(1,638),(1,639),(1,640),(1,641),(1,642),(1,643),(1,644),(1,645),(1,646),(1,647),(1,648),(1,649),(1,650),(1,651),(1,652),(1,653),(1,654),(1,655),(1,656),(1,657),(1,658),(1,659),(1,660),(1,665),(1,666),(1,667),(1,668),(1,669),(1,670),(1,671),(1,672),(1,677),(1,678),(1,679),(1,680),(1,681),(1,682),(1,683),(1,684),(1,689),(1,690),(1,691),(1,692),(1,697),(1,698),(1,699),(1,700),(1,785),(1,786),(1,787),(1,788),(1,789),(1,790),(1,791),(1,792),(1,793),(1,794),(1,795),(1,796),(1,797),(1,798),(1,799),(1,800),(1,857),(1,858),(1,859),(1,860),(1,865),(1,866),(1,867),(1,868),(1,869),(1,870),(1,871),(1,872),(1,873),(1,874),(1,875),(1,876),(1,881),(1,882),(1,883),(1,884),(1,885),(1,886),(1,887),(1,888),(1,889),(1,890),(1,891),(1,892),(1,893),(1,894),(1,895),(1,896),(1,921),(1,922),(1,923),(1,924),(1,977),(1,978),(1,979),(1,980),(1,1005),(1,1006),(1,1007),(1,1008),(1,1025),(1,1026),(1,1027),(1,1028),(1,1029),(1,1030),(1,1031),(1,1032),(1,1053),(1,1054),(1,1055),(1,1056),(1,1057),(1,1058),(1,1059),(1,1060),(1,1061),(1,1062),(1,1063),(1,1064),(1,1065),(1,1066),(1,1067),(1,1068),(1,1069),(1,1070),(1,1071),(1,1072),(1,1077),(1,1078),(1,1079),(1,1080),(1,1081),(1,1082),(1,1083),(1,1084),(1,1085),(1,1086),(1,1087),(1,1088),(1,1089),(1,1090),(1,1091),(1,1092),(1,1101),(1,1102),(1,1103),(1,1104),(1,1117),(1,1118),(1,1119),(1,1120),(1,1125),(1,1126),(1,1127),(1,1128),(1,1129),(1,1130),(1,1131),(1,1132),(1,1133),(1,1134),(1,1135),(1,1136),(1,1137),(1,1138),(1,1139),(1,1140),(1,1145),(1,1146),(1,1147),(1,1148),(4,882),(4,883),(4,884),(4,1101),(4,1102),(4,1103),(4,1104),(4,1117),(4,1118),(4,1119),(4,1120),(4,1125),(4,1126),(4,1127),(4,1128),(4,1129),(4,1130),(4,1131),(4,1132),(4,1133),(4,1134),(4,1135),(4,1136),(4,1137),(4,1138),(4,1139),(4,1140),(4,1145),(4,1146),(4,1147),(4,1148),(7,455),(7,456),(7,459),(7,460),(7,467),(7,468),(7,471),(7,472),(7,475),(7,476),(7,479),(7,480),(7,483),(7,484),(7,487),(7,488),(7,491),(7,492),(7,495),(7,496),(7,499),(7,500),(7,503),(7,504),(7,507),(7,508),(7,511),(7,512),(7,515),(7,516),(7,519),(7,520),(7,523),(7,524),(7,527),(7,528),(7,531),(7,532),(7,535),(7,536),(7,543),(7,544),(7,547),(7,548),(7,551),(7,552),(7,559),(7,560),(7,563),(7,564),(7,567),(7,568),(7,571),(7,572),(7,575),(7,576),(7,579),(7,580),(7,583),(7,584),(7,587),(7,588),(7,591),(7,592),(7,595),(7,596),(7,599),(7,600),(7,603),(7,604),(7,607),(7,608),(7,611),(7,612),(7,615),(7,616),(7,619),(7,620),(7,623),(7,624),(7,627),(7,628),(7,631),(7,632),(7,635),(7,636),(7,639),(7,640),(7,643),(7,644),(7,647),(7,648),(7,651),(7,652),(7,655),(7,656),(7,659),(7,660),(7,667),(7,668),(7,671),(7,672),(7,679),(7,680),(7,683),(7,684),(7,691),(7,692),(7,699),(7,700),(7,787),(7,788),(7,791),(7,792),(7,795),(7,796),(7,799),(7,800),(7,859),(7,860),(7,867),(7,868),(7,871),(7,872),(7,875),(7,876),(7,883),(7,884),(7,887),(7,888),(7,891),(7,892),(7,895),(7,896),(7,923),(7,924),(7,979),(7,980),(7,1007),(7,1008),(7,1027),(7,1028),(7,1031),(7,1032),(7,1053),(7,1054),(7,1055),(7,1056),(7,1057),(7,1058),(7,1059),(7,1060),(7,1061),(7,1062),(7,1063),(7,1064),(7,1065),(7,1066),(7,1067),(7,1068),(7,1069),(7,1070),(7,1071),(7,1072),(7,1077),(7,1078),(7,1079),(7,1080),(7,1081),(7,1082),(7,1083),(7,1084),(7,1085),(7,1086),(7,1087),(7,1088),(7,1089),(7,1090),(7,1091),(7,1092),(7,1101),(7,1102),(7,1103),(7,1104),(7,1117),(7,1118),(7,1119),(7,1120),(7,1125),(7,1126),(7,1127),(7,1128),(7,1129),(7,1130),(7,1131),(7,1132),(7,1133),(7,1134),(7,1135),(7,1136),(7,1137),(7,1138),(7,1139),(7,1140),(7,1145),(7,1146),(7,1147),(7,1148),(8,454),(8,455),(8,458),(8,459),(8,466),(8,467),(8,470),(8,471),(8,474),(8,475),(8,478),(8,479),(8,482),(8,483),(8,486),(8,487),(8,490),(8,491),(8,494),(8,495),(8,498),(8,499),(8,502),(8,503),(8,506),(8,507),(8,510),(8,511),(8,514),(8,515),(8,518),(8,519),(8,522),(8,523),(8,526),(8,527),(8,530),(8,531),(8,534),(8,535),(8,542),(8,543),(8,546),(8,547),(8,550),(8,551),(8,558),(8,559),(8,562),(8,563),(8,566),(8,567),(8,570),(8,571),(8,574),(8,575),(8,578),(8,579),(8,582),(8,583),(8,586),(8,587),(8,590),(8,591),(8,594),(8,595),(8,598),(8,599),(8,602),(8,603),(8,606),(8,607),(8,610),(8,611),(8,614),(8,615),(8,618),(8,619),(8,622),(8,623),(8,626),(8,627),(8,630),(8,631),(8,634),(8,635),(8,638),(8,639),(8,642),(8,643),(8,646),(8,647),(8,650),(8,651),(8,654),(8,655),(8,658),(8,659),(8,666),(8,667),(8,670),(8,671),(8,678),(8,679),(8,682),(8,683),(8,690),(8,691),(8,698),(8,699),(8,786),(8,787),(8,790),(8,791),(8,794),(8,795),(8,798),(8,799),(8,858),(8,859),(8,866),(8,867),(8,870),(8,871),(8,874),(8,875),(8,882),(8,883),(8,886),(8,887),(8,890),(8,891),(8,894),(8,895),(8,922),(8,923),(8,978),(8,979),(8,1006),(8,1007),(8,1026),(8,1027),(8,1030),(8,1031),(8,1054),(8,1055),(8,1058),(8,1059),(8,1062),(8,1063),(8,1066),(8,1067),(8,1070),(8,1071),(8,1078),(8,1079),(8,1082),(8,1083),(8,1086),(8,1087),(8,1090),(8,1091),(8,1102),(8,1118),(8,1126),(8,1130),(8,1134),(8,1138),(8,1146);

--
-- Table structure for table `pre3303_module_carrier`
--

CREATE TABLE `pre3303_module_carrier` (
  `id_module` int(10) unsigned NOT NULL,
  `id_shop` int(11) unsigned NOT NULL DEFAULT '1',
  `id_reference` int(11) NOT NULL,
  PRIMARY KEY (`id_module`,`id_shop`,`id_reference`)
) ENGINE=InnoDB DEFAULT CHARSET=utf8;

--
-- Dumping data for table `pre3303_module_carrier`
--

INSERT INTO `pre3303_module_carrier` VALUES (9,2,52),(9,4,27),(9,4,52),(9,5,27),(26,2,52),(26,4,27),(26,4,52),(26,5,27),(68,2,1),(68,2,27),(68,2,52),(68,4,1),(68,4,2),(68,4,27),(68,4,52),(68,5,1),(68,5,14),(68,5,27),(88,2,1),(88,2,2),(88,5,1),(88,5,2);

--
-- Table structure for table `pre3303_module_country`
--

CREATE TABLE `pre3303_module_country` (
  `id_module` int(10) unsigned NOT NULL,
  `id_shop` int(11) unsigned NOT NULL DEFAULT '1',
  `id_country` int(10) unsigned NOT NULL,
  PRIMARY KEY (`id_module`,`id_shop`,`id_country`)
) ENGINE=InnoDB DEFAULT CHARSET=utf8;

--
-- Dumping data for table `pre3303_module_country`
--

INSERT INTO `pre3303_module_country` VALUES (9,2,3),(9,2,4),(9,2,8),(9,2,11),(9,2,21),(9,2,28),(9,2,29),(9,2,145),(9,5,3),(9,5,4),(9,5,11),(9,5,21),(9,5,28),(9,5,29),(9,5,145),(26,2,3),(26,2,4),(26,2,8),(26,2,11),(26,2,21),(26,2,28),(26,2,29),(26,2,145),(26,5,3),(26,5,4),(26,5,11),(26,5,21),(26,5,28),(26,5,29),(26,5,145),(68,2,1),(68,2,3),(68,2,4),(68,2,6),(68,2,8),(68,2,9),(68,2,10),(68,2,11),(68,2,12),(68,2,13),(68,2,14),(68,2,15),(68,2,17),(68,2,18),(68,2,19),(68,2,20),(68,2,21),(68,2,28),(68,2,29),(68,2,145),(68,2,148),(68,4,1),(68,4,2),(68,4,3),(68,4,4),(68,4,6),(68,4,7),(68,4,8),(68,4,9),(68,4,10),(68,4,11),(68,4,12),(68,4,13),(68,4,14),(68,4,15),(68,4,17),(68,4,18),(68,4,19),(68,4,20),(68,4,21),(68,4,23),(68,4,26),(68,4,27),(68,4,28),(68,4,29),(68,4,109),(68,4,130),(68,4,143),(68,4,148),(68,4,158),(68,4,176),(68,4,182),(68,4,186),(68,4,217),(68,4,236),(68,5,1),(68,5,3),(68,5,4),(68,5,6),(68,5,8),(68,5,11),(68,5,12),(68,5,18),(68,5,19),(68,5,20),(68,5,21),(68,5,28),(68,5,29),(68,5,145),(68,5,148),(88,2,3),(88,2,8),(88,5,3),(88,5,8);

--
-- Table structure for table `pre3303_module_currency`
--

CREATE TABLE `pre3303_module_currency` (
  `id_module` int(10) unsigned NOT NULL,
  `id_shop` int(11) unsigned NOT NULL DEFAULT '1',
  `id_currency` int(11) NOT NULL,
  PRIMARY KEY (`id_module`,`id_shop`,`id_currency`),
  KEY `id_module` (`id_module`)
) ENGINE=InnoDB DEFAULT CHARSET=utf8;

--
-- Dumping data for table `pre3303_module_currency`
--

INSERT INTO `pre3303_module_currency` VALUES (9,2,1),(9,4,1),(9,5,1),(26,2,1),(26,4,1),(26,5,1),(68,2,1),(68,4,1),(68,5,1),(88,2,1),(88,4,1),(88,5,1);

--
-- Table structure for table `pre3303_module_group`
--

CREATE TABLE `pre3303_module_group` (
  `id_module` int(10) unsigned NOT NULL,
  `id_shop` int(11) unsigned NOT NULL DEFAULT '1',
  `id_group` int(11) unsigned NOT NULL,
  PRIMARY KEY (`id_module`,`id_shop`,`id_group`)
) ENGINE=InnoDB DEFAULT CHARSET=utf8;

--
-- Dumping data for table `pre3303_module_group`
--

INSERT INTO `pre3303_module_group` VALUES (1,2,1),(1,2,2),(1,2,3),(1,2,4),(1,2,5),(1,2,6),(1,2,7),(1,2,8),(1,2,10),(1,4,1),(1,4,2),(1,4,3),(1,4,4),(1,4,5),(1,4,6),(1,4,7),(1,4,8),(1,4,10),(1,5,1),(1,5,2),(1,5,3),(1,5,4),(1,5,5),(1,5,6),(1,5,7),(1,5,8),(1,5,10),(2,2,1),(2,2,2),(2,2,3),(2,2,4),(2,2,5),(2,2,6),(2,2,7),(2,2,8),(2,2,10),(2,4,1),(2,4,2),(2,4,3),(2,4,4),(2,4,5),(2,4,6),(2,4,7),(2,4,8),(2,4,10),(2,5,1),(2,5,2),(2,5,3),(2,5,4),(2,5,5),(2,5,6),(2,5,7),(2,5,8),(2,5,10),(3,2,1),(3,2,2),(3,2,3),(3,2,4),(3,2,5),(3,2,6),(3,2,7),(3,2,8),(3,2,10),(3,4,1),(3,4,2),(3,4,3),(3,4,4),(3,4,5),(3,4,6),(3,4,7),(3,4,8),(3,4,10),(3,5,1),(3,5,2),(3,5,3),(3,5,4),(3,5,5),(3,5,6),(3,5,7),(3,5,8),(3,5,10),(4,2,1),(4,2,2),(4,2,3),(4,2,4),(4,2,5),(4,2,6),(4,2,7),(4,2,8),(4,2,10),(4,4,1),(4,4,2),(4,4,3),(4,4,4),(4,4,5),(4,4,6),(4,4,7),(4,4,8),(4,4,10),(4,5,1),(4,5,2),(4,5,3),(4,5,4),(4,5,5),(4,5,6),(4,5,7),(4,5,8),(4,5,10),(5,2,1),(5,2,2),(5,2,3),(5,2,4),(5,2,5),(5,2,6),(5,2,7),(5,2,8),(5,2,10),(5,4,1),(5,4,2),(5,4,3),(5,4,4),(5,4,5),(5,4,6),(5,4,7),(5,4,8),(5,4,10),(5,5,1),(5,5,2),(5,5,3),(5,5,4),(5,5,5),(5,5,6),(5,5,7),(5,5,8),(5,5,10),(6,2,1),(6,2,2),(6,2,3),(6,2,4),(6,2,5),(6,2,6),(6,2,7),(6,2,8),(6,2,10),(6,4,1),(6,4,2),(6,4,3),(6,4,4),(6,4,5),(6,4,6),(6,4,7),(6,4,8),(6,4,10),(6,5,1),(6,5,2),(6,5,3),(6,5,4),(6,5,5),(6,5,6),(6,5,7),(6,5,8),(6,5,10),(7,2,1),(7,2,2),(7,2,3),(7,2,4),(7,2,5),(7,2,6),(7,2,7),(7,2,8),(7,2,10),(7,4,1),(7,4,2),(7,4,3),(7,4,4),(7,4,5),(7,4,6),(7,4,7),(7,4,8),(7,4,10),(7,5,1),(7,5,2),(7,5,3),(7,5,4),(7,5,5),(7,5,6),(7,5,7),(7,5,8),(7,5,10),(8,2,1),(8,2,2),(8,2,3),(8,2,4),(8,2,5),(8,2,6),(8,2,7),(8,2,8),(8,2,10),(8,4,1),(8,4,2),(8,4,3),(8,4,4),(8,4,5),(8,4,6),(8,4,7),(8,4,8),(8,4,10),(8,5,1),(8,5,2),(8,5,3),(8,5,4),(8,5,5),(8,5,6),(8,5,7),(8,5,8),(8,5,10),(9,2,4),(9,2,5),(9,2,6),(9,2,7),(9,2,10),(9,5,10),(10,2,1),(10,2,2),(10,2,3),(10,2,4),(10,2,5),(10,2,6),(10,2,7),(10,2,8),(10,2,10),(10,4,1),(10,4,2),(10,4,3),(10,4,4),(10,4,5),(10,4,6),(10,4,7),(10,4,8),(10,4,10),(10,5,1),(10,5,2),(10,5,3),(10,5,4),(10,5,5),(10,5,6),(10,5,7),(10,5,8),(10,5,10),(11,2,1),(11,2,2),(11,2,3),(11,2,4),(11,2,5),(11,2,6),(11,2,7),(11,2,8),(11,2,10),(11,4,1),(11,4,2),(11,4,3),(11,4,4),(11,4,5),(11,4,6),(11,4,7),(11,4,8),(11,4,10),(11,5,1),(11,5,2),(11,5,3),(11,5,4),(11,5,5),(11,5,6),(11,5,7),(11,5,8),(11,5,10),(12,2,1),(12,2,2),(12,2,3),(12,2,4),(12,2,5),(12,2,6),(12,2,7),(12,2,8),(12,2,10),(12,4,1),(12,4,2),(12,4,3),(12,4,4),(12,4,5),(12,4,6),(12,4,7),(12,4,8),(12,4,10),(12,5,1),(12,5,2),(12,5,3),(12,5,4),(12,5,5),(12,5,6),(12,5,7),(12,5,8),(12,5,10),(13,2,1),(13,2,2),(13,2,3),(13,2,4),(13,2,5),(13,2,6),(13,2,7),(13,2,8),(13,2,10),(13,4,1),(13,4,2),(13,4,3),(13,4,4),(13,4,5),(13,4,6),(13,4,7),(13,4,8),(13,4,10),(13,5,1),(13,5,2),(13,5,3),(13,5,4),(13,5,5),(13,5,6),(13,5,7),(13,5,8),(13,5,10),(14,2,1),(14,2,2),(14,2,3),(14,2,4),(14,2,5),(14,2,6),(14,2,7),(14,2,8),(14,2,10),(14,4,1),(14,4,2),(14,4,3),(14,4,4),(14,4,5),(14,4,6),(14,4,7),(14,4,8),(14,4,10),(14,5,1),(14,5,2),(14,5,3),(14,5,4),(14,5,5),(14,5,6),(14,5,7),(14,5,8),(14,5,10),(15,2,1),(15,2,2),(15,2,3),(15,2,4),(15,2,5),(15,2,6),(15,2,7),(15,2,8),(15,2,10),(15,4,1),(15,4,2),(15,4,3),(15,4,4),(15,4,5),(15,4,6),(15,4,7),(15,4,8),(15,4,10),(15,5,1),(15,5,2),(15,5,3),(15,5,4),(15,5,5),(15,5,6),(15,5,7),(15,5,8),(15,5,10),(16,2,1),(16,2,2),(16,2,3),(16,2,4),(16,2,5),(16,2,6),(16,2,7),(16,2,8),(16,2,10),(16,4,1),(16,4,2),(16,4,3),(16,4,4),(16,4,5),(16,4,6),(16,4,7),(16,4,8),(16,4,10),(16,5,1),(16,5,2),(16,5,3),(16,5,4),(16,5,5),(16,5,6),(16,5,7),(16,5,8),(16,5,10),(17,2,1),(17,2,2),(17,2,3),(17,2,4),(17,2,5),(17,2,6),(17,2,7),(17,2,8),(17,2,10),(17,4,1),(17,4,2),(17,4,3),(17,4,4),(17,4,5),(17,4,6),(17,4,7),(17,4,8),(17,4,10),(17,5,1),(17,5,2),(17,5,3),(17,5,4),(17,5,5),(17,5,6),(17,5,7),(17,5,8),(17,5,10),(18,2,1),(18,2,2),(18,2,3),(18,2,4),(18,2,5),(18,2,6),(18,2,7),(18,2,8),(18,2,10),(18,4,1),(18,4,2),(18,4,3),(18,4,4),(18,4,5),(18,4,6),(18,4,7),(18,4,8),(18,4,10),(18,5,1),(18,5,2),(18,5,3),(18,5,4),(18,5,5),(18,5,6),(18,5,7),(18,5,8),(18,5,10),(19,2,1),(19,2,2),(19,2,3),(19,2,4),(19,2,5),(19,2,6),(19,2,7),(19,2,8),(19,2,10),(19,4,1),(19,4,2),(19,4,3),(19,4,4),(19,4,5),(19,4,6),(19,4,7),(19,4,8),(19,4,10),(19,5,1),(19,5,2),(19,5,3),(19,5,4),(19,5,5),(19,5,6),(19,5,7),(19,5,8),(19,5,10),(20,2,1),(20,2,2),(20,2,3),(20,2,4),(20,2,5),(20,2,6),(20,2,7),(20,2,8),(20,2,10),(20,4,1),(20,4,2),(20,4,3),(20,4,4),(20,4,5),(20,4,6),(20,4,7),(20,4,8),(20,4,10),(20,5,1),(20,5,2),(20,5,3),(20,5,4),(20,5,5),(20,5,6),(20,5,7),(20,5,8),(20,5,10),(21,2,1),(21,2,2),(21,2,3),(21,2,4),(21,2,5),(21,2,6),(21,2,7),(21,2,8),(21,2,10),(21,4,1),(21,4,2),(21,4,3),(21,4,4),(21,4,5),(21,4,6),(21,4,7),(21,4,8),(21,4,10),(21,5,1),(21,5,2),(21,5,3),(21,5,4),(21,5,5),(21,5,6),(21,5,7),(21,5,8),(21,5,10),(22,2,1),(22,2,2),(22,2,3),(22,2,4),(22,2,5),(22,2,6),(22,2,7),(22,2,8),(22,2,10),(22,4,1),(22,4,2),(22,4,3),(22,4,4),(22,4,5),(22,4,6),(22,4,7),(22,4,8),(22,4,10),(22,5,1),(22,5,2),(22,5,3),(22,5,4),(22,5,5),(22,5,6),(22,5,7),(22,5,8),(22,5,10),(23,2,1),(23,2,2),(23,2,3),(23,2,4),(23,2,5),(23,2,6),(23,2,7),(23,2,8),(23,2,10),(23,4,1),(23,4,2),(23,4,3),(23,4,4),(23,4,5),(23,4,6),(23,4,7),(23,4,8),(23,4,10),(23,5,1),(23,5,2),(23,5,3),(23,5,4),(23,5,5),(23,5,6),(23,5,7),(23,5,8),(23,5,10),(25,2,1),(25,2,2),(25,2,3),(25,2,4),(25,2,5),(25,2,6),(25,2,7),(25,2,8),(25,2,10),(25,4,1),(25,4,2),(25,4,3),(25,4,4),(25,4,5),(25,4,6),(25,4,7),(25,4,8),(25,4,10),(25,5,1),(25,5,2),(25,5,3),(25,5,4),(25,5,5),(25,5,6),(25,5,7),(25,5,8),(25,5,10),(26,2,4),(26,2,5),(26,2,10),(26,4,4),(26,4,5),(26,4,6),(26,4,7),(26,4,8),(26,4,10),(26,5,10),(27,2,1),(27,2,2),(27,2,3),(27,2,4),(27,2,5),(27,2,6),(27,2,7),(27,2,8),(27,2,10),(27,4,1),(27,4,2),(27,4,3),(27,4,4),(27,4,5),(27,4,6),(27,4,7),(27,4,8),(27,4,10),(27,5,1),(27,5,2),(27,5,3),(27,5,4),(27,5,5),(27,5,6),(27,5,7),(27,5,8),(27,5,10),(28,2,1),(28,2,2),(28,2,3),(28,2,4),(28,2,5),(28,2,6),(28,2,7),(28,2,8),(28,2,10),(28,4,1),(28,4,2),(28,4,3),(28,4,4),(28,4,5),(28,4,6),(28,4,7),(28,4,8),(28,4,10),(28,5,1),(28,5,2),(28,5,3),(28,5,4),(28,5,5),(28,5,6),(28,5,7),(28,5,8),(28,5,10),(29,2,1),(29,2,2),(29,2,3),(29,2,4),(29,2,5),(29,2,6),(29,2,7),(29,2,8),(29,2,10),(29,4,1),(29,4,2),(29,4,3),(29,4,4),(29,4,5),(29,4,6),(29,4,7),(29,4,8),(29,4,10),(29,5,1),(29,5,2),(29,5,3),(29,5,4),(29,5,5),(29,5,6),(29,5,7),(29,5,8),(29,5,10),(30,2,1),(30,2,2),(30,2,3),(30,2,4),(30,2,5),(30,2,6),(30,2,7),(30,2,8),(30,2,10),(30,4,1),(30,4,2),(30,4,3),(30,4,4),(30,4,5),(30,4,6),(30,4,7),(30,4,8),(30,4,10),(30,5,1),(30,5,2),(30,5,3),(30,5,4),(30,5,5),(30,5,6),(30,5,7),(30,5,8),(30,5,10),(31,2,1),(31,2,2),(31,2,3),(31,2,4),(31,2,5),(31,2,6),(31,2,7),(31,2,8),(31,2,10),(31,4,1),(31,4,2),(31,4,3),(31,4,4),(31,4,5),(31,4,6),(31,4,7),(31,4,8),(31,4,10),(31,5,1),(31,5,2),(31,5,3),(31,5,4),(31,5,5),(31,5,6),(31,5,7),(31,5,8),(31,5,10),(32,2,1),(32,2,2),(32,2,3),(32,2,4),(32,2,5),(32,2,6),(32,2,7),(32,2,8),(32,2,10),(32,4,1),(32,4,2),(32,4,3),(32,4,4),(32,4,5),(32,4,6),(32,4,7),(32,4,8),(32,4,10),(32,5,1),(32,5,2),(32,5,3),(32,5,4),(32,5,5),(32,5,6),(32,5,7),(32,5,8),(32,5,10),(33,2,1),(33,2,2),(33,2,3),(33,2,4),(33,2,5),(33,2,6),(33,2,7),(33,2,8),(33,2,10),(33,4,1),(33,4,2),(33,4,3),(33,4,4),(33,4,5),(33,4,6),(33,4,7),(33,4,8),(33,4,10),(33,5,1),(33,5,2),(33,5,3),(33,5,4),(33,5,5),(33,5,6),(33,5,7),(33,5,8),(33,5,10),(34,2,1),(34,2,2),(34,2,3),(34,2,4),(34,2,5),(34,2,6),(34,2,7),(34,2,8),(34,2,10),(34,4,1),(34,4,2),(34,4,3),(34,4,4),(34,4,5),(34,4,6),(34,4,7),(34,4,8),(34,4,10),(34,5,1),(34,5,2),(34,5,3),(34,5,4),(34,5,5),(34,5,6),(34,5,7),(34,5,8),(34,5,10),(35,2,1),(35,2,2),(35,2,3),(35,2,4),(35,2,5),(35,2,6),(35,2,7),(35,2,8),(35,2,10),(35,4,1),(35,4,2),(35,4,3),(35,4,4),(35,4,5),(35,4,6),(35,4,7),(35,4,8),(35,4,10),(35,5,1),(35,5,2),(35,5,3),(35,5,4),(35,5,5),(35,5,6),(35,5,7),(35,5,8),(35,5,10),(36,2,1),(36,2,2),(36,2,3),(36,2,4),(36,2,5),(36,2,6),(36,2,7),(36,2,8),(36,2,10),(36,4,1),(36,4,2),(36,4,3),(36,4,4),(36,4,5),(36,4,6),(36,4,7),(36,4,8),(36,4,10),(36,5,1),(36,5,2),(36,5,3),(36,5,4),(36,5,5),(36,5,6),(36,5,7),(36,5,8),(36,5,10),(37,2,1),(37,2,2),(37,2,3),(37,2,4),(37,2,5),(37,2,6),(37,2,7),(37,2,8),(37,2,10),(37,4,1),(37,4,2),(37,4,3),(37,4,4),(37,4,5),(37,4,6),(37,4,7),(37,4,8),(37,4,10),(37,5,1),(37,5,2),(37,5,3),(37,5,4),(37,5,5),(37,5,6),(37,5,7),(37,5,8),(37,5,10),(38,2,1),(38,2,2),(38,2,3),(38,2,4),(38,2,5),(38,2,6),(38,2,7),(38,2,10),(38,4,1),(38,4,2),(38,4,3),(38,4,4),(38,4,5),(38,4,6),(38,4,7),(38,4,10),(38,5,1),(38,5,2),(38,5,3),(38,5,4),(38,5,5),(38,5,6),(38,5,7),(38,5,10),(39,2,1),(39,2,2),(39,2,3),(39,2,4),(39,2,5),(39,2,6),(39,2,7),(39,2,8),(39,2,10),(39,4,1),(39,4,2),(39,4,3),(39,4,4),(39,4,5),(39,4,6),(39,4,7),(39,4,8),(39,4,10),(39,5,1),(39,5,2),(39,5,3),(39,5,4),(39,5,5),(39,5,6),(39,5,7),(39,5,8),(39,5,10),(40,2,1),(40,2,2),(40,2,3),(40,2,4),(40,2,5),(40,2,6),(40,2,7),(40,2,8),(40,2,10),(40,4,1),(40,4,2),(40,4,3),(40,4,4),(40,4,5),(40,4,6),(40,4,7),(40,4,8),(40,4,10),(40,5,1),(40,5,2),(40,5,3),(40,5,4),(40,5,5),(40,5,6),(40,5,7),(40,5,8),(40,5,10),(41,2,1),(41,2,2),(41,2,3),(41,2,4),(41,2,5),(41,2,6),(41,2,7),(41,2,8),(41,2,10),(41,4,1),(41,4,2),(41,4,3),(41,4,4),(41,4,5),(41,4,6),(41,4,7),(41,4,8),(41,4,10),(41,5,1),(41,5,2),(41,5,3),(41,5,4),(41,5,5),(41,5,6),(41,5,7),(41,5,8),(41,5,10),(42,2,1),(42,2,2),(42,2,3),(42,2,4),(42,2,5),(42,2,6),(42,2,7),(42,2,8),(42,2,10),(42,4,1),(42,4,2),(42,4,3),(42,4,4),(42,4,5),(42,4,6),(42,4,7),(42,4,8),(42,4,10),(42,5,1),(42,5,2),(42,5,3),(42,5,4),(42,5,5),(42,5,6),(42,5,7),(42,5,8),(42,5,10),(43,2,1),(43,2,2),(43,2,3),(43,2,4),(43,2,5),(43,2,6),(43,2,7),(43,2,8),(43,2,10),(43,4,1),(43,4,2),(43,4,3),(43,4,4),(43,4,5),(43,4,6),(43,4,7),(43,4,8),(43,4,10),(43,5,1),(43,5,2),(43,5,3),(43,5,4),(43,5,5),(43,5,6),(43,5,7),(43,5,8),(43,5,10),(44,2,1),(44,2,2),(44,2,3),(44,2,4),(44,2,5),(44,2,6),(44,2,7),(44,2,8),(44,2,10),(44,4,1),(44,4,2),(44,4,3),(44,4,4),(44,4,5),(44,4,6),(44,4,7),(44,4,8),(44,4,10),(44,5,1),(44,5,2),(44,5,3),(44,5,4),(44,5,5),(44,5,6),(44,5,7),(44,5,8),(44,5,10),(45,2,1),(45,2,2),(45,2,3),(45,2,4),(45,2,5),(45,2,6),(45,2,7),(45,2,8),(45,2,10),(45,4,1),(45,4,2),(45,4,3),(45,4,4),(45,4,5),(45,4,6),(45,4,7),(45,4,8),(45,4,10),(45,5,1),(45,5,2),(45,5,3),(45,5,4),(45,5,5),(45,5,6),(45,5,7),(45,5,8),(45,5,10),(46,2,1),(46,2,2),(46,2,3),(46,2,4),(46,2,5),(46,2,6),(46,2,7),(46,2,8),(46,2,10),(46,4,1),(46,4,2),(46,4,3),(46,4,4),(46,4,5),(46,4,6),(46,4,7),(46,4,8),(46,4,10),(46,5,1),(46,5,2),(46,5,3),(46,5,4),(46,5,5),(46,5,6),(46,5,7),(46,5,8),(46,5,10),(47,2,1),(47,2,2),(47,2,3),(47,2,4),(47,2,5),(47,2,6),(47,2,7),(47,2,8),(47,2,10),(47,4,1),(47,4,2),(47,4,3),(47,4,4),(47,4,5),(47,4,6),(47,4,7),(47,4,8),(47,4,10),(47,5,1),(47,5,2),(47,5,3),(47,5,4),(47,5,5),(47,5,6),(47,5,7),(47,5,8),(47,5,10),(48,2,1),(48,2,2),(48,2,3),(48,2,4),(48,2,5),(48,2,6),(48,2,7),(48,2,8),(48,2,10),(48,4,1),(48,4,2),(48,4,3),(48,4,4),(48,4,5),(48,4,6),(48,4,7),(48,4,8),(48,4,10),(48,5,1),(48,5,2),(48,5,3),(48,5,4),(48,5,5),(48,5,6),(48,5,7),(48,5,8),(48,5,10),(49,2,1),(49,2,2),(49,2,3),(49,2,4),(49,2,5),(49,2,6),(49,2,7),(49,2,8),(49,2,10),(49,4,1),(49,4,2),(49,4,3),(49,4,4),(49,4,5),(49,4,6),(49,4,7),(49,4,8),(49,4,10),(49,5,1),(49,5,2),(49,5,3),(49,5,4),(49,5,5),(49,5,6),(49,5,7),(49,5,8),(49,5,10),(50,2,1),(50,2,2),(50,2,3),(50,2,4),(50,2,5),(50,2,6),(50,2,7),(50,2,8),(50,2,10),(50,4,1),(50,4,2),(50,4,3),(50,4,4),(50,4,5),(50,4,6),(50,4,7),(50,4,8),(50,4,10),(50,5,1),(50,5,2),(50,5,3),(50,5,4),(50,5,5),(50,5,6),(50,5,7),(50,5,8),(50,5,10),(51,2,1),(51,2,2),(51,2,3),(51,2,4),(51,2,5),(51,2,6),(51,2,7),(51,2,8),(51,2,10),(51,4,1),(51,4,2),(51,4,3),(51,4,4),(51,4,5),(51,4,6),(51,4,7),(51,4,8),(51,4,10),(51,5,1),(51,5,2),(51,5,3),(51,5,4),(51,5,5),(51,5,6),(51,5,7),(51,5,8),(51,5,10),(52,2,1),(52,2,2),(52,2,3),(52,2,4),(52,2,5),(52,2,6),(52,2,7),(52,2,8),(52,2,10),(52,4,1),(52,4,2),(52,4,3),(52,4,4),(52,4,5),(52,4,6),(52,4,7),(52,4,8),(52,4,10),(52,5,1),(52,5,2),(52,5,3),(52,5,4),(52,5,5),(52,5,6),(52,5,7),(52,5,8),(52,5,10),(53,2,1),(53,2,2),(53,2,3),(53,2,4),(53,2,5),(53,2,6),(53,2,7),(53,2,8),(53,2,10),(53,4,1),(53,4,2),(53,4,3),(53,4,4),(53,4,5),(53,4,6),(53,4,7),(53,4,8),(53,4,10),(53,5,1),(53,5,2),(53,5,3),(53,5,4),(53,5,5),(53,5,6),(53,5,7),(53,5,8),(53,5,10),(54,2,1),(54,2,2),(54,2,3),(54,2,4),(54,2,5),(54,2,6),(54,2,7),(54,2,8),(54,2,10),(54,4,1),(54,4,2),(54,4,3),(54,4,4),(54,4,5),(54,4,6),(54,4,7),(54,4,8),(54,4,10),(54,5,1),(54,5,2),(54,5,3),(54,5,4),(54,5,5),(54,5,6),(54,5,7),(54,5,8),(54,5,10),(55,2,1),(55,2,2),(55,2,3),(55,2,4),(55,2,5),(55,2,6),(55,2,7),(55,2,8),(55,2,10),(55,4,1),(55,4,2),(55,4,3),(55,4,4),(55,4,5),(55,4,6),(55,4,7),(55,4,8),(55,4,10),(55,5,1),(55,5,2),(55,5,3),(55,5,4),(55,5,5),(55,5,6),(55,5,7),(55,5,8),(55,5,10),(56,2,1),(56,2,2),(56,2,3),(56,2,4),(56,2,5),(56,2,6),(56,2,7),(56,2,8),(56,2,10),(56,4,1),(56,4,2),(56,4,3),(56,4,4),(56,4,5),(56,4,6),(56,4,7),(56,4,8),(56,4,10),(56,5,1),(56,5,2),(56,5,3),(56,5,4),(56,5,5),(56,5,6),(56,5,7),(56,5,8),(56,5,10),(59,2,1),(59,2,2),(59,2,3),(59,2,4),(59,2,5),(59,2,6),(59,2,7),(59,2,8),(59,2,10),(59,4,1),(59,4,2),(59,4,3),(59,4,4),(59,4,5),(59,4,6),(59,4,7),(59,4,8),(59,4,10),(59,5,1),(59,5,2),(59,5,3),(59,5,4),(59,5,5),(59,5,6),(59,5,7),(59,5,8),(59,5,10),(60,2,1),(60,2,2),(60,2,3),(60,2,4),(60,2,5),(60,2,6),(60,2,7),(60,2,8),(60,2,10),(60,4,1),(60,4,2),(60,4,3),(60,4,4),(60,4,5),(60,4,6),(60,4,7),(60,4,8),(60,4,10),(60,5,1),(60,5,2),(60,5,3),(60,5,4),(60,5,5),(60,5,6),(60,5,7),(60,5,8),(60,5,10),(61,2,1),(61,2,2),(61,2,3),(61,2,4),(61,2,5),(61,2,6),(61,2,7),(61,2,8),(61,2,10),(61,4,1),(61,4,2),(61,4,3),(61,4,4),(61,4,5),(61,4,6),(61,4,7),(61,4,8),(61,4,10),(61,5,1),(61,5,2),(61,5,3),(61,5,4),(61,5,5),(61,5,6),(61,5,7),(61,5,8),(61,5,10),(62,2,1),(62,2,2),(62,2,3),(62,2,4),(62,2,5),(62,2,6),(62,2,7),(62,2,8),(62,2,10),(62,4,1),(62,4,2),(62,4,3),(62,4,4),(62,4,5),(62,4,6),(62,4,7),(62,4,8),(62,4,10),(62,5,1),(62,5,2),(62,5,3),(62,5,4),(62,5,5),(62,5,6),(62,5,7),(62,5,8),(62,5,10),(66,2,1),(66,2,2),(66,2,3),(66,2,4),(66,2,5),(66,2,6),(66,2,7),(66,2,8),(66,2,10),(66,4,1),(66,4,2),(66,4,3),(66,4,4),(66,4,5),(66,4,6),(66,4,7),(66,4,8),(66,4,10),(66,5,1),(66,5,2),(66,5,3),(66,5,4),(66,5,5),(66,5,6),(66,5,7),(66,5,8),(66,5,10),(67,2,1),(67,2,2),(67,2,3),(67,2,4),(67,2,5),(67,2,6),(67,2,7),(67,2,8),(67,2,10),(67,4,1),(67,4,2),(67,4,3),(67,4,4),(67,4,5),(67,4,6),(67,4,7),(67,4,8),(67,4,10),(67,5,1),(67,5,2),(67,5,3),(67,5,4),(67,5,5),(67,5,6),(67,5,7),(67,5,8),(67,5,10),(68,2,1),(68,2,2),(68,2,3),(68,2,4),(68,2,5),(68,2,6),(68,2,7),(68,2,8),(68,2,10),(68,4,1),(68,4,2),(68,4,3),(68,4,4),(68,4,5),(68,4,6),(68,4,7),(68,4,8),(68,4,10),(68,5,1),(68,5,2),(68,5,3),(68,5,4),(68,5,5),(68,5,6),(68,5,7),(68,5,8),(68,5,10),(69,2,1),(69,2,2),(69,2,3),(69,2,4),(69,2,5),(69,2,6),(69,2,7),(69,2,8),(69,2,10),(69,4,1),(69,4,2),(69,4,3),(69,4,4),(69,4,5),(69,4,6),(69,4,7),(69,4,8),(69,4,10),(69,5,1),(69,5,2),(69,5,3),(69,5,4),(69,5,5),(69,5,6),(69,5,7),(69,5,8),(69,5,10),(70,2,1),(70,2,2),(70,2,3),(70,2,4),(70,2,5),(70,2,6),(70,2,7),(70,2,8),(70,2,10),(70,4,1),(70,4,2),(70,4,3),(70,4,4),(70,4,5),(70,4,6),(70,4,7),(70,4,8),(70,4,10),(70,5,1),(70,5,2),(70,5,3),(70,5,4),(70,5,5),(70,5,6),(70,5,7),(70,5,8),(70,5,10),(71,2,1),(71,2,2),(71,2,3),(71,2,4),(71,2,5),(71,2,6),(71,2,7),(71,2,8),(71,2,10),(71,4,1),(71,4,2),(71,4,3),(71,4,4),(71,4,5),(71,4,6),(71,4,7),(71,4,8),(71,4,10),(71,5,1),(71,5,2),(71,5,3),(71,5,4),(71,5,5),(71,5,6),(71,5,7),(71,5,8),(71,5,10),(72,2,1),(72,2,2),(72,2,3),(72,2,4),(72,2,5),(72,2,6),(72,2,7),(72,2,8),(72,2,10),(72,4,1),(72,4,2),(72,4,3),(72,4,4),(72,4,5),(72,4,6),(72,4,7),(72,4,8),(72,4,10),(72,5,1),(72,5,2),(72,5,3),(72,5,4),(72,5,5),(72,5,6),(72,5,7),(72,5,8),(72,5,10),(73,2,1),(73,2,2),(73,2,3),(73,2,4),(73,2,5),(73,2,6),(73,2,7),(73,2,8),(73,2,10),(73,4,1),(73,4,2),(73,4,3),(73,4,4),(73,4,5),(73,4,6),(73,4,7),(73,4,8),(73,4,10),(73,5,1),(73,5,2),(73,5,3),(73,5,4),(73,5,5),(73,5,6),(73,5,7),(73,5,8),(73,5,10),(75,2,1),(75,2,2),(75,2,3),(75,2,4),(75,2,5),(75,2,6),(75,2,7),(75,2,8),(75,2,10),(75,4,1),(75,4,2),(75,4,3),(75,4,4),(75,4,5),(75,4,6),(75,4,7),(75,4,8),(75,4,10),(75,5,1),(75,5,2),(75,5,3),(75,5,4),(75,5,5),(75,5,6),(75,5,7),(75,5,8),(75,5,10),(76,2,1),(76,2,2),(76,2,3),(76,2,4),(76,2,5),(76,2,6),(76,2,7),(76,2,8),(76,2,10),(76,4,1),(76,4,2),(76,4,3),(76,4,4),(76,4,5),(76,4,6),(76,4,7),(76,4,8),(76,4,10),(76,5,1),(76,5,2),(76,5,3),(76,5,4),(76,5,5),(76,5,6),(76,5,7),(76,5,8),(76,5,10),(77,2,1),(77,2,2),(77,2,3),(77,2,4),(77,2,5),(77,2,6),(77,2,7),(77,2,8),(77,2,10),(77,4,1),(77,4,2),(77,4,3),(77,4,4),(77,4,5),(77,4,6),(77,4,7),(77,4,8),(77,4,10),(77,5,1),(77,5,2),(77,5,3),(77,5,4),(77,5,5),(77,5,6),(77,5,7),(77,5,8),(77,5,10),(78,2,1),(78,2,2),(78,2,3),(78,2,4),(78,2,5),(78,2,6),(78,2,7),(78,2,8),(78,2,10),(78,4,1),(78,4,2),(78,4,3),(78,4,4),(78,4,5),(78,4,6),(78,4,7),(78,4,8),(78,4,10),(78,5,1),(78,5,2),(78,5,3),(78,5,4),(78,5,5),(78,5,6),(78,5,7),(78,5,8),(78,5,10),(79,2,1),(79,2,2),(79,2,3),(79,2,4),(79,2,5),(79,2,6),(79,2,7),(79,2,8),(79,2,10),(79,4,1),(79,4,2),(79,4,3),(79,4,4),(79,4,5),(79,4,6),(79,4,7),(79,4,8),(79,4,10),(79,5,1),(79,5,2),(79,5,3),(79,5,4),(79,5,5),(79,5,6),(79,5,7),(79,5,8),(79,5,10),(82,2,1),(82,2,2),(82,2,3),(82,2,4),(82,2,5),(82,2,6),(82,2,7),(82,2,8),(82,2,10),(82,4,1),(82,4,2),(82,4,3),(82,4,4),(82,4,5),(82,4,6),(82,4,7),(82,4,8),(82,4,10),(82,5,1),(82,5,2),(82,5,3),(82,5,4),(82,5,5),(82,5,6),(82,5,7),(82,5,8),(82,5,10),(83,2,1),(83,2,2),(83,2,3),(83,2,4),(83,2,5),(83,2,6),(83,2,7),(83,2,8),(83,2,10),(83,4,1),(83,4,2),(83,4,3),(83,4,4),(83,4,5),(83,4,6),(83,4,7),(83,4,8),(83,4,10),(83,5,1),(83,5,2),(83,5,3),(83,5,4),(83,5,5),(83,5,6),(83,5,7),(83,5,8),(83,5,10),(84,2,1),(84,2,2),(84,2,3),(84,2,4),(84,2,5),(84,2,6),(84,2,7),(84,2,8),(84,2,10),(84,4,1),(84,4,2),(84,4,3),(84,4,4),(84,4,5),(84,4,6),(84,4,7),(84,4,8),(84,4,10),(84,5,1),(84,5,2),(84,5,3),(84,5,4),(84,5,5),(84,5,6),(84,5,7),(84,5,8),(84,5,10),(85,2,1),(85,2,2),(85,2,3),(85,2,4),(85,2,5),(85,2,6),(85,2,7),(85,2,8),(85,2,10),(85,4,1),(85,4,2),(85,4,3),(85,4,4),(85,4,5),(85,4,6),(85,4,7),(85,4,8),(85,4,10),(85,5,1),(85,5,2),(85,5,3),(85,5,4),(85,5,5),(85,5,6),(85,5,7),(85,5,8),(85,5,10),(86,2,1),(86,2,2),(86,2,3),(86,2,4),(86,2,5),(86,2,6),(86,2,7),(86,2,8),(86,2,10),(86,4,1),(86,4,2),(86,4,3),(86,4,4),(86,4,5),(86,4,6),(86,4,7),(86,4,8),(86,4,10),(86,5,1),(86,5,2),(86,5,3),(86,5,4),(86,5,5),(86,5,6),(86,5,7),(86,5,8),(86,5,10),(88,2,1),(88,2,2),(88,2,3),(88,2,4),(88,2,5),(88,2,6),(88,2,7),(88,2,8),(88,2,10),(88,4,4),(88,4,5),(88,4,6),(88,4,7),(88,4,8),(88,4,10),(88,5,1),(88,5,2),(88,5,3),(88,5,4),(88,5,5),(88,5,6),(88,5,7),(88,5,8),(88,5,10),(89,2,1),(89,2,2),(89,2,3),(89,2,4),(89,2,5),(89,2,6),(89,2,7),(89,2,8),(89,2,10),(89,4,1),(89,4,2),(89,4,3),(89,4,4),(89,4,5),(89,4,6),(89,4,7),(89,4,8),(89,4,10),(89,5,1),(89,5,2),(89,5,3),(89,5,4),(89,5,5),(89,5,6),(89,5,7),(89,5,8),(89,5,10),(90,2,1),(90,2,2),(90,2,3),(90,2,4),(90,2,5),(90,2,6),(90,2,7),(90,2,8),(90,2,10),(90,4,1),(90,4,2),(90,4,3),(90,4,4),(90,4,5),(90,4,6),(90,4,7),(90,4,8),(90,4,10),(90,5,1),(90,5,2),(90,5,3),(90,5,4),(90,5,5),(90,5,6),(90,5,7),(90,5,8),(90,5,10),(91,2,1),(91,2,2),(91,2,3),(91,2,4),(91,2,5),(91,2,6),(91,2,7),(91,2,8),(91,2,10),(91,4,1),(91,4,2),(91,4,3),(91,4,4),(91,4,5),(91,4,6),(91,4,7),(91,4,8),(91,4,10),(91,5,1),(91,5,2),(91,5,3),(91,5,4),(91,5,5),(91,5,6),(91,5,7),(91,5,8),(91,5,10),(92,2,1),(92,2,2),(92,2,3),(92,2,4),(92,2,5),(92,2,6),(92,2,7),(92,2,8),(92,2,10),(92,4,1),(92,4,2),(92,4,3),(92,4,4),(92,4,5),(92,4,6),(92,4,7),(92,4,8),(92,4,10),(92,5,1),(92,5,2),(92,5,3),(92,5,4),(92,5,5),(92,5,6),(92,5,7),(92,5,8),(92,5,10),(93,2,1),(93,2,2),(93,2,3),(93,2,4),(93,2,5),(93,2,6),(93,2,7),(93,2,8),(93,2,10),(93,4,1),(93,4,2),(93,4,3),(93,4,4),(93,4,5),(93,4,6),(93,4,7),(93,4,8),(93,4,10),(93,5,1),(93,5,2),(93,5,3),(93,5,4),(93,5,5),(93,5,6),(93,5,7),(93,5,8),(93,5,10),(95,2,1),(95,2,2),(95,2,3),(95,2,4),(95,2,5),(95,2,6),(95,2,7),(95,2,8),(95,2,10),(95,4,1),(95,4,2),(95,4,3),(95,4,4),(95,4,5),(95,4,6),(95,4,7),(95,4,8),(95,4,10),(95,5,1),(95,5,2),(95,5,3),(95,5,4),(95,5,5),(95,5,6),(95,5,7),(95,5,8),(95,5,10),(96,2,1),(96,2,2),(96,2,3),(96,2,4),(96,2,5),(96,2,6),(96,2,7),(96,2,8),(96,2,10),(96,4,1),(96,4,2),(96,4,3),(96,4,4),(96,4,5),(96,4,6),(96,4,7),(96,4,8),(96,4,10),(96,5,1),(96,5,2),(96,5,3),(96,5,4),(96,5,5),(96,5,6),(96,5,7),(96,5,8),(96,5,10),(97,2,1),(97,2,2),(97,2,3),(97,2,4),(97,2,5),(97,2,6),(97,2,7),(97,2,8),(97,2,10),(97,4,1),(97,4,2),(97,4,3),(97,4,4),(97,4,5),(97,4,6),(97,4,7),(97,4,8),(97,4,10),(97,5,1),(97,5,2),(97,5,3),(97,5,4),(97,5,5),(97,5,6),(97,5,7),(97,5,8),(97,5,10),(98,2,1),(98,2,2),(98,2,3),(98,2,4),(98,2,5),(98,2,6),(98,2,7),(98,2,8),(98,2,10),(98,4,1),(98,4,2),(98,4,3),(98,4,4),(98,4,5),(98,4,6),(98,4,7),(98,4,8),(98,4,10),(98,5,1),(98,5,2),(98,5,3),(98,5,4),(98,5,5),(98,5,6),(98,5,7),(98,5,8),(98,5,10),(99,2,1),(99,2,2),(99,2,3),(99,2,4),(99,2,5),(99,2,6),(99,2,7),(99,2,8),(99,2,10),(99,4,1),(99,4,2),(99,4,3),(99,4,4),(99,4,5),(99,4,6),(99,4,7),(99,4,8),(99,4,10),(101,2,1),(101,2,2),(101,2,3),(101,2,4),(101,2,5),(101,2,6),(101,2,7),(101,2,8),(101,2,10),(101,4,1),(101,4,2),(101,4,3),(101,4,4),(101,4,5),(101,4,6),(101,4,7),(101,4,8),(101,4,10);

--
-- Table structure for table `pre3303_module_history`
--

CREATE TABLE `pre3303_module_history` (
  `id` int(11) NOT NULL AUTO_INCREMENT,
  `id_employee` int(11) NOT NULL,
  `id_module` int(11) NOT NULL,
  `date_add` datetime NOT NULL,
  `date_upd` datetime NOT NULL,
  PRIMARY KEY (`id`)
) ENGINE=InnoDB AUTO_INCREMENT=90 DEFAULT CHARSET=utf8 COLLATE=utf8_unicode_ci;

--
-- Dumping data for table `pre3303_module_history`
--

INSERT INTO `pre3303_module_history` VALUES (1,1,55,'2018-07-09 12:23:44','2018-07-09 12:26:50'),(2,1,7,'2018-07-10 00:33:12','2018-07-12 02:41:59'),(3,1,20,'2018-07-10 00:34:08','2019-01-06 19:59:19'),(4,1,26,'2018-07-10 00:37:04','2018-08-23 19:20:26'),(5,1,52,'2018-07-11 16:45:24','2018-07-19 23:05:53'),(6,1,56,'2018-07-11 21:40:23','2018-07-25 23:23:19'),(7,1,16,'2018-07-12 01:58:40','2018-10-16 16:55:04'),(8,1,8,'2018-07-12 02:44:11','2018-07-19 17:16:44'),(9,1,21,'2018-07-12 02:46:05','2018-07-15 18:28:21'),(10,1,18,'2018-07-12 15:32:51','2019-01-07 16:23:24'),(11,1,25,'2018-07-12 20:31:19','2018-07-27 20:29:23'),(12,1,23,'2018-07-12 20:33:53','2019-01-08 16:34:11'),(13,1,63,'2018-07-13 15:37:05','2018-07-17 23:48:46'),(14,1,24,'2018-07-13 15:43:34','2019-01-06 20:02:42'),(15,1,64,'2018-07-13 16:13:39','2018-07-17 23:49:22'),(16,1,57,'2018-07-13 16:14:01','2018-07-17 22:42:09'),(17,1,61,'2018-07-13 16:29:42','2018-07-28 12:33:55'),(18,1,65,'2018-07-13 16:30:06','2018-07-17 22:32:06'),(19,1,17,'2018-07-13 16:44:52','2018-07-14 15:51:15'),(20,1,66,'2018-07-15 16:34:30','2019-01-15 15:10:23'),(21,1,68,'2018-07-15 16:47:46','2018-09-27 18:35:41'),(22,1,70,'2018-07-15 17:21:35','2018-07-15 18:01:48'),(23,1,71,'2018-07-15 18:15:56','2018-09-06 13:34:54'),(24,1,69,'2018-07-15 18:22:40','2018-08-25 12:31:23'),(25,1,72,'2018-07-15 18:25:23','2018-07-27 17:55:50'),(26,1,67,'2018-07-15 18:41:09','2018-09-06 15:59:06'),(27,1,73,'2018-07-16 18:26:44','2018-08-25 12:18:41'),(28,1,15,'2018-07-16 19:08:40','2018-07-27 18:46:31'),(29,1,77,'2018-07-20 20:26:53','2018-07-20 20:27:56'),(30,1,80,'2018-07-28 11:23:39','2018-07-28 11:23:39'),(31,1,81,'2018-08-02 19:38:47','2018-08-02 19:52:17'),(32,1,82,'2018-08-02 19:55:58','2018-09-12 18:29:51'),(33,2,83,'2018-08-02 22:36:37','2019-01-01 12:33:54'),(34,2,55,'2018-08-03 16:09:34','2018-11-30 12:14:17'),(35,2,71,'2018-08-03 16:14:11','2018-08-03 16:14:11'),(36,2,82,'2018-08-03 16:14:24','2018-11-06 14:08:48'),(37,2,25,'2018-08-11 13:24:39','2018-12-31 12:40:09'),(38,2,16,'2018-08-11 15:37:00','2019-01-27 11:27:53'),(39,1,9,'2018-08-23 19:19:04','2018-08-23 19:19:04'),(40,2,15,'2018-08-25 14:34:03','2018-08-25 14:34:03'),(41,2,73,'2018-08-25 22:54:50','2018-11-13 11:47:41'),(42,2,85,'2018-08-25 22:58:52','2018-11-06 14:14:00'),(43,2,86,'2018-08-25 23:00:49','2018-08-25 23:00:49'),(44,2,84,'2018-08-25 23:01:47','2018-10-31 16:08:32'),(45,2,67,'2018-08-31 14:22:58','2018-10-26 19:30:49'),(46,2,80,'2018-09-04 15:39:14','2018-09-04 15:39:14'),(47,2,70,'2018-09-04 16:16:37','2018-09-04 16:16:37'),(48,2,61,'2018-09-06 15:08:07','2018-11-05 08:47:30'),(49,2,68,'2018-09-20 19:02:19','2018-11-26 16:27:19'),(50,1,62,'2018-09-22 11:35:39','2018-09-22 11:58:18'),(51,2,77,'2018-09-26 16:49:39','2018-09-26 16:49:39'),(52,2,8,'2018-09-27 15:53:33','2018-09-27 15:56:05'),(53,2,62,'2018-09-27 18:54:00','2019-01-03 12:21:21'),(54,2,54,'2018-09-27 19:01:41','2018-11-08 10:15:26'),(55,2,69,'2018-10-27 13:39:19','2018-11-13 11:38:05'),(56,2,51,'2018-11-06 14:08:19','2018-11-06 14:08:19'),(57,2,89,'2018-11-08 10:31:10','2018-11-08 10:31:10'),(58,2,90,'2018-11-09 16:43:52','2019-01-04 12:24:12'),(59,2,91,'2018-11-12 13:43:05','2019-01-03 17:14:52'),(60,2,26,'2018-11-13 12:08:33','2018-11-13 12:10:00'),(61,2,9,'2018-11-13 12:11:16','2018-11-13 12:11:16'),(62,2,72,'2018-11-22 22:40:00','2018-11-22 22:40:00'),(63,2,92,'2018-11-30 11:33:54','2019-01-03 13:11:04'),(64,2,56,'2018-12-31 10:30:45','2018-12-31 10:30:45'),(65,2,93,'2018-12-31 10:42:52','2019-05-15 15:20:39'),(66,2,14,'2018-12-31 10:46:36','2019-01-03 14:19:19'),(67,2,20,'2018-12-31 11:13:28','2019-01-03 14:50:40'),(68,2,18,'2018-12-31 11:25:08','2019-01-03 18:20:38'),(69,2,17,'2018-12-31 12:39:20','2018-12-31 12:39:20'),(70,1,93,'2019-01-06 19:03:44','2019-06-07 11:37:37'),(71,1,14,'2019-01-06 19:50:42','2019-01-06 19:52:57'),(72,1,83,'2019-01-06 20:09:05','2019-01-08 16:33:08'),(73,1,54,'2019-01-06 20:14:55','2019-01-06 20:14:55'),(74,2,94,'2019-01-08 00:34:21','2019-01-08 00:40:05'),(75,2,95,'2019-01-08 00:48:46','2019-01-08 00:55:17'),(76,1,95,'2019-01-08 16:51:07','2019-01-08 17:13:26'),(77,7,95,'2019-01-09 16:50:25','2019-01-09 17:32:10'),(78,1,37,'2019-01-11 11:45:26','2019-01-11 11:45:26'),(79,1,90,'2019-02-08 16:36:05','2019-02-13 12:48:42'),(80,1,96,'2019-02-11 16:42:59','2019-05-06 23:07:13'),(81,1,97,'2019-02-11 17:59:07','2019-02-13 12:48:19'),(82,8,86,'2019-02-20 16:36:20','2019-04-30 12:10:55'),(83,8,84,'2019-02-20 16:37:50','2019-04-30 12:18:55'),(84,8,85,'2019-02-21 13:37:44','2019-04-18 11:35:50'),(85,1,98,'2019-02-27 15:55:47','2019-02-27 15:55:47'),(86,8,98,'2019-03-08 12:21:44','2019-03-28 13:49:08'),(87,8,99,'2019-03-21 12:12:00','2019-04-18 12:35:53'),(88,8,17,'2019-07-01 13:43:05','2019-07-01 14:52:28'),(89,8,93,'2019-07-01 14:00:00','2019-07-01 14:48:52');

--
-- Table structure for table `pre3303_module_preference`
--

CREATE TABLE `pre3303_module_preference` (
  `id_module_preference` int(11) NOT NULL AUTO_INCREMENT,
  `id_employee` int(11) NOT NULL,
  `module` varchar(255) NOT NULL,
  `interest` tinyint(1) DEFAULT NULL,
  `favorite` tinyint(1) DEFAULT NULL,
  PRIMARY KEY (`id_module_preference`),
  UNIQUE KEY `employee_module` (`id_employee`,`module`)
) ENGINE=InnoDB DEFAULT CHARSET=utf8;

--
-- Dumping data for table `pre3303_module_preference`
--


--
-- Table structure for table `pre3303_module_seohelping_objects`
--

CREATE TABLE `pre3303_module_seohelping_objects` (
  `id_rule` int(11) unsigned NOT NULL,
  `id_obj` int(11) unsigned NOT NULL,
  PRIMARY KEY (`id_rule`,`id_obj`)
) ENGINE=InnoDB DEFAULT CHARSET=utf8;

--
-- Dumping data for table `pre3303_module_seohelping_objects`
--

INSERT INTO `pre3303_module_seohelping_objects` VALUES (1,61),(1,76),(1,78),(1,79),(1,80),(1,81),(1,90),(1,96),(1,97),(1,98),(1,99),(1,100),(1,101),(1,103),(1,104),(1,105),(1,106),(1,107),(1,108),(1,109),(1,110),(1,111),(1,112),(1,113),(1,114),(1,115),(1,116),(1,120),(1,123),(1,129),(1,134),(1,142),(1,143),(1,144),(1,145),(1,146),(1,147),(1,149),(1,150),(1,151),(1,152),(1,153),(1,154),(1,155),(1,158),(1,159),(2,61),(2,76),(2,78),(2,79),(2,80),(2,81),(2,90),(2,96),(2,97),(2,98),(2,99),(2,100),(2,101),(2,103),(2,104),(2,105),(2,106),(2,107),(2,108),(2,109),(2,110),(2,111),(2,112),(2,113),(2,114),(2,115),(2,116),(2,120),(2,123),(2,129),(2,134),(2,142),(2,143),(2,144),(2,145),(2,146),(2,147),(2,149),(2,150),(2,151),(2,152),(2,153),(2,154),(2,155),(2,158),(2,159),(3,0),(4,0);

--
-- Table structure for table `pre3303_module_seohelping_patterns`
--

CREATE TABLE `pre3303_module_seohelping_patterns` (
  `id_rule` int(11) unsigned NOT NULL,
  `field` varchar(100) NOT NULL DEFAULT '',
  `pattern` varchar(250) DEFAULT NULL,
  PRIMARY KEY (`id_rule`,`field`)
) ENGINE=InnoDB DEFAULT CHARSET=utf8;

--
-- Dumping data for table `pre3303_module_seohelping_patterns`
--

INSERT INTO `pre3303_module_seohelping_patterns` VALUES (1,'link_rewrite','Litho.Online {product_name} {product_description_short}'),(2,'fb_desc','{product_description_short} {product_price}'),(2,'fb_image','1'),(2,'fb_title','{product_name}'),(2,'meta_description','{product_name} {product_description_short}'),(2,'meta_keywords','Litho.Online {default_cat_name}'),(2,'meta_title','Litho.Online {product_name}'),(3,'link_rewrite','store.joelknafo-art.com {product_name} {product_description_short}'),(4,'meta_description','store.joelknafo-art.com {product_name} {product_description_short}'),(4,'meta_keywords','store.joelknafo-art.com  {product_name}'),(4,'meta_title','store.joelknafo-art.com {product_name}');

--
-- Table structure for table `pre3303_module_seohelping_rules`
--

CREATE TABLE `pre3303_module_seohelping_rules` (
  `id_rule` int(11) unsigned NOT NULL AUTO_INCREMENT,
  `id_lang` int(11) unsigned NOT NULL,
  `id_shop` int(11) unsigned NOT NULL,
  `name` varchar(50) NOT NULL,
  `type` varchar(50) NOT NULL,
  `role` varchar(4) NOT NULL,
  `active` tinyint(1) unsigned DEFAULT NULL,
  `date_add` datetime DEFAULT NULL,
  `date_upd` datetime DEFAULT NULL,
  PRIMARY KEY (`id_rule`),
  KEY `id_lang` (`id_lang`),
  KEY `id_shop` (`id_shop`)
) ENGINE=InnoDB AUTO_INCREMENT=5 DEFAULT CHARSET=utf8;

--
-- Dumping data for table `pre3303_module_seohelping_rules`
--

INSERT INTO `pre3303_module_seohelping_rules` VALUES (1,1,4,'LithoOnline SEO','product','url',1,'2018-07-19 19:07:31','2018-11-07 16:29:13'),(2,1,4,'Litho Meta-Tag','product','meta',1,'2018-08-25 12:28:03','2018-11-07 16:29:23'),(3,1,2,'store.joelknafo-art.com SEO','product','url',1,'2018-10-27 14:11:59','2018-11-07 16:48:34'),(4,1,2,'store.joelknafo-art.com SEO Tag','product','meta',1,'2018-10-27 14:14:20','2018-11-07 16:48:42');

--
-- Table structure for table `pre3303_module_seoimg_objects`
--

CREATE TABLE `pre3303_module_seoimg_objects` (
  `id_rule` int(11) unsigned NOT NULL,
  `id_obj` int(11) unsigned NOT NULL,
  PRIMARY KEY (`id_rule`,`id_obj`)
) ENGINE=InnoDB DEFAULT CHARSET=utf8;

--
-- Dumping data for table `pre3303_module_seoimg_objects`
--

INSERT INTO `pre3303_module_seoimg_objects` VALUES (1,61),(1,76),(1,78),(1,79),(1,80),(1,81),(1,90),(1,96),(1,97),(1,98),(1,99),(1,100),(1,101),(1,103),(1,104),(1,105),(1,106),(1,107),(1,108),(1,109),(1,110),(1,111),(1,112),(1,113),(1,114),(1,115),(1,116),(1,120),(1,123),(1,129),(1,134),(1,142),(1,143),(1,144),(1,145),(1,146),(1,147),(1,149),(1,150),(1,151),(1,152),(1,153),(1,154),(1,155),(1,158),(1,159),(2,0);

--
-- Table structure for table `pre3303_module_seoimg_patterns`
--

CREATE TABLE `pre3303_module_seoimg_patterns` (
  `id_rule` int(11) unsigned NOT NULL,
  `field` varchar(100) NOT NULL DEFAULT '',
  `pattern` varchar(250) DEFAULT NULL,
  PRIMARY KEY (`id_rule`,`field`)
) ENGINE=InnoDB DEFAULT CHARSET=utf8;

--
-- Dumping data for table `pre3303_module_seoimg_patterns`
--

INSERT INTO `pre3303_module_seoimg_patterns` VALUES (1,'legend','Litho.Online {product_name}'),(2,'legend','store.joelknafo-art.com {product_name}');

--
-- Table structure for table `pre3303_module_seoimg_rules`
--

CREATE TABLE `pre3303_module_seoimg_rules` (
  `id_rule` int(11) unsigned NOT NULL AUTO_INCREMENT,
  `id_lang` int(11) unsigned NOT NULL,
  `id_shop` int(11) unsigned NOT NULL,
  `name` varchar(50) NOT NULL,
  `type` varchar(50) NOT NULL,
  `role` varchar(4) NOT NULL,
  `active` tinyint(1) unsigned DEFAULT NULL,
  `date_add` datetime DEFAULT NULL,
  `date_upd` datetime DEFAULT NULL,
  PRIMARY KEY (`id_rule`),
  KEY `id_lang` (`id_lang`),
  KEY `id_shop` (`id_shop`)
) ENGINE=InnoDB AUTO_INCREMENT=3 DEFAULT CHARSET=utf8;

--
-- Dumping data for table `pre3303_module_seoimg_rules`
--

INSERT INTO `pre3303_module_seoimg_rules` VALUES (1,1,4,'Litho SEO Images','product','meta',1,'2018-08-25 12:37:44','2018-11-07 16:47:54'),(2,1,2,'Joel Knafo Art SEO Images','product','meta',1,'2018-10-27 13:42:31','2018-10-30 19:15:43');

--
-- Table structure for table `pre3303_module_shop`
--

CREATE TABLE `pre3303_module_shop` (
  `id_module` int(11) unsigned NOT NULL,
  `id_shop` int(11) unsigned NOT NULL,
  `enable_device` tinyint(1) NOT NULL DEFAULT '7',
  PRIMARY KEY (`id_module`,`id_shop`),
  KEY `id_shop` (`id_shop`)
) ENGINE=InnoDB DEFAULT CHARSET=utf8;

--
-- Dumping data for table `pre3303_module_shop`
--

INSERT INTO `pre3303_module_shop` VALUES (1,2,7),(1,4,7),(1,5,7),(2,2,7),(2,4,7),(2,5,7),(3,2,7),(3,4,7),(3,5,7),(4,2,7),(4,4,7),(4,5,7),(5,2,7),(5,4,7),(5,5,7),(6,2,7),(6,4,7),(6,5,7),(8,5,7),(9,2,7),(9,4,7),(9,5,7),(10,2,7),(10,4,7),(11,2,7),(11,4,7),(11,5,7),(12,2,7),(12,4,7),(12,5,7),(13,2,7),(13,4,7),(13,5,7),(14,2,7),(14,4,7),(15,5,7),(16,2,7),(16,4,7),(16,5,7),(17,2,7),(17,4,7),(17,5,7),(18,2,7),(18,4,7),(19,2,7),(19,4,7),(19,5,7),(20,2,7),(20,4,7),(20,5,7),(22,2,7),(22,4,7),(22,5,7),(23,2,7),(23,4,7),(23,5,7),(25,2,7),(25,4,7),(25,5,7),(26,2,7),(26,4,7),(26,5,7),(27,2,7),(27,4,7),(27,5,7),(28,2,7),(28,4,7),(28,5,7),(29,2,7),(29,4,7),(29,5,7),(30,2,7),(30,4,7),(30,5,7),(31,2,7),(31,4,7),(31,5,7),(32,2,7),(32,4,7),(32,5,7),(33,2,7),(33,4,7),(33,5,7),(34,2,7),(34,4,7),(34,5,7),(35,2,7),(35,4,7),(35,5,7),(36,2,7),(36,4,7),(36,5,7),(37,2,7),(37,4,7),(37,5,7),(38,2,7),(38,4,7),(38,5,7),(39,2,7),(39,4,7),(39,5,7),(40,2,7),(40,4,7),(40,5,7),(41,2,7),(41,4,7),(41,5,7),(42,2,7),(42,4,7),(42,5,7),(43,2,7),(43,4,7),(43,5,7),(44,2,7),(44,4,7),(44,5,7),(45,2,7),(45,4,7),(45,5,7),(46,2,7),(46,4,7),(46,5,7),(47,2,7),(47,4,7),(47,5,7),(48,2,7),(48,4,7),(48,5,7),(49,2,7),(49,4,7),(49,5,7),(51,2,7),(51,4,7),(51,5,7),(52,2,7),(52,4,7),(52,5,7),(53,2,7),(53,4,7),(53,5,7),(54,2,7),(54,4,7),(54,5,7),(55,2,7),(55,4,7),(55,5,7),(56,2,7),(56,4,7),(56,5,7),(59,2,7),(59,4,7),(59,5,7),(60,2,7),(60,4,7),(60,5,7),(61,2,7),(61,4,7),(61,5,7),(62,2,7),(62,4,7),(62,5,7),(66,2,7),(66,4,7),(66,5,7),(67,2,7),(67,4,7),(68,2,7),(68,4,7),(68,5,7),(69,2,7),(69,4,7),(69,5,7),(70,2,7),(70,4,7),(70,5,7),(71,4,7),(72,2,7),(72,4,7),(72,5,7),(73,2,7),(73,4,7),(73,5,7),(75,0,7),(75,5,7),(76,0,7),(76,5,7),(77,0,7),(77,5,7),(78,5,7),(79,5,7),(82,4,7),(83,2,7),(83,4,7),(83,5,7),(84,2,7),(84,4,7),(84,5,7),(85,2,7),(85,4,7),(85,5,7),(86,4,7),(86,5,7),(88,4,7),(89,2,7),(89,4,7),(89,5,7),(90,2,7),(90,4,7),(90,5,7),(91,2,7),(91,4,7),(91,5,7),(92,2,7),(92,4,7),(92,5,7),(93,2,7),(93,4,7),(93,5,7),(95,2,7),(95,4,7),(96,4,7),(97,4,7),(98,4,7),(98,5,7),(99,4,7),(101,2,7),(101,4,7);

--
-- Table structure for table `pre3303_operating_system`
--

CREATE TABLE `pre3303_operating_system` (
  `id_operating_system` int(10) unsigned NOT NULL AUTO_INCREMENT,
  `name` varchar(64) DEFAULT NULL,
  PRIMARY KEY (`id_operating_system`)
) ENGINE=InnoDB AUTO_INCREMENT=10 DEFAULT CHARSET=utf8;

--
-- Dumping data for table `pre3303_operating_system`
--

INSERT INTO `pre3303_operating_system` VALUES (1,'Windows XP'),(2,'Windows Vista'),(3,'Windows 7'),(4,'Windows 8'),(5,'Windows 8.1'),(6,'Windows 10'),(7,'MacOsX'),(8,'Linux'),(9,'Android');

--
-- Table structure for table `pre3303_order_carrier`
--

CREATE TABLE `pre3303_order_carrier` (
  `id_order_carrier` int(11) NOT NULL AUTO_INCREMENT,
  `id_order` int(11) unsigned NOT NULL,
  `id_carrier` int(11) unsigned NOT NULL,
  `id_order_invoice` int(11) unsigned DEFAULT NULL,
  `weight` decimal(20,6) DEFAULT NULL,
  `shipping_cost_tax_excl` decimal(20,6) DEFAULT NULL,
  `shipping_cost_tax_incl` decimal(20,6) DEFAULT NULL,
  `tracking_number` varchar(64) DEFAULT NULL,
  `date_add` datetime NOT NULL,
  PRIMARY KEY (`id_order_carrier`),
  KEY `id_order` (`id_order`),
  KEY `id_carrier` (`id_carrier`),
  KEY `id_order_invoice` (`id_order_invoice`)
) ENGINE=InnoDB AUTO_INCREMENT=263 DEFAULT CHARSET=utf8;

--
-- Dumping data for table `pre3303_order_carrier`
--

INSERT INTO `pre3303_order_carrier` VALUES (1,1,36,1,0.000000,0.000000,0.000000,'','2019-01-03 16:17:23'),(2,2,36,2,0.000000,0.000000,0.000000,'','2019-01-03 16:18:29'),(3,3,36,3,0.000000,0.000000,0.000000,'','2019-01-03 16:26:05'),(4,4,36,4,0.000000,0.000000,0.000000,'9V31637695383','2019-01-03 16:36:31'),(5,5,36,5,0.000000,0.000000,0.000000,'9V31637695376','2019-01-03 16:47:29'),(6,6,36,6,0.000000,0.000000,0.000000,'','2019-01-03 20:00:26'),(7,7,36,7,0.000000,0.000000,0.000000,'','2019-01-04 14:45:45'),(8,8,36,8,0.000000,0.000000,0.000000,'','2019-01-04 16:47:05'),(9,9,36,9,0.000000,0.000000,0.000000,'','2019-01-04 16:50:42'),(10,10,36,10,0.000000,0.000000,0.000000,'','2019-01-04 16:53:41'),(11,11,36,11,0.000000,0.000000,0.000000,'','2019-01-05 18:29:49'),(12,12,36,12,0.000000,0.000000,0.000000,'','2019-01-07 17:57:28'),(13,13,44,13,0.000000,125.000000,150.000000,'','2019-01-07 18:05:57'),(14,14,36,14,0.000000,0.000000,0.000000,'','2019-01-08 00:34:19'),(15,15,45,15,0.000000,0.000000,0.000000,'9V31642729998','2019-01-10 16:13:36'),(16,16,45,16,0.000000,0.000000,0.000000,'','2019-01-11 16:53:27'),(17,17,45,17,0.000000,0.000000,0.000000,'','2019-01-12 13:11:21'),(18,18,45,18,0.000000,0.000000,0.000000,'','2019-01-14 23:45:46'),(19,19,44,19,0.000000,150.000000,180.000000,'','2019-01-14 23:51:46'),(20,20,45,20,0.000000,0.000000,0.000000,'','2019-01-18 14:18:40'),(21,21,45,21,0.000000,0.000000,0.000000,'','2019-01-18 14:56:21'),(22,22,45,22,0.000000,0.000000,0.000000,'','2019-01-18 15:10:02'),(23,23,45,23,0.000000,0.000000,0.000000,'','2019-01-18 17:21:26'),(24,24,45,24,0.000000,0.000000,0.000000,'','2019-01-18 18:45:05'),(25,25,45,25,0.000000,0.000000,0.000000,'','2019-01-18 18:49:41'),(26,26,45,26,0.000000,0.000000,0.000000,'','2019-01-19 18:44:07'),(27,27,45,27,0.000000,0.000000,0.000000,'','2019-01-19 18:56:36'),(28,28,40,28,0.000000,12.500000,15.000000,'','2019-01-22 15:31:58'),(29,29,45,29,0.000000,0.000000,0.000000,'9V31663430811','2019-01-24 15:20:29'),(30,30,45,30,0.000000,0.000000,0.000000,'','2019-01-24 15:59:27'),(31,31,45,31,0.000000,0.000000,0.000000,'','2019-01-26 15:39:40'),(32,32,45,32,0.000000,0.000000,0.000000,'','2019-01-26 15:41:14'),(33,33,45,33,0.000000,0.000000,0.000000,'','2019-01-26 19:04:19'),(34,34,45,34,0.000000,0.000000,0.000000,'','2019-01-26 19:53:32'),(35,35,40,35,0.000000,12.500000,15.000000,'','2019-01-28 23:35:05'),(36,36,45,36,0.000000,0.000000,0.000000,'9V31664681625','2019-01-31 15:00:32'),(37,37,45,37,0.000000,0.000000,0.000000,'','2019-02-02 17:46:40'),(38,38,45,38,0.000000,0.000000,0.000000,'','2019-02-02 17:57:10'),(39,39,45,39,0.000000,0.000000,0.000000,'','2019-02-04 14:39:47'),(40,40,45,40,0.000000,0.000000,0.000000,'','2019-02-07 14:38:02'),(41,41,45,41,0.000000,0.000000,0.000000,'9V31666305314','2019-02-07 16:46:30'),(42,42,45,42,0.000000,0.000000,0.000000,'9V31666305307','2019-02-07 17:03:43'),(43,43,45,43,0.000000,0.000000,0.000000,'9V31667604270','2019-02-14 14:26:46'),(44,44,45,44,0.000000,0.000000,0.000000,'','2019-02-17 18:18:49'),(45,45,40,45,0.000000,12.500000,15.000000,'9V31677078429','2019-02-18 22:25:43'),(46,46,40,46,0.000000,12.500000,15.000000,'9V31677078412','2019-02-19 10:48:40'),(47,47,40,47,0.000000,12.500000,15.000000,'9V31684705646','2019-02-23 13:45:32'),(48,48,45,48,0.000000,0.000000,0.000000,'','2019-02-23 15:00:32'),(49,49,45,49,0.000000,0.000000,0.000000,'','2019-02-24 19:05:48'),(50,50,45,50,0.000000,0.000000,0.000000,'','2019-03-02 18:33:41'),(51,51,45,51,0.000000,0.000000,0.000000,'','2019-03-02 18:42:50'),(52,52,45,52,0.000000,0.000000,0.000000,'','2019-03-04 17:35:05'),(53,53,45,53,0.000000,0.000000,0.000000,'','2019-03-08 11:42:32'),(54,54,45,54,0.000000,0.000000,0.000000,'','2019-03-08 15:28:48'),(55,55,40,58,0.000000,12.500000,15.000000,'','2019-03-10 13:38:29'),(56,56,45,57,0.000000,0.000000,0.000000,'','2019-03-10 16:04:00'),(57,57,45,56,0.000000,0.000000,0.000000,'','2019-03-11 09:26:16'),(58,58,45,55,0.000000,0.000000,0.000000,'','2019-03-11 09:27:07'),(59,59,45,59,0.000000,0.000000,0.000000,'','2019-03-11 18:08:59'),(60,60,45,60,0.000000,0.000000,0.000000,'','2019-03-12 10:27:06'),(61,61,45,61,0.000000,0.000000,0.000000,'','2019-03-13 18:39:44'),(62,62,45,62,0.000000,0.000000,0.000000,'','2019-03-14 12:30:39'),(63,63,45,63,0.000000,0.000000,0.000000,'','2019-03-14 14:23:22'),(64,64,45,64,0.000000,0.000000,0.000000,'','2019-03-14 14:35:11'),(65,65,45,65,0.000000,0.000000,0.000000,'','2019-03-14 14:41:39'),(66,66,45,66,0.000000,0.000000,0.000000,'','2019-03-14 15:07:56'),(67,67,45,67,0.000000,0.000000,0.000000,'','2019-03-14 15:38:04'),(68,68,45,68,0.000000,0.000000,0.000000,'','2019-03-15 17:42:48'),(69,69,45,69,0.000000,0.000000,0.000000,'','2019-03-15 18:02:17'),(70,70,45,70,0.000000,0.000000,0.000000,'','2019-03-17 21:08:44'),(71,71,45,71,0.000000,0.000000,0.000000,'','2019-03-22 16:43:40'),(72,72,45,72,0.000000,0.000000,0.000000,'','2019-03-23 19:32:58'),(73,73,40,73,0.000000,12.500000,15.000000,'9V31709369570','2019-03-24 08:53:55'),(74,74,45,74,0.000000,0.000000,0.000000,'','2019-03-24 15:57:51'),(75,75,45,75,0.000000,0.000000,0.000000,'','2019-03-26 18:02:04'),(76,76,40,76,0.000000,12.500000,15.000000,'9V31709369563','2019-03-28 12:02:02'),(77,77,45,77,0.000000,0.000000,0.000000,'9V31709369556','2019-03-28 16:38:27'),(78,78,45,78,0.000000,0.000000,0.000000,'9V31709369549','2019-03-28 16:44:14'),(79,79,45,79,0.000000,0.000000,0.000000,'','2019-03-29 14:59:07'),(80,80,45,80,0.000000,0.000000,0.000000,'','2019-03-29 15:59:15'),(81,81,45,81,0.000000,0.000000,0.000000,'','2019-03-29 16:59:27'),(82,82,45,82,0.000000,0.000000,0.000000,'','2019-03-29 17:04:13'),(83,83,44,83,0.000000,125.000000,150.000000,'','2019-03-29 17:08:38'),(84,84,45,84,0.000000,0.000000,0.000000,'','2019-03-29 17:13:28'),(85,85,45,85,0.000000,0.000000,0.000000,'9V31715832501','2019-03-30 14:32:59'),(86,86,45,86,0.000000,0.000000,0.000000,'','2019-03-30 17:13:33'),(87,87,45,87,0.000000,0.000000,0.000000,'','2019-03-30 18:37:15'),(88,88,40,88,0.000000,12.500000,15.000000,'9V31715833997','2019-03-31 09:55:02'),(89,89,45,89,0.000000,0.000000,0.000000,'','2019-04-01 10:22:17'),(90,90,45,90,0.000000,0.000000,0.000000,'','2019-04-04 11:12:33'),(91,91,45,91,0.000000,0.000000,0.000000,'','2019-04-04 14:48:08'),(92,92,45,92,0.000000,0.000000,0.000000,'','2019-04-04 14:49:50'),(93,93,45,93,0.000000,0.000000,0.000000,'','2019-04-04 17:32:14'),(94,94,45,94,0.000000,0.000000,0.000000,'','2019-04-05 12:44:46'),(95,95,45,95,0.000000,0.000000,0.000000,'','2019-04-05 14:42:47'),(96,96,40,96,0.000000,12.500000,15.000000,'','2019-04-05 16:37:04'),(97,97,45,97,0.000000,0.000000,0.000000,'9V31715834772','2019-04-06 18:29:20'),(98,98,45,98,0.000000,0.000000,0.000000,'','2019-04-10 14:48:11'),(99,99,45,99,0.000000,0.000000,0.000000,'','2019-04-10 15:08:47'),(100,100,45,100,0.000000,0.000000,0.000000,'','2019-04-10 15:37:57'),(101,101,45,101,0.000000,0.000000,0.000000,'','2019-04-10 17:27:11'),(102,102,40,102,0.000000,12.500000,15.000000,'CB440179263FR','2019-04-10 20:35:10'),(103,103,45,103,0.000000,0.000000,0.000000,'9V31720321588','2019-04-10 23:27:52'),(104,104,45,104,0.000000,0.000000,0.000000,'','2019-04-11 15:26:10'),(105,105,45,105,0.000000,0.000000,0.000000,'','2019-04-11 15:47:08'),(106,106,45,106,0.000000,0.000000,0.000000,'','2019-04-12 14:14:44'),(107,107,45,107,0.000000,0.000000,0.000000,'','2019-04-12 14:23:35'),(108,108,45,108,0.000000,0.000000,0.000000,'','2019-04-12 14:59:50'),(109,109,45,109,0.000000,0.000000,0.000000,'','2019-04-12 16:34:46'),(110,110,45,110,0.000000,0.000000,0.000000,'','2019-04-12 17:55:12'),(111,111,45,111,0.000000,0.000000,0.000000,'','2019-04-12 18:15:49'),(112,112,45,112,0.000000,0.000000,0.000000,'','2019-04-12 18:39:02'),(113,113,45,113,0.000000,0.000000,0.000000,'','2019-04-13 13:40:32'),(114,114,45,114,0.000000,0.000000,0.000000,'','2019-04-13 18:28:18'),(115,115,45,115,0.000000,0.000000,0.000000,'','2019-04-16 13:20:31'),(116,116,44,116,0.000000,150.000000,180.000000,'','2019-04-16 13:25:08'),(117,117,45,117,0.000000,0.000000,0.000000,'','2019-04-16 15:06:19'),(118,118,45,118,0.000000,0.000000,0.000000,'','2019-04-16 15:11:01'),(119,119,45,119,0.000000,0.000000,0.000000,'','2019-04-16 15:14:49'),(120,120,45,120,0.000000,0.000000,0.000000,'','2019-04-16 15:27:10'),(121,121,44,121,0.000000,125.000000,150.000000,'','2019-04-16 15:38:47'),(122,122,45,122,0.000000,0.000000,0.000000,'','2019-04-16 17:13:04'),(123,123,45,123,0.000000,0.000000,0.000000,'','2019-04-16 17:15:21'),(124,124,45,124,0.000000,0.000000,0.000000,'','2019-04-16 17:33:35'),(125,125,45,125,0.000000,0.000000,0.000000,'','2019-04-16 17:36:07'),(126,126,45,126,0.000000,0.000000,0.000000,'','2019-04-16 18:11:33'),(127,127,45,127,0.000000,0.000000,0.000000,'','2019-04-16 19:31:34'),(128,128,45,128,0.000000,0.000000,0.000000,'','2019-04-16 19:34:36'),(129,129,45,129,0.000000,0.000000,0.000000,'','2019-04-16 19:38:49'),(130,130,45,130,0.000000,0.000000,0.000000,'','2019-04-16 19:45:11'),(131,131,45,131,0.000000,0.000000,0.000000,'','2019-04-16 20:02:11'),(132,132,45,132,0.000000,0.000000,0.000000,'','2019-04-16 21:22:59'),(133,133,45,133,0.000000,0.000000,0.000000,'','2019-04-16 21:26:40'),(134,134,45,134,0.000000,0.000000,0.000000,'','2019-04-16 21:39:06'),(135,135,45,135,0.000000,0.000000,0.000000,'','2019-04-17 12:41:23'),(136,136,45,136,0.000000,0.000000,0.000000,'','2019-04-17 12:45:39'),(137,137,45,137,0.000000,0.000000,0.000000,'','2019-04-17 13:03:45'),(138,138,45,138,0.000000,0.000000,0.000000,'','2019-04-17 14:29:50'),(139,139,45,139,0.000000,0.000000,0.000000,'','2019-04-17 17:57:03'),(140,140,45,140,0.000000,0.000000,0.000000,'','2019-04-17 18:37:54'),(141,141,45,141,0.000000,0.000000,0.000000,'','2019-04-17 18:47:53'),(142,142,45,142,0.000000,0.000000,0.000000,'','2019-04-18 12:10:47'),(143,143,45,143,0.000000,0.000000,0.000000,'','2019-04-18 14:34:25'),(144,144,45,144,0.000000,0.000000,0.000000,'','2019-04-18 15:49:59'),(145,145,45,145,0.000000,0.000000,0.000000,'','2019-04-18 17:17:01'),(146,146,45,146,0.000000,0.000000,0.000000,'','2019-04-18 17:41:01'),(147,147,45,147,0.000000,0.000000,0.000000,'','2019-04-18 17:45:25'),(148,148,45,148,0.000000,0.000000,0.000000,'','2019-04-18 18:25:35'),(149,149,45,149,0.000000,0.000000,0.000000,'','2019-04-20 09:40:00'),(150,150,45,150,0.000000,0.000000,0.000000,'','2019-04-20 16:02:41'),(151,151,45,151,0.000000,0.000000,0.000000,'','2019-04-24 12:19:08'),(152,152,45,152,0.000000,0.000000,0.000000,'','2019-04-24 17:39:39'),(153,153,45,153,0.000000,0.000000,0.000000,'','2019-04-24 17:49:07'),(154,154,45,154,0.000000,0.000000,0.000000,'XJ267856339JF','2019-04-25 13:59:02'),(155,155,45,155,0.000000,0.000000,0.000000,'','2019-04-25 16:54:22'),(156,156,45,156,0.000000,0.000000,0.000000,'','2019-04-27 20:13:46'),(157,157,45,157,0.000000,0.000000,0.000000,'','2019-05-01 11:52:20'),(158,158,45,158,0.000000,0.000000,0.000000,'','2019-05-03 13:51:48'),(159,159,45,159,0.000000,0.000000,0.000000,'','2019-05-03 17:28:28'),(160,160,45,160,0.000000,0.000000,0.000000,'9V31735055171','2019-05-04 15:44:28'),(161,161,40,161,0.000000,12.500000,15.000000,'9V31735055164','2019-05-04 17:02:35'),(162,162,40,162,0.000000,12.500000,15.000000,'9V31735058158','2019-05-06 22:21:10'),(163,163,45,163,0.000000,0.000000,0.000000,'9V31736087058','2019-05-09 13:41:35'),(164,164,45,167,0.000000,0.000000,0.000000,'','2019-05-10 12:55:58'),(165,165,45,164,0.000000,0.000000,0.000000,'','2019-05-10 14:54:45'),(166,166,40,165,0.000000,20.800000,20.800000,'CB444925456FR','2019-05-11 10:27:56'),(167,167,45,166,0.000000,0.000000,0.000000,'','2019-05-11 14:39:40'),(168,168,45,168,0.000000,0.000000,0.000000,'','2019-05-12 20:21:00'),(169,169,45,169,0.000000,0.000000,0.000000,'','2019-05-12 20:26:28'),(170,170,45,170,0.000000,0.000000,0.000000,'','2019-05-12 20:30:30'),(171,171,45,171,0.000000,0.000000,0.000000,'','2019-05-12 20:44:57'),(172,172,45,172,0.000000,0.000000,0.000000,'','2019-05-13 22:51:50'),(173,173,45,173,0.000000,0.000000,0.000000,'','2019-05-15 19:55:14'),(174,174,45,174,0.000000,0.000000,0.000000,'','2019-05-16 15:36:58'),(175,175,45,175,0.000000,0.000000,0.000000,'','2019-05-16 15:47:48'),(176,176,40,176,0.000000,12.500000,15.000000,'9V31737988118','2019-05-16 17:09:30'),(177,177,45,177,0.000000,0.000000,0.000000,'','2019-05-17 11:46:49'),(178,178,45,178,0.000000,0.000000,0.000000,'','2019-05-17 12:04:21'),(179,179,45,179,0.000000,0.000000,0.000000,'','2019-05-17 12:48:55'),(180,180,45,180,0.000000,0.000000,0.000000,'','2019-05-17 13:54:01'),(181,181,45,181,0.000000,0.000000,0.000000,'','2019-05-17 15:53:24'),(182,182,45,182,0.000000,0.000000,0.000000,'','2019-05-17 16:58:25'),(183,183,52,183,0.000000,20.000000,20.000000,'9V31737988101','2019-05-17 18:20:22'),(184,184,45,185,0.000000,0.000000,0.000000,'','2019-05-17 19:44:05'),(185,185,45,184,0.000000,0.000000,0.000000,'','2019-05-17 22:18:31'),(186,186,52,186,0.000000,0.000000,0.000000,'','2019-05-18 16:14:12'),(187,187,45,187,0.000000,0.000000,0.000000,'','2019-05-18 16:50:41'),(188,188,45,188,0.000000,0.000000,0.000000,'','2019-05-19 16:17:52'),(189,189,45,189,0.000000,0.000000,0.000000,'','2019-05-20 14:15:46'),(190,190,45,190,0.000000,0.000000,0.000000,'','2019-05-20 14:17:39'),(191,191,45,191,0.000000,0.000000,0.000000,'9V31740603527','2019-05-23 13:59:52'),(192,192,45,192,0.000000,0.000000,0.000000,'9V31740603497','2019-05-23 14:02:47'),(193,193,45,193,0.000000,0.000000,0.000000,'','2019-05-23 19:17:50'),(194,194,45,194,0.000000,0.000000,0.000000,'','2019-05-24 11:22:00'),(195,195,45,195,0.000000,0.000000,0.000000,'','2019-05-24 11:28:33'),(196,196,45,196,0.000000,0.000000,0.000000,'','2019-05-24 15:45:58'),(197,197,45,197,0.000000,0.000000,0.000000,'','2019-05-24 16:59:13'),(198,198,45,198,0.000000,0.000000,0.000000,'','2019-05-24 17:01:22'),(199,199,45,199,0.000000,0.000000,0.000000,'','2019-05-25 01:46:17'),(200,200,40,200,0.000000,12.500000,15.000000,'9V31742385896','2019-05-25 16:20:48'),(201,203,45,203,0.000000,0.000000,0.000000,'','2019-05-28 18:43:13'),(202,204,45,206,0.000000,0.000000,0.000000,'','2019-05-28 18:50:06'),(203,205,40,204,0.000000,34.300000,34.300000,'','2019-05-29 05:19:50'),(204,206,40,205,0.000000,34.300000,34.300000,'','2019-05-29 05:25:09'),(205,207,52,207,0.000000,20.000000,20.000000,'9V31757095155','2019-05-29 18:23:23'),(206,208,45,208,0.000000,0.000000,0.000000,'','2019-05-29 18:39:48'),(207,209,45,209,0.000000,0.000000,0.000000,'','2019-05-29 18:46:40'),(208,210,45,210,0.000000,0.000000,0.000000,'','2019-05-29 18:54:20'),(209,211,40,213,0.000000,12.500000,15.000000,'CB453740035FR','2019-05-30 09:22:09'),(210,212,40,211,0.000000,34.300000,41.160000,'','2019-05-30 13:49:49'),(211,213,40,212,0.000000,34.300000,41.160000,'','2019-05-30 13:55:11'),(212,214,40,218,0.000000,12.500000,15.000000,'9V31758623517','2019-05-30 20:18:13'),(213,215,40,217,0.000000,12.500000,15.000000,'CB453740027FR','2019-05-30 22:36:41'),(214,216,40,214,0.000000,12.500000,15.000000,'9V31758623524','2019-05-30 23:11:08'),(215,217,45,215,0.000000,0.000000,0.000000,'','2019-05-30 23:35:27'),(216,218,45,216,0.000000,0.000000,0.000000,'','2019-05-31 07:45:48'),(217,219,45,219,0.000000,0.000000,0.000000,'','2019-05-31 13:17:34'),(218,220,45,220,0.000000,0.000000,0.000000,'','2019-05-31 15:13:12'),(219,221,45,221,0.000000,0.000000,0.000000,'','2019-05-31 16:25:52'),(220,222,45,222,0.000000,0.000000,0.000000,'9V31757095414','2019-06-01 09:52:54'),(221,223,45,223,0.000000,0.000000,0.000000,'','2019-06-01 17:11:20'),(222,224,58,224,0.000000,12.500000,15.000000,'','2019-06-02 21:16:04'),(223,225,45,225,0.000000,0.000000,0.000000,'','2019-06-03 11:54:32'),(224,226,45,226,0.000000,0.000000,0.000000,'','2019-06-03 12:10:19'),(225,227,45,227,0.000000,0.000000,0.000000,'','2019-06-05 16:39:58'),(226,228,45,228,0.000000,0.000000,0.000000,'','2019-06-05 22:26:41'),(227,229,45,229,0.000000,0.000000,0.000000,'','2019-06-06 15:34:05'),(228,230,45,230,0.000000,0.000000,0.000000,'','2019-06-07 16:12:32'),(229,231,45,231,0.000000,0.000000,0.000000,'','2019-06-07 17:51:28'),(230,232,45,232,0.000000,0.000000,0.000000,'XJ271756544JF','2019-06-08 14:54:11'),(231,235,45,235,0.000000,0.000000,0.000000,'','2019-06-13 15:49:27'),(232,236,45,236,0.000000,0.000000,0.000000,'','2019-06-13 16:02:46'),(233,237,58,238,0.000000,12.500000,15.000000,'9V31762336281','2019-06-14 10:33:12'),(234,238,58,237,0.000000,12.500000,15.000000,'9V31762336274','2019-06-14 11:56:22'),(235,239,45,239,0.000000,0.000000,0.000000,'','2019-06-15 16:24:08'),(236,240,45,240,0.000000,0.000000,0.000000,'','2019-06-15 16:35:46'),(237,241,58,241,0.000000,12.500000,15.000000,'9V31763707622','2019-06-16 11:42:28'),(238,242,45,242,0.000000,0.000000,0.000000,'','2019-06-17 17:58:23'),(239,243,58,243,0.000000,12.500000,15.000000,'9V31763707967','2019-06-20 14:19:43'),(240,244,57,244,0.000000,20.000000,20.000000,'9V31770405061','2019-06-23 01:41:45'),(241,245,58,245,0.000000,12.500000,15.000000,'9V31739658675','2019-06-24 16:38:21'),(242,246,45,246,0.000000,0.000000,0.000000,'','2019-06-27 07:24:01'),(243,247,45,247,0.000000,0.000000,0.000000,'','2019-06-27 13:58:15'),(244,248,45,248,0.000000,0.000000,0.000000,'','2019-06-27 14:11:20'),(245,249,45,249,0.000000,0.000000,0.000000,'','2019-06-27 14:22:22'),(246,250,45,250,0.000000,0.000000,0.000000,'','2019-06-27 15:36:50'),(247,251,45,266,0.000000,0.000000,0.000000,'','2019-06-27 15:39:23'),(248,252,45,251,0.000000,0.000000,0.000000,'','2019-06-27 15:40:54'),(249,253,45,252,0.000000,0.000000,0.000000,'9V31763709534','2019-06-27 15:47:22'),(250,254,45,253,0.000000,0.000000,0.000000,'','2019-06-27 16:02:36'),(251,255,45,254,0.000000,0.000000,0.000000,'CB458453399FR','2019-06-27 16:45:00'),(252,256,45,255,0.000000,0.000000,0.000000,'','2019-06-27 16:50:23'),(253,257,45,256,0.000000,0.000000,0.000000,'9V31739658682','2019-06-27 16:54:44'),(254,258,45,257,0.000000,0.000000,0.000000,'','2019-06-27 16:56:29'),(255,259,45,258,0.000000,0.000000,0.000000,'','2019-06-28 16:04:35'),(256,260,58,259,0.000000,12.500000,15.000000,'9V31773512537','2019-07-02 20:32:15'),(257,261,58,260,0.000000,12.500000,15.000000,'9V31773512544','2019-07-02 23:30:10'),(258,262,45,261,0.000000,0.000000,0.000000,'9V31773512520','2019-07-04 15:26:00'),(259,263,45,262,0.000000,0.000000,0.000000,'9V31773512513','2019-07-04 16:12:01'),(260,264,45,263,0.000000,0.000000,0.000000,'9V31773512513','2019-07-04 16:15:09'),(261,265,45,264,0.000000,0.000000,0.000000,'','2019-07-05 13:22:05'),(262,266,45,265,0.000000,0.000000,0.000000,'','2019-07-05 14:29:17');

--
-- Table structure for table `pre3303_order_cart_rule`
--

CREATE TABLE `pre3303_order_cart_rule` (
  `id_order_cart_rule` int(10) unsigned NOT NULL AUTO_INCREMENT,
  `id_order` int(10) unsigned NOT NULL,
  `id_cart_rule` int(10) unsigned NOT NULL,
  `id_order_invoice` int(10) unsigned DEFAULT '0',
  `name` varchar(254) NOT NULL,
  `value` decimal(17,2) NOT NULL DEFAULT '0.00',
  `value_tax_excl` decimal(17,2) NOT NULL DEFAULT '0.00',
  `free_shipping` tinyint(1) NOT NULL DEFAULT '0',
  PRIMARY KEY (`id_order_cart_rule`),
  KEY `id_order` (`id_order`),
  KEY `id_cart_rule` (`id_cart_rule`)
) ENGINE=InnoDB AUTO_INCREMENT=10 DEFAULT CHARSET=utf8;

--
-- Dumping data for table `pre3303_order_cart_rule`
--

INSERT INTO `pre3303_order_cart_rule` VALUES (1,19,61,19,'Livraison gratuite',180.00,150.00,1),(2,28,67,28,'Livraison gratuite',15.00,12.50,1),(3,32,68,32,'verdier',150.00,150.00,0),(4,35,69,35,'4746',100.00,83.33,0),(5,83,74,83,'Livraison gratuite',150.00,125.00,1),(6,116,76,116,'Livraison gratuite',180.00,150.00,1),(7,121,77,121,'Livraison gratuite',150.00,125.00,1),(9,200,1,200,'guide graffiti magazine',15.00,12.50,1);

--
-- Table structure for table `pre3303_order_detail`
--

CREATE TABLE `pre3303_order_detail` (
  `id_order_detail` int(10) unsigned NOT NULL AUTO_INCREMENT,
  `id_order` int(10) unsigned NOT NULL,
  `id_order_invoice` int(11) DEFAULT NULL,
  `id_warehouse` int(10) unsigned DEFAULT '0',
  `id_shop` int(11) unsigned NOT NULL,
  `product_id` int(10) unsigned NOT NULL,
  `product_attribute_id` int(10) unsigned DEFAULT NULL,
  `id_customization` int(10) unsigned DEFAULT '0',
  `product_name` varchar(255) NOT NULL,
  `product_quantity` int(10) unsigned NOT NULL DEFAULT '0',
  `product_quantity_in_stock` int(10) NOT NULL DEFAULT '0',
  `product_quantity_refunded` int(10) unsigned NOT NULL DEFAULT '0',
  `product_quantity_return` int(10) unsigned NOT NULL DEFAULT '0',
  `product_quantity_reinjected` int(10) unsigned NOT NULL DEFAULT '0',
  `product_price` decimal(20,6) NOT NULL DEFAULT '0.000000',
  `reduction_percent` decimal(10,2) NOT NULL DEFAULT '0.00',
  `reduction_amount` decimal(20,6) NOT NULL DEFAULT '0.000000',
  `reduction_amount_tax_incl` decimal(20,6) NOT NULL DEFAULT '0.000000',
  `reduction_amount_tax_excl` decimal(20,6) NOT NULL DEFAULT '0.000000',
  `group_reduction` decimal(10,2) NOT NULL DEFAULT '0.00',
  `product_quantity_discount` decimal(20,6) NOT NULL DEFAULT '0.000000',
  `product_ean13` varchar(13) DEFAULT NULL,
  `product_isbn` varchar(32) DEFAULT NULL,
  `product_upc` varchar(12) DEFAULT NULL,
  `product_reference` varchar(32) DEFAULT NULL,
  `product_supplier_reference` varchar(32) DEFAULT NULL,
  `product_weight` decimal(20,6) NOT NULL,
  `id_tax_rules_group` int(11) unsigned DEFAULT '0',
  `tax_computation_method` tinyint(1) unsigned NOT NULL DEFAULT '0',
  `tax_name` varchar(16) NOT NULL,
  `tax_rate` decimal(10,3) NOT NULL DEFAULT '0.000',
  `ecotax` decimal(21,6) NOT NULL DEFAULT '0.000000',
  `ecotax_tax_rate` decimal(5,3) NOT NULL DEFAULT '0.000',
  `discount_quantity_applied` tinyint(1) NOT NULL DEFAULT '0',
  `download_hash` varchar(255) DEFAULT NULL,
  `download_nb` int(10) unsigned DEFAULT '0',
  `download_deadline` datetime DEFAULT NULL,
  `total_price_tax_incl` decimal(20,6) NOT NULL DEFAULT '0.000000',
  `total_price_tax_excl` decimal(20,6) NOT NULL DEFAULT '0.000000',
  `unit_price_tax_incl` decimal(20,6) NOT NULL DEFAULT '0.000000',
  `unit_price_tax_excl` decimal(20,6) NOT NULL DEFAULT '0.000000',
  `total_shipping_price_tax_incl` decimal(20,6) NOT NULL DEFAULT '0.000000',
  `total_shipping_price_tax_excl` decimal(20,6) NOT NULL DEFAULT '0.000000',
  `purchase_supplier_price` decimal(20,6) NOT NULL DEFAULT '0.000000',
  `original_product_price` decimal(20,6) NOT NULL DEFAULT '0.000000',
  `original_wholesale_price` decimal(20,6) NOT NULL DEFAULT '0.000000',
  PRIMARY KEY (`id_order_detail`),
  KEY `order_detail_order` (`id_order`),
  KEY `product_attribute_id` (`product_attribute_id`),
  KEY `id_tax_rules_group` (`id_tax_rules_group`),
  KEY `id_order_id_order_detail` (`id_order`,`id_order_detail`),
  KEY `product_id` (`product_id`,`product_attribute_id`)
) ENGINE=InnoDB AUTO_INCREMENT=406 DEFAULT CHARSET=utf8;

--
-- Dumping data for table `pre3303_order_detail`
--

INSERT INTO `pre3303_order_detail` VALUES (1,1,1,0,4,3096,0,0,'Shepard Fairey - Make Art Not War',1,0,0,0,0,100.000000,0.00,0.000000,0.000000,0.000000,0.00,0.000000,'','','','Shepard Fairey-3096','Shepard Fairey-3096',0.000000,1,0,'',0.000,0.000000,0.000,0,'',0,'0000-00-00 00:00:00',120.000000,100.000000,120.000000,100.000000,0.000000,0.000000,0.000000,100.000000,0.000000),(2,2,2,0,4,3097,0,0,'Shepard Fairey - Paradise Turns',1,1,0,0,0,133.333333,0.00,0.000000,0.000000,0.000000,0.00,0.000000,'','','','Shepard Fairey-3097','Shepard Fairey-3097',0.000000,1,0,'',0.000,0.000000,0.000,0,'',0,'0000-00-00 00:00:00',160.000000,133.330000,160.000000,133.333333,0.000000,0.000000,0.000000,133.333333,0.000000),(3,3,3,0,4,2576,0,0,'Hervé Di Rosa - Figure Bleue',1,1,0,0,0,183.333333,0.00,0.000000,0.000000,0.000000,0.00,0.000000,'','','','Hervé Di Rosa-2576','Hervé Di Rosa-2576',0.000000,1,0,'',0.000,0.000000,0.000,0,'',0,'0000-00-00 00:00:00',228.000000,190.000000,228.000000,190.000000,0.000000,0.000000,0.000000,183.333333,0.000000),(4,4,4,0,4,2589,0,0,'Artiste Ouvrier - Judith',1,1,0,0,0,50.000000,0.00,0.000000,0.000000,0.000000,0.00,0.000000,'','','','Artiste Ouvrier-2589','Artiste Ouvrier-2589',0.000000,1,0,'',0.000,0.000000,0.000,0,'',0,'0000-00-00 00:00:00',108.000000,90.000000,108.000000,90.000000,0.000000,0.000000,0.000000,50.000000,0.000000),(5,5,5,0,4,5703,0,0,'Jo di Bona - Space Monkey',1,1,0,0,0,150.000000,0.00,0.000000,0.000000,0.000000,0.00,0.000000,'','','','Jo di Bona-5703','Jo di Bona-5703',0.000000,1,0,'',0.000,0.000000,0.000,0,'',0,'0000-00-00 00:00:00',200.000000,166.670000,200.004000,166.670000,0.000000,0.000000,0.000000,150.000000,0.000000),(6,5,5,0,4,6392,0,0,'Frais de port',1,0,0,0,0,5.833333,0.00,0.000000,0.000000,0.000000,0.00,0.000000,'','','','6392','',0.000000,1,0,'',0.000,0.000000,0.000,0,'',0,'0000-00-00 00:00:00',7.000000,5.830000,7.000000,5.833333,0.000000,0.000000,0.000000,5.833333,0.000000),(7,6,6,0,2,6151,0,0,'Romain Froquet - Another Day is Born',1,0,0,0,0,1700.000000,0.00,0.000000,0.000000,0.000000,0.00,0.000000,'','','','6151','Romain Froquet-5909',0.000000,6,0,'',0.000,0.000000,0.000,0,'',0,'0000-00-00 00:00:00',1700.000000,1700.000000,1700.000000,1700.000000,0.000000,0.000000,0.000000,1700.000000,0.000000),(8,7,7,0,2,6309,0,0,'Jo di Bona - Splash Magic Monkey',1,0,0,0,0,2200.000000,0.00,0.000000,0.000000,0.000000,0.00,0.000000,'','','','6309','',0.000000,6,0,'',0.000,0.000000,0.000,0,'',0,'0000-00-00 00:00:00',2100.000000,2100.000000,2100.000000,2100.000000,0.000000,0.000000,0.000000,2200.000000,0.000000),(9,7,7,0,2,6429,0,0,'frais de port',1,0,0,0,0,150.000000,0.00,0.000000,0.000000,0.000000,0.00,0.000000,'','','','','',0.000000,6,0,'',0.000,0.000000,0.000,0,'',0,'0000-00-00 00:00:00',150.000000,150.000000,150.000000,150.000000,0.000000,0.000000,0.000000,150.000000,0.000000),(10,8,8,0,4,6344,0,0,'Shepard Fairey - Liberté - Égalité - Fraternité',1,0,0,0,0,162.500000,0.00,0.000000,0.000000,0.000000,0.00,0.000000,'','','','6344','Shepard Fairey-3096',0.000000,1,0,'',0.000,0.000000,0.000,0,'',0,'0000-00-00 00:00:00',195.000000,162.500000,195.000000,162.500000,0.000000,0.000000,0.000000,162.500000,0.000000),(11,9,9,0,4,5960,0,0,'Jo di Bona - Don\'t lie to me',1,1,0,0,0,150.000000,0.00,0.000000,0.000000,0.000000,0.00,0.000000,'','','','Jo di Bona-5960','Jo di Bona-5960',0.000000,1,0,'',0.000,0.000000,0.000,0,'',0,'0000-00-00 00:00:00',180.000000,150.000000,180.000000,150.000000,0.000000,0.000000,0.000000,150.000000,0.000000),(12,10,10,0,4,6184,0,0,'Speedy Graphito - La conscience',1,1,0,0,0,208.333333,0.00,0.000000,0.000000,0.000000,0.00,0.000000,'','','','6184','',0.000000,1,0,'',0.000,0.000000,0.000,0,'',0,'0000-00-00 00:00:00',250.000000,208.330000,250.000000,208.333333,0.000000,0.000000,0.000000,208.333333,0.000000),(13,10,10,0,4,6183,0,0,'Speedy Graphito - La tour sacrée',1,1,0,0,0,208.333333,0.00,0.000000,0.000000,0.000000,0.00,0.000000,'','','','6183','',0.000000,1,0,'',0.000,0.000000,0.000,0,'',0,'0000-00-00 00:00:00',250.000000,208.330000,250.000000,208.333333,0.000000,0.000000,0.000000,208.333333,0.000000),(14,11,11,0,4,6412,0,0,'C215 - Bring Back Our Girls - Bleu',1,1,0,0,0,166.666667,0.00,0.000000,0.000000,0.000000,0.00,0.000000,'','','','6412','',0.000000,1,0,'',0.000,0.000000,0.000,0,'',0,'0000-00-00 00:00:00',200.000000,166.670000,200.000000,166.666667,0.000000,0.000000,0.000000,166.666667,0.000000),(15,12,12,0,2,6430,0,0,'Jo di Bona - Mercedes Benz',1,0,0,0,0,900.000000,0.00,0.000000,0.000000,0.000000,0.00,0.000000,'','','','Jo di Bona-56430','Jo di Bona-5995',0.000000,6,0,'',0.000,0.000000,0.000,0,'',0,'0000-00-00 00:00:00',900.000000,900.000000,900.000000,900.000000,0.000000,0.000000,0.000000,900.000000,0.000000),(16,13,13,0,2,6307,0,0,'Jo di Bona - In the Dark of Night',1,0,0,0,0,2200.000000,0.00,0.000000,0.000000,0.000000,0.00,0.000000,'','','','6307','',0.000000,6,0,'',0.000,0.000000,0.000,0,'',0,'0000-00-00 00:00:00',2450.000000,2450.000000,2450.000000,2450.000000,0.000000,0.000000,0.000000,2200.000000,0.000000),(17,14,14,0,2,6306,0,0,'Jo di Bona - Alone 80',1,0,0,0,0,2200.000000,0.00,0.000000,0.000000,0.000000,0.00,0.000000,'','','','6306','',0.000000,6,0,'',0.000,0.000000,0.000,0,'',0,'0000-00-00 00:00:00',2200.000000,2200.000000,2200.000000,2200.000000,0.000000,0.000000,0.000000,2200.000000,0.000000),(18,15,15,0,4,5589,0,0,'Jo di Bona - Juniper Street',1,1,0,0,0,25.000000,0.00,0.000000,0.000000,0.000000,0.00,0.000000,'','','','Jo di Bona-5589','Jo di Bona-5589',0.000000,1,0,'',0.000,0.000000,0.000,0,'',0,'0000-00-00 00:00:00',30.000000,25.000000,30.000000,25.000000,0.000000,0.000000,0.000000,25.000000,0.000000),(19,15,15,0,4,6392,0,0,'Frais de port',1,0,0,0,0,4.166667,0.00,0.000000,0.000000,0.000000,0.00,0.000000,'','','','6392','',0.000000,1,0,'',0.000,0.000000,0.000,0,'',0,'0000-00-00 00:00:00',5.000000,4.170000,5.000000,4.166667,0.000000,0.000000,0.000000,4.166667,0.000000),(20,16,16,0,4,3096,0,0,'Shepard Fairey - Make Art Not War',1,1,0,0,0,100.000000,0.00,0.000000,0.000000,0.000000,0.00,0.000000,'','','','Shepard Fairey-3096','Shepard Fairey-3096',0.000000,1,0,'',0.000,0.000000,0.000,0,'',0,'0000-00-00 00:00:00',120.000000,100.000000,120.000000,100.000000,0.000000,0.000000,0.000000,100.000000,0.000000),(21,17,17,0,4,6344,0,0,'Shepard Fairey - Liberté - Égalité - Fraternité',1,1,0,0,0,162.500000,0.00,0.000000,0.000000,0.000000,0.00,0.000000,'','','','6344','Shepard Fairey-3096',0.000000,1,0,'',0.000,0.000000,0.000,0,'',0,'0000-00-00 00:00:00',195.000000,162.500000,195.000000,162.500000,0.000000,0.000000,0.000000,162.500000,0.000000),(22,18,18,0,2,6150,0,0,'Romain Froquet - Line between',1,0,0,0,0,3000.000000,0.00,0.000000,0.000000,0.000000,0.00,0.000000,'','','','6150','Romain Froquet-5909',0.000000,6,0,'',0.000,0.000000,0.000,0,'',0,'0000-00-00 00:00:00',2700.000000,2700.000000,2700.000000,2700.000000,0.000000,0.000000,0.000000,3000.000000,0.000000),(23,19,19,0,2,5580,0,0,'Jo di Bona - Iconicara',1,0,0,0,0,5800.000000,0.00,0.000000,0.000000,0.000000,0.00,0.000000,'','','','Jo di Bona-5580','Jo di Bona-5580',0.000000,6,0,'',0.000,0.000000,0.000,0,'',0,'0000-00-00 00:00:00',4500.000000,4500.000000,4500.000000,4500.000000,0.000000,0.000000,0.000000,5800.000000,0.000000),(24,20,20,0,2,6443,0,0,'Jo di Bona - Sans Titre',1,0,0,0,0,900.000000,0.00,0.000000,0.000000,0.000000,0.00,0.000000,'','','','Jo di Bona-6443','Jo di Bona-5988',0.000000,6,0,'',0.000,0.000000,0.000,0,'',0,'0000-00-00 00:00:00',900.000000,900.000000,900.000000,900.000000,0.000000,0.000000,0.000000,900.000000,0.000000),(25,21,21,0,4,5703,0,0,'Jo di Bona - Space Monkey',1,1,0,0,0,150.000000,0.00,0.000000,0.000000,0.000000,0.00,0.000000,'','','','Jo di Bona-5703','Jo di Bona-5703',0.000000,1,0,'',0.000,0.000000,0.000,0,'',0,'0000-00-00 00:00:00',180.000000,150.000000,180.000000,150.000000,0.000000,0.000000,0.000000,150.000000,0.000000),(26,22,22,0,2,6276,0,0,'Romain Froquet - Intense',1,0,0,0,0,1500.000000,0.00,0.000000,0.000000,0.000000,0.00,0.000000,'','','','6276','',0.000000,6,0,'',0.000,0.000000,0.000,0,'',0,'0000-00-00 00:00:00',300.000000,300.000000,300.000000,300.000000,0.000000,0.000000,0.000000,1500.000000,0.000000),(27,23,23,0,2,6210,0,0,'Gottfried Salzmann - New-York Bleu Turquoise',1,0,0,0,0,6500.000000,0.00,0.000000,0.000000,0.000000,0.00,0.000000,'','','','6210','',0.000000,6,0,'',0.000,0.000000,0.000,0,'',0,'0000-00-00 00:00:00',6000.000000,6000.000000,6000.000000,6000.000000,0.000000,0.000000,0.000000,6500.000000,0.000000),(28,24,24,0,4,6427,0,0,'Livre',1,1,0,0,0,12.796209,0.00,0.000000,0.000000,0.000000,0.00,0.000000,'','','','6427','',0.000000,3,0,'',0.000,0.000000,0.000,0,'',0,'0000-00-00 00:00:00',13.500000,12.800000,13.500000,12.796209,0.000000,0.000000,0.000000,12.796209,0.000000),(29,24,24,0,4,6450,0,0,'Livre monographie',1,0,0,0,0,46.445498,0.00,0.000000,0.000000,0.000000,0.00,0.000000,'','','','6427','',0.000000,3,0,'',0.000,0.000000,0.000,0,'',0,'0000-00-00 00:00:00',49.000000,46.450000,49.000000,46.445498,0.000000,0.000000,0.000000,46.445498,0.000000),(30,25,25,0,4,4953,0,0,'Miss Tic - Éros est rosse',1,0,0,0,0,550.000000,0.00,0.000000,0.000000,0.000000,0.00,0.000000,'','','','Miss Tic-4953','Miss Tic-4953',0.000000,1,0,'',0.000,0.000000,0.000,0,'',0,'0000-00-00 00:00:00',660.000000,550.000000,660.000000,550.000000,0.000000,0.000000,0.000000,550.000000,0.000000),(31,25,25,0,4,6449,0,0,'Levalet - Tambour Nocturama',1,0,0,0,0,783.333333,0.00,0.000000,0.000000,0.000000,0.00,0.000000,'','','','','',0.000000,1,0,'',0.000,0.000000,0.000,0,'',0,'0000-00-00 00:00:00',940.000000,783.330000,940.000000,783.333333,0.000000,0.000000,0.000000,783.333333,0.000000),(32,26,26,0,4,6065,0,0,'Hush - Fade',1,0,0,0,0,1000.000000,0.00,0.000000,0.000000,0.000000,0.00,0.000000,'','','','6065','',0.000000,1,0,'',0.000,0.000000,0.000,0,'',0,'0000-00-00 00:00:00',1200.000000,1000.000000,1200.000000,1000.000000,0.000000,0.000000,0.000000,1000.000000,0.000000),(33,26,26,0,4,6464,0,0,'Encadrement',1,0,0,0,0,250.000000,0.00,0.000000,0.000000,0.000000,0.00,0.000000,'','','','','',0.000000,1,0,'',0.000,0.000000,0.000,0,'',0,'0000-00-00 00:00:00',300.000000,250.000000,300.000000,250.000000,0.000000,0.000000,0.000000,250.000000,0.000000),(34,27,27,0,2,6382,0,0,'Romain Froquet - Go With The Flow',1,0,0,0,0,4200.000000,0.00,0.000000,0.000000,0.000000,0.00,0.000000,'','','','6382','',0.000000,6,0,'',0.000,0.000000,0.000,0,'',0,'0000-00-00 00:00:00',4000.000000,4000.000000,4000.000000,4000.000000,0.000000,0.000000,0.000000,4200.000000,0.000000),(35,28,28,0,4,6344,0,0,'Shepard Fairey - Liberté - Égalité - Fraternité',1,1,0,0,0,162.500000,0.00,0.000000,0.000000,0.000000,0.00,0.000000,'','','','6344','Shepard Fairey-3096',0.000000,1,0,'',0.000,0.000000,0.000,0,'',0,'0000-00-00 00:00:00',195.000000,162.500000,195.000000,162.500000,0.000000,0.000000,0.000000,162.500000,0.000000),(36,28,28,0,4,3096,0,0,'Shepard Fairey - Make Art Not War',1,1,0,0,0,100.000000,0.00,0.000000,0.000000,0.000000,0.00,0.000000,'','','','Shepard Fairey-3096','Shepard Fairey-3096',0.000000,1,0,'',0.000,0.000000,0.000,0,'',0,'0000-00-00 00:00:00',120.000000,100.000000,120.000000,100.000000,0.000000,0.000000,0.000000,100.000000,0.000000),(37,28,28,0,4,6392,0,0,'Frais de port',1,1,0,0,0,4.166667,0.00,0.000000,0.000000,0.000000,0.00,0.000000,'','','','6392','',0.000000,1,0,'',0.000,0.000000,0.000,0,'',0,'0000-00-00 00:00:00',25.000000,20.830000,24.999960,20.833300,0.000000,0.000000,0.000000,4.166667,0.000000),(38,29,29,0,4,6416,0,0,'Miss Tic - Je rêve à des Orients sans machisme',1,0,0,0,0,816.666667,0.00,0.000000,0.000000,0.000000,0.00,0.000000,'','','','Miss Tic-6416','Miss Tic-4983',0.000000,1,0,'',0.000,0.000000,0.000,0,'',0,'0000-00-00 00:00:00',850.000000,708.330000,849.996000,708.330000,0.000000,0.000000,0.000000,816.666667,0.000000),(39,29,29,0,4,6392,0,0,'Frais de port',1,1,0,0,0,50.000000,0.00,0.000000,0.000000,0.000000,0.00,0.000000,'','','','6392','',0.000000,1,0,'',0.000,0.000000,0.000,0,'',0,'0000-00-00 00:00:00',60.000000,50.000000,60.000000,50.000000,0.000000,0.000000,0.000000,50.000000,0.000000),(40,30,30,0,4,6344,0,0,'Shepard Fairey - Liberté - Égalité - Fraternité',1,1,0,0,0,162.500000,0.00,0.000000,0.000000,0.000000,0.00,0.000000,'','','','6344','Shepard Fairey-3096',0.000000,1,0,'',0.000,0.000000,0.000,0,'',0,'0000-00-00 00:00:00',195.000000,162.500000,195.000000,162.500000,0.000000,0.000000,0.000000,162.500000,0.000000),(41,31,31,0,4,5960,0,0,'Jo di Bona - Don\'t lie to me',1,1,0,0,0,150.000000,0.00,0.000000,0.000000,0.000000,0.00,0.000000,'','','','Jo di Bona-5960','Jo di Bona-5960',0.000000,1,0,'',0.000,0.000000,0.000,0,'',0,'0000-00-00 00:00:00',200.000000,166.670000,200.004000,166.670000,0.000000,0.000000,0.000000,150.000000,0.000000),(42,31,31,0,4,6392,0,0,'Frais de port',1,1,0,0,0,4.166667,0.00,0.000000,0.000000,0.000000,0.00,0.000000,'','','','6392','',0.000000,1,0,'',0.000,0.000000,0.000,0,'',0,'0000-00-00 00:00:00',30.000000,25.000000,30.000000,25.000000,0.000000,0.000000,0.000000,4.166667,0.000000),(43,32,32,0,2,6267,0,0,'Romain Froquet - Les gens',1,0,0,0,0,650.000000,0.00,0.000000,0.000000,0.000000,0.00,0.000000,'','','','6267','',0.000000,6,0,'',0.000,0.000000,0.000,0,'',0,'0000-00-00 00:00:00',650.000000,650.000000,650.000000,650.000000,0.000000,0.000000,0.000000,650.000000,0.000000),(44,32,32,0,2,6271,0,0,'Romain Froquet - Alive',1,0,0,0,0,1500.000000,0.00,0.000000,0.000000,0.000000,0.00,0.000000,'','','','6271','',0.000000,6,0,'',0.000,0.000000,0.000,0,'',0,'0000-00-00 00:00:00',1500.000000,1500.000000,1500.000000,1500.000000,0.000000,0.000000,0.000000,1500.000000,0.000000),(45,33,33,0,4,6445,0,0,'Bom.K - Death & Disaster - Blue',1,1,0,0,0,75.000000,0.00,0.000000,0.000000,0.000000,0.00,0.000000,'','','','6445','Lek-5169',0.000000,1,0,'',0.000,0.000000,0.000,0,'',0,'0000-00-00 00:00:00',90.000000,75.000000,90.000000,75.000000,0.000000,0.000000,0.000000,75.000000,0.000000),(46,33,33,0,4,6444,0,0,'Bom.K - Death & Disaster - Pink',1,1,0,0,0,75.000000,0.00,0.000000,0.000000,0.000000,0.00,0.000000,'','','','6444','Lek-5169',0.000000,1,0,'',0.000,0.000000,0.000,0,'',0,'0000-00-00 00:00:00',90.000000,75.000000,90.000000,75.000000,0.000000,0.000000,0.000000,75.000000,0.000000),(47,34,34,0,2,6308,0,0,'Jo di Bona - Puma Blues',1,0,0,0,0,2200.000000,0.00,0.000000,0.000000,0.000000,0.00,0.000000,'','','','6308','',0.000000,6,0,'',0.000,0.000000,0.000,0,'',0,'0000-00-00 00:00:00',2000.000000,2000.000000,2000.000000,2000.000000,0.000000,0.000000,0.000000,2200.000000,0.000000),(48,35,35,0,4,4746,0,0,'JonOne - Sans Titre',1,0,0,0,0,833.333333,0.00,0.000000,0.000000,0.000000,0.00,0.000000,'','','','JonOne-4746','JonOne-4746',0.000000,1,0,'',0.000,0.000000,0.000,0,'',0,'0000-00-00 00:00:00',1000.000000,833.330000,1000.000000,833.333333,0.000000,0.000000,0.000000,833.333333,0.000000),(49,36,36,0,4,6344,0,0,'Shepard Fairey - Liberté - Égalité - Fraternité',1,1,0,0,0,162.500000,0.00,0.000000,0.000000,0.000000,0.00,0.000000,'','','','6344','Shepard Fairey-3096',0.000000,1,0,'',0.000,0.000000,0.000,0,'',0,'0000-00-00 00:00:00',195.000000,162.500000,195.000000,162.500000,0.000000,0.000000,0.000000,162.500000,0.000000),(50,36,36,0,4,6392,0,0,'Frais de port',1,1,0,0,0,4.166667,0.00,0.000000,0.000000,0.000000,0.00,0.000000,'','','','6392','',0.000000,1,0,'',0.000,0.000000,0.000,0,'',0,'0000-00-00 00:00:00',25.000000,20.830000,24.996000,20.830000,0.000000,0.000000,0.000000,4.166667,0.000000),(51,37,37,0,4,4858,0,0,'Shepard Fairey - Decoding Desinformation (Black)',1,0,0,0,0,500.000000,0.00,0.000000,0.000000,0.000000,0.00,0.000000,'','','','Shepard Fairey-4858','Shepard Fairey-4858',0.000000,1,0,'',0.000,0.000000,0.000,0,'',0,'0000-00-00 00:00:00',600.000000,500.000000,600.000000,500.000000,0.000000,0.000000,0.000000,500.000000,0.000000),(52,38,38,0,4,6468,0,0,'C215 - Lucien Barbier (Fantassin)',1,0,0,0,0,1500.000000,0.00,0.000000,0.000000,0.000000,0.00,0.000000,'','','','C215-6468','C215-4841',0.000000,6,0,'',0.000,0.000000,0.000,0,'',0,'0000-00-00 00:00:00',1500.000000,1500.000000,1500.000000,1500.000000,50.000000,50.000000,0.000000,1500.000000,0.000000),(53,39,39,0,4,5744,0,0,'Romain Froquet - Estampe Souvenirs',1,1,0,0,0,50.000000,0.00,0.000000,0.000000,0.000000,0.00,0.000000,'','','','Romain Froquet-5744','Romain Froquet-5744',0.000000,1,0,'',0.000,0.000000,0.000,0,'',0,'0000-00-00 00:00:00',60.000000,50.000000,60.000000,50.000000,0.000000,0.000000,0.000000,50.000000,0.000000),(54,39,39,0,4,5589,0,0,'Jo di Bona - Juniper Street',1,0,0,0,0,25.000000,0.00,0.000000,0.000000,0.000000,0.00,0.000000,'','','','Jo di Bona-5589','Jo di Bona-5589',0.000000,1,0,'',0.000,0.000000,0.000,0,'',0,'0000-00-00 00:00:00',30.000000,25.000000,30.000000,25.000000,0.000000,0.000000,0.000000,25.000000,0.000000),(55,39,39,0,4,5524,6,0,'Jana & JS - De la profondeur des sentiments - Jana & JS-5524 : Visuel Paris',1,0,0,0,0,41.666667,0.00,0.000000,0.000000,0.000000,0.00,0.000000,'','','','Jana & JS-5524','',0.000000,1,0,'',0.000,0.000000,0.000,0,'',0,'0000-00-00 00:00:00',50.000000,41.670000,50.000000,41.666667,0.000000,0.000000,0.000000,41.666667,0.000000),(56,39,39,0,4,5524,7,0,'Jana & JS - De la profondeur des sentiments - Jana & JS-5524 : Visuel Forêt',1,0,0,0,0,41.666667,0.00,0.000000,0.000000,0.000000,0.00,0.000000,'','','','Jana & JS-5524','',0.000000,1,0,'',0.000,0.000000,0.000,0,'',0,'0000-00-00 00:00:00',50.000000,41.670000,50.000000,41.666667,0.000000,0.000000,0.000000,41.666667,0.000000),(57,39,39,0,4,5169,0,0,'Lek - Estampe 1',1,1,0,0,0,62.500000,0.00,0.000000,0.000000,0.000000,0.00,0.000000,'','','','Lek-5169','Lek-5169',0.000000,1,0,'',0.000,0.000000,0.000,0,'',0,'0000-00-00 00:00:00',75.000000,62.500000,75.000000,62.500000,0.000000,0.000000,0.000000,62.500000,0.000000),(58,39,39,0,4,5778,0,0,'Evazésir - Ame déchue',1,1,0,0,0,66.666667,0.00,0.000000,0.000000,0.000000,0.00,0.000000,'','','','Evazésir-5778','Evazésir-5778',0.000000,1,0,'',0.000,0.000000,0.000,0,'',0,'0000-00-00 00:00:00',80.000000,66.670000,80.000000,66.666667,0.000000,0.000000,0.000000,66.666667,0.000000),(59,39,39,0,4,5779,0,0,'Evazésir - Instant figé',1,1,0,0,0,66.666667,0.00,0.000000,0.000000,0.000000,0.00,0.000000,'','','','Evazésir-5779','Evazésir-5779',0.000000,1,0,'',0.000,0.000000,0.000,0,'',0,'0000-00-00 00:00:00',80.000000,66.670000,80.000000,66.666667,0.000000,0.000000,0.000000,66.666667,0.000000),(60,39,39,0,4,6056,0,0,'Levalet - Full Moon',1,1,0,0,0,66.666667,0.00,0.000000,0.000000,0.000000,0.00,0.000000,'','','','6056','Levalet-5763',0.000000,1,0,'',0.000,0.000000,0.000,0,'',0,'0000-00-00 00:00:00',80.000000,66.670000,80.000000,66.666667,0.000000,0.000000,0.000000,66.666667,0.000000),(61,39,39,0,4,5058,0,0,'Philippe Hérard - Digigraphie 4',1,0,0,0,0,58.333333,0.00,0.000000,0.000000,0.000000,0.00,0.000000,'','','','Philippe Hérard-5058','Philippe Hérard-5058',0.000000,1,0,'',0.000,0.000000,0.000,0,'',0,'0000-00-00 00:00:00',70.000000,58.330000,70.000000,58.333333,0.000000,0.000000,0.000000,58.333333,0.000000),(62,39,39,0,4,5049,0,0,'Philippe Hérard - Digigraphie 1',1,1,0,0,0,58.333333,0.00,0.000000,0.000000,0.000000,0.00,0.000000,'','','','Philippe Hérard-5049','Philippe Hérard-5049',0.000000,1,0,'',0.000,0.000000,0.000,0,'',0,'0000-00-00 00:00:00',70.000000,58.330000,70.000000,58.333333,0.000000,0.000000,0.000000,58.333333,0.000000),(63,40,40,0,4,6414,0,0,'C215 - 2 estampes Bring Back Our Girls - bleu et rouge',1,1,0,0,0,316.666667,0.00,0.000000,0.000000,0.000000,0.00,0.000000,'','','','6414','',0.000000,1,0,'',0.000,0.000000,0.000,0,'',0,'0000-00-00 00:00:00',380.000000,316.670000,380.000000,316.666667,0.000000,0.000000,0.000000,316.666667,0.000000),(64,41,41,0,4,6344,0,0,'Shepard Fairey - Liberté - Égalité - Fraternité',1,1,0,0,0,162.500000,0.00,0.000000,0.000000,0.000000,0.00,0.000000,'','','','6344','Shepard Fairey-3096',0.000000,1,0,'',0.000,0.000000,0.000,0,'',0,'0000-00-00 00:00:00',195.000000,162.500000,195.000000,162.500000,0.000000,0.000000,0.000000,162.500000,0.000000),(65,41,41,0,4,6392,0,0,'Frais de port',1,0,0,0,0,4.166667,0.00,0.000000,0.000000,0.000000,0.00,0.000000,'','','','6392','',0.000000,1,0,'',0.000,0.000000,0.000,0,'',0,'0000-00-00 00:00:00',25.000000,20.830000,24.996000,20.830000,0.000000,0.000000,0.000000,4.166667,0.000000),(66,42,42,0,4,5960,0,0,'Jo di Bona - Don\'t lie to me',1,1,0,0,0,150.000000,0.00,0.000000,0.000000,0.000000,0.00,0.000000,'','','','Jo di Bona-5960','Jo di Bona-5960',0.000000,1,0,'',0.000,0.000000,0.000,0,'',0,'0000-00-00 00:00:00',200.000000,166.670000,200.004000,166.670000,0.000000,0.000000,0.000000,150.000000,0.000000),(67,42,42,0,4,6392,0,0,'Frais de port',1,1,0,0,0,4.166667,0.00,0.000000,0.000000,0.000000,0.00,0.000000,'','','','6392','',0.000000,1,0,'',0.000,0.000000,0.000,0,'',0,'0000-00-00 00:00:00',17.000000,14.170000,17.004000,14.170000,0.000000,0.000000,0.000000,4.166667,0.000000),(68,43,43,0,4,5935,0,0,'Jo di Bona - Truth',1,1,0,0,0,62.500000,0.00,0.000000,0.000000,0.000000,0.00,0.000000,'','','','Jo di Bona-5935','Jo di Bona-5935',0.000000,1,0,'',0.000,0.000000,0.000,0,'',0,'0000-00-00 00:00:00',100.000000,83.330000,99.996000,83.330000,0.000000,0.000000,0.000000,62.500000,0.000000),(69,43,43,0,4,6392,0,0,'Frais de port',1,1,0,0,0,4.166667,0.00,0.000000,0.000000,0.000000,0.00,0.000000,'','','','6392','',0.000000,1,0,'',0.000,0.000000,0.000,0,'',0,'0000-00-00 00:00:00',8.000000,6.670000,8.004000,6.670000,0.000000,0.000000,0.000000,4.166667,0.000000),(70,44,44,0,2,6388,0,0,'Levalet - Les bonnes manières',1,0,0,0,0,2400.000000,0.00,0.000000,0.000000,0.000000,0.00,0.000000,'','','','6388','',0.000000,6,0,'',0.000,0.000000,0.000,0,'',0,'0000-00-00 00:00:00',2400.000000,2400.000000,2400.000000,2400.000000,0.000000,0.000000,0.000000,2400.000000,0.000000),(71,45,45,0,4,6414,0,0,'C215 - 2 estampes Bring Back Our Girls - bleu et rouge',1,1,0,0,0,316.666667,0.00,0.000000,0.000000,0.000000,0.00,0.000000,'','','','6414','',0.000000,1,0,'',0.000,0.000000,0.000,0,'',0,'0000-00-00 00:00:00',380.000000,316.670000,380.000000,316.666667,0.000000,0.000000,0.000000,316.666667,0.000000),(72,45,45,0,4,6031,0,0,'Jo di Bona - Citizen Erased',1,0,0,0,0,325.000000,0.00,0.000000,0.000000,0.000000,0.00,0.000000,'','','','6031','Jo di Bona-5758',0.000000,1,0,'',0.000,0.000000,0.000,0,'',0,'0000-00-00 00:00:00',390.000000,325.000000,390.000000,325.000000,0.000000,0.000000,0.000000,325.000000,0.000000),(73,45,45,0,4,5595,0,0,'Jo di Bona - Five Points',2,0,0,0,0,25.000000,0.00,0.000000,0.000000,0.000000,0.00,0.000000,'','','','Jo di Bona-5595','Jo di Bona-5595',0.000000,1,0,'',0.000,0.000000,0.000,0,'',0,'0000-00-00 00:00:00',60.000000,50.000000,30.000000,25.000000,0.000000,0.000000,0.000000,25.000000,0.000000),(74,46,46,0,4,6344,0,0,'Shepard Fairey - Liberté - Égalité - Fraternité',1,1,0,0,0,162.500000,0.00,0.000000,0.000000,0.000000,0.00,0.000000,'','','','6344','Shepard Fairey-3096',0.000000,1,0,'',0.000,0.000000,0.000,0,'',0,'0000-00-00 00:00:00',195.000000,162.500000,195.000000,162.500000,0.000000,0.000000,0.000000,162.500000,0.000000),(75,47,47,0,4,3096,0,0,'Shepard Fairey - Make Art Not War',1,1,0,0,0,100.000000,0.00,0.000000,0.000000,0.000000,0.00,0.000000,'','','','Shepard Fairey-3096','Shepard Fairey-3096',0.000000,1,0,'',0.000,0.000000,0.000,0,'',0,'0000-00-00 00:00:00',120.000000,100.000000,120.000000,100.000000,0.000000,0.000000,0.000000,100.000000,0.000000),(76,48,48,0,4,3096,0,0,'Shepard Fairey - Make Art Not War',1,1,0,0,0,100.000000,0.00,0.000000,0.000000,0.000000,0.00,0.000000,'','','','Shepard Fairey-3096','Shepard Fairey-3096',0.000000,1,0,'',0.000,0.000000,0.000,0,'',0,'0000-00-00 00:00:00',120.000000,100.000000,120.000000,100.000000,0.000000,0.000000,0.000000,100.000000,0.000000),(77,49,49,0,4,6344,0,0,'Shepard Fairey - Liberté - Égalité - Fraternité',1,0,0,0,0,162.500000,0.00,0.000000,0.000000,0.000000,0.00,0.000000,'','','','6344','Shepard Fairey-3096',0.000000,1,0,'',0.000,0.000000,0.000,0,'',0,'0000-00-00 00:00:00',195.000000,162.500000,195.000000,162.500000,0.000000,0.000000,0.000000,162.500000,0.000000),(78,50,50,0,4,5824,0,0,'Shepard Fairey - Embrace Justice',1,1,0,0,0,458.333333,0.00,0.000000,0.000000,0.000000,0.00,0.000000,'','','','Shepard Fairey-5824','Shepard Fairey-5824',0.000000,1,0,'',0.000,0.000000,0.000,0,'',0,'0000-00-00 00:00:00',550.000000,458.330000,550.000000,458.333333,0.000000,0.000000,0.000000,458.333333,0.000000),(79,50,50,0,4,3982,0,0,'Shepard Fairey - Peace&Freedom Dove',1,1,0,0,0,416.666667,0.00,0.000000,0.000000,0.000000,0.00,0.000000,'','','','Shepard Fairey-3982','Shepard Fairey-3982',0.000000,1,0,'',0.000,0.000000,0.000,0,'',0,'0000-00-00 00:00:00',450.000000,375.000000,450.000000,375.000000,0.000000,0.000000,0.000000,416.666667,0.000000),(80,51,51,0,4,6396,0,0,'Catalogue Gottfried Salzmann',2,2,0,0,0,47.393365,0.00,0.000000,0.000000,0.000000,0.00,0.000000,'','','','6396','',0.000000,3,0,'',0.000,0.000000,0.000,0,'',0,'0000-00-00 00:00:00',100.000000,94.790000,50.000000,47.393365,0.000000,0.000000,0.000000,47.393365,0.000000),(81,52,52,0,4,6495,0,0,'Vhils - Taciturn 1200€  Acompte n° 1/3',1,1,0,0,0,333.333333,0.00,0.000000,0.000000,0.000000,0.00,0.000000,'','','','6476','',0.000000,1,0,'',0.000,0.000000,0.000,0,'',0,'0000-00-00 00:00:00',400.000000,333.330000,400.000000,333.333333,0.000000,0.000000,0.000000,333.333333,0.000000),(82,53,53,0,2,6273,0,0,'Romain Froquet - Away',1,0,0,0,0,1500.000000,0.00,0.000000,0.000000,0.000000,0.00,0.000000,'','','','6273','',0.000000,6,0,'',0.000,0.000000,0.000,0,'',0,'0000-00-00 00:00:00',1500.000000,1500.000000,1500.000000,1500.000000,0.000000,0.000000,0.000000,1500.000000,0.000000),(83,54,54,0,4,6344,0,0,'Shepard Fairey - Liberté - Égalité - Fraternité',1,1,0,0,0,162.500000,0.00,0.000000,0.000000,0.000000,0.00,0.000000,'','','','6344','Shepard Fairey-3096',0.000000,1,0,'',0.000,0.000000,0.000,0,'',0,'0000-00-00 00:00:00',195.000000,162.500000,195.000000,162.500000,0.000000,0.000000,0.000000,162.500000,0.000000),(84,55,58,0,4,6525,0,0,'Jo Di Bona - Set de 4 prints Popopop!',6,6,0,0,0,100.000000,0.00,0.000000,0.000000,0.000000,0.00,0.000000,'','','','6525','',0.000000,1,0,'',0.000,0.000000,0.000,0,'',0,'0000-00-00 00:00:00',720.000000,600.000000,120.000000,100.000000,0.000000,0.000000,0.000000,100.000000,0.000000),(85,56,57,0,4,6525,0,0,'Jo Di Bona - Set de 4 prints Popopop!',2,2,0,0,0,100.000000,0.00,0.000000,0.000000,0.000000,0.00,0.000000,'','','','6525','',0.000000,1,0,'',0.000,0.000000,0.000,0,'',0,'0000-00-00 00:00:00',240.000000,200.000000,120.000000,100.000000,0.000000,0.000000,0.000000,100.000000,0.000000),(86,57,56,0,2,6525,0,0,'Jo Di Bona - Set de 4 prints Popopop!',1,1,0,0,0,100.000000,0.00,0.000000,0.000000,0.000000,0.00,0.000000,'','','','6525','',0.000000,1,0,'',0.000,0.000000,0.000,0,'',0,'0000-00-00 00:00:00',120.000000,100.000000,120.000000,100.000000,0.000000,0.000000,0.000000,100.000000,0.000000),(87,58,55,0,4,6522,0,0,'Jo Di Bona - Print Splash Magic Monkey',1,1,0,0,0,33.333333,0.00,0.000000,0.000000,0.000000,0.00,0.000000,'','','','6522','',0.000000,1,0,'',0.000,0.000000,0.000,0,'',0,'0000-00-00 00:00:00',40.000000,33.330000,40.000000,33.333333,0.000000,0.000000,0.000000,33.333333,0.000000),(88,59,59,0,4,6525,0,0,'Jo Di Bona - Set de 4 prints Popopop!',1,1,0,0,0,100.000000,0.00,0.000000,0.000000,0.000000,0.00,0.000000,'','','','6525','',0.000000,1,0,'',0.000,0.000000,0.000,0,'',0,'0000-00-00 00:00:00',120.000000,100.000000,120.000000,100.000000,0.000000,0.000000,0.000000,100.000000,0.000000),(89,60,60,0,4,6525,0,0,'Jo Di Bona - Set de 4 prints Popopop!',1,1,0,0,0,100.000000,0.00,0.000000,0.000000,0.000000,0.00,0.000000,'','','','6525','',0.000000,1,0,'',0.000,0.000000,0.000,0,'',0,'0000-00-00 00:00:00',120.000000,100.000000,120.000000,100.000000,0.000000,0.000000,0.000000,100.000000,0.000000),(90,61,61,0,4,5166,0,0,'Jo Di Bona - Steve',1,1,0,0,0,62.500000,0.00,0.000000,0.000000,0.000000,0.00,0.000000,'','','','Jo Di Bona-5166','Jo Di Bona-5166',0.000000,1,0,'',0.000,0.000000,0.000,0,'',0,'0000-00-00 00:00:00',75.000000,62.500000,75.000000,62.500000,0.000000,0.000000,0.000000,62.500000,0.000000),(91,62,62,0,4,6543,0,0,'JonOne - Games',1,0,0,0,0,13200.000000,0.00,0.000000,0.000000,0.000000,0.00,0.000000,'','','','6543','JonOne-4742',0.000000,6,0,'',0.000,0.000000,0.000,0,'',0,'0000-00-00 00:00:00',13200.000000,13200.000000,13200.000000,13200.000000,0.000000,0.000000,0.000000,13200.000000,0.000000),(92,62,62,0,4,6392,0,0,'Frais de port',1,1,0,0,0,4.166667,0.00,0.000000,0.000000,0.000000,0.00,0.000000,'','','','6392','',0.000000,1,0,'',0.000,0.000000,0.000,0,'',0,'0000-00-00 00:00:00',300.000000,250.000000,300.000000,250.000000,0.000000,0.000000,0.000000,4.166667,0.000000),(93,63,63,0,2,6531,0,0,'Jo di Bona - Pongo',1,0,0,0,0,2500.000000,0.00,0.000000,0.000000,0.000000,0.00,0.000000,'','','','6531','Jo di Bona-3836',0.000000,6,0,'',0.000,0.000000,0.000,0,'',0,'0000-00-00 00:00:00',2500.000000,2500.000000,2500.000000,2500.000000,0.000000,0.000000,0.000000,2500.000000,0.000000),(94,64,64,0,2,6540,0,0,'Jo di Bona - Melody',1,0,0,0,0,1600.000000,0.00,0.000000,0.000000,0.000000,0.00,0.000000,'','','','6539','Jo di Bona-3836',0.000000,6,0,'',0.000,0.000000,0.000,0,'',0,'0000-00-00 00:00:00',1600.000000,1600.000000,1600.000000,1600.000000,0.000000,0.000000,0.000000,1600.000000,0.000000),(95,65,65,0,2,6538,0,0,'Jo di Bona - Dangerous',1,0,0,0,0,1600.000000,0.00,0.000000,0.000000,0.000000,0.00,0.000000,'','','','6538','Jo di Bona-3836',0.000000,6,0,'',0.000,0.000000,0.000,0,'',0,'0000-00-00 00:00:00',1600.000000,1600.000000,1600.000000,1600.000000,0.000000,0.000000,0.000000,1600.000000,0.000000),(96,66,66,0,2,6534,0,0,'Jo di Bona - Popeye Playmobil',1,0,0,0,0,900.000000,0.00,0.000000,0.000000,0.000000,0.00,0.000000,'','','','6534','Jo di Bona-3836',0.000000,6,0,'',0.000,0.000000,0.000,0,'',0,'0000-00-00 00:00:00',900.000000,900.000000,900.000000,900.000000,0.000000,0.000000,0.000000,900.000000,0.000000),(97,66,66,0,2,6533,0,0,'Jo di Bona - Tracy Playmobil',1,0,0,0,0,900.000000,0.00,0.000000,0.000000,0.000000,0.00,0.000000,'','','','6533','Jo di Bona-3836',0.000000,6,0,'',0.000,0.000000,0.000,0,'',0,'0000-00-00 00:00:00',900.000000,900.000000,900.000000,900.000000,0.000000,0.000000,0.000000,900.000000,0.000000),(98,67,67,0,2,6542,0,0,'Jo di Bona - Phospho Kate',1,0,0,0,0,4000.000000,0.00,0.000000,0.000000,0.000000,0.00,0.000000,'','','','6542','Jo di Bona-3836',0.000000,6,0,'',0.000,0.000000,0.000,0,'',0,'0000-00-00 00:00:00',3600.000000,3600.000000,3600.000000,3600.000000,0.000000,0.000000,0.000000,4000.000000,0.000000),(99,68,68,0,4,5703,0,0,'Jo di Bona - Space Monkey',2,1,0,0,0,150.000000,0.00,0.000000,0.000000,0.000000,0.00,0.000000,'','','','Jo di Bona-5703','Jo di Bona-5703',0.000000,1,0,'',0.000,0.000000,0.000,0,'',0,'0000-00-00 00:00:00',360.000000,300.000000,180.000000,150.000000,0.000000,0.000000,0.000000,150.000000,0.000000),(100,68,68,0,4,6522,0,0,'Jo Di Bona - Print Splash Magic Monkey',3,1,0,0,0,33.333333,0.00,0.000000,0.000000,0.000000,0.00,0.000000,'','','','6522','',0.000000,1,0,'',0.000,0.000000,0.000,0,'',0,'0000-00-00 00:00:00',120.000000,99.990000,40.000000,33.330000,0.000000,0.000000,0.000000,33.333333,0.000000),(101,68,68,0,4,6500,0,0,'Jo Di Bona - Print Puma Blues',8,3,0,0,0,33.333333,0.00,0.000000,0.000000,0.000000,0.00,0.000000,'','','','6500','',0.000000,1,0,'',0.000,0.000000,0.000,0,'',0,'0000-00-00 00:00:00',320.000000,266.640000,40.000000,33.330000,0.000000,0.000000,0.000000,33.333333,0.000000),(102,68,68,0,4,6512,0,0,'Jo Di Bona - In the Dark of Night',3,1,0,0,0,33.333333,0.00,0.000000,0.000000,0.000000,0.00,0.000000,'','','','6512','',0.000000,1,0,'',0.000,0.000000,0.000,0,'',0,'0000-00-00 00:00:00',120.000000,99.990000,40.000000,33.330000,0.000000,0.000000,0.000000,33.333333,0.000000),(103,68,68,0,4,6525,0,0,'Jo Di Bona - Set de 4 prints Popopop!',7,2,0,0,0,100.000000,0.00,0.000000,0.000000,0.000000,0.00,0.000000,'','','','6525','',0.000000,1,0,'',0.000,0.000000,0.000,0,'',0,'0000-00-00 00:00:00',840.000000,700.000000,120.000000,100.000000,0.000000,0.000000,0.000000,100.000000,0.000000),(104,69,69,0,2,6527,0,0,'Jo di Bona - Jungle Fever',1,0,0,0,0,3200.000000,0.00,0.000000,0.000000,0.000000,0.00,0.000000,'','','','6527','Jo di Bona-3836',0.000000,6,0,'',0.000,0.000000,0.000,0,'',0,'0000-00-00 00:00:00',3200.000000,3200.000000,3200.000000,3200.000000,0.000000,0.000000,0.000000,3200.000000,0.000000),(105,70,70,0,4,6511,0,0,'Jo Di Bona - Alone 80',1,1,0,0,0,33.333333,0.00,0.000000,0.000000,0.000000,0.00,0.000000,'','','','6511','',0.000000,1,0,'',0.000,0.000000,0.000,0,'',0,'0000-00-00 00:00:00',40.000000,33.330000,40.000000,33.333333,0.000000,0.000000,0.000000,33.333333,0.000000),(106,71,71,0,4,6444,0,0,'Bom.K - Death & Disaster - Pink',1,1,0,0,0,75.000000,0.00,0.000000,0.000000,0.000000,0.00,0.000000,'','','','6444','Lek-5169',0.000000,1,0,'',0.000,0.000000,0.000,0,'',0,'0000-00-00 00:00:00',90.000000,75.000000,90.000000,75.000000,0.000000,0.000000,0.000000,75.000000,0.000000),(107,71,71,0,4,6445,0,0,'Bom.K - Death & Disaster - Blue',1,1,0,0,0,75.000000,0.00,0.000000,0.000000,0.000000,0.00,0.000000,'','','','6445','Lek-5169',0.000000,1,0,'',0.000,0.000000,0.000,0,'',0,'0000-00-00 00:00:00',90.000000,75.000000,90.000000,75.000000,0.000000,0.000000,0.000000,75.000000,0.000000),(108,72,72,0,4,5824,0,0,'Shepard Fairey - Embrace Justice',1,1,0,0,0,458.333333,0.00,0.000000,0.000000,0.000000,0.00,0.000000,'','','','Shepard Fairey-5824','Shepard Fairey-5824',0.000000,1,0,'',0.000,0.000000,0.000,0,'',0,'0000-00-00 00:00:00',550.000000,458.330000,550.000000,458.333333,0.000000,0.000000,0.000000,458.333333,0.000000),(109,72,72,0,4,3096,0,0,'Shepard Fairey - Make Art Not War',1,1,0,0,0,100.000000,0.00,0.000000,0.000000,0.000000,0.00,0.000000,'','','','Shepard Fairey-3096','Shepard Fairey-3096',0.000000,1,0,'',0.000,0.000000,0.000,0,'',0,'0000-00-00 00:00:00',120.000000,100.000000,120.000000,100.000000,0.000000,0.000000,0.000000,100.000000,0.000000),(110,73,73,0,4,2588,0,0,'Miss Tic - Dans nos jardins secrets le désir se crée',1,1,0,0,0,500.000000,0.00,0.000000,0.000000,0.000000,0.00,0.000000,'','','','Miss Tic-2588','Miss Tic-2588',0.000000,1,0,'',0.000,0.000000,0.000,0,'',0,'0000-00-00 00:00:00',600.000000,500.000000,600.000000,500.000000,0.000000,0.000000,0.000000,500.000000,0.000000),(111,74,74,0,2,5982,0,0,'Jo di Bona - Under your skin 2',1,0,0,0,0,3200.000000,0.00,0.000000,0.000000,0.000000,0.00,0.000000,'','','','Jo di Bona-5982','Jo di Bona-5982',0.000000,6,0,'',0.000,0.000000,0.000,0,'',0,'0000-00-00 00:00:00',3200.000000,3200.000000,3200.000000,3200.000000,0.000000,0.000000,0.000000,3200.000000,0.000000),(112,74,74,0,2,6438,0,0,'Jo di Bona - Hyperballad',1,0,0,0,0,5400.000000,0.00,0.000000,0.000000,0.000000,0.00,0.000000,'','','','Jo di Bona-6438','Jo di Bona-5578',0.000000,6,0,'',0.000,0.000000,0.000,0,'',0,'0000-00-00 00:00:00',3800.000000,3800.000000,3800.000000,3800.000000,0.000000,0.000000,0.000000,5400.000000,0.000000),(113,75,75,0,4,6525,0,0,'Jo Di Bona - Set de 4 prints Popopop!',1,1,0,0,0,100.000000,0.00,0.000000,0.000000,0.000000,0.00,0.000000,'','','','6525','',0.000000,1,0,'',0.000,0.000000,0.000,0,'',0,'0000-00-00 00:00:00',120.000000,100.000000,120.000000,100.000000,0.000000,0.000000,0.000000,100.000000,0.000000),(114,76,76,0,4,6412,0,0,'C215 - Bring Back Our Girls - Bleu',1,1,0,0,0,166.666667,0.00,0.000000,0.000000,0.000000,0.00,0.000000,'','','','6412','',0.000000,1,0,'',0.000,0.000000,0.000,0,'',0,'0000-00-00 00:00:00',200.000000,166.670000,200.000000,166.666667,0.000000,0.000000,0.000000,166.666667,0.000000),(115,76,76,0,4,6413,0,0,'C215 - Bring Back Our Girls - Rouge',1,1,0,0,0,166.666667,0.00,0.000000,0.000000,0.000000,0.00,0.000000,'','','','6413','',0.000000,1,0,'',0.000,0.000000,0.000,0,'',0,'0000-00-00 00:00:00',200.000000,166.670000,200.000000,166.666667,0.000000,0.000000,0.000000,166.666667,0.000000),(116,77,77,0,4,3096,0,0,'Shepard Fairey - Make Art Not War',1,1,0,0,0,100.000000,0.00,0.000000,0.000000,0.000000,0.00,0.000000,'','','','Shepard Fairey-3096','Shepard Fairey-3096',0.000000,1,0,'',0.000,0.000000,0.000,0,'',0,'0000-00-00 00:00:00',120.000000,100.000000,120.000000,100.000000,0.000000,0.000000,0.000000,100.000000,0.000000),(117,77,77,0,4,6392,0,0,'Frais de port',1,1,0,0,0,4.166667,0.00,0.000000,0.000000,0.000000,0.00,0.000000,'','','','6392','',0.000000,1,0,'',0.000,0.000000,0.000,0,'',0,'0000-00-00 00:00:00',25.000000,20.830000,24.996000,20.830000,0.000000,0.000000,0.000000,4.166667,0.000000),(118,78,78,0,4,5935,0,0,'Jo di Bona - Truth',1,1,0,0,0,62.500000,0.00,0.000000,0.000000,0.000000,0.00,0.000000,'','','','Jo di Bona-5935','Jo di Bona-5935',0.000000,1,0,'',0.000,0.000000,0.000,0,'',0,'0000-00-00 00:00:00',100.000000,83.330000,99.996000,83.330000,0.000000,0.000000,0.000000,62.500000,0.000000),(119,78,78,0,4,6392,0,0,'Frais de port',1,0,0,0,0,4.166667,0.00,0.000000,0.000000,0.000000,0.00,0.000000,'','','','6392','',0.000000,1,0,'',0.000,0.000000,0.000,0,'',0,'0000-00-00 00:00:00',8.000000,6.670000,8.004000,6.670000,0.000000,0.000000,0.000000,4.166667,0.000000),(120,79,79,0,2,6537,0,0,'Jo di Bona - Angel',1,0,0,0,0,1600.000000,0.00,0.000000,0.000000,0.000000,0.00,0.000000,'','','','6537','Jo di Bona-3836',0.000000,6,0,'',0.000,0.000000,0.000,0,'',0,'0000-00-00 00:00:00',1600.000000,1600.000000,1600.000000,1600.000000,0.000000,0.000000,0.000000,1600.000000,0.000000),(121,80,80,0,4,5899,0,0,'Collaboration - Levalet/Zenoy - Pandore',1,1,0,0,0,416.666667,0.00,0.000000,0.000000,0.000000,0.00,0.000000,'','','','Collaboration-5899','Collaboration-5899',0.000000,1,0,'',0.000,0.000000,0.000,0,'',0,'0000-00-00 00:00:00',400.000000,333.330000,399.996000,333.330000,0.000000,0.000000,0.000000,416.666667,0.000000),(122,81,81,0,2,6529,0,0,'Jo di Bona - Peanuts Mona',1,0,0,0,0,3200.000000,0.00,0.000000,0.000000,0.000000,0.00,0.000000,'','','','6529','Jo di Bona-3836',0.000000,6,0,'',0.000,0.000000,0.000,0,'',0,'0000-00-00 00:00:00',3200.000000,3200.000000,3200.000000,3200.000000,0.000000,0.000000,0.000000,3200.000000,0.000000),(123,82,82,0,2,6513,0,0,'Jo di Bona - Pop Corn',1,0,0,0,0,4000.000000,0.00,0.000000,0.000000,0.000000,0.00,0.000000,'','','','6513','Jo di Bona-3836',0.000000,6,0,'',0.000,0.000000,0.000,0,'',0,'0000-00-00 00:00:00',4000.000000,4000.000000,4000.000000,4000.000000,0.000000,0.000000,0.000000,4000.000000,0.000000),(124,83,83,0,2,6539,0,0,'Jo di Bona - Erotica',1,0,0,0,0,1600.000000,0.00,0.000000,0.000000,0.000000,0.00,0.000000,'','','','6539','Jo di Bona-3836',0.000000,6,0,'',0.000,0.000000,0.000,0,'',0,'0000-00-00 00:00:00',1600.000000,1600.000000,1600.000000,1600.000000,0.000000,0.000000,0.000000,1600.000000,0.000000),(125,83,83,0,2,6525,0,0,'Jo Di Bona - Set de 4 prints Popopop!',1,1,0,0,0,100.000000,0.00,0.000000,0.000000,0.000000,0.00,0.000000,'','','','6525','',0.000000,1,0,'',0.000,0.000000,0.000,0,'',0,'0000-00-00 00:00:00',120.000000,100.000000,120.000000,100.000000,0.000000,0.000000,0.000000,100.000000,0.000000),(126,84,84,0,2,6516,0,0,'Jo di Bona - Chimpanzee',1,0,0,0,0,3200.000000,0.00,0.000000,0.000000,0.000000,0.00,0.000000,'','','','6516','Jo di Bona-3836',0.000000,6,0,'',0.000,0.000000,0.000,0,'',0,'0000-00-00 00:00:00',2700.000000,2700.000000,2700.000000,2700.000000,0.000000,0.000000,0.000000,3200.000000,0.000000),(127,85,85,0,4,3096,0,0,'Shepard Fairey - Make Art Not War',1,1,0,0,0,100.000000,0.00,0.000000,0.000000,0.000000,0.00,0.000000,'','','','Shepard Fairey-3096','Shepard Fairey-3096',0.000000,1,0,'',0.000,0.000000,0.000,0,'',0,'0000-00-00 00:00:00',120.000000,100.000000,120.000000,100.000000,0.000000,0.000000,0.000000,100.000000,0.000000),(128,85,85,0,4,6392,0,0,'Frais de port',1,1,0,0,0,4.166667,0.00,0.000000,0.000000,0.000000,0.00,0.000000,'','','','6392','',0.000000,1,0,'',0.000,0.000000,0.000,0,'',0,'0000-00-00 00:00:00',25.000000,20.830000,24.996000,20.830000,0.000000,0.000000,0.000000,4.166667,0.000000),(129,86,86,0,4,6344,0,0,'Shepard Fairey - Liberté - Égalité - Fraternité',1,1,0,0,0,162.500000,0.00,0.000000,0.000000,0.000000,0.00,0.000000,'','','','6344','Shepard Fairey-3096',0.000000,1,0,'',0.000,0.000000,0.000,0,'',0,'0000-00-00 00:00:00',195.000000,162.500000,195.000000,162.500000,0.000000,0.000000,0.000000,162.500000,0.000000),(130,86,86,0,4,6512,0,0,'Jo Di Bona - In the Dark of Night',1,1,0,0,0,33.333333,0.00,0.000000,0.000000,0.000000,0.00,0.000000,'','','','6512','',0.000000,1,0,'',0.000,0.000000,0.000,0,'',0,'0000-00-00 00:00:00',40.000000,33.330000,40.000000,33.333333,0.000000,0.000000,0.000000,33.333333,0.000000),(131,87,87,0,4,6546,0,0,'Shepard Fairey - PACK de 2 posters : Make Art Not War + Liberté Egalité Fraternité',1,1,0,0,0,208.333333,0.00,0.000000,0.000000,0.000000,0.00,0.000000,'','','','Shepard Fairey-6546','Shepard Fairey-3096',0.000000,1,0,'',0.000,0.000000,0.000,0,'',0,'0000-00-00 00:00:00',250.000000,208.330000,250.000000,208.333333,0.000000,0.000000,0.000000,208.333333,0.000000),(132,88,88,0,4,6445,0,0,'Bom.K - Death & Disaster - Blue',1,0,0,0,0,75.000000,0.00,0.000000,0.000000,0.000000,0.00,0.000000,'','','','6445','Lek-5169',0.000000,1,0,'',0.000,0.000000,0.000,0,'',0,'0000-00-00 00:00:00',90.000000,75.000000,90.000000,75.000000,0.000000,0.000000,0.000000,75.000000,0.000000),(133,89,89,0,4,5740,0,0,'Romain Froquet - Estampe Royal',1,1,0,0,0,50.000000,0.00,0.000000,0.000000,0.000000,0.00,0.000000,'','','','Romain Froquet-5740','Romain Froquet-5740',0.000000,1,0,'',0.000,0.000000,0.000,0,'',0,'0000-00-00 00:00:00',60.000000,50.000000,60.000000,50.000000,0.000000,0.000000,0.000000,50.000000,0.000000),(141,90,90,0,4,6546,0,0,'Shepard Fairey - PACK de 2 posters : Make Art Not War + Liberté Egalité Fraternité',1,1,0,0,0,208.333333,0.00,0.000000,0.000000,0.000000,0.00,0.000000,'','','','Shepard Fairey-6546','Shepard Fairey-3096',0.000000,1,0,'',0.000,0.000000,0.000,0,'',0,'0000-00-00 00:00:00',250.000000,208.330000,250.000000,208.333333,0.000000,0.000000,0.000000,208.333333,0.000000),(142,91,91,0,4,6413,0,0,'C215 - Bring Back Our Girls - Rouge',1,1,0,0,0,166.666667,0.00,0.000000,0.000000,0.000000,0.00,0.000000,'','','','6413','',0.000000,1,0,'',0.000,0.000000,0.000,0,'',0,'0000-00-00 00:00:00',250.000000,208.330000,249.996000,208.330000,0.000000,0.000000,0.000000,166.666667,0.000000),(143,92,92,0,4,6412,0,0,'C215 - Bring Back Our Girls - Bleu',1,1,0,0,0,166.666667,0.00,0.000000,0.000000,0.000000,0.00,0.000000,'','','','6412','',0.000000,1,0,'',0.000,0.000000,0.000,0,'',0,'0000-00-00 00:00:00',250.000000,208.330000,249.996000,208.330000,0.000000,0.000000,0.000000,166.666667,0.000000),(147,93,93,0,4,6522,0,0,'Jo Di Bona - Print Splash Magic Monkey',1,1,0,0,0,33.333333,0.00,0.000000,0.000000,0.000000,0.00,0.000000,'','','','6522','',0.000000,1,0,'',0.000,0.000000,0.000,0,'',0,'0000-00-00 00:00:00',40.000000,33.330000,40.000000,33.333333,0.000000,0.000000,0.000000,33.333333,0.000000),(150,93,93,0,4,6427,0,0,'Livre',1,1,0,0,0,9.480000,0.00,0.000000,0.000000,0.000000,0.00,0.000000,'','','','6427','',0.000000,3,0,'',0.000,0.000000,0.000,0,'',0,'0000-00-00 00:00:00',10.000000,9.480000,10.001400,9.480000,0.000000,0.000000,0.000000,9.480000,0.000000),(151,68,68,0,4,6511,0,0,'Jo Di Bona - Alone 80',3,3,0,0,0,33.333333,0.00,0.000000,0.000000,0.000000,0.00,0.000000,'','','','6511','',0.000000,1,0,'',0.000,0.000000,0.000,0,'',0,'0000-00-00 00:00:00',120.000000,100.000000,40.000000,33.333333,0.000000,0.000000,0.000000,33.333333,0.000000),(152,68,68,0,4,6427,0,0,'Livre',5,4,0,0,0,9.480000,0.00,0.000000,0.000000,0.000000,0.00,0.000000,'','','','6427','',0.000000,3,0,'',0.000,0.000000,0.000,0,'',0,'0000-00-00 00:00:00',50.010000,47.400000,10.001400,9.480000,0.000000,0.000000,0.000000,9.480000,0.000000),(153,94,94,0,2,6532,0,0,'Jo di Bona - Je t\'aime moi non plus',1,0,0,0,0,6500.000000,0.00,0.000000,0.000000,0.000000,0.00,0.000000,'','','','6532','Jo di Bona-3836',0.000000,6,0,'',0.000,0.000000,0.000,0,'',0,'0000-00-00 00:00:00',6600.000000,6600.000000,6600.000000,6600.000000,0.000000,0.000000,0.000000,6500.000000,0.000000),(154,94,94,0,2,6525,0,0,'Jo Di Bona - Set de 4 prints Popopop!',3,3,0,0,0,100.000000,0.00,0.000000,0.000000,0.000000,0.00,0.000000,'','','','6525','',0.000000,1,0,'',0.000,0.000000,0.000,0,'',0,'0000-00-00 00:00:00',360.000000,300.000000,120.000000,100.000000,0.000000,0.000000,0.000000,100.000000,0.000000),(155,95,95,0,4,2977,0,0,'Levalet - Légion',1,1,0,0,0,183.333333,0.00,0.000000,0.000000,0.000000,0.00,0.000000,'','','','Levalet-2977','Levalet-2977',0.000000,1,0,'',0.000,0.000000,0.000,0,'',0,'0000-00-00 00:00:00',220.000000,183.330000,220.000000,183.333333,0.000000,0.000000,0.000000,183.333333,0.000000),(156,96,96,0,4,6546,0,0,'Shepard Fairey - PACK de 2 posters : Make Art Not War + Liberté Egalité Fraternité',1,1,0,0,0,208.333333,0.00,0.000000,0.000000,0.000000,0.00,0.000000,'','','','Shepard Fairey-6546','Shepard Fairey-3096',0.000000,1,0,'',0.000,0.000000,0.000,0,'',0,'0000-00-00 00:00:00',250.000000,208.330000,250.000000,208.333333,0.000000,0.000000,0.000000,208.333333,0.000000),(157,97,97,0,4,3097,0,0,'Shepard Fairey - Paradise Turns',1,1,0,0,0,162.500000,0.00,0.000000,0.000000,0.000000,0.00,0.000000,'','','','Shepard Fairey-3097','Shepard Fairey-3097',0.000000,1,0,'',0.000,0.000000,0.000,0,'',0,'0000-00-00 00:00:00',160.000000,133.330000,159.996000,133.330000,0.000000,0.000000,0.000000,162.500000,0.000000),(158,97,97,0,4,6392,0,0,'Frais de port',1,1,0,0,0,4.166667,0.00,0.000000,0.000000,0.000000,0.00,0.000000,'','','','6392','',0.000000,1,0,'',0.000,0.000000,0.000,0,'',0,'0000-00-00 00:00:00',25.000000,20.830000,24.996000,20.830000,0.000000,0.000000,0.000000,4.166667,0.000000),(159,98,98,0,2,6560,0,0,'Philippe Hérard - Cent-Titres (K20)',1,0,0,0,0,800.000000,0.00,0.000000,0.000000,0.000000,0.00,0.000000,'','','','Philippe Hérard-6560','Philippe Hérard-4030',0.000000,6,0,'',0.000,0.000000,0.000,0,'',0,'0000-00-00 00:00:00',800.000000,800.000000,800.000000,800.000000,0.000000,0.000000,0.000000,800.000000,0.000000),(160,99,99,0,2,6505,0,0,'Philippe Hérard - Cent-Titres (K12)',1,0,0,0,0,1700.000000,0.00,0.000000,0.000000,0.000000,0.00,0.000000,'','','','Philippe Hérard-6505','Philippe Hérard-4030',0.000000,6,0,'',0.000,0.000000,0.000,0,'',0,'0000-00-00 00:00:00',1700.000000,1700.000000,1700.000000,1700.000000,0.000000,0.000000,0.000000,1700.000000,0.000000),(161,100,100,0,2,6506,0,0,'Philippe Hérard - Cent-Titres (K13)',1,0,0,0,0,1700.000000,0.00,0.000000,0.000000,0.000000,0.00,0.000000,'','','','Philippe Hérard-46506','Philippe Hérard-4030',0.000000,6,0,'',0.000,0.000000,0.000,0,'',0,'0000-00-00 00:00:00',1700.000000,1700.000000,1700.000000,1700.000000,0.000000,0.000000,0.000000,1700.000000,0.000000),(162,101,101,0,2,6518,0,0,'Jo di Bona - Do the right thing',1,0,0,0,0,5400.000000,0.00,0.000000,0.000000,0.000000,0.00,0.000000,'','','','6518','Jo di Bona-3836',0.000000,6,0,'',0.000,0.000000,0.000,0,'',0,'0000-00-00 00:00:00',5050.000000,5050.000000,5050.000000,5050.000000,0.000000,0.000000,0.000000,5400.000000,0.000000),(163,101,101,0,2,6436,0,0,'Jo di Bona - Sans Titre',1,0,0,0,0,1800.000000,0.00,0.000000,0.000000,0.000000,0.00,0.000000,'','','','Jo di Bona-6436','Jo di Bona-4837',0.000000,6,0,'',0.000,0.000000,0.000,0,'',0,'0000-00-00 00:00:00',1450.000000,1450.000000,1450.000000,1450.000000,0.000000,0.000000,0.000000,1800.000000,0.000000),(164,102,102,0,4,6593,0,0,'Logan Hick -Travel North',1,1,0,0,0,208.333333,0.00,0.000000,0.000000,0.000000,0.00,0.000000,'','','','6593','',0.000000,1,0,'',0.000,0.000000,0.000,0,'',0,'0000-00-00 00:00:00',250.000000,208.330000,250.000000,208.333333,0.000000,0.000000,0.000000,208.333333,0.000000),(165,103,103,0,4,2578,0,0,'Gregos - Série Figure',1,1,0,0,0,83.333333,0.00,0.000000,0.000000,0.000000,0.00,0.000000,'','','','Gregos-2578','Gregos-2578',0.000000,1,0,'',0.000,0.000000,0.000,0,'',0,'0000-00-00 00:00:00',100.000000,83.330000,100.000000,83.333333,0.000000,0.000000,0.000000,83.333333,0.000000),(166,103,103,0,4,6392,0,0,'Frais de port',1,1,0,0,0,4.166667,0.00,0.000000,0.000000,0.000000,0.00,0.000000,'','','','6392','',0.000000,1,0,'',0.000,0.000000,0.000,0,'',0,'0000-00-00 00:00:00',12.000000,10.000000,12.000000,10.000000,0.000000,0.000000,0.000000,4.166667,0.000000),(167,104,104,0,2,6519,0,0,'Jo di Bona - Experience',1,0,0,0,0,5400.000000,0.00,0.000000,0.000000,0.000000,0.00,0.000000,'','','','6519','Jo di Bona-3836',0.000000,6,0,'',0.000,0.000000,0.000,0,'',0,'0000-00-00 00:00:00',4800.000000,4800.000000,4800.000000,4800.000000,0.000000,0.000000,0.000000,5400.000000,0.000000),(168,105,105,0,2,6493,0,0,'Bom.K - Libre',1,0,0,0,0,1200.000000,0.00,0.000000,0.000000,0.000000,0.00,0.000000,'','','','6493','',0.000000,6,0,'',0.000,0.000000,0.000,0,'',0,'0000-00-00 00:00:00',1200.000000,1200.000000,1200.000000,1200.000000,0.000000,0.000000,0.000000,1200.000000,0.000000),(169,106,106,0,2,6569,0,0,'Romain Froquet - Human Poetry',1,0,0,0,0,4200.000000,0.00,0.000000,0.000000,0.000000,0.00,0.000000,'','','','6569','Romain Froquet-5909',0.000000,6,0,'',0.000,0.000000,0.000,0,'',0,'0000-00-00 00:00:00',3800.000000,3800.000000,3800.000000,3800.000000,0.000000,0.000000,0.000000,4200.000000,0.000000),(170,106,106,0,2,6581,0,0,'Levalet - Isolement',1,0,0,0,0,2800.000000,0.00,0.000000,0.000000,0.000000,0.00,0.000000,'','','','6581','',0.000000,6,0,'',0.000,0.000000,0.000,0,'',0,'0000-00-00 00:00:00',2500.000000,2500.000000,2500.000000,2500.000000,0.000000,0.000000,0.000000,2800.000000,0.000000),(171,107,107,0,2,6612,0,0,'Philippe Hérard - Cent-Titres (3F5)',1,0,0,0,0,750.000000,0.00,0.000000,0.000000,0.000000,0.00,0.000000,'','','','Philippe Hérard-6612','Philippe Hérard-4030',0.000000,6,0,'',0.000,0.000000,0.000,0,'',0,'0000-00-00 00:00:00',750.000000,750.000000,750.000000,750.000000,0.000000,0.000000,0.000000,750.000000,0.000000),(172,108,108,0,2,6624,0,0,'Bom.K - Street Fighter',1,0,0,0,0,2000.000000,0.00,0.000000,0.000000,0.000000,0.00,0.000000,'','','','6618','',0.000000,6,0,'',0.000,0.000000,0.000,0,'',0,'0000-00-00 00:00:00',2000.000000,2000.000000,2000.000000,2000.000000,0.000000,0.000000,0.000000,2000.000000,0.000000),(173,109,109,0,2,6596,0,0,'Achat d\'art - visuel Jo di Bona Japan Robot',1,0,0,0,0,3200.000000,0.00,0.000000,0.000000,0.000000,0.00,0.000000,'','','','6526','Jo di Bona-3836',0.000000,6,0,'',0.000,0.000000,0.000,0,'',0,'0000-00-00 00:00:00',3200.000000,3200.000000,3200.000000,3200.000000,0.000000,0.000000,0.000000,3200.000000,0.000000),(174,110,110,0,2,6431,0,0,'Bom K - Death and disaster',1,0,0,0,0,13800.000000,0.00,0.000000,0.000000,0.000000,0.00,0.000000,'','','','6431','',0.000000,6,0,'',0.000,0.000000,0.000,0,'',0,'0000-00-00 00:00:00',11700.000000,11700.000000,11700.000000,11700.000000,0.000000,0.000000,0.000000,13800.000000,0.000000),(175,110,110,0,2,6606,0,0,'Philippe Hérard - Mur d\'ardoises',1,0,0,0,0,12000.000000,0.00,0.000000,0.000000,0.000000,0.00,0.000000,'','','','Philippe Hérard-6606','Philippe Hérard-4030',0.000000,6,0,'',0.000,0.000000,0.000,0,'',0,'0000-00-00 00:00:00',10300.000000,10300.000000,10300.000000,10300.000000,0.000000,0.000000,0.000000,12000.000000,0.000000),(176,111,111,0,2,6577,0,0,'Levalet - Le Code',1,0,0,0,0,800.000000,0.00,0.000000,0.000000,0.000000,0.00,0.000000,'','','','6577','',0.000000,6,0,'',0.000,0.000000,0.000,0,'',0,'0000-00-00 00:00:00',600.000000,600.000000,600.000000,600.000000,0.000000,0.000000,0.000000,800.000000,0.000000),(177,111,111,0,2,6578,0,0,'Levalet - Communication',1,0,0,0,0,1800.000000,0.00,0.000000,0.000000,0.000000,0.00,0.000000,'','','','6578','',0.000000,6,0,'',0.000,0.000000,0.000,0,'',0,'0000-00-00 00:00:00',1600.000000,1600.000000,1600.000000,1600.000000,0.000000,0.000000,0.000000,1800.000000,0.000000),(178,111,111,0,2,6616,0,0,'Philippe Hérard - Cent-Titres (3F9)',1,0,0,0,0,750.000000,0.00,0.000000,0.000000,0.000000,0.00,0.000000,'','','','Philippe Hérard-6616','Philippe Hérard-4030',0.000000,6,0,'',0.000,0.000000,0.000,0,'',0,'0000-00-00 00:00:00',700.000000,700.000000,700.000000,700.000000,0.000000,0.000000,0.000000,750.000000,0.000000),(179,112,112,0,2,6595,0,0,'Levalet - English Breakfast',1,0,0,0,0,1000.000000,0.00,0.000000,0.000000,0.000000,0.00,0.000000,'','','','6595','',0.000000,6,0,'',0.000,0.000000,0.000,0,'',0,'0000-00-00 00:00:00',1000.000000,1000.000000,1000.000000,1000.000000,0.000000,0.000000,0.000000,1000.000000,0.000000),(180,113,113,0,2,6561,0,0,'Philippe Hérard - Cent-Titres (K23)',1,0,0,0,0,800.000000,0.00,0.000000,0.000000,0.000000,0.00,0.000000,'','','','Philippe Hérard-6561','Philippe Hérard-4030',0.000000,6,0,'',0.000,0.000000,0.000,0,'',0,'0000-00-00 00:00:00',800.000000,800.000000,800.000000,800.000000,0.000000,0.000000,0.000000,800.000000,0.000000),(181,114,114,0,2,6558,0,0,'Philippe Hérard - Cent-Titres (K18)',1,0,0,0,0,6400.000000,0.00,0.000000,0.000000,0.000000,0.00,0.000000,'','','','Philippe Hérard-6558','Philippe Hérard-4030',0.000000,6,0,'',0.000,0.000000,0.000,0,'',0,'0000-00-00 00:00:00',6400.000000,6400.000000,6400.000000,6400.000000,0.000000,0.000000,0.000000,6400.000000,0.000000),(182,115,115,0,2,6611,0,0,'Philippe Hérard - Cent-Titres (3F4)',1,0,0,0,0,750.000000,0.00,0.000000,0.000000,0.000000,0.00,0.000000,'','','','Philippe Hérard-6611','Philippe Hérard-4030',0.000000,6,0,'',0.000,0.000000,0.000,0,'',0,'0000-00-00 00:00:00',650.000000,650.000000,650.000000,650.000000,0.000000,0.000000,0.000000,750.000000,0.000000),(183,115,115,0,2,6576,0,0,'Levalet - Autoportrait',1,0,0,0,0,800.000000,0.00,0.000000,0.000000,0.000000,0.00,0.000000,'','','','6576','',0.000000,6,0,'',0.000,0.000000,0.000,0,'',0,'0000-00-00 00:00:00',750.000000,750.000000,750.000000,750.000000,0.000000,0.000000,0.000000,800.000000,0.000000),(184,116,116,0,2,6607,0,0,'Bom K - Avec le masque élégant',1,0,0,0,0,5800.000000,0.00,0.000000,0.000000,0.000000,0.00,0.000000,'','','','6607','',0.000000,6,0,'',0.000,0.000000,0.000,0,'',0,'0000-00-00 00:00:00',5800.000000,5800.000000,5800.000000,5800.000000,0.000000,0.000000,0.000000,5800.000000,0.000000),(185,117,117,0,2,6520,0,0,'Jo di Bona - Fuck You',1,0,0,0,0,4000.000000,0.00,0.000000,0.000000,0.000000,0.00,0.000000,'','','','6520','Jo di Bona-3836',0.000000,6,0,'',0.000,0.000000,0.000,0,'',0,'0000-00-00 00:00:00',3600.000000,3600.000000,3600.000000,3600.000000,0.000000,0.000000,0.000000,4000.000000,0.000000),(186,118,118,0,2,6562,0,0,'Philippe Hérard - Cent-Titres (K22)',1,0,0,0,0,3400.000000,0.00,0.000000,0.000000,0.000000,0.00,0.000000,'','','','Philippe Hérard-6562','Philippe Hérard-4030',0.000000,6,0,'',0.000,0.000000,0.000,0,'',0,'0000-00-00 00:00:00',3400.000000,3400.000000,3400.000000,3400.000000,0.000000,0.000000,0.000000,3400.000000,0.000000),(187,119,119,0,2,6563,0,0,'Romain Froquet - Arabesque',1,0,0,0,0,1700.000000,0.00,0.000000,0.000000,0.000000,0.00,0.000000,'','','','6563','Romain Froquet-5909',0.000000,6,0,'',0.000,0.000000,0.000,0,'',0,'0000-00-00 00:00:00',900.000000,900.000000,900.000000,900.000000,0.000000,0.000000,0.000000,1700.000000,0.000000),(188,120,120,0,2,6567,0,0,'Romain Froquet - Sociétaire',1,0,0,0,0,2300.000000,0.00,0.000000,0.000000,0.000000,0.00,0.000000,'','','','6567','Romain Froquet-5909',0.000000,6,0,'',0.000,0.000000,0.000,0,'',0,'0000-00-00 00:00:00',2300.000000,2300.000000,2300.000000,2300.000000,0.000000,0.000000,0.000000,2300.000000,0.000000),(189,121,121,0,2,6579,0,0,'Levalet - Dévotion',1,0,0,0,0,1800.000000,0.00,0.000000,0.000000,0.000000,0.00,0.000000,'','','','6579','',0.000000,6,0,'',0.000,0.000000,0.000,0,'',0,'0000-00-00 00:00:00',1800.000000,1800.000000,1800.000000,1800.000000,0.000000,0.000000,0.000000,1800.000000,0.000000),(190,122,122,0,4,6425,0,0,'Shepard Fairey - Ideal Power (Grand Format)',1,0,0,0,0,2166.666667,0.00,0.000000,0.000000,0.000000,0.00,0.000000,'','','','Shepard Fairey-6425','Shepard Fairey-5824',0.000000,1,0,'',0.000,0.000000,0.000,0,'',0,'0000-00-00 00:00:00',2200.000000,1833.330000,2200.000000,1833.333333,0.000000,0.000000,0.000000,2166.666667,0.000000),(191,123,123,0,2,6575,0,0,'Levalet - Bon voisinage',1,0,0,0,0,2400.000000,0.00,0.000000,0.000000,0.000000,0.00,0.000000,'','','','6575','',0.000000,6,0,'',0.000,0.000000,0.000,0,'',0,'0000-00-00 00:00:00',2400.000000,2400.000000,2400.000000,2400.000000,0.000000,0.000000,0.000000,2400.000000,0.000000),(192,123,123,0,2,6625,0,0,'Gottfried Salzmann - New-York 3D',1,0,0,0,0,666.666667,0.00,0.000000,0.000000,0.000000,0.00,0.000000,'','','','','',0.000000,1,0,'',0.000,0.000000,0.000,0,'',0,'0000-00-00 00:00:00',800.000000,666.670000,800.000000,666.666667,0.000000,0.000000,0.000000,666.666667,0.000000),(193,124,124,0,2,6130,0,0,'Philippe Hérard - Cent titres',1,0,0,0,0,800.000000,0.00,0.000000,0.000000,0.000000,0.00,0.000000,'','','','6130','Philippe Hérard-4588',0.000000,6,0,'',0.000,0.000000,0.000,0,'',0,'0000-00-00 00:00:00',800.000000,800.000000,800.000000,800.000000,0.000000,0.000000,0.000000,800.000000,0.000000),(194,125,125,0,4,6469,0,0,'C215 - Tirailleur Indochinois',1,0,0,0,0,1500.000000,0.00,0.000000,0.000000,0.000000,0.00,0.000000,'','','','C215-6469','C215-4841',0.000000,6,0,'',0.000,0.000000,0.000,0,'',0,'0000-00-00 00:00:00',1500.000000,1500.000000,1500.000000,1500.000000,50.000000,50.000000,0.000000,1500.000000,0.000000),(195,126,126,0,4,6626,0,0,'Shepard Fairey - We The People - Protect Each Over',1,0,0,0,0,666.666667,0.00,0.000000,0.000000,0.000000,0.00,0.000000,'','','','Shepard Fairey-5459','Shepard Fairey-5459',0.000000,1,0,'',0.000,0.000000,0.000,0,'',0,'0000-00-00 00:00:00',800.000000,666.670000,800.000000,666.666667,0.000000,0.000000,0.000000,666.666667,0.000000),(196,127,127,0,2,6618,0,0,'Bom.K - La vraie souris',1,0,0,0,0,1400.000000,0.00,0.000000,0.000000,0.000000,0.00,0.000000,'','','','6618','',0.000000,6,0,'',0.000,0.000000,0.000,0,'',0,'0000-00-00 00:00:00',1400.000000,1400.000000,1400.000000,1400.000000,0.000000,0.000000,0.000000,1400.000000,0.000000),(197,128,128,0,4,3982,0,0,'Shepard Fairey - Peace&Freedom Dove',1,0,0,0,0,416.666667,0.00,0.000000,0.000000,0.000000,0.00,0.000000,'','','','Shepard Fairey-3982','Shepard Fairey-3982',0.000000,1,0,'',0.000,0.000000,0.000,0,'',0,'0000-00-00 00:00:00',420.000000,350.000000,420.000000,350.000000,0.000000,0.000000,0.000000,416.666667,0.000000),(198,128,128,0,4,5703,0,0,'Jo di Bona - Space Monkey',1,1,0,0,0,150.000000,0.00,0.000000,0.000000,0.000000,0.00,0.000000,'','','','Jo di Bona-5703','Jo di Bona-5703',0.000000,1,0,'',0.000,0.000000,0.000,0,'',0,'0000-00-00 00:00:00',180.000000,150.000000,180.000000,150.000000,0.000000,0.000000,0.000000,150.000000,0.000000),(199,129,129,0,4,6424,0,0,'Shepard Fairey - Fire Sale',1,0,0,0,0,600.000000,0.00,0.000000,0.000000,0.000000,0.00,0.000000,'','','','Shepard Fairey-6424','Shepard Fairey-4016',0.000000,1,0,'',0.000,0.000000,0.000,0,'',0,'0000-00-00 00:00:00',720.000000,600.000000,720.000000,600.000000,0.000000,0.000000,0.000000,600.000000,0.000000),(200,129,129,0,4,3096,0,0,'Shepard Fairey - Make Art Not War',1,1,0,0,0,100.000000,0.00,0.000000,0.000000,0.000000,0.00,0.000000,'','','','Shepard Fairey-3096','Shepard Fairey-3096',0.000000,1,0,'',0.000,0.000000,0.000,0,'',0,'0000-00-00 00:00:00',120.000000,100.000000,120.000000,100.000000,0.000000,0.000000,0.000000,100.000000,0.000000),(201,130,130,0,2,6594,0,0,'Levalet - Cold Case',1,0,0,0,0,1800.000000,0.00,0.000000,0.000000,0.000000,0.00,0.000000,'','','','6594','',0.000000,6,0,'',0.000,0.000000,0.000,0,'',0,'0000-00-00 00:00:00',1500.000000,1500.000000,1500.000000,1500.000000,0.000000,0.000000,0.000000,1800.000000,0.000000),(202,131,131,0,2,6528,0,0,'Jo di Bona - Pablo',1,0,0,0,0,3200.000000,0.00,0.000000,0.000000,0.000000,0.00,0.000000,'','','','6528','Jo di Bona-3836',0.000000,6,0,'',0.000,0.000000,0.000,0,'',0,'0000-00-00 00:00:00',2000.000000,2000.000000,2000.000000,2000.000000,0.000000,0.000000,0.000000,3200.000000,0.000000),(203,132,132,0,2,6525,0,0,'Jo Di Bona - Set de 4 prints Popopop!',1,1,0,0,0,100.000000,0.00,0.000000,0.000000,0.000000,0.00,0.000000,'','','','6525','',0.000000,1,0,'',0.000,0.000000,0.000,0,'',0,'0000-00-00 00:00:00',120.000000,100.000000,120.000000,100.000000,0.000000,0.000000,0.000000,100.000000,0.000000),(204,133,133,0,2,6489,0,0,'Philippe Hérard - Cent-Titres (K16)',1,0,0,0,0,1800.000000,0.00,0.000000,0.000000,0.000000,0.00,0.000000,'','','','Philippe Hérard-6489','Philippe Hérard-4030',0.000000,6,0,'',0.000,0.000000,0.000,0,'',0,'0000-00-00 00:00:00',900.000000,900.000000,900.000000,900.000000,0.000000,0.000000,0.000000,1800.000000,0.000000),(205,134,134,0,2,6483,0,0,'Philippe Hérard - Cent-Titres (K3)',1,0,0,0,0,3500.000000,0.00,0.000000,0.000000,0.000000,0.00,0.000000,'','','','Philippe Hérard-6483','Philippe Hérard-4030',0.000000,6,0,'',0.000,0.000000,0.000,0,'',0,'0000-00-00 00:00:00',3500.000000,3500.000000,3500.000000,3500.000000,0.000000,0.000000,0.000000,3500.000000,0.000000),(206,135,135,0,2,6617,0,0,'Philippe Hérard - Cent-Titres (3F10)',1,0,0,0,0,750.000000,0.00,0.000000,0.000000,0.000000,0.00,0.000000,'','','','Philippe Hérard-6617','Philippe Hérard-4030',0.000000,6,0,'',0.000,0.000000,0.000,0,'',0,'0000-00-00 00:00:00',750.000000,750.000000,750.000000,750.000000,0.000000,0.000000,0.000000,750.000000,0.000000),(207,136,136,0,2,6609,0,0,'Philippe Hérard - Cent-Titres (3F2)',1,0,0,0,0,750.000000,0.00,0.000000,0.000000,0.000000,0.00,0.000000,'','','','Philippe Hérard-6609','Philippe Hérard-4030',0.000000,6,0,'',0.000,0.000000,0.000,0,'',0,'0000-00-00 00:00:00',750.000000,750.000000,750.000000,750.000000,0.000000,0.000000,0.000000,750.000000,0.000000),(208,137,137,0,4,6294,0,0,'Gottfried Salzmann - Paris',1,1,0,0,0,500.000000,0.00,0.000000,0.000000,0.000000,0.00,0.000000,'','','','6294','',0.000000,1,0,'',0.000,0.000000,0.000,0,'',0,'0000-00-00 00:00:00',600.000000,500.000000,600.000000,500.000000,0.000000,0.000000,0.000000,500.000000,0.000000),(209,138,138,0,2,6564,0,0,'Romain Froquet - People Know',1,0,0,0,0,1700.000000,0.00,0.000000,0.000000,0.000000,0.00,0.000000,'','','','6564','Romain Froquet-5909',0.000000,6,0,'',0.000,0.000000,0.000,0,'',0,'0000-00-00 00:00:00',1700.000000,1700.000000,1700.000000,1700.000000,0.000000,0.000000,0.000000,1700.000000,0.000000),(210,139,139,0,4,6407,0,0,'Romain Froquet - estampe Go with the Flow',9,4,0,0,0,125.000000,0.00,0.000000,0.000000,0.000000,0.00,0.000000,'','','','6117','Romain Froquet-5777',0.000000,1,0,'',0.000,0.000000,0.000,0,'',0,'0000-00-00 00:00:00',1350.000000,1125.000000,150.000000,125.000000,0.000000,0.000000,0.000000,125.000000,0.000000),(211,139,139,0,4,5744,0,0,'Romain Froquet - Estampe Souvenirs',1,1,0,0,0,50.000000,0.00,0.000000,0.000000,0.000000,0.00,0.000000,'','','','Romain Froquet-5744','Romain Froquet-5744',0.000000,1,0,'',0.000,0.000000,0.000,0,'',0,'0000-00-00 00:00:00',60.000000,50.000000,60.000000,50.000000,0.000000,0.000000,0.000000,50.000000,0.000000),(212,139,139,0,4,6627,0,0,'Levalet - Livre',11,9,0,0,0,25.592417,0.00,0.000000,0.000000,0.000000,0.00,0.000000,'','','','Levalet-3325','Levalet-3325',0.000000,3,0,'',0.000,0.000000,0.000,0,'',0,'0000-00-00 00:00:00',297.000000,281.520000,27.000000,25.592417,0.000000,0.000000,0.000000,25.592417,0.000000),(213,139,139,0,4,3325,0,0,'Levalet - Livre Des illusions comiques',5,1,0,0,0,27.488152,0.00,0.000000,0.000000,0.000000,0.00,0.000000,'','','','Levalet-3325','Levalet-3325',0.000000,3,0,'',0.000,0.000000,0.000,0,'',0,'0000-00-00 00:00:00',145.000000,137.440000,29.000000,27.488152,0.000000,0.000000,0.000000,27.488152,0.000000),(214,139,139,0,4,6411,0,0,'Levalet - Le voyageur',2,1,0,0,0,208.333333,0.00,0.000000,0.000000,0.000000,0.00,0.000000,'','','','6411','',0.000000,1,0,'',0.000,0.000000,0.000,0,'',0,'0000-00-00 00:00:00',500.000000,416.670000,250.000000,208.333333,0.000000,0.000000,0.000000,208.333333,0.000000),(215,139,139,0,4,6412,0,0,'C215 - Bring Back Our Girls - Bleu',2,2,0,0,0,166.666667,0.00,0.000000,0.000000,0.000000,0.00,0.000000,'','','','6412','',0.000000,1,0,'',0.000,0.000000,0.000,0,'',0,'0000-00-00 00:00:00',400.000000,333.330000,200.000000,166.666667,0.000000,0.000000,0.000000,166.666667,0.000000),(216,139,139,0,4,6414,0,0,'C215 - 2 estampes Bring Back Our Girls - bleu et rouge',1,1,0,0,0,316.666667,0.00,0.000000,0.000000,0.000000,0.00,0.000000,'','','','6414','',0.000000,1,0,'',0.000,0.000000,0.000,0,'',0,'0000-00-00 00:00:00',380.000000,316.670000,380.000000,316.666667,0.000000,0.000000,0.000000,316.666667,0.000000),(217,139,139,0,4,6400,0,0,'Jo di Bona - Bowie',4,4,0,0,0,166.666667,0.00,0.000000,0.000000,0.000000,0.00,0.000000,'','','','Jo di Bona-6400','Jo di Bona-5759',0.000000,1,0,'',0.000,0.000000,0.000,0,'',0,'0000-00-00 00:00:00',800.000000,666.670000,200.000000,166.666667,0.000000,0.000000,0.000000,166.666667,0.000000),(218,139,139,0,4,6525,0,0,'Jo Di Bona - Set de 4 prints Popopop!',1,1,0,0,0,100.000000,0.00,0.000000,0.000000,0.000000,0.00,0.000000,'','','','6525','',0.000000,1,0,'',0.000,0.000000,0.000,0,'',0,'0000-00-00 00:00:00',120.000000,100.000000,120.000000,100.000000,0.000000,0.000000,0.000000,100.000000,0.000000),(219,139,139,0,4,6344,0,0,'Shepard Fairey - Liberté - Égalité - Fraternité',4,3,0,0,0,162.500000,0.00,0.000000,0.000000,0.000000,0.00,0.000000,'','','','6344','Shepard Fairey-3096',0.000000,1,0,'',0.000,0.000000,0.000,0,'',0,'0000-00-00 00:00:00',780.000000,650.000000,195.000000,162.500000,0.000000,0.000000,0.000000,162.500000,0.000000),(220,139,139,0,4,5885,0,0,'Shepard Fairey - ICE T',1,0,0,0,0,500.000000,0.00,0.000000,0.000000,0.000000,0.00,0.000000,'','','','Shepard Fairey-5885','Shepard Fairey-5885',0.000000,1,0,'',0.000,0.000000,0.000,0,'',0,'0000-00-00 00:00:00',600.000000,500.000000,600.000000,500.000000,0.000000,0.000000,0.000000,500.000000,0.000000),(221,139,139,0,4,6420,0,0,'Shepard Fairey - Fruits of Our Labour',1,1,0,0,0,458.333333,0.00,0.000000,0.000000,0.000000,0.00,0.000000,'','','','Shepard Fairey-6420','Shepard Fairey-4016',0.000000,1,0,'',0.000,0.000000,0.000,0,'',0,'0000-00-00 00:00:00',550.000000,458.330000,550.000000,458.333333,0.000000,0.000000,0.000000,458.333333,0.000000),(222,139,139,0,4,5146,0,0,'Shepard Fairey - Face Collage bas',2,2,0,0,0,66.666667,0.00,0.000000,0.000000,0.000000,0.00,0.000000,'','','','Shepard Fairey-5146','Shepard Fairey-5146',0.000000,1,0,'',0.000,0.000000,0.000,0,'',0,'0000-00-00 00:00:00',160.000000,133.330000,80.000000,66.666667,0.000000,0.000000,0.000000,66.666667,0.000000),(223,139,139,0,4,3096,0,0,'Shepard Fairey - Make Art Not War',2,1,0,0,0,100.000000,0.00,0.000000,0.000000,0.000000,0.00,0.000000,'','','','Shepard Fairey-3096','Shepard Fairey-3096',0.000000,1,0,'',0.000,0.000000,0.000,0,'',0,'0000-00-00 00:00:00',240.000000,200.000000,120.000000,100.000000,0.000000,0.000000,0.000000,100.000000,0.000000),(224,139,139,0,4,6546,0,0,'Shepard Fairey - PACK de 2 posters : Make Art Not War + Liberté Egalité Fraternité',3,-1,0,0,0,208.333333,0.00,0.000000,0.000000,0.000000,0.00,0.000000,'','','','Shepard Fairey-6546','Shepard Fairey-3096',0.000000,1,0,'',0.000,0.000000,0.000,0,'',0,'0000-00-00 00:00:00',750.000000,625.000000,250.000000,208.333333,0.000000,0.000000,0.000000,208.333333,0.000000),(225,139,139,0,4,5500,0,0,'Shepard Fairey - Damaged Stencil Natural Springs',1,0,0,0,0,233.333333,0.00,0.000000,0.000000,0.000000,0.00,0.000000,'','','','Shepard Fairey-5500','Shepard Fairey-5500',0.000000,1,0,'',0.000,0.000000,0.000,0,'',0,'0000-00-00 00:00:00',280.000000,233.330000,280.000000,233.333333,0.000000,0.000000,0.000000,233.333333,0.000000),(226,139,139,0,4,6628,0,0,'Shepard Fairey - Earth Crisis',1,0,0,0,0,625.000000,0.00,0.000000,0.000000,0.000000,0.00,0.000000,'','','','Shepard Fairey-3974','Shepard Fairey-3974',0.000000,1,0,'',0.000,0.000000,0.000,0,'',0,'0000-00-00 00:00:00',750.000000,625.000000,750.000000,625.000000,0.000000,0.000000,0.000000,625.000000,0.000000),(227,139,139,0,4,5499,0,0,'Shepard Fairey - Damaged Stencil Peace Guard 2',1,0,0,0,0,233.333333,0.00,0.000000,0.000000,0.000000,0.00,0.000000,'','','','Shepard Fairey-5499','Shepard Fairey-5499',0.000000,1,0,'',0.000,0.000000,0.000,0,'',0,'0000-00-00 00:00:00',280.000000,233.330000,280.000000,233.333333,0.000000,0.000000,0.000000,233.333333,0.000000),(228,139,139,0,4,6629,0,0,'Shepard Fairey -  Liberté - Égalité - Fraternité 2',1,0,0,0,0,125.000000,0.00,0.000000,0.000000,0.000000,0.00,0.000000,'','','','6344','Shepard Fairey-3096',0.000000,1,0,'',0.000,0.000000,0.000,0,'',0,'0000-00-00 00:00:00',150.000000,125.000000,150.000000,125.000000,0.000000,0.000000,0.000000,125.000000,0.000000),(229,139,139,0,4,6350,0,0,'Gottfried Salzmann - Estampe MidTown',1,1,0,0,0,266.666667,0.00,0.000000,0.000000,0.000000,0.00,0.000000,'','','','6350','',0.000000,1,0,'',0.000,0.000000,0.000,0,'',0,'0000-00-00 00:00:00',300.000000,250.000000,300.000000,250.000000,0.000000,0.000000,0.000000,266.666667,0.000000),(230,140,140,0,4,6423,0,0,'Shepard Fairey - Deception & disorder',1,0,0,0,0,400.000000,0.00,0.000000,0.000000,0.000000,0.00,0.000000,'','','','Shepard Fairey-6423','Shepard Fairey-5445',0.000000,1,0,'',0.000,0.000000,0.000,0,'',0,'0000-00-00 00:00:00',480.000000,400.000000,480.000000,400.000000,0.000000,0.000000,0.000000,400.000000,0.000000),(231,140,140,0,4,6422,0,0,'Shepard Fairey - Cover to Overt - Peace Tree',1,0,0,0,0,400.000000,0.00,0.000000,0.000000,0.000000,0.00,0.000000,'','','','Shepard Fairey-6422','Shepard Fairey-5142',0.000000,1,0,'',0.000,0.000000,0.000,0,'',0,'0000-00-00 00:00:00',480.000000,400.000000,480.000000,400.000000,0.000000,0.000000,0.000000,400.000000,0.000000),(232,140,140,0,4,6421,0,0,'Shepard Fairey - Blondie London',1,0,0,0,0,400.000000,0.00,0.000000,0.000000,0.000000,0.00,0.000000,'','','','Shepard Fairey-6421','Shepard Fairey-4000',0.000000,1,0,'',0.000,0.000000,0.000,0,'',0,'0000-00-00 00:00:00',480.000000,400.000000,480.000000,400.000000,0.000000,0.000000,0.000000,400.000000,0.000000),(233,141,141,0,2,6556,0,0,'Philippe Hérard - Cent-Titres (K1)',1,0,0,0,0,4200.000000,0.00,0.000000,0.000000,0.000000,0.00,0.000000,'','','','Philippe Hérard-6556','Philippe Hérard-4030',0.000000,6,0,'',0.000,0.000000,0.000,0,'',0,'0000-00-00 00:00:00',4000.000000,4000.000000,4000.000000,4000.000000,0.000000,0.000000,0.000000,4200.000000,0.000000),(234,142,142,0,2,6621,0,0,'Bom.K - N\'importe Quoi 08',1,0,0,0,0,2000.000000,0.00,0.000000,0.000000,0.000000,0.00,0.000000,'','','','6621','',0.000000,6,0,'',0.000,0.000000,0.000,0,'',0,'0000-00-00 00:00:00',1700.000000,1700.000000,1700.000000,1700.000000,0.000000,0.000000,0.000000,2000.000000,0.000000),(235,143,143,0,2,6613,0,0,'Philippe Hérard - Cent-Titres (3F6)',1,0,0,0,0,750.000000,0.00,0.000000,0.000000,0.000000,0.00,0.000000,'','','','Philippe Hérard-6613','Philippe Hérard-4030',0.000000,6,0,'',0.000,0.000000,0.000,0,'',0,'0000-00-00 00:00:00',750.000000,750.000000,750.000000,750.000000,0.000000,0.000000,0.000000,750.000000,0.000000),(236,144,144,0,2,6547,0,0,'Philippe Hérard - Cent-Titres (K21)',1,0,0,0,0,2800.000000,0.00,0.000000,0.000000,0.000000,0.00,0.000000,'','','','Philippe Hérard-6547','Philippe Hérard-4030',0.000000,6,0,'',0.000,0.000000,0.000,0,'',0,'0000-00-00 00:00:00',2500.000000,2500.000000,2500.000000,2500.000000,0.000000,0.000000,0.000000,2800.000000,0.000000),(237,145,145,0,4,5875,0,0,'Shepard Fairey - Tunnel Vision Gold',1,1,0,0,0,316.666667,0.00,0.000000,0.000000,0.000000,0.00,0.000000,'','','','Shepard Fairey-5875','Shepard Fairey-5875',0.000000,1,0,'',0.000,0.000000,0.000,0,'',0,'0000-00-00 00:00:00',380.000000,316.670000,380.000000,316.666667,0.000000,0.000000,0.000000,316.666667,0.000000),(238,146,146,0,4,3096,0,0,'Shepard Fairey - Make Art Not War',1,0,0,0,0,100.000000,0.00,0.000000,0.000000,0.000000,0.00,0.000000,'','','','Shepard Fairey-3096','Shepard Fairey-3096',0.000000,1,0,'',0.000,0.000000,0.000,0,'',0,'0000-00-00 00:00:00',120.000000,100.000000,120.000000,100.000000,0.000000,0.000000,0.000000,100.000000,0.000000),(239,147,147,0,4,5884,0,0,'Shepard Fairey - Royal Treatment Money',1,0,0,0,0,383.333333,0.00,0.000000,0.000000,0.000000,0.00,0.000000,'','','','Shepard Fairey-5884','Shepard Fairey-5884',0.000000,1,0,'',0.000,0.000000,0.000,0,'',0,'0000-00-00 00:00:00',460.000000,383.330000,460.000000,383.333333,0.000000,0.000000,0.000000,383.333333,0.000000),(240,148,148,0,4,2588,0,0,'Miss Tic - Dans nos jardins secrets le désir se crée',1,1,0,0,0,500.000000,0.00,0.000000,0.000000,0.000000,0.00,0.000000,'','','','Miss Tic-2588','Miss Tic-2588',0.000000,1,0,'',0.000,0.000000,0.000,0,'',0,'0000-00-00 00:00:00',600.000000,500.000000,600.000000,500.000000,0.000000,0.000000,0.000000,500.000000,0.000000),(241,149,149,0,4,6546,0,0,'Shepard Fairey - PACK de 2 posters : Make Art Not War + Liberté Egalité Fraternité',1,1,0,0,0,208.333333,0.00,0.000000,0.000000,0.000000,0.00,0.000000,'','','','Shepard Fairey-6546','Shepard Fairey-3096',0.000000,1,0,'',0.000,0.000000,0.000,0,'',0,'0000-00-00 00:00:00',250.000000,208.330000,250.000000,208.333333,0.000000,0.000000,0.000000,208.333333,0.000000),(242,150,150,0,4,6495,0,0,'Vhils - Taciturn 1200€  Acompte n° 2/3',1,1,0,0,0,333.333333,0.00,0.000000,0.000000,0.000000,0.00,0.000000,'','','','6476','',0.000000,1,0,'',0.000,0.000000,0.000,0,'',0,'0000-00-00 00:00:00',400.000000,333.330000,400.000000,333.333333,0.000000,0.000000,0.000000,333.333333,0.000000),(243,151,151,0,2,6490,0,0,'Philippe Hérard - Cent-Titres (K5)',1,0,0,0,0,2700.000000,0.00,0.000000,0.000000,0.000000,0.00,0.000000,'','','','Philippe Hérard-6490','Philippe Hérard-4030',0.000000,6,0,'',0.000,0.000000,0.000,0,'',0,'0000-00-00 00:00:00',2300.000000,2300.000000,2300.000000,2300.000000,0.000000,0.000000,0.000000,2700.000000,0.000000),(244,152,152,0,2,6570,0,0,'Romain Froquet - Moon Dance',1,0,0,0,0,4200.000000,0.00,0.000000,0.000000,0.000000,0.00,0.000000,'','','','6570','Romain Froquet-5909',0.000000,6,0,'',0.000,0.000000,0.000,0,'',0,'0000-00-00 00:00:00',3600.000000,3600.000000,3600.000000,3600.000000,0.000000,0.000000,0.000000,4200.000000,0.000000),(245,153,153,0,2,6144,0,0,'Romain Froquet - Sparkling 8',1,0,0,0,0,600.000000,0.00,0.000000,0.000000,0.000000,0.00,0.000000,'','','','6144','Romain Froquet-5909',0.000000,6,0,'',0.000,0.000000,0.000,0,'',0,'0000-00-00 00:00:00',300.000000,300.000000,300.000000,300.000000,0.000000,0.000000,0.000000,600.000000,0.000000),(246,154,154,0,4,4744,0,0,'JonOne - Sans Titre',1,0,0,0,0,833.333333,0.00,0.000000,0.000000,0.000000,0.00,0.000000,'','','','JonOne-4744','JonOne-4744',0.000000,1,0,'',0.000,0.000000,0.000,0,'',0,'0000-00-00 00:00:00',850.000000,708.330000,850.000000,708.333333,0.000000,0.000000,0.000000,833.333333,0.000000),(247,154,154,0,4,6392,0,0,'Frais de port',1,1,0,0,0,4.166667,0.00,0.000000,0.000000,0.000000,0.00,0.000000,'','','','6392','',0.000000,1,0,'',0.000,0.000000,0.000,0,'',0,'0000-00-00 00:00:00',60.000000,50.000000,60.000000,50.000000,0.000000,0.000000,0.000000,4.166667,0.000000),(248,155,155,0,4,6407,0,0,'Romain Froquet - estampe Go with the Flow',1,1,0,0,0,125.000000,0.00,0.000000,0.000000,0.000000,0.00,0.000000,'','','','6117','Romain Froquet-5777',0.000000,1,0,'',0.000,0.000000,0.000,0,'',0,'0000-00-00 00:00:00',150.000000,125.000000,150.000000,125.000000,0.000000,0.000000,0.000000,125.000000,0.000000),(249,155,155,0,4,5740,0,0,'Romain Froquet - Estampe Royal',1,1,0,0,0,50.000000,0.00,0.000000,0.000000,0.000000,0.00,0.000000,'','','','Romain Froquet-5740','Romain Froquet-5740',0.000000,1,0,'',0.000,0.000000,0.000,0,'',0,'0000-00-00 00:00:00',60.000000,50.000000,60.000000,50.000000,0.000000,0.000000,0.000000,50.000000,0.000000),(250,155,155,0,4,6344,0,0,'Shepard Fairey - Liberté - Égalité - Fraternité',1,1,0,0,0,162.500000,0.00,0.000000,0.000000,0.000000,0.00,0.000000,'','','','6344','Shepard Fairey-3096',0.000000,1,0,'',0.000,0.000000,0.000,0,'',0,'0000-00-00 00:00:00',195.000000,162.500000,195.000000,162.500000,0.000000,0.000000,0.000000,162.500000,0.000000),(251,156,156,0,4,6184,0,0,'Speedy Graphito - La conscience',4,4,0,0,0,208.333333,0.00,0.000000,0.000000,0.000000,0.00,0.000000,'','','','6184','',0.000000,1,0,'',0.000,0.000000,0.000,0,'',0,'0000-00-00 00:00:00',1000.000000,833.330000,250.000000,208.333333,0.000000,0.000000,0.000000,208.333333,0.000000),(252,156,156,0,4,6183,0,0,'Speedy Graphito - La tour sacrée',3,3,0,0,0,208.333333,0.00,0.000000,0.000000,0.000000,0.00,0.000000,'','','','6183','',0.000000,1,0,'',0.000,0.000000,0.000,0,'',0,'0000-00-00 00:00:00',750.000000,625.000000,250.000000,208.333333,0.000000,0.000000,0.000000,208.333333,0.000000),(253,156,156,0,4,4462,0,0,'Galerie Joel Knafo Art - Opus Délits',1,1,0,0,0,11.250000,0.00,0.000000,0.000000,0.000000,0.00,0.000000,'','','','Galerie Joel Knafo Art-4462','Galerie Joel Knafo Art-4462',0.000000,1,0,'',0.000,0.000000,0.000,0,'',0,'0000-00-00 00:00:00',13.500000,11.250000,13.500000,11.250000,0.000000,0.000000,0.000000,11.250000,0.000000),(254,156,156,0,4,4287,0,0,'Galerie Joel Knafo Art - Petit Bois - Urban Artwood 2017',1,1,0,0,0,83.333333,0.00,0.000000,0.000000,0.000000,0.00,0.000000,'','','','Galerie Joel Knafo Art-4287','Galerie Joel Knafo Art-4287',0.000000,1,0,'',0.000,0.000000,0.000,0,'',0,'0000-00-00 00:00:00',50.000000,41.670000,50.004000,41.670000,0.000000,0.000000,0.000000,83.333333,0.000000),(255,157,157,0,4,3097,0,0,'Shepard Fairey - Paradise Turns',1,0,0,0,0,162.500000,0.00,0.000000,0.000000,0.000000,0.00,0.000000,'','','','Shepard Fairey-3097','Shepard Fairey-3097',0.000000,1,0,'',0.000,0.000000,0.000,0,'',0,'0000-00-00 00:00:00',195.000000,162.500000,195.000000,162.500000,0.000000,0.000000,0.000000,162.500000,0.000000),(256,158,158,0,4,2546,0,0,'Levalet - Pansées',1,1,0,0,0,208.333333,0.00,0.000000,0.000000,0.000000,0.00,0.000000,'','','','Levalet-2546','Levalet-2546',0.000000,1,0,'',0.000,0.000000,0.000,0,'',0,'0000-00-00 00:00:00',250.000000,208.330000,250.000000,208.333333,0.000000,0.000000,0.000000,208.333333,0.000000),(257,159,159,0,4,6395,0,0,'Livre Philippe Hérard',6,4,0,0,0,28.436019,0.00,0.000000,0.000000,0.000000,0.00,0.000000,'','','','6395','',0.000000,3,0,'',0.000,0.000000,0.000,0,'',0,'0000-00-00 00:00:00',180.000000,170.620000,30.000000,28.436019,0.000000,0.000000,0.000000,28.436019,0.000000),(258,159,159,0,4,5162,0,0,'Philippe Hérard - Estampe',1,1,0,0,0,125.000000,0.00,0.000000,0.000000,0.000000,0.00,0.000000,'','','','Philippe Hérard-5162','Philippe Hérard-5162',0.000000,1,0,'',0.000,0.000000,0.000,0,'',0,'0000-00-00 00:00:00',150.000000,125.000000,150.000000,125.000000,0.000000,0.000000,0.000000,125.000000,0.000000),(259,159,159,0,4,6184,0,0,'Speedy Graphito - La conscience',1,1,0,0,0,208.333333,0.00,0.000000,0.000000,0.000000,0.00,0.000000,'','','','6184','',0.000000,1,0,'',0.000,0.000000,0.000,0,'',0,'0000-00-00 00:00:00',250.000000,208.330000,250.000000,208.333333,0.000000,0.000000,0.000000,208.333333,0.000000),(260,159,159,0,4,6639,0,0,'Catalogue expo',2,2,0,0,0,9.478673,0.00,0.000000,0.000000,0.000000,0.00,0.000000,'','','','6427','',0.000000,3,0,'',0.000,0.000000,0.000,0,'',0,'0000-00-00 00:00:00',20.000000,18.960000,10.000000,9.478673,0.000000,0.000000,0.000000,9.478673,0.000000),(261,159,159,0,4,5163,0,0,'Philippe Hérard - Estampe 1',1,1,0,0,0,62.500000,0.00,0.000000,0.000000,0.000000,0.00,0.000000,'','','','Philippe Hérard-5163','Philippe Hérard-5163',0.000000,1,0,'',0.000,0.000000,0.000,0,'',0,'0000-00-00 00:00:00',75.000000,62.500000,75.000000,62.500000,0.000000,0.000000,0.000000,62.500000,0.000000),(262,160,160,0,4,6344,0,0,'Shepard Fairey - Liberté - Égalité - Fraternité',1,1,0,0,0,162.500000,0.00,0.000000,0.000000,0.000000,0.00,0.000000,'','','','6344','Shepard Fairey-3096',0.000000,1,0,'',0.000,0.000000,0.000,0,'',0,'0000-00-00 00:00:00',195.000000,162.500000,195.000000,162.500000,0.000000,0.000000,0.000000,162.500000,0.000000),(263,160,160,0,4,6392,0,0,'Frais de port',1,0,0,0,0,4.166667,0.00,0.000000,0.000000,0.000000,0.00,0.000000,'','','','6392','',0.000000,1,0,'',0.000,0.000000,0.000,0,'',0,'0000-00-00 00:00:00',25.000000,20.830000,24.996000,20.830000,0.000000,0.000000,0.000000,4.166667,0.000000),(264,161,161,0,4,6344,0,0,'Shepard Fairey - Liberté - Égalité - Fraternité',1,1,0,0,0,162.500000,0.00,0.000000,0.000000,0.000000,0.00,0.000000,'','','','6344','Shepard Fairey-3096',0.000000,1,0,'',0.000,0.000000,0.000,0,'',0,'0000-00-00 00:00:00',195.000000,162.500000,195.000000,162.500000,0.000000,0.000000,0.000000,162.500000,0.000000),(265,162,162,0,4,3096,0,0,'Shepard Fairey - Make Art Not War',1,1,0,0,0,100.000000,0.00,0.000000,0.000000,0.000000,0.00,0.000000,'','','','Shepard Fairey-3096','Shepard Fairey-3096',0.000000,1,0,'',0.000,0.000000,0.000,0,'',0,'0000-00-00 00:00:00',120.000000,100.000000,120.000000,100.000000,0.000000,0.000000,0.000000,100.000000,0.000000),(266,163,163,0,4,5703,0,0,'Jo di Bona - Space Monkey',1,1,0,0,0,166.666667,0.00,0.000000,0.000000,0.000000,0.00,0.000000,'','','','Jo di Bona-5703','Jo di Bona-5703',0.000000,1,0,'',0.000,0.000000,0.000,0,'',0,'0000-00-00 00:00:00',200.000000,166.670000,200.000000,166.666667,0.000000,0.000000,0.000000,166.666667,0.000000),(267,163,163,0,4,6392,0,0,'Frais de port',1,1,0,0,0,4.166667,0.00,0.000000,0.000000,0.000000,0.00,0.000000,'','','','6392','',0.000000,1,0,'',0.000,0.000000,0.000,0,'',0,'0000-00-00 00:00:00',17.000000,14.170000,17.004000,14.170000,0.000000,0.000000,0.000000,4.166667,0.000000),(268,164,167,0,2,6136,0,0,'Philippe Hérard - Cent titres',1,0,0,0,0,800.000000,0.00,0.000000,0.000000,0.000000,0.00,0.000000,'','','','6136','Philippe Hérard-4588',0.000000,6,0,'',0.000,0.000000,0.000,0,'',0,'0000-00-00 00:00:00',800.000000,800.000000,800.000000,800.000000,0.000000,0.000000,0.000000,800.000000,0.000000),(269,165,164,0,4,6035,0,0,'Miss Tic - j\'ai plus d\'une corde à mon art',1,0,0,0,0,1000.000000,0.00,0.000000,0.000000,0.000000,0.00,0.000000,'','','','6035','',0.000000,1,0,'',0.000,0.000000,0.000,0,'',0,'0000-00-00 00:00:00',1200.000000,1000.000000,1200.000000,1000.000000,0.000000,0.000000,0.000000,1000.000000,0.000000),(270,165,164,0,4,6629,0,0,'Shepard Fairey -  Liberté - Égalité - Fraternité 2',1,1,0,0,0,125.000000,0.00,0.000000,0.000000,0.000000,0.00,0.000000,'','','','6344','Shepard Fairey-3096',0.000000,1,0,'',0.000,0.000000,0.000,0,'',0,'0000-00-00 00:00:00',100.000000,83.330000,99.996000,83.330000,0.000000,0.000000,0.000000,125.000000,0.000000),(271,166,165,0,4,6640,0,0,'Philippe Hérard - Print Cent regards 1',1,1,0,0,0,50.000000,0.00,0.000000,0.000000,0.000000,0.00,0.000000,'','','','6640','',0.000000,1,0,'',0.000,0.000000,0.000,0,'',0,'0000-00-00 00:00:00',50.000000,50.000000,50.000000,50.000000,0.000000,0.000000,0.000000,50.000000,0.000000),(272,167,166,0,2,6640,0,0,'Philippe Hérard - Print Cent regards 1',1,1,0,0,0,50.000000,0.00,0.000000,0.000000,0.000000,0.00,0.000000,'','','','6640','',0.000000,1,0,'',0.000,0.000000,0.000,0,'',0,'0000-00-00 00:00:00',60.000000,50.000000,60.000000,50.000000,0.000000,0.000000,0.000000,50.000000,0.000000),(273,168,168,0,2,6508,0,0,'Philippe Hérard - Cent-Titres (K14)',1,0,0,0,0,1500.000000,0.00,0.000000,0.000000,0.000000,0.00,0.000000,'','','','Philippe Hérard-6508','Philippe Hérard-4030',0.000000,6,0,'',0.000,0.000000,0.000,0,'',0,'0000-00-00 00:00:00',1400.000000,1400.000000,1400.000000,1400.000000,0.000000,0.000000,0.000000,1500.000000,0.000000),(274,169,169,0,2,6559,0,0,'Philippe Hérard - Cent-Titres (K19)',1,0,0,0,0,800.000000,0.00,0.000000,0.000000,0.000000,0.00,0.000000,'','','','Philippe Hérard-6559','Philippe Hérard-4030',0.000000,6,0,'',0.000,0.000000,0.000,0,'',0,'0000-00-00 00:00:00',700.000000,700.000000,700.000000,700.000000,0.000000,0.000000,0.000000,800.000000,0.000000),(275,170,170,0,2,6610,0,0,'Philippe Hérard - Cent-Titres (3F3)',1,0,0,0,0,750.000000,0.00,0.000000,0.000000,0.000000,0.00,0.000000,'','','','Philippe Hérard-6610','Philippe Hérard-4030',0.000000,6,0,'',0.000,0.000000,0.000,0,'',0,'0000-00-00 00:00:00',750.000000,750.000000,750.000000,750.000000,0.000000,0.000000,0.000000,750.000000,0.000000),(276,170,170,0,2,6641,0,0,'Philippe Hérard - Print Cent regards 2',1,1,0,0,0,50.000000,0.00,0.000000,0.000000,0.000000,0.00,0.000000,'','','','6641','',0.000000,1,0,'',0.000,0.000000,0.000,0,'',0,'0000-00-00 00:00:00',60.000000,50.000000,60.000000,50.000000,0.000000,0.000000,0.000000,50.000000,0.000000),(277,171,171,0,2,6486,0,0,'Philippe Hérard - Cent-Titres (K4)',1,0,0,0,0,4800.000000,0.00,0.000000,0.000000,0.000000,0.00,0.000000,'','','','Philippe Hérard-6486','Philippe Hérard-4030',0.000000,6,0,'',0.000,0.000000,0.000,0,'',0,'0000-00-00 00:00:00',4800.000000,4800.000000,4800.000000,4800.000000,0.000000,0.000000,0.000000,4800.000000,0.000000),(278,172,172,0,2,6641,0,0,'Philippe Hérard - Print Cent regards 2',2,2,0,0,0,50.000000,0.00,0.000000,0.000000,0.000000,0.00,0.000000,'','','','6641','',0.000000,1,0,'',0.000,0.000000,0.000,0,'',0,'0000-00-00 00:00:00',120.000000,100.000000,60.000000,50.000000,0.000000,0.000000,0.000000,50.000000,0.000000),(279,172,172,0,2,6640,0,0,'Philippe Hérard - Print Cent regards 1',2,2,0,0,0,50.000000,0.00,0.000000,0.000000,0.000000,0.00,0.000000,'','','','6640','',0.000000,1,0,'',0.000,0.000000,0.000,0,'',0,'0000-00-00 00:00:00',120.000000,100.000000,60.000000,50.000000,0.000000,0.000000,0.000000,50.000000,0.000000),(280,173,173,0,2,6491,0,0,'Philippe Hérard - Cent-Titres (K6)',1,0,0,0,0,2800.000000,0.00,0.000000,0.000000,0.000000,0.00,0.000000,'','','','Philippe Hérard-6491','Philippe Hérard-4030',0.000000,6,0,'',0.000,0.000000,0.000,0,'',0,'0000-00-00 00:00:00',2800.000000,2800.000000,2800.000000,2800.000000,0.000000,0.000000,0.000000,2800.000000,0.000000),(281,174,174,0,4,2589,0,0,'Artiste Ouvrier - Judith',1,1,0,0,0,50.000000,0.00,0.000000,0.000000,0.000000,0.00,0.000000,'','','','Artiste Ouvrier-2589','Artiste Ouvrier-2589',0.000000,1,0,'',0.000,0.000000,0.000,0,'',0,'0000-00-00 00:00:00',100.000000,83.330000,99.996000,83.330000,0.000000,0.000000,0.000000,50.000000,0.000000),(282,174,174,0,4,6392,0,0,'Frais de port',1,1,0,0,0,4.166667,0.00,0.000000,0.000000,0.000000,0.00,0.000000,'','','','6392','',0.000000,1,0,'',0.000,0.000000,0.000,0,'',0,'0000-00-00 00:00:00',8.000000,6.670000,8.004000,6.670000,0.000000,0.000000,0.000000,4.166667,0.000000),(283,175,175,0,4,6552,0,0,'Stan Manoukian - The Beast',1,1,0,0,0,75.000000,0.00,0.000000,0.000000,0.000000,0.00,0.000000,'','','','6552','',0.000000,1,0,'',0.000,0.000000,0.000,0,'',0,'0000-00-00 00:00:00',90.000000,75.000000,90.000000,75.000000,0.000000,0.000000,0.000000,75.000000,0.000000),(284,175,175,0,4,6622,0,0,'Stan Manoukian - Marque page 1',1,1,0,0,0,8.333333,0.00,0.000000,0.000000,0.000000,0.00,0.000000,'','','','6622','',0.000000,1,0,'',0.000,0.000000,0.000,0,'',0,'0000-00-00 00:00:00',10.000000,8.330000,10.000000,8.333333,0.000000,0.000000,0.000000,8.333333,0.000000),(285,175,175,0,4,6662,0,0,'Livre Stan Manoukian',1,1,0,0,0,16.666667,0.00,0.000000,0.000000,0.000000,0.00,0.000000,'','','','Collaboration-3535','Collaboration-3535',0.000000,1,0,'',0.000,0.000000,0.000,0,'',0,'0000-00-00 00:00:00',20.000000,16.670000,20.000000,16.666667,0.000000,0.000000,0.000000,16.666667,0.000000),(286,175,175,0,4,6663,0,0,'copy of Livre Stan Manoukian (2)',1,1,0,0,0,19.166667,0.00,0.000000,0.000000,0.000000,0.00,0.000000,'','','','Collaboration-3535','Collaboration-3535',0.000000,1,0,'',0.000,0.000000,0.000,0,'',0,'0000-00-00 00:00:00',23.000000,19.170000,23.000000,19.166667,0.000000,0.000000,0.000000,19.166667,0.000000),(287,176,176,0,4,6658,0,0,'Bom.K - Print Death & Disaster',1,1,0,0,0,100.000000,0.00,0.000000,0.000000,0.000000,0.00,0.000000,'','','','6658','',0.000000,1,0,'',0.000,0.000000,0.000,0,'',0,'0000-00-00 00:00:00',120.000000,100.000000,120.000000,100.000000,0.000000,0.000000,0.000000,100.000000,0.000000),(288,177,177,0,2,5994,0,0,'Jo di Bona - Mariposa',1,0,0,0,0,900.000000,0.00,0.000000,0.000000,0.000000,0.00,0.000000,'','','','Jo di Bona-5994','Jo di Bona-5994',0.000000,6,0,'',0.000,0.000000,0.000,0,'',0,'0000-00-00 00:00:00',900.000000,900.000000,900.000000,900.000000,0.000000,0.000000,0.000000,900.000000,0.000000),(289,178,178,0,2,6657,0,0,'Bom.K - Print Honneur',7,7,0,0,0,100.000000,0.00,0.000000,0.000000,0.000000,0.00,0.000000,'','','','6657','',0.000000,1,0,'',0.000,0.000000,0.000,0,'',0,'0000-00-00 00:00:00',840.000000,700.000000,120.000000,100.000000,0.000000,0.000000,0.000000,100.000000,0.000000),(290,178,178,0,2,6659,0,0,'Bom.K - Le chien imitateur',3,3,0,0,0,100.000000,0.00,0.000000,0.000000,0.000000,0.00,0.000000,'','','','6659','',0.000000,1,0,'',0.000,0.000000,0.000,0,'',0,'0000-00-00 00:00:00',360.000000,300.000000,120.000000,100.000000,0.000000,0.000000,0.000000,100.000000,0.000000),(291,179,179,0,2,6660,0,0,'Bom.K - Print Sketchbook',1,1,0,0,0,566.666667,0.00,0.000000,0.000000,0.000000,0.00,0.000000,'','','','6660','',0.000000,1,0,'',0.000,0.000000,0.000,0,'',0,'0000-00-00 00:00:00',680.000000,566.670000,680.000000,566.666667,0.000000,0.000000,0.000000,566.666667,0.000000),(292,180,180,0,4,6657,0,0,'Bom.K - Print Honneur',1,1,0,0,0,100.000000,0.00,0.000000,0.000000,0.000000,0.00,0.000000,'','','','6657','',0.000000,1,0,'',0.000,0.000000,0.000,0,'',0,'0000-00-00 00:00:00',120.000000,100.000000,120.000000,100.000000,0.000000,0.000000,0.000000,100.000000,0.000000),(293,181,181,0,4,6400,0,0,'Jo di Bona - Bowie',1,1,0,0,0,166.666667,0.00,0.000000,0.000000,0.000000,0.00,0.000000,'','','','Jo di Bona-6400','Jo di Bona-5759',0.000000,1,0,'',0.000,0.000000,0.000,0,'',0,'0000-00-00 00:00:00',200.000000,166.670000,200.000000,166.666667,0.000000,0.000000,0.000000,166.666667,0.000000),(294,182,182,0,2,6673,0,0,'Vermibus - Prediction',1,0,0,0,0,900.000000,0.00,0.000000,0.000000,0.000000,0.00,0.000000,'','','','6673','',0.000000,6,0,'',0.000,0.000000,0.000,0,'',0,'0000-00-00 00:00:00',900.000000,900.000000,900.000000,900.000000,0.000000,0.000000,0.000000,900.000000,0.000000),(295,183,183,0,2,6658,0,0,'Bom.K - Print Death & Disaster',1,1,0,0,0,100.000000,0.00,0.000000,0.000000,0.000000,0.00,0.000000,'','','','6658','',0.000000,1,0,'',0.000,0.000000,0.000,0,'',0,'0000-00-00 00:00:00',120.000000,100.000000,120.000000,100.000000,0.000000,0.000000,0.000000,100.000000,0.000000),(296,184,185,0,2,6658,0,0,'Bom.K - Print Death & Disaster',1,1,0,0,0,100.000000,0.00,0.000000,0.000000,0.000000,0.00,0.000000,'','','','6658','',0.000000,1,0,'',0.000,0.000000,0.000,0,'',0,'0000-00-00 00:00:00',120.000000,100.000000,120.000000,100.000000,0.000000,0.000000,0.000000,100.000000,0.000000),(297,185,184,0,2,6657,0,0,'Bom.K - Print Honneur',1,1,0,0,0,100.000000,0.00,0.000000,0.000000,0.000000,0.00,0.000000,'','','','6657','',0.000000,1,0,'',0.000,0.000000,0.000,0,'',0,'0000-00-00 00:00:00',100.000000,100.000000,100.000000,100.000000,0.000000,0.000000,0.000000,100.000000,0.000000),(298,185,184,0,2,6660,0,0,'Bom.K - Print Sketchbook',1,1,0,0,0,566.666667,0.00,0.000000,0.000000,0.000000,0.00,0.000000,'','','','6660','',0.000000,1,0,'',0.000,0.000000,0.000,0,'',0,'0000-00-00 00:00:00',566.670000,566.670000,566.666667,566.666667,0.000000,0.000000,0.000000,566.666667,0.000000),(299,186,186,0,2,6442,0,0,'Lek - LK 75019 DEC018 002',1,0,0,0,0,3600.000000,0.00,0.000000,0.000000,0.000000,0.00,0.000000,'','','','6442','',0.000000,6,0,'',0.000,0.000000,0.000,0,'',0,'0000-00-00 00:00:00',3500.000000,3500.000000,3500.000000,3500.000000,0.000000,0.000000,0.000000,3600.000000,0.000000),(300,187,187,0,4,6495,0,0,'Vhils - Taciturn 1200€  Acompte n° 3/3',1,0,0,0,0,333.333333,0.00,0.000000,0.000000,0.000000,0.00,0.000000,'','','','6476','',0.000000,1,0,'',0.000,0.000000,0.000,0,'',0,'0000-00-00 00:00:00',400.000000,333.330000,400.000000,333.333333,0.000000,0.000000,0.000000,333.333333,0.000000),(301,188,188,0,2,6659,0,0,'Bom.K - Le chien imitateur',1,1,0,0,0,100.000000,0.00,0.000000,0.000000,0.000000,0.00,0.000000,'','','','6659','',0.000000,1,0,'',0.000,0.000000,0.000,0,'',0,'0000-00-00 00:00:00',120.000000,100.000000,120.000000,100.000000,0.000000,0.000000,0.000000,100.000000,0.000000),(302,188,188,0,2,6658,0,0,'Bom.K - Print Death & Disaster',1,1,0,0,0,100.000000,0.00,0.000000,0.000000,0.000000,0.00,0.000000,'','','','6658','',0.000000,1,0,'',0.000,0.000000,0.000,0,'',0,'0000-00-00 00:00:00',120.000000,100.000000,120.000000,100.000000,0.000000,0.000000,0.000000,100.000000,0.000000),(303,189,189,0,2,6657,0,0,'Bom.K - Print Honneur',3,3,0,0,0,100.000000,0.00,0.000000,0.000000,0.000000,0.00,0.000000,'','','','6657','',0.000000,1,0,'',0.000,0.000000,0.000,0,'',0,'0000-00-00 00:00:00',360.000000,300.000000,120.000000,100.000000,0.000000,0.000000,0.000000,100.000000,0.000000),(304,190,190,0,2,6659,0,0,'Bom.K - Le chien imitateur',2,2,0,0,0,100.000000,0.00,0.000000,0.000000,0.000000,0.00,0.000000,'','','','6659','',0.000000,1,0,'',0.000,0.000000,0.000,0,'',0,'0000-00-00 00:00:00',240.000000,200.000000,120.000000,100.000000,0.000000,0.000000,0.000000,100.000000,0.000000),(305,190,190,0,2,6657,0,0,'Bom.K - Print Honneur',1,1,0,0,0,100.000000,0.00,0.000000,0.000000,0.000000,0.00,0.000000,'','','','6657','',0.000000,1,0,'',0.000,0.000000,0.000,0,'',0,'0000-00-00 00:00:00',120.000000,100.000000,120.000000,100.000000,0.000000,0.000000,0.000000,100.000000,0.000000),(306,191,191,0,4,5166,0,0,'Jo Di Bona - Steve',1,1,0,0,0,62.500000,0.00,0.000000,0.000000,0.000000,0.00,0.000000,'','','','Jo Di Bona-5166','Jo Di Bona-5166',0.000000,1,0,'',0.000,0.000000,0.000,0,'',0,'0000-00-00 00:00:00',100.000000,83.330000,99.996000,83.330000,0.000000,0.000000,0.000000,62.500000,0.000000),(307,191,191,0,4,6392,0,0,'Frais de port',1,1,0,0,0,4.166667,0.00,0.000000,0.000000,0.000000,0.00,0.000000,'','','','6392','',0.000000,1,0,'',0.000,0.000000,0.000,0,'',0,'0000-00-00 00:00:00',8.000000,6.670000,8.004000,6.670000,0.000000,0.000000,0.000000,4.166667,0.000000),(308,192,192,0,4,5935,0,0,'Jo di Bona - Truth',1,1,0,0,0,62.500000,0.00,0.000000,0.000000,0.000000,0.00,0.000000,'','','','Jo di Bona-5935','Jo di Bona-5935',0.000000,1,0,'',0.000,0.000000,0.000,0,'',0,'0000-00-00 00:00:00',100.000000,83.330000,99.996000,83.330000,0.000000,0.000000,0.000000,62.500000,0.000000),(309,192,192,0,4,6392,0,0,'Frais de port',1,1,0,0,0,4.166667,0.00,0.000000,0.000000,0.000000,0.00,0.000000,'','','','6392','',0.000000,1,0,'',0.000,0.000000,0.000,0,'',0,'0000-00-00 00:00:00',8.000000,6.670000,8.004000,6.670000,0.000000,0.000000,0.000000,4.166667,0.000000),(310,193,193,0,2,6657,0,0,'Bom.K - Print Honneur',2,2,0,0,0,100.000000,0.00,0.000000,0.000000,0.000000,0.00,0.000000,'','','','6657','',0.000000,1,0,'',0.000,0.000000,0.000,0,'',0,'0000-00-00 00:00:00',240.000000,200.000000,120.000000,100.000000,0.000000,0.000000,0.000000,100.000000,0.000000),(311,193,193,0,2,6659,0,0,'Bom.K - Le chien imitateur',1,1,0,0,0,100.000000,0.00,0.000000,0.000000,0.000000,0.00,0.000000,'','','','6659','',0.000000,1,0,'',0.000,0.000000,0.000,0,'',0,'0000-00-00 00:00:00',120.000000,100.000000,120.000000,100.000000,0.000000,0.000000,0.000000,100.000000,0.000000),(312,194,194,0,2,6660,0,0,'Bom.K - Print Sketchbook',1,1,0,0,0,566.666667,0.00,0.000000,0.000000,0.000000,0.00,0.000000,'','','','6660','',0.000000,1,0,'',0.000,0.000000,0.000,0,'',0,'0000-00-00 00:00:00',680.000000,566.670000,680.000000,566.666667,0.000000,0.000000,0.000000,566.666667,0.000000),(313,194,194,0,2,6657,0,0,'Bom.K - Print Honneur',1,1,0,0,0,100.000000,0.00,0.000000,0.000000,0.000000,0.00,0.000000,'','','','6657','',0.000000,1,0,'',0.000,0.000000,0.000,0,'',0,'0000-00-00 00:00:00',120.000000,100.000000,120.000000,100.000000,0.000000,0.000000,0.000000,100.000000,0.000000),(314,195,195,0,2,6654,0,0,'Bom K - Les Sujets',1,0,0,0,0,6500.000000,0.00,0.000000,0.000000,0.000000,0.00,0.000000,'','','','6654','',0.000000,6,0,'',0.000,0.000000,0.000,0,'',0,'0000-00-00 00:00:00',6500.000000,6500.000000,6500.000000,6500.000000,0.000000,0.000000,0.000000,6500.000000,0.000000),(315,196,196,0,2,6658,0,0,'Bom.K - Print Death & Disaster',1,1,0,0,0,100.000000,0.00,0.000000,0.000000,0.000000,0.00,0.000000,'','','','6658','',0.000000,1,0,'',0.000,0.000000,0.000,0,'',0,'0000-00-00 00:00:00',120.000000,100.000000,120.000000,100.000000,0.000000,0.000000,0.000000,100.000000,0.000000),(316,197,197,0,4,6551,0,0,'Stan Manoukian - The Flying dogz',1,1,0,0,0,108.333333,0.00,0.000000,0.000000,0.000000,0.00,0.000000,'','','','6551','',0.000000,1,0,'',0.000,0.000000,0.000,0,'',0,'0000-00-00 00:00:00',130.000000,108.330000,130.000000,108.333333,0.000000,0.000000,0.000000,108.333333,0.000000),(317,198,198,0,4,6551,0,0,'Stan Manoukian - The Flying dogz',1,1,0,0,0,108.333333,0.00,0.000000,0.000000,0.000000,0.00,0.000000,'','','','6551','',0.000000,1,0,'',0.000,0.000000,0.000,0,'',0,'0000-00-00 00:00:00',130.000000,108.330000,130.000000,108.333333,0.000000,0.000000,0.000000,108.333333,0.000000),(318,199,199,0,2,6657,0,0,'Bom.K - Print Honneur',1,1,0,0,0,100.000000,0.00,0.000000,0.000000,0.000000,0.00,0.000000,'','','','6657','',0.000000,1,0,'',0.000,0.000000,0.000,0,'',0,'0000-00-00 00:00:00',100.000000,100.000000,100.000000,100.000000,0.000000,0.000000,0.000000,100.000000,0.000000),(319,200,200,0,4,2576,0,0,'Hervé Di Rosa - Figure Bleue',1,1,0,0,0,183.333333,0.00,0.000000,0.000000,0.000000,0.00,0.000000,'','','','Hervé Di Rosa-2576','Hervé Di Rosa-2576',0.000000,7,0,'',0.000,0.000000,0.000,0,'',0,'0000-00-00 00:00:00',220.000000,183.330000,220.000000,183.333333,0.000000,0.000000,0.000000,183.333333,0.000000),(320,201,201,0,2,6674,0,0,'Shipping for Miami',1,0,0,0,0,45.000000,0.00,0.000000,0.000000,0.000000,0.00,0.000000,'','','','6674','',0.000000,0,0,'',0.000,0.000000,0.000,0,'',0,'0000-00-00 00:00:00',45.000000,45.000000,45.000000,45.000000,0.000000,0.000000,0.000000,45.000000,0.000000),(321,202,202,0,2,6675,0,0,'Frais de port pour la france',1,0,0,0,0,16.666667,0.00,0.000000,0.000000,0.000000,0.00,0.000000,'','','','6675','',0.000000,7,0,'',0.000,0.000000,0.000,0,'',0,'0000-00-00 00:00:00',20.000000,16.670000,20.000000,16.666667,0.000000,0.000000,0.000000,16.666667,0.000000),(322,203,203,0,4,6676,0,0,'Logan Hick - Gotham',1,1,0,0,0,208.333333,0.00,0.000000,0.000000,0.000000,0.00,0.000000,'','','','6676','',0.000000,7,0,'',0.000,0.000000,0.000,0,'',0,'0000-00-00 00:00:00',250.000000,208.330000,250.000000,208.333333,0.000000,0.000000,0.000000,208.333333,0.000000),(323,204,206,0,4,6676,0,0,'Logan Hick - Gotham',1,1,0,0,0,208.333333,0.00,0.000000,0.000000,0.000000,0.00,0.000000,'','','','6676','',0.000000,7,0,'',0.000,0.000000,0.000,0,'',0,'0000-00-00 00:00:00',250.000000,208.330000,250.000000,208.333333,0.000000,0.000000,0.000000,208.333333,0.000000),(324,205,204,0,4,6676,0,0,'Logan Hick - Gotham',1,1,0,0,0,208.333333,0.00,0.000000,0.000000,0.000000,0.00,0.000000,'','','','6676','',0.000000,7,0,'',0.000,0.000000,0.000,0,'',0,'0000-00-00 00:00:00',208.330000,208.330000,208.333333,208.333333,0.000000,0.000000,0.000000,208.333333,0.000000),(325,206,205,0,4,6676,0,0,'Logan Hick - Gotham',1,1,0,0,0,208.333333,0.00,0.000000,0.000000,0.000000,0.00,0.000000,'','','','6676','',0.000000,7,0,'',0.000,0.000000,0.000,0,'',0,'0000-00-00 00:00:00',208.330000,208.330000,208.333333,208.333333,0.000000,0.000000,0.000000,208.333333,0.000000),(326,207,207,0,2,6657,0,0,'Bom.K - Print Honneur',1,1,0,0,0,100.000000,0.00,0.000000,0.000000,0.000000,0.00,0.000000,'','','','6657','',0.000000,8,0,'',0.000,0.000000,0.000,0,'',0,'0000-00-00 00:00:00',120.000000,100.000000,120.000000,100.000000,0.000000,0.000000,0.000000,100.000000,0.000000),(327,208,208,0,2,6620,0,0,'Bom.K - Cycle',1,0,0,0,0,2000.000000,0.00,0.000000,0.000000,0.000000,0.00,0.000000,'','','','6620','',0.000000,6,0,'',0.000,0.000000,0.000,0,'',0,'0000-00-00 00:00:00',2000.000000,2000.000000,2000.000000,2000.000000,0.000000,0.000000,0.000000,2000.000000,0.000000),(328,209,209,0,2,6658,0,0,'Bom.K - Print Death & Disaster',2,2,0,0,0,100.000000,0.00,0.000000,0.000000,0.000000,0.00,0.000000,'','','','6658','',0.000000,8,0,'',0.000,0.000000,0.000,0,'',0,'0000-00-00 00:00:00',240.000000,200.000000,120.000000,100.000000,0.000000,0.000000,0.000000,100.000000,0.000000),(329,209,209,0,2,6659,0,0,'Bom.K - Le chien imitateur',1,1,0,0,0,100.000000,0.00,0.000000,0.000000,0.000000,0.00,0.000000,'','','','6659','',0.000000,8,0,'',0.000,0.000000,0.000,0,'',0,'0000-00-00 00:00:00',120.000000,100.000000,120.000000,100.000000,0.000000,0.000000,0.000000,100.000000,0.000000),(330,210,210,0,4,6344,0,0,'Shepard Fairey - Liberté - Égalité - Fraternité',1,1,0,0,0,162.500000,0.00,0.000000,0.000000,0.000000,0.00,0.000000,'','','','6344','Shepard Fairey-3096',0.000000,8,0,'',0.000,0.000000,0.000,0,'',0,'0000-00-00 00:00:00',195.000000,162.500000,195.000000,162.500000,0.000000,0.000000,0.000000,162.500000,0.000000),(331,211,213,0,4,6676,0,0,'Logan Hick - Gotham',1,1,0,0,0,208.333333,0.00,0.000000,0.000000,0.000000,0.00,0.000000,'','','','6676','',0.000000,8,0,'',0.000,0.000000,0.000,0,'',0,'0000-00-00 00:00:00',250.000000,208.330000,250.000000,208.333333,0.000000,0.000000,0.000000,208.333333,0.000000),(332,212,211,0,4,6676,0,0,'Logan Hick - Gotham',1,1,0,0,0,208.333333,0.00,0.000000,0.000000,0.000000,0.00,0.000000,'','','','6676','',0.000000,8,0,'',0.000,0.000000,0.000,0,'',0,'0000-00-00 00:00:00',250.000000,208.330000,250.000000,208.333333,0.000000,0.000000,0.000000,208.333333,0.000000),(333,213,212,0,4,6676,0,0,'Logan Hick - Gotham',1,1,0,0,0,208.333333,0.00,0.000000,0.000000,0.000000,0.00,0.000000,'','','','6676','',0.000000,8,0,'',0.000,0.000000,0.000,0,'',0,'0000-00-00 00:00:00',250.000000,208.330000,250.000000,208.333333,0.000000,0.000000,0.000000,208.333333,0.000000),(334,214,218,0,4,6676,0,0,'Logan Hick - Gotham',2,2,0,0,0,208.333333,0.00,0.000000,0.000000,0.000000,0.00,0.000000,'','','','6676','',0.000000,8,0,'',0.000,0.000000,0.000,0,'',0,'0000-00-00 00:00:00',500.000000,416.670000,250.000000,208.333333,0.000000,0.000000,0.000000,208.333333,0.000000),(335,215,217,0,4,6676,0,0,'Logan Hick - Gotham',1,1,0,0,0,208.333333,0.00,0.000000,0.000000,0.000000,0.00,0.000000,'','','','6676','',0.000000,8,0,'',0.000,0.000000,0.000,0,'',0,'0000-00-00 00:00:00',250.000000,208.330000,250.000000,208.333333,0.000000,0.000000,0.000000,208.333333,0.000000),(336,216,214,0,4,6676,0,0,'Logan Hick - Gotham',1,1,0,0,0,208.333333,0.00,0.000000,0.000000,0.000000,0.00,0.000000,'','','','6676','',0.000000,8,0,'',0.000,0.000000,0.000,0,'',0,'0000-00-00 00:00:00',250.000000,208.330000,250.000000,208.333333,0.000000,0.000000,0.000000,208.333333,0.000000),(337,217,215,0,4,6676,0,0,'Logan Hick - Gotham',1,1,0,0,0,208.333333,0.00,0.000000,0.000000,0.000000,0.00,0.000000,'','','','6676','',0.000000,8,0,'',0.000,0.000000,0.000,0,'',0,'0000-00-00 00:00:00',250.000000,208.330000,250.000000,208.333333,0.000000,0.000000,0.000000,208.333333,0.000000),(338,218,216,0,4,6676,0,0,'Logan Hick - Gotham',1,1,0,0,0,208.333333,0.00,0.000000,0.000000,0.000000,0.00,0.000000,'','','','6676','',0.000000,8,0,'',0.000,0.000000,0.000,0,'',0,'0000-00-00 00:00:00',250.000000,208.330000,250.000000,208.333333,0.000000,0.000000,0.000000,208.333333,0.000000),(339,219,219,0,4,2578,0,0,'Gregos - Série Figure',1,1,0,0,0,83.333333,0.00,0.000000,0.000000,0.000000,0.00,0.000000,'','','','Gregos-2578','Gregos-2578',0.000000,8,0,'',0.000,0.000000,0.000,0,'',0,'0000-00-00 00:00:00',100.000000,83.330000,100.000000,83.333333,0.000000,0.000000,0.000000,83.333333,0.000000),(340,220,220,0,4,6676,0,0,'Logan Hick - Gotham',1,1,0,0,0,208.333333,0.00,0.000000,0.000000,0.000000,0.00,0.000000,'','','','6676','',0.000000,8,0,'',0.000,0.000000,0.000,0,'',0,'0000-00-00 00:00:00',250.000000,208.330000,250.000000,208.333333,0.000000,0.000000,0.000000,208.333333,0.000000),(341,221,221,0,4,6676,0,0,'Logan Hick - Gotham',1,0,0,0,0,208.333333,0.00,0.000000,0.000000,0.000000,0.00,0.000000,'','','','6676','',0.000000,8,0,'',0.000,0.000000,0.000,0,'',0,'0000-00-00 00:00:00',250.000000,208.330000,250.000000,208.333333,0.000000,0.000000,0.000000,208.333333,0.000000),(342,222,222,0,4,5960,0,0,'Jo di Bona - Don\'t lie to me',1,1,0,0,0,166.666667,0.00,0.000000,0.000000,0.000000,0.00,0.000000,'','','','Jo di Bona-5960','Jo di Bona-5960',0.000000,8,0,'',0.000,0.000000,0.000,0,'',0,'0000-00-00 00:00:00',180.000000,150.000000,180.000000,150.000000,0.000000,0.000000,0.000000,166.666667,0.000000),(343,222,222,0,4,6392,0,0,'Frais de port',1,1,0,0,0,4.166667,0.00,0.000000,0.000000,0.000000,0.00,0.000000,'','','','6392','',0.000000,8,0,'',0.000,0.000000,0.000,0,'',0,'0000-00-00 00:00:00',25.000000,20.830000,24.996000,20.830000,0.000000,0.000000,0.000000,4.166667,0.000000),(344,223,223,0,2,6657,0,0,'Bom.K - Print Honneur',2,1,0,0,0,100.000000,0.00,0.000000,0.000000,0.000000,0.00,0.000000,'','','','6657','',0.000000,8,0,'',0.000,0.000000,0.000,0,'',0,'0000-00-00 00:00:00',240.000000,200.000000,120.000000,100.000000,0.000000,0.000000,0.000000,100.000000,0.000000),(345,223,223,0,2,6659,0,0,'Bom.K - Le chien imitateur',2,0,0,0,0,100.000000,0.00,0.000000,0.000000,0.000000,0.00,0.000000,'','','','6659','',0.000000,8,0,'',0.000,0.000000,0.000,0,'',0,'0000-00-00 00:00:00',240.000000,200.000000,120.000000,100.000000,0.000000,0.000000,0.000000,100.000000,0.000000),(346,224,224,0,4,6676,0,0,'Logan Hick - Gotham',1,0,0,0,0,208.333333,0.00,0.000000,0.000000,0.000000,0.00,0.000000,'','','','6676','',0.000000,8,0,'',0.000,0.000000,0.000,0,'',0,'0000-00-00 00:00:00',250.000000,208.330000,250.000000,208.333333,0.000000,0.000000,0.000000,208.333333,0.000000),(347,225,225,0,4,6585,0,0,'Logan Hicks - The feelings cascade',1,0,0,0,0,1780.000000,0.00,0.000000,0.000000,0.000000,0.00,0.000000,'','','','6585','',0.000000,6,0,'',0.000,0.000000,0.000,0,'',0,'0000-00-00 00:00:00',1780.000000,1780.000000,1780.000000,1780.000000,0.000000,0.000000,0.000000,1780.000000,0.000000),(348,226,226,0,4,6593,0,0,'Logan Hick -Travel North',1,1,0,0,0,208.333333,0.00,0.000000,0.000000,0.000000,0.00,0.000000,'','','','6593','',0.000000,8,0,'',0.000,0.000000,0.000,0,'',0,'0000-00-00 00:00:00',250.000000,208.330000,250.000000,208.333333,0.000000,0.000000,0.000000,208.333333,0.000000),(349,227,227,0,4,6640,0,0,'Philippe Hérard - Print Cent regards 1',7,7,0,0,0,50.000000,0.00,0.000000,0.000000,0.000000,0.00,0.000000,'','','','6640','',0.000000,8,0,'',0.000,0.000000,0.000,0,'',0,'0000-00-00 00:00:00',420.000000,350.000000,60.000000,50.000000,0.000000,0.000000,0.000000,50.000000,0.000000),(350,227,227,0,4,6641,0,0,'Philippe Hérard - Print Cent regards 2',4,4,0,0,0,50.000000,0.00,0.000000,0.000000,0.000000,0.00,0.000000,'','','','6641','',0.000000,8,0,'',0.000,0.000000,0.000,0,'',0,'0000-00-00 00:00:00',240.000000,200.000000,60.000000,50.000000,0.000000,0.000000,0.000000,50.000000,0.000000),(351,227,227,0,4,6395,0,0,'Livre Philippe Hérard',1,1,0,0,0,28.436019,0.00,0.000000,0.000000,0.000000,0.00,0.000000,'','','','6395','',0.000000,3,0,'',0.000,0.000000,0.000,0,'',0,'0000-00-00 00:00:00',30.000000,28.440000,30.000000,28.436019,0.000000,0.000000,0.000000,28.436019,0.000000),(352,227,227,0,4,5163,0,0,'Philippe Hérard - Estampe 1',1,1,0,0,0,62.500000,0.00,0.000000,0.000000,0.000000,0.00,0.000000,'','','','Philippe Hérard-5163','Philippe Hérard-5163',0.000000,8,0,'',0.000,0.000000,0.000,0,'',0,'0000-00-00 00:00:00',75.000000,62.500000,75.000000,62.500000,0.000000,0.000000,0.000000,62.500000,0.000000),(353,228,228,0,2,6657,0,0,'Bom.K - Print Honneur',1,0,0,0,0,100.000000,0.00,0.000000,0.000000,0.000000,0.00,0.000000,'','','','6657','',0.000000,8,0,'',0.000,0.000000,0.000,0,'',0,'0000-00-00 00:00:00',120.000000,100.000000,120.000000,100.000000,0.000000,0.000000,0.000000,100.000000,0.000000),(354,229,229,0,4,6664,0,0,'Miss Tic - Souriez vous êtes vivants',1,1,0,0,0,416.666667,0.00,0.000000,0.000000,0.000000,0.00,0.000000,'','','','Miss Tic-6664','Miss Tic-4474',0.000000,8,0,'',0.000,0.000000,0.000,0,'',0,'0000-00-00 00:00:00',500.000000,416.670000,500.000000,416.666667,0.000000,0.000000,0.000000,416.666667,0.000000),(355,230,230,0,4,6662,0,0,'Livre Stan Manoukian',1,1,0,0,0,16.666667,0.00,0.000000,0.000000,0.000000,0.00,0.000000,'','','','Collaboration-3535','Collaboration-3535',0.000000,8,0,'',0.000,0.000000,0.000,0,'',0,'0000-00-00 00:00:00',20.000000,16.670000,20.000000,16.666667,0.000000,0.000000,0.000000,16.666667,0.000000),(356,231,231,0,4,6593,0,0,'Logan Hick -Travel North',2,2,0,0,0,208.333333,0.00,0.000000,0.000000,0.000000,0.00,0.000000,'','','','6593','',0.000000,8,0,'',0.000,0.000000,0.000,0,'',0,'0000-00-00 00:00:00',500.000000,416.670000,250.000000,208.333333,0.000000,0.000000,0.000000,208.333333,0.000000),(357,232,232,0,4,6399,0,0,'Levalet - estampe l\'Ivresse',1,1,0,0,0,166.666667,0.00,0.000000,0.000000,0.000000,0.00,0.000000,'','','','Levalet- 6399','Levalet-5763',0.000000,8,0,'',0.000,0.000000,0.000,0,'',0,'0000-00-00 00:00:00',200.000000,166.670000,200.000000,166.666667,0.000000,0.000000,0.000000,166.666667,0.000000),(358,232,232,0,4,6392,0,0,'Frais de port',1,1,0,0,0,4.166667,0.00,0.000000,0.000000,0.000000,0.00,0.000000,'','','','6392','',0.000000,8,0,'',0.000,0.000000,0.000,0,'',0,'0000-00-00 00:00:00',15.000000,12.500000,15.000000,12.500000,0.000000,0.000000,0.000000,4.166667,0.000000),(359,233,233,0,4,6356,0,0,'Additional Shipping for USA',1,0,0,0,0,30.000000,0.00,0.000000,0.000000,0.000000,0.00,0.000000,'','','','6356','',0.000000,0,0,'',0.000,0.000000,0.000,0,'',0,'0000-00-00 00:00:00',30.000000,30.000000,30.000000,30.000000,0.000000,0.000000,0.000000,30.000000,0.000000),(360,234,234,0,2,6712,0,0,'Bom.K - Le chien imitateur + shipping to USA',1,0,0,0,0,170.000000,0.00,0.000000,0.000000,0.000000,0.00,0.000000,'','','','6659','',0.000000,0,0,'',0.000,0.000000,0.000,0,'',0,'0000-00-00 00:00:00',170.000000,170.000000,170.000000,170.000000,0.000000,0.000000,0.000000,170.000000,0.000000),(361,235,235,0,4,3096,0,0,'Shepard Fairey - Make Art Not War',1,1,0,0,0,100.000000,0.00,0.000000,0.000000,0.000000,0.00,0.000000,'','','','Shepard Fairey-3096','Shepard Fairey-3096',0.000000,8,0,'',0.000,0.000000,0.000,0,'',0,'0000-00-00 00:00:00',120.000000,100.000000,120.000000,100.000000,0.000000,0.000000,0.000000,100.000000,0.000000),(362,236,236,0,4,6392,0,0,'Frais de port',1,1,0,0,0,4.166667,0.00,0.000000,0.000000,0.000000,0.00,0.000000,'','','','6392','',0.000000,8,0,'',0.000,0.000000,0.000,0,'',0,'0000-00-00 00:00:00',22.000000,18.330000,21.996000,18.330000,0.000000,0.000000,0.000000,4.166667,0.000000),(363,236,236,0,4,4320,0,0,'Levalet - Bad News',1,1,0,0,0,208.333333,0.00,0.000000,0.000000,0.000000,0.00,0.000000,'','','','Levalet-4320','Levalet-4320',0.000000,8,0,'',0.000,0.000000,0.000,0,'',0,'0000-00-00 00:00:00',250.000000,208.330000,250.000000,208.333333,0.000000,0.000000,0.000000,208.333333,0.000000),(364,237,238,0,4,3096,0,0,'Shepard Fairey - Make Art Not War',1,1,0,0,0,100.000000,0.00,0.000000,0.000000,0.000000,0.00,0.000000,'','','','Shepard Fairey-3096','Shepard Fairey-3096',0.000000,8,0,'',0.000,0.000000,0.000,0,'',0,'0000-00-00 00:00:00',120.000000,100.000000,120.000000,100.000000,0.000000,0.000000,0.000000,100.000000,0.000000),(365,238,237,0,4,6546,0,0,'Shepard Fairey - PACK de 2 posters : Make Art Not War + Liberté Egalité Fraternité',1,1,0,0,0,208.333333,0.00,0.000000,0.000000,0.000000,0.00,0.000000,'','','','Shepard Fairey-6546','Shepard Fairey-3096',0.000000,8,0,'',0.000,0.000000,0.000,0,'',0,'0000-00-00 00:00:00',250.000000,208.330000,250.000000,208.333333,0.000000,0.000000,0.000000,208.333333,0.000000),(366,239,239,0,4,5763,0,0,'Levalet - Dernier Tango',1,1,0,0,0,208.333333,0.00,0.000000,0.000000,0.000000,0.00,0.000000,'','','','Levalet-5763','Levalet-5763',0.000000,8,0,'',0.000,0.000000,0.000,0,'',0,'0000-00-00 00:00:00',200.000000,166.670000,200.004000,166.670000,0.000000,0.000000,0.000000,208.333333,0.000000),(367,240,240,0,4,4462,0,0,'Galerie Joel Knafo Art - Opus Délits',2,2,0,0,0,11.250000,0.00,0.000000,0.000000,0.000000,0.00,0.000000,'','','','Galerie Joel Knafo Art-4462','Galerie Joel Knafo Art-4462',0.000000,8,0,'',0.000,0.000000,0.000,0,'',0,'0000-00-00 00:00:00',20.000000,16.660000,10.000000,8.330000,0.000000,0.000000,0.000000,11.250000,0.000000),(368,241,241,0,4,6546,0,0,'Shepard Fairey - PACK de 2 posters : Make Art Not War + Liberté Egalité Fraternité',1,1,0,0,0,208.333333,0.00,0.000000,0.000000,0.000000,0.00,0.000000,'','','','Shepard Fairey-6546','Shepard Fairey-3096',0.000000,8,0,'',0.000,0.000000,0.000,0,'',0,'0000-00-00 00:00:00',250.000000,208.330000,250.000000,208.333333,0.000000,0.000000,0.000000,208.333333,0.000000),(369,241,241,0,4,5145,0,0,'Shepard Fairey - Face Collage milieu',1,1,0,0,0,66.666667,0.00,0.000000,0.000000,0.000000,0.00,0.000000,'','','','Shepard Fairey-5145','Shepard Fairey-5145',0.000000,8,0,'',0.000,0.000000,0.000,0,'',0,'0000-00-00 00:00:00',80.000000,66.670000,80.000000,66.666667,0.000000,0.000000,0.000000,66.666667,0.000000),(370,242,242,0,2,6706,0,0,'Lek - S4009',1,0,0,0,0,1600.000000,0.00,0.000000,0.000000,0.000000,0.00,0.000000,'','','','6706','',0.000000,6,0,'',0.000,0.000000,0.000,0,'',0,'0000-00-00 00:00:00',1600.000000,1600.000000,1600.000000,1600.000000,0.000000,0.000000,0.000000,1600.000000,0.000000),(371,243,243,0,4,6344,0,0,'Shepard Fairey - Liberté - Égalité - Fraternité',1,0,0,0,0,162.500000,0.00,0.000000,0.000000,0.000000,0.00,0.000000,'','','','6344','Shepard Fairey-3096',0.000000,8,0,'',0.000,0.000000,0.000,0,'',0,'0000-00-00 00:00:00',195.000000,162.500000,195.000000,162.500000,0.000000,0.000000,0.000000,162.500000,0.000000),(372,244,244,0,2,6640,0,0,'Philippe Hérard - Print Cent regards 1',1,1,0,0,0,50.000000,0.00,0.000000,0.000000,0.000000,0.00,0.000000,'','','','6640','',0.000000,8,0,'',0.000,0.000000,0.000,0,'',0,'0000-00-00 00:00:00',60.000000,50.000000,60.000000,50.000000,0.000000,0.000000,0.000000,50.000000,0.000000),(373,245,245,0,4,6181,0,0,'Speedy Graphito - Offrandes à la nuit',1,1,0,0,0,208.333333,0.00,0.000000,0.000000,0.000000,0.00,0.000000,'','','','6181','',0.000000,8,0,'',0.000,0.000000,0.000,0,'',0,'0000-00-00 00:00:00',250.000000,208.330000,250.000000,208.333333,0.000000,0.000000,0.000000,208.333333,0.000000),(374,245,245,0,4,6183,0,0,'Speedy Graphito - La tour sacrée',1,1,0,0,0,208.333333,0.00,0.000000,0.000000,0.000000,0.00,0.000000,'','','','6183','',0.000000,8,0,'',0.000,0.000000,0.000,0,'',0,'0000-00-00 00:00:00',250.000000,208.330000,250.000000,208.333333,0.000000,0.000000,0.000000,208.333333,0.000000),(375,246,246,0,4,4883,0,0,'Gottfried Salzmann - New York Westside',1,0,0,0,0,400.000000,0.00,0.000000,0.000000,0.000000,0.00,0.000000,'','','','Gottfried Salzmann-4883','Gottfried Salzmann-4883',0.000000,8,0,'',0.000,0.000000,0.000,0,'',0,'0000-00-00 00:00:00',480.000000,400.000000,480.000000,400.000000,0.000000,0.000000,0.000000,400.000000,0.000000),(376,247,247,0,2,6703,0,0,'Lek - S5012',1,0,0,0,0,3200.000000,0.00,0.000000,0.000000,0.000000,0.00,0.000000,'','','','6703','',0.000000,6,0,'',0.000,0.000000,0.000,0,'',0,'0000-00-00 00:00:00',2800.000000,2800.000000,2800.000000,2800.000000,0.000000,0.000000,0.000000,3200.000000,0.000000),(377,248,248,0,2,6677,0,0,'Lek - S1002',1,0,0,0,0,2800.000000,0.00,0.000000,0.000000,0.000000,0.00,0.000000,'','','','6677','',0.000000,6,0,'',0.000,0.000000,0.000,0,'',0,'0000-00-00 00:00:00',2800.000000,2800.000000,2800.000000,2800.000000,0.000000,0.000000,0.000000,2800.000000,0.000000),(378,249,249,0,2,6678,0,0,'Lek - S1003',1,0,0,0,0,2800.000000,0.00,0.000000,0.000000,0.000000,0.00,0.000000,'','','','6678','',0.000000,6,0,'',0.000,0.000000,0.000,0,'',0,'0000-00-00 00:00:00',2500.000000,2500.000000,2500.000000,2500.000000,0.000000,0.000000,0.000000,2800.000000,0.000000),(379,250,250,0,2,6571,0,0,'Romain Froquet - Unité',1,0,0,0,0,6700.000000,0.00,0.000000,0.000000,0.000000,0.00,0.000000,'','','','6571','Romain Froquet-5909',0.000000,6,0,'',0.000,0.000000,0.000,0,'',0,'0000-00-00 00:00:00',6700.000000,6700.000000,6700.000000,6700.000000,0.000000,0.000000,0.000000,6700.000000,0.000000),(380,251,266,0,4,6664,0,0,'Miss Tic - Souriez vous êtes vivants',1,0,0,0,0,416.666667,0.00,0.000000,0.000000,0.000000,0.00,0.000000,'','','','Miss Tic-6664','Miss Tic-4474',0.000000,8,0,'',0.000,0.000000,0.000,0,'',0,'0000-00-00 00:00:00',500.000000,416.670000,500.000000,416.666667,0.000000,0.000000,0.000000,416.666667,0.000000),(381,252,251,0,2,6690,0,0,'Lek - S4007',1,0,0,0,0,1600.000000,0.00,0.000000,0.000000,0.000000,0.00,0.000000,'','','','6690','',0.000000,6,0,'',0.000,0.000000,0.000,0,'',0,'0000-00-00 00:00:00',1600.000000,1600.000000,1600.000000,1600.000000,0.000000,0.000000,0.000000,1600.000000,0.000000),(382,253,252,0,4,2580,0,0,'Stoul - Série Figure',1,1,0,0,0,133.333333,0.00,0.000000,0.000000,0.000000,0.00,0.000000,'','','','Stoul-2580','Stoul-2580',0.000000,8,0,'',0.000,0.000000,0.000,0,'',0,'0000-00-00 00:00:00',160.000000,133.330000,160.000000,133.333333,0.000000,0.000000,0.000000,133.333333,0.000000),(383,253,252,0,4,6392,0,0,'Frais de port',1,1,0,0,0,4.166667,0.00,0.000000,0.000000,0.000000,0.00,0.000000,'','','','6392','',0.000000,8,0,'',0.000,0.000000,0.000,0,'',0,'0000-00-00 00:00:00',13.000000,10.830000,12.996000,10.830000,0.000000,0.000000,0.000000,4.166667,0.000000),(384,254,253,0,2,6644,0,0,'Bom.K - N\'importe Quoi 5',1,0,0,0,0,2000.000000,0.00,0.000000,0.000000,0.000000,0.00,0.000000,'','','','6644','',0.000000,6,0,'',0.000,0.000000,0.000,0,'',0,'0000-00-00 00:00:00',1700.000000,1700.000000,1700.000000,1700.000000,0.000000,0.000000,0.000000,2000.000000,0.000000),(385,255,254,0,4,6512,0,0,'Jo Di Bona - In the Dark of Night',1,1,0,0,0,33.333333,0.00,0.000000,0.000000,0.000000,0.00,0.000000,'','','','6512','',0.000000,8,0,'',0.000,0.000000,0.000,0,'',0,'0000-00-00 00:00:00',60.000000,50.000000,60.000000,50.000000,0.000000,0.000000,0.000000,33.333333,0.000000),(386,255,254,0,4,6392,0,0,'Frais de port',1,1,0,0,0,4.166667,0.00,0.000000,0.000000,0.000000,0.00,0.000000,'','','','6392','',0.000000,8,0,'',0.000,0.000000,0.000,0,'',0,'0000-00-00 00:00:00',8.000000,6.670000,8.004000,6.670000,0.000000,0.000000,0.000000,4.166667,0.000000),(387,256,255,0,2,6644,0,0,'Bom.K - N\'importe Quoi 5',1,1,0,0,0,2000.000000,0.00,0.000000,0.000000,0.000000,0.00,0.000000,'','','','6644','',0.000000,6,0,'',0.000,0.000000,0.000,0,'',0,'0000-00-00 00:00:00',1700.000000,1700.000000,1700.000000,1700.000000,0.000000,0.000000,0.000000,2000.000000,0.000000),(388,257,256,0,4,5530,33,0,'Zenoy - Estampe rehaussée - Zenoy - Estampe rehaussée : 2',1,0,0,0,0,408.333333,0.00,0.000000,0.000000,0.000000,0.00,0.000000,'','','','Zenoy-5530','',0.000000,8,0,'',0.000,0.000000,0.000,0,'',0,'0000-00-00 00:00:00',490.000000,408.330000,490.000000,408.333333,0.000000,0.000000,0.000000,408.333333,0.000000),(389,257,256,0,4,6392,0,0,'Frais de port',1,0,0,0,0,4.166667,0.00,0.000000,0.000000,0.000000,0.00,0.000000,'','','','6392','',0.000000,8,0,'',0.000,0.000000,0.000,0,'',0,'0000-00-00 00:00:00',25.000000,20.830000,24.996000,20.830000,0.000000,0.000000,0.000000,4.166667,0.000000),(390,258,257,0,2,6645,0,0,'Bom.K - L\'appel',1,0,0,0,0,2000.000000,0.00,0.000000,0.000000,0.000000,0.00,0.000000,'','','','6645','',0.000000,6,0,'',0.000,0.000000,0.000,0,'',0,'0000-00-00 00:00:00',1700.000000,1700.000000,1700.000000,1700.000000,0.000000,0.000000,0.000000,2000.000000,0.000000),(391,259,258,0,4,6546,0,0,'Shepard Fairey - PACK de 2 posters : Make Art Not War + Liberté Egalité Fraternité',1,1,0,0,0,208.333333,0.00,0.000000,0.000000,0.000000,0.00,0.000000,'','','','Shepard Fairey-6546','Shepard Fairey-3096',0.000000,8,0,'',0.000,0.000000,0.000,0,'',0,'0000-00-00 00:00:00',250.000000,208.330000,250.000000,208.333333,0.000000,0.000000,0.000000,208.333333,0.000000),(392,260,259,0,4,6344,0,0,'Shepard Fairey - Liberté - Égalité - Fraternité',1,1,0,0,0,162.500000,0.00,0.000000,0.000000,0.000000,0.00,0.000000,'','','','6344','Shepard Fairey-3096',0.000000,8,0,'',0.000,0.000000,0.000,0,'',0,'0000-00-00 00:00:00',195.000000,162.500000,195.000000,162.500000,0.000000,0.000000,0.000000,162.500000,0.000000),(393,261,260,0,4,6344,0,0,'Shepard Fairey - Liberté - Égalité - Fraternité',1,1,0,0,0,162.500000,0.00,0.000000,0.000000,0.000000,0.00,0.000000,'','','','6344','Shepard Fairey-3096',0.000000,8,0,'',0.000,0.000000,0.000,0,'',0,'0000-00-00 00:00:00',195.000000,162.500000,195.000000,162.500000,0.000000,0.000000,0.000000,162.500000,0.000000),(394,261,260,0,4,3096,0,0,'Shepard Fairey - Make Art Not War',1,1,0,0,0,100.000000,0.00,0.000000,0.000000,0.000000,0.00,0.000000,'','','','Shepard Fairey-3096','Shepard Fairey-3096',0.000000,8,0,'',0.000,0.000000,0.000,0,'',0,'0000-00-00 00:00:00',120.000000,100.000000,120.000000,100.000000,0.000000,0.000000,0.000000,100.000000,0.000000),(395,262,261,0,4,6525,0,0,'Jo Di Bona - Set de 4 prints Popopop!',1,1,0,0,0,100.000000,0.00,0.000000,0.000000,0.000000,0.00,0.000000,'','','','6525','',0.000000,8,0,'',0.000,0.000000,0.000,0,'',0,'0000-00-00 00:00:00',160.000000,133.330000,159.996000,133.330000,0.000000,0.000000,0.000000,100.000000,0.000000),(396,262,261,0,4,6392,0,0,'Frais de port',1,1,0,0,0,4.166667,0.00,0.000000,0.000000,0.000000,0.00,0.000000,'','','','6392','',0.000000,8,0,'',0.000,0.000000,0.000,0,'',0,'0000-00-00 00:00:00',13.000000,10.830000,12.996000,10.830000,0.000000,0.000000,0.000000,4.166667,0.000000),(397,263,262,0,4,6512,0,0,'Jo Di Bona - In the Dark of Night',1,1,0,0,0,33.333333,0.00,0.000000,0.000000,0.000000,0.00,0.000000,'','','','6512','',0.000000,8,0,'',0.000,0.000000,0.000,0,'',0,'0000-00-00 00:00:00',60.000000,50.000000,60.000000,50.000000,0.000000,0.000000,0.000000,33.333333,0.000000),(398,263,262,0,4,6392,0,0,'Frais de port',1,1,0,0,0,4.166667,0.00,0.000000,0.000000,0.000000,0.00,0.000000,'','','','6392','',0.000000,8,0,'',0.000,0.000000,0.000,0,'',0,'0000-00-00 00:00:00',15.000000,12.500000,15.000000,12.500000,0.000000,0.000000,0.000000,4.166667,0.000000),(399,264,263,0,4,6500,0,0,'Jo Di Bona - Print Puma Blues',1,1,0,0,0,33.333333,0.00,0.000000,0.000000,0.000000,0.00,0.000000,'','','','6500','',0.000000,8,0,'',0.000,0.000000,0.000,0,'',0,'0000-00-00 00:00:00',60.000000,50.000000,60.000000,50.000000,0.000000,0.000000,0.000000,33.333333,0.000000),(401,264,263,0,4,6392,0,0,'Frais de port',1,1,0,0,0,12.500000,0.00,0.000000,0.000000,0.000000,0.00,0.000000,'','','','6392','',0.000000,8,0,'',0.000,0.000000,0.000,0,'',0,'0000-00-00 00:00:00',15.000000,12.500000,15.000000,12.500000,0.000000,0.000000,0.000000,12.500000,0.000000),(402,265,264,0,4,6639,0,0,'Catalogue expo',7,7,0,0,0,18.957346,0.00,0.000000,0.000000,0.000000,0.00,0.000000,'','','','6427','',0.000000,3,0,'',0.000,0.000000,0.000,0,'',0,'0000-00-00 00:00:00',140.000000,132.700000,20.000000,18.957346,0.000000,0.000000,0.000000,18.957346,0.000000),(403,265,264,0,4,5170,0,0,'Lek - Estampe 2',3,3,0,0,0,62.500000,0.00,0.000000,0.000000,0.000000,0.00,0.000000,'','','','Lek-5170','Lek-5170',0.000000,8,0,'',0.000,0.000000,0.000,0,'',0,'0000-00-00 00:00:00',225.000000,187.500000,75.000000,62.500000,0.000000,0.000000,0.000000,62.500000,0.000000),(404,265,264,0,4,5169,0,0,'Lek - Estampe 1',1,1,0,0,0,62.500000,0.00,0.000000,0.000000,0.000000,0.00,0.000000,'','','','Lek-5169','Lek-5169',0.000000,8,0,'',0.000,0.000000,0.000,0,'',0,'0000-00-00 00:00:00',75.000000,62.500000,75.000000,62.500000,0.000000,0.000000,0.000000,62.500000,0.000000),(405,266,265,0,4,6028,0,0,'Jo di Bona - Hung Up',2,0,0,0,0,125.000000,0.00,0.000000,0.000000,0.000000,0.00,0.000000,'','','','6028','Jo di Bona-5758',0.000000,8,0,'',0.000,0.000000,0.000,0,'',0,'0000-00-00 00:00:00',300.000000,250.000000,150.000000,125.000000,0.000000,0.000000,0.000000,125.000000,0.000000);

--
-- Table structure for table `pre3303_order_detail_tax`
--

CREATE TABLE `pre3303_order_detail_tax` (
  `id_order_detail` int(11) NOT NULL,
  `id_tax` int(11) NOT NULL,
  `unit_amount` decimal(16,6) NOT NULL DEFAULT '0.000000',
  `total_amount` decimal(16,6) NOT NULL DEFAULT '0.000000',
  KEY `id_order_detail` (`id_order_detail`),
  KEY `id_tax` (`id_tax`)
) ENGINE=InnoDB DEFAULT CHARSET=utf8;

--
-- Dumping data for table `pre3303_order_detail_tax`
--

INSERT INTO `pre3303_order_detail_tax` VALUES (1,1,20.000000,20.000000),(2,1,26.666667,26.670000),(3,1,38.000000,38.000000),(4,1,18.000000,18.000000),(5,1,33.334000,33.330000),(6,1,1.166667,1.170000),(7,32,0.000000,0.000000),(8,32,0.000000,0.000000),(9,32,0.000000,0.000000),(10,1,32.500000,32.500000),(11,1,30.000000,30.000000),(12,1,41.666667,41.670000),(13,1,41.666667,41.670000),(14,1,33.333333,33.330000),(15,32,0.000000,0.000000),(16,32,0.000000,0.000000),(17,32,0.000000,0.000000),(18,1,5.000000,5.000000),(19,1,0.833333,0.830000),(20,1,20.000000,20.000000),(21,1,32.500000,32.500000),(22,32,0.000000,0.000000),(23,32,0.000000,0.000000),(24,32,0.000000,0.000000),(25,1,30.000000,30.000000),(27,32,0.000000,0.000000),(29,3,2.554502,2.550000),(28,3,0.703791,0.700000),(31,1,156.666667,156.670000),(30,1,110.000000,110.000000),(32,1,200.000000,200.000000),(33,1,50.000000,50.000000),(34,32,0.000000,0.000000),(35,1,32.500000,32.500000),(36,1,20.000000,20.000000),(37,1,4.166660,4.170000),(38,1,141.666000,141.670000),(39,1,10.000000,10.000000),(40,1,32.500000,32.500000),(41,1,33.334000,33.330000),(42,1,5.000000,5.000000),(43,32,0.000000,0.000000),(44,32,0.000000,0.000000),(45,1,15.000000,15.000000),(46,1,15.000000,15.000000),(26,32,0.000000,0.000000),(47,32,0.000000,0.000000),(48,1,150.000600,150.000000),(49,1,32.500000,32.500000),(50,1,4.166000,4.170000),(51,1,100.000000,100.000000),(52,32,0.000000,0.000000),(53,1,10.000000,10.000000),(54,1,5.000000,5.000000),(55,1,8.333333,8.330000),(56,1,8.333333,8.330000),(57,1,12.500000,12.500000),(58,1,13.333333,13.330000),(59,1,13.333333,13.330000),(60,1,13.333333,13.330000),(61,1,11.666667,11.670000),(62,1,11.666667,11.670000),(63,1,63.333333,63.330000),(64,1,32.500000,32.500000),(65,1,4.166000,4.170000),(66,1,33.334000,33.330000),(67,1,2.834000,2.830000),(68,1,16.666000,16.670000),(69,1,1.334000,1.330000),(70,32,0.000000,0.000000),(71,1,63.333333,63.330000),(72,1,65.000000,65.000000),(73,1,5.000000,10.000000),(74,1,32.500000,32.500000),(75,1,20.000000,20.000000),(76,1,20.000000,20.000000),(77,1,32.500000,32.500000),(78,1,91.666667,91.670000),(79,1,75.000000,75.000000),(80,3,2.606635,5.210000),(81,1,66.666667,66.670000),(82,32,0.000000,0.000000),(83,1,32.500000,32.500000),(84,1,20.000000,120.000000),(85,1,20.000000,40.000000),(86,1,20.000000,20.000000),(87,1,6.666667,6.670000),(88,1,20.000000,20.000000),(89,1,20.000000,20.000000),(90,1,12.500000,12.500000),(91,32,0.000000,0.000000),(92,1,50.000000,50.000000),(93,32,0.000000,0.000000),(94,32,0.000000,0.000000),(95,32,0.000000,0.000000),(96,32,0.000000,0.000000),(97,32,0.000000,0.000000),(98,32,0.000000,0.000000),(104,32,0.000000,0.000000),(105,1,6.666667,6.670000),(106,1,15.000000,15.000000),(107,1,15.000000,15.000000),(108,1,91.666667,91.670000),(109,1,20.000000,20.000000),(110,1,100.000000,100.000000),(112,32,0.000000,0.000000),(111,32,0.000000,0.000000),(113,1,20.000000,20.000000),(114,1,33.333333,33.330000),(115,1,33.333333,33.330000),(116,1,20.000000,20.000000),(117,1,4.166000,4.170000),(118,1,16.666000,16.670000),(119,1,1.334000,1.330000),(120,32,0.000000,0.000000),(121,1,66.666000,66.670000),(122,32,0.000000,0.000000),(123,32,0.000000,0.000000),(124,32,0.000000,0.000000),(125,1,20.000000,20.000000),(126,32,0.000000,0.000000),(127,1,20.000000,20.000000),(128,1,4.166000,4.170000),(129,1,32.500000,32.500000),(130,1,6.666667,6.670000),(131,1,41.666667,41.670000),(132,1,15.000000,15.000000),(133,1,10.000000,10.000000),(141,1,41.666667,41.670000),(142,1,41.666000,41.670000),(143,1,41.666000,41.670000),(147,1,6.666667,6.670000),(150,3,0.521400,0.520000),(99,1,30.000000,60.000000),(152,3,0.521400,2.610000),(103,1,20.000000,140.000000),(151,1,6.666667,20.000000),(102,1,6.666000,20.000000),(101,1,6.666000,53.330000),(100,1,6.666000,20.000000),(153,32,0.000000,0.000000),(154,1,20.000000,60.000000),(155,1,36.666667,36.670000),(156,1,41.666667,41.670000),(157,1,26.666000,26.670000),(158,1,4.166000,4.170000),(159,32,0.000000,0.000000),(160,32,0.000000,0.000000),(161,32,0.000000,0.000000),(162,32,0.000000,0.000000),(163,32,0.000000,0.000000),(164,1,41.666667,41.670000),(165,1,16.666667,16.670000),(166,1,2.000000,2.000000),(167,32,0.000000,0.000000),(168,32,0.000000,0.000000),(169,32,0.000000,0.000000),(170,32,0.000000,0.000000),(171,32,0.000000,0.000000),(172,32,0.000000,0.000000),(173,32,0.000000,0.000000),(174,32,0.000000,0.000000),(175,32,0.000000,0.000000),(177,32,0.000000,0.000000),(178,32,0.000000,0.000000),(176,32,0.000000,0.000000),(179,32,0.000000,0.000000),(181,32,0.000000,0.000000),(183,32,0.000000,0.000000),(182,32,0.000000,0.000000),(184,32,0.000000,0.000000),(180,32,0.000000,0.000000),(185,32,0.000000,0.000000),(186,32,0.000000,0.000000),(187,32,0.000000,0.000000),(188,32,0.000000,0.000000),(189,32,0.000000,0.000000),(190,1,366.666667,366.670000),(191,32,0.000000,0.000000),(192,1,133.333333,133.330000),(193,32,0.000000,0.000000),(194,32,0.000000,0.000000),(195,1,133.333333,133.330000),(196,32,0.000000,0.000000),(197,1,70.000000,70.000000),(198,1,30.000000,30.000000),(199,1,120.000000,120.000000),(200,1,20.000000,20.000000),(201,32,0.000000,0.000000),(202,32,0.000000,0.000000),(203,1,20.000000,20.000000),(205,32,0.000000,0.000000),(206,32,0.000000,0.000000),(207,32,0.000000,0.000000),(208,1,100.000000,100.000000),(209,32,0.000000,0.000000),(210,1,25.000000,225.000000),(217,1,33.333333,133.330000),(219,1,32.500000,130.000000),(226,1,125.000000,125.000000),(224,1,41.666667,125.000000),(220,1,100.000000,100.000000),(221,1,91.666667,91.670000),(214,1,41.666667,83.330000),(215,1,33.333333,66.670000),(216,1,63.333333,63.330000),(212,3,1.407583,15.480000),(229,1,50.000000,50.000000),(227,1,46.666667,46.670000),(225,1,46.666667,46.670000),(223,1,20.000000,40.000000),(213,3,1.511848,7.560000),(222,1,13.333333,26.670000),(228,1,25.000000,25.000000),(218,1,20.000000,20.000000),(211,1,10.000000,10.000000),(230,1,80.000000,80.000000),(231,1,80.000000,80.000000),(232,1,80.000000,80.000000),(233,32,0.000000,0.000000),(234,32,0.000000,0.000000),(235,32,0.000000,0.000000),(236,32,0.000000,0.000000),(237,1,63.333333,63.330000),(238,1,20.000000,20.000000),(239,1,76.666667,76.670000),(240,1,100.000000,100.000000),(241,1,41.666667,41.670000),(242,1,66.666667,66.670000),(243,32,0.000000,0.000000),(244,32,0.000000,0.000000),(245,32,0.000000,0.000000),(246,1,141.666667,141.670000),(247,1,10.000000,10.000000),(250,1,32.500000,32.500000),(248,1,25.000000,25.000000),(249,1,10.000000,10.000000),(251,1,41.666667,166.670000),(252,1,41.666667,125.000000),(254,1,8.334000,8.330000),(253,1,2.250000,2.250000),(255,1,32.500000,32.500000),(256,1,41.666667,41.670000),(259,1,41.666667,41.670000),(257,3,1.563981,9.380000),(258,1,25.000000,25.000000),(261,1,12.500000,12.500000),(260,3,0.521327,1.040000),(262,1,32.500000,32.500000),(263,1,4.166000,4.170000),(264,1,32.500000,32.500000),(265,1,20.000000,20.000000),(266,1,33.333333,33.330000),(267,1,2.834000,2.830000),(268,32,0.000000,0.000000),(269,1,200.000000,200.000000),(270,1,16.666000,16.670000),(272,1,10.000000,10.000000),(204,32,0.000000,0.000000),(273,32,0.000000,0.000000),(274,32,0.000000,0.000000),(275,32,0.000000,0.000000),(276,1,10.000000,10.000000),(277,32,0.000000,0.000000),(278,1,10.000000,20.000000),(279,1,10.000000,20.000000),(280,32,0.000000,0.000000),(281,1,16.666000,16.670000),(282,1,1.334000,1.330000),(283,1,15.000000,15.000000),(286,1,3.833333,3.830000),(285,1,3.333333,3.330000),(284,1,1.666667,1.670000),(287,1,20.000000,20.000000),(288,32,0.000000,0.000000),(289,1,20.000000,140.000000),(290,1,20.000000,60.000000),(291,1,113.333333,113.330000),(292,1,20.000000,20.000000),(293,1,33.333333,33.330000),(294,32,0.000000,0.000000),(295,1,20.000000,20.000000),(296,1,20.000000,20.000000),(299,32,0.000000,0.000000),(300,1,66.666667,66.670000),(301,1,20.000000,20.000000),(302,1,20.000000,20.000000),(303,1,20.000000,60.000000),(304,1,20.000000,40.000000),(305,1,20.000000,20.000000),(306,1,16.666000,16.670000),(307,1,1.334000,1.330000),(308,1,16.666000,16.670000),(309,1,1.334000,1.330000),(310,1,20.000000,40.000000),(311,1,20.000000,20.000000),(312,1,113.333333,113.330000),(313,1,20.000000,20.000000),(314,32,0.000000,0.000000),(315,1,20.000000,20.000000),(316,1,21.666667,21.670000),(317,1,21.666667,21.670000),(319,1,34.166621,34.170000),(321,1,3.333333,3.330000),(322,1,41.666667,41.670000),(323,1,41.666667,41.670000),(326,1,20.000000,20.000000),(327,32,0.000000,0.000000),(328,1,20.000000,40.000000),(329,1,20.000000,20.000000),(330,1,32.500000,32.500000),(331,1,41.666667,41.670000),(332,1,41.666667,41.670000),(333,1,41.666667,41.670000),(334,1,41.666667,83.330000),(335,1,41.666667,41.670000),(336,1,41.666667,41.670000),(337,1,41.666667,41.670000),(338,1,41.666667,41.670000),(339,1,16.666667,16.670000),(340,1,41.666667,41.670000),(341,1,41.666667,41.670000),(342,1,30.000000,30.000000),(343,1,4.166000,4.170000),(344,1,20.000000,40.000000),(345,1,20.000000,40.000000),(346,1,41.666667,41.670000),(347,32,0.000000,0.000000),(348,1,41.666667,41.670000),(349,1,10.000000,70.000000),(350,1,10.000000,40.000000),(352,1,12.500000,12.500000),(351,3,1.563981,1.560000),(353,1,20.000000,20.000000),(354,1,83.333333,83.330000),(355,1,3.333333,3.330000),(356,1,41.666667,83.330000),(357,1,33.333333,33.330000),(358,1,2.500000,2.500000),(361,1,20.000000,20.000000),(363,1,41.666667,41.670000),(362,1,3.666000,3.670000),(364,1,20.000000,20.000000),(365,1,41.666667,41.670000),(366,1,33.334000,33.330000),(367,1,1.666000,3.330000),(368,1,41.666667,41.670000),(369,1,13.333333,13.330000),(370,32,0.000000,0.000000),(371,1,32.500000,32.500000),(372,1,10.000000,10.000000),(373,1,41.666667,41.670000),(374,1,41.666667,41.670000),(375,1,80.000000,80.000000),(376,32,0.000000,0.000000),(377,32,0.000000,0.000000),(378,32,0.000000,0.000000),(379,32,0.000000,0.000000),(380,1,83.333333,83.330000),(381,32,0.000000,0.000000),(382,1,26.666667,26.670000),(383,1,2.166000,2.170000),(384,32,0.000000,0.000000),(385,1,10.000000,10.000000),(386,1,1.334000,1.330000),(387,32,0.000000,0.000000),(388,1,81.666667,81.670000),(389,1,4.166000,4.170000),(390,32,0.000000,0.000000),(391,1,41.666667,41.670000),(392,1,32.500000,32.500000),(393,1,32.500000,32.500000),(394,1,20.000000,20.000000),(395,1,26.666000,26.670000),(396,1,2.166000,2.170000),(397,1,10.000000,10.000000),(398,1,2.500000,2.500000),(399,1,10.000000,10.000000),(401,1,2.500000,2.500000),(403,1,12.500000,37.500000),(402,3,1.042654,7.300000),(404,1,12.500000,12.500000),(405,1,25.000000,50.000000);

--
