-- Table structure for table `pre3303_appagebuilder_page`
--

CREATE TABLE `pre3303_appagebuilder_page` (
  `id_product` int(11) unsigned NOT NULL,
  `id_category` int(11) unsigned NOT NULL,
  `page` varchar(255) NOT NULL,
  `id_shop` int(10) unsigned NOT NULL,
  PRIMARY KEY (`id_product`,`id_category`,`id_shop`)
) ENGINE=InnoDB DEFAULT CHARSET=utf8;

--
-- Dumping data for table `pre3303_appagebuilder_page`
--

INSERT INTO `pre3303_appagebuilder_page` VALUES (0,201,'',2),(0,206,'',2);

--
-- Table structure for table `pre3303_appagebuilder_positions`
--

CREATE TABLE `pre3303_appagebuilder_positions` (
  `id_appagebuilder_positions` int(11) NOT NULL AUTO_INCREMENT,
  `name` varchar(255) NOT NULL,
  `position` varchar(255) NOT NULL,
  `position_key` varchar(255) NOT NULL,
  `params` text,
  PRIMARY KEY (`id_appagebuilder_positions`)
) ENGINE=InnoDB AUTO_INCREMENT=94 DEFAULT CHARSET=utf8;

--
-- Dumping data for table `pre3303_appagebuilder_positions`
--

INSERT INTO `pre3303_appagebuilder_positions` VALUES (1,'Header 1','header','position1489154417',''),(2,'Content 1','content','position1489153393',''),(3,'Footer 1','footer','position1489154159',''),(4,'Product 1','product','position1489134213',''),(5,'Header 2','header','position1490693425',''),(6,'Content 2','content','position1490698819',''),(7,'Footer 2','footer','position1490700864',''),(8,'Header 3','header','position1490876313',''),(9,'Content 3','content','position1490868410',''),(10,'Footer 3','footer','position1490863297',''),(11,'Header 4','header','position1490949876',''),(12,'Content 4','content','position1490953353',''),(13,'Footer 4','footer','position1490960698',''),(14,'Header 1','header','position1489154417',''),(15,'Content 1','content','position1489153393',''),(16,'Footer 1','footer','position1489154159',''),(17,'Product 1','product','position1489134213',''),(18,'Header 2','header','position1490693425',''),(19,'Content 2','content','position1490698819',''),(20,'Footer 2','footer','position1490700864',''),(21,'Header 3','header','position1490876313',''),(22,'Content 3','content','position1490868410',''),(23,'Footer 3','footer','position1490863297',''),(24,'Header 4','header','position1490949876',''),(25,'Content 4','content','position1490953353',''),(26,'Footer 4','footer','position1490960698',''),(27,'Duplicate 1765468806','header','duplicate_1765468806',NULL),(28,'Duplicate 2736917300','content','duplicate_2736917300',NULL),(29,'Duplicate 2840762459','footer','duplicate_2840762459',NULL),(30,'Duplicate 3164881142','product','duplicate_3164881142',NULL),(31,'Duplicate 2655182122','header','duplicate_2655182122',NULL),(32,'Duplicate 1616413713','content','duplicate_1616413713',NULL),(33,'Duplicate 2053982020','footer','duplicate_2053982020',NULL),(34,'Duplicate 2752572864','product','duplicate_2752572864',NULL),(39,'Header 1','header','position1489154417',''),(40,'Content 1','content','position1489153393',''),(41,'Footer 1','footer','position1489154159',''),(42,'Product 1','product','position1489134213',''),(43,'Header 2','header','position1490693425',''),(44,'Content 2','content','position1490698819',''),(45,'Footer 2','footer','position1490700864',''),(46,'Header 3','header','position1490876313',''),(47,'Content 3','content','position1490868410',''),(48,'Footer 3','footer','position1490863297',''),(49,'Header 4','header','position1490949876',''),(50,'Content 4','content','position1490953353',''),(51,'Footer 4','footer','position1490960698',''),(52,'Header 1','header','position1489154417',''),(53,'Content 1','content','position1489153393',''),(54,'Footer 1','footer','position1489154159',''),(55,'Product 1','product','position1489134213',''),(56,'Header 2','header','position1490693425',''),(57,'Content 2','content','position1490698819',''),(58,'Footer 2','footer','position1490700864',''),(59,'Header 3','header','position1490876313',''),(60,'Content 3','content','position1490868410',''),(61,'Footer 3','footer','position1490863297',''),(62,'Header 4','header','position1490949876',''),(63,'Content 4','content','position1490953353',''),(64,'Footer 4','footer','position1490960698',''),(65,'Header 1','header','position1489154417',''),(66,'Content 1','content','position1489153393',''),(67,'Footer 1','footer','position1489154159',''),(68,'Product 1','product','position1489134213',''),(69,'Header 2','header','position1490693425',''),(70,'Content 2','content','position1490698819',''),(71,'Footer 2','footer','position1490700864',''),(72,'Header 3','header','position1490876313',''),(73,'Content 3','content','position1490868410',''),(74,'Footer 3','footer','position1490863297',''),(75,'Header 4','header','position1490949876',''),(76,'Content 4','content','position1490953353',''),(77,'Footer 4','footer','position1490960698',''),(78,'Duplicate 2347719338','header','duplicate_2347719338',NULL),(79,'Duplicate 2282997826','content','duplicate_2282997826',NULL),(80,'Duplicate 2498108405','footer','duplicate_2498108405',NULL),(81,'Duplicate 3381807847','product','duplicate_3381807847',NULL),(82,'Duplicate 2343855373','header','duplicate_2343855373',NULL),(83,'Duplicate 1839973010','content','duplicate_1839973010',NULL),(84,'Duplicate 2026970955','footer','duplicate_2026970955',NULL),(85,'Duplicate 3321751323','product','duplicate_3321751323',NULL),(86,'Duplicate 2423795725','header','duplicate_2423795725',NULL),(87,'Duplicate 3458619895','content','duplicate_3458619895',NULL),(88,'Duplicate 2659898465','footer','duplicate_2659898465',NULL),(89,'Duplicate 2037528823','product','duplicate_2037528823',NULL),(90,'Duplicate 2763066691','header','duplicate_2763066691',NULL),(91,'Duplicate 2033677029','content','duplicate_2033677029',NULL),(92,'Duplicate 1996342011','footer','duplicate_1996342011',NULL),(93,'Duplicate 2477120618','product','duplicate_2477120618',NULL);

--
-- Table structure for table `pre3303_appagebuilder_positions_shop`
--

CREATE TABLE `pre3303_appagebuilder_positions_shop` (
  `id_appagebuilder_positions` int(11) NOT NULL AUTO_INCREMENT,
  `id_shop` int(10) unsigned NOT NULL,
  PRIMARY KEY (`id_appagebuilder_positions`,`id_shop`)
) ENGINE=InnoDB AUTO_INCREMENT=94 DEFAULT CHARSET=utf8;

--
-- Dumping data for table `pre3303_appagebuilder_positions_shop`
--

INSERT INTO `pre3303_appagebuilder_positions_shop` VALUES (1,4),(2,4),(3,4),(4,4),(5,4),(6,4),(7,4),(8,4),(9,4),(10,4),(11,4),(12,4),(13,4),(14,5),(15,5),(16,5),(17,5),(18,5),(19,5),(20,5),(21,5),(22,5),(23,5),(24,5),(25,5),(26,5),(27,4),(28,4),(29,4),(30,4),(31,5),(32,5),(33,5),(34,5),(39,4),(40,4),(41,4),(42,4),(43,4),(44,4),(45,4),(46,4),(47,4),(48,4),(49,4),(50,4),(51,4),(52,4),(53,4),(54,4),(55,4),(56,4),(57,4),(58,4),(59,4),(60,4),(61,4),(62,4),(63,4),(64,4),(65,2),(66,2),(67,2),(68,2),(69,2),(70,2),(71,2),(72,2),(73,2),(74,2),(75,2),(76,2),(77,2),(78,2),(79,2),(80,2),(81,2),(82,5),(83,5),(84,5),(85,5),(86,2),(87,2),(88,2),(89,2),(90,2),(91,2),(92,2),(93,2);

--
-- Table structure for table `pre3303_appagebuilder_products`
--

CREATE TABLE `pre3303_appagebuilder_products` (
  `id_appagebuilder_products` int(11) NOT NULL AUTO_INCREMENT,
  `plist_key` varchar(255) DEFAULT NULL,
  `name` varchar(255) DEFAULT NULL,
  `class` varchar(255) DEFAULT NULL,
  `params` text,
  `type` tinyint(1) DEFAULT NULL,
  `active` tinyint(1) DEFAULT NULL,
  PRIMARY KEY (`id_appagebuilder_products`)
) ENGINE=InnoDB AUTO_INCREMENT=11 DEFAULT CHARSET=utf8;

--
-- Dumping data for table `pre3303_appagebuilder_products`
--

INSERT INTO `pre3303_appagebuilder_products` VALUES (1,'plist1490178927','Product-list-default','product-list-default','{\"gridLeft\":{\"0\":{\"name\":\"product_thumbnail\"},\"1\":{\"name\":\"product_flags\"},\"2\":{\"name\":\"functional_buttons\",\"element\":{\"0\":{\"name\":\"add_to_cart\"},\"1\":{\"name\":\"wishlist\"},\"2\":{\"name\":\"compare\"}}}},\"gridRight\":{\"0\":{\"name\":\"code\",\"code\":\"<div class=_APQUOT_product-description_APQUOT_>\"},\"1\":{\"name\":\"product_name\"},\"2\":{\"name\":\"reviews\"},\"3\":{\"name\":\"product_price_and_shipping\"},\"4\":{\"name\":\"product_description_short\"},\"5\":{\"name\":\"code\",\"code\":\"</div>\"},\"6\":{\"name\":\"quickview\"}}}',0,1),(2,'plist1490787269','Product-list-list','product-list-list','{\"gridLeft\":{\"0\":{\"name\":\"product_thumbnail\"}},\"gridRight\":{\"0\":{\"name\":\"product_name\"},\"1\":{\"name\":\"reviews\"},\"2\":{\"name\":\"product_price_and_shipping\"}}}',0,0),(3,'plist1490178927','Product-list-default','product-list-default','{\"gridLeft\":{\"0\":{\"name\":\"product_thumbnail\"},\"1\":{\"name\":\"product_flags\"},\"2\":{\"name\":\"functional_buttons\",\"element\":{\"0\":{\"name\":\"add_to_cart\"},\"1\":{\"name\":\"wishlist\"},\"2\":{\"name\":\"compare\"}}}},\"gridRight\":{\"0\":{\"name\":\"code\",\"code\":\"<div class=_APQUOT_product-description_APQUOT_>\"},\"1\":{\"name\":\"product_name\"},\"2\":{\"name\":\"reviews\"},\"3\":{\"name\":\"product_price_and_shipping\"},\"4\":{\"name\":\"product_description_short\"},\"5\":{\"name\":\"code\",\"code\":\"</div>\"},\"6\":{\"name\":\"quickview\"}}}',0,1),(4,'plist1490787269','Product-list-list','product-list-list','{\"gridLeft\":{\"0\":{\"name\":\"product_thumbnail\"}},\"gridRight\":{\"0\":{\"name\":\"product_name\"},\"1\":{\"name\":\"reviews\"},\"2\":{\"name\":\"product_price_and_shipping\"}}}',0,0),(5,'plist1490178927','Product-list-default','product-list-default','{\"gridLeft\":{\"0\":{\"name\":\"product_thumbnail\"},\"1\":{\"name\":\"product_flags\"},\"2\":{\"name\":\"functional_buttons\",\"element\":{\"0\":{\"name\":\"add_to_cart\"},\"1\":{\"name\":\"wishlist\"},\"2\":{\"name\":\"compare\"}}}},\"gridRight\":{\"0\":{\"name\":\"code\",\"code\":\"<div class=_APQUOT_product-description_APQUOT_>\"},\"1\":{\"name\":\"product_name\"},\"2\":{\"name\":\"reviews\"},\"3\":{\"name\":\"product_price_and_shipping\"},\"4\":{\"name\":\"product_description_short\"},\"5\":{\"name\":\"code\",\"code\":\"</div>\"},\"6\":{\"name\":\"quickview\"}}}',0,1),(6,'plist1490787269','Product-list-list','product-list-list','{\"gridLeft\":{\"0\":{\"name\":\"product_thumbnail\"}},\"gridRight\":{\"0\":{\"name\":\"product_name\"},\"1\":{\"name\":\"reviews\"},\"2\":{\"name\":\"product_price_and_shipping\"}}}',0,0),(7,'plist1490178927','Product-list-default','product-list-default','{\"gridLeft\":{\"0\":{\"name\":\"product_thumbnail\"},\"1\":{\"name\":\"product_flags\"},\"2\":{\"name\":\"functional_buttons\",\"element\":{\"0\":{\"name\":\"add_to_cart\"},\"1\":{\"name\":\"wishlist\"},\"2\":{\"name\":\"compare\"}}}},\"gridRight\":{\"0\":{\"name\":\"code\",\"code\":\"<div class=_APQUOT_product-description_APQUOT_>\"},\"1\":{\"name\":\"product_name\"},\"2\":{\"name\":\"reviews\"},\"3\":{\"name\":\"product_price_and_shipping\"},\"4\":{\"name\":\"product_description_short\"},\"5\":{\"name\":\"code\",\"code\":\"</div>\"},\"6\":{\"name\":\"quickview\"}}}',0,1),(8,'plist1490787269','Product-list-list','product-list-list','{\"gridLeft\":{\"0\":{\"name\":\"product_thumbnail\"}},\"gridRight\":{\"0\":{\"name\":\"product_name\"},\"1\":{\"name\":\"reviews\"},\"2\":{\"name\":\"product_price_and_shipping\"}}}',0,0),(9,'plist1490178927','Product-list-default','product-list-default','{\"gridLeft\":{\"0\":{\"name\":\"product_thumbnail\"},\"1\":{\"name\":\"product_flags\"},\"2\":{\"name\":\"functional_buttons\",\"element\":{\"0\":{\"name\":\"add_to_cart\"},\"1\":{\"name\":\"wishlist\"},\"2\":{\"name\":\"compare\"}}}},\"gridRight\":{\"0\":{\"name\":\"code\",\"code\":\"<div class=_APQUOT_product-description_APQUOT_>\"},\"1\":{\"name\":\"product_name\"},\"2\":{\"name\":\"reviews\"},\"3\":{\"name\":\"product_price_and_shipping\"},\"4\":{\"name\":\"product_description_short\"},\"5\":{\"name\":\"code\",\"code\":\"</div>\"},\"6\":{\"name\":\"quickview\"}}}',0,1),(10,'plist1490787269','Product-list-list','product-list-list','{\"gridLeft\":{\"0\":{\"name\":\"product_thumbnail\"}},\"gridRight\":{\"0\":{\"name\":\"product_name\"},\"1\":{\"name\":\"reviews\"},\"2\":{\"name\":\"product_price_and_shipping\"}}}',0,0);

--
-- Table structure for table `pre3303_appagebuilder_products_shop`
--

CREATE TABLE `pre3303_appagebuilder_products_shop` (
  `id_appagebuilder_products` int(11) NOT NULL AUTO_INCREMENT,
  `id_shop` int(10) unsigned NOT NULL,
  `active` tinyint(1) DEFAULT NULL,
  PRIMARY KEY (`id_appagebuilder_products`,`id_shop`)
) ENGINE=InnoDB AUTO_INCREMENT=11 DEFAULT CHARSET=utf8;

--
-- Dumping data for table `pre3303_appagebuilder_products_shop`
--

INSERT INTO `pre3303_appagebuilder_products_shop` VALUES (1,4,0),(2,4,0),(3,5,1),(4,5,NULL),(5,4,0),(6,4,0),(7,4,1),(8,4,NULL),(9,2,1),(10,2,NULL);

--
-- Table structure for table `pre3303_appagebuilder_profiles`
--

CREATE TABLE `pre3303_appagebuilder_profiles` (
  `id_appagebuilder_profiles` int(11) NOT NULL AUTO_INCREMENT,
  `name` varchar(255) DEFAULT NULL,
  `group_box` varchar(255) DEFAULT NULL,
  `profile_key` varchar(255) DEFAULT NULL,
  `page` varchar(255) DEFAULT NULL,
  `params` text,
  `header` int(11) unsigned NOT NULL,
  `content` int(11) unsigned NOT NULL,
  `footer` int(11) unsigned NOT NULL,
  `product` int(11) unsigned NOT NULL,
  `active` tinyint(1) DEFAULT NULL,
  PRIMARY KEY (`id_appagebuilder_profiles`)
) ENGINE=InnoDB AUTO_INCREMENT=28 DEFAULT CHARSET=utf8;

--
-- Dumping data for table `pre3303_appagebuilder_profiles`
--

INSERT INTO `pre3303_appagebuilder_profiles` VALUES (1,'Home 1','','profile1489142170','index','{\"fullwidth_index_hook\":{\"displayBanner\":0,\"displayNav1\":0,\"displayNav2\":0,\"displayTop\":0,\"displayHome\":0,\"displayFooterBefore\":0,\"displayFooter\":0,\"displayFooterAfter\":0},\"fullwidth_other_hook\":{\"displayBanner\":0,\"displayNav1\":0,\"displayNav2\":0,\"displayTop\":0,\"displayHome\":0,\"displayFooterBefore\":0,\"displayFooter\":0,\"displayFooterAfter\":0},\"disable_cache_hook\":{\"displayBanner\":0,\"displayNav1\":0,\"displayNav2\":\"1\",\"displayTop\":0,\"displayHome\":0,\"displayFooterBefore\":0,\"displayFooter\":0,\"displayFooterAfter\":0}}',1,2,3,4,NULL),(2,'Home 2','','profile1490200806','index','{\"fullwidth_index_hook\":{\"displayBanner\":0,\"displayNav1\":0,\"displayNav2\":0,\"displayTop\":0,\"displayHome\":0,\"displayFooterBefore\":0,\"displayFooter\":0,\"displayFooterAfter\":0},\"fullwidth_other_hook\":{\"displayBanner\":0,\"displayNav1\":0,\"displayNav2\":0,\"displayTop\":0,\"displayHome\":0,\"displayFooterBefore\":0,\"displayFooter\":0,\"displayFooterAfter\":0},\"disable_cache_hook\":{\"displayBanner\":0,\"displayNav1\":0,\"displayNav2\":\"1\",\"displayTop\":0,\"displayHome\":0,\"displayFooterBefore\":0,\"displayFooter\":0,\"displayFooterAfter\":0}}',5,6,7,4,NULL),(3,'Home 3','','profile1490884270','index','{\"fullwidth_index_hook\":{\"displayBanner\":0,\"displayNav1\":0,\"displayNav2\":0,\"displayTop\":0,\"displayHome\":\"1\",\"displayFooterBefore\":0,\"displayFooter\":0,\"displayFooterAfter\":0},\"fullwidth_other_hook\":{\"displayBanner\":0,\"displayNav1\":0,\"displayNav2\":0,\"displayTop\":0,\"displayHome\":0,\"displayFooterBefore\":0,\"displayFooter\":0,\"displayFooterAfter\":0},\"disable_cache_hook\":{\"displayBanner\":0,\"displayNav1\":0,\"displayNav2\":\"1\",\"displayTop\":0,\"displayHome\":0,\"displayFooterBefore\":0,\"displayFooter\":0,\"displayFooterAfter\":0}}',8,9,10,4,NULL),(4,'Home 4','','profile1490976706','index','{\"fullwidth_index_hook\":{\"displayBanner\":0,\"displayNav1\":0,\"displayNav2\":0,\"displayTop\":0,\"displayHome\":\"1\",\"displayFooterBefore\":0,\"displayFooter\":0,\"displayFooterAfter\":0},\"fullwidth_other_hook\":{\"displayBanner\":0,\"displayNav1\":0,\"displayNav2\":0,\"displayTop\":0,\"displayHome\":0,\"displayFooterBefore\":0,\"displayFooter\":0,\"displayFooterAfter\":0},\"disable_cache_hook\":{\"displayBanner\":0,\"displayNav1\":0,\"displayNav2\":\"1\",\"displayTop\":0,\"displayHome\":0,\"displayFooterBefore\":0,\"displayFooter\":0,\"displayFooterAfter\":0}}',11,12,13,4,NULL),(5,'Home 1','','profile1489142170','index','{\"fullwidth_index_hook\":{\"displayBanner\":0,\"displayNav1\":0,\"displayNav2\":0,\"displayTop\":0,\"displayHome\":0,\"displayFooterBefore\":0,\"displayFooter\":0,\"displayFooterAfter\":0},\"fullwidth_other_hook\":{\"displayBanner\":0,\"displayNav1\":0,\"displayNav2\":0,\"displayTop\":0,\"displayHome\":0,\"displayFooterBefore\":0,\"displayFooter\":0,\"displayFooterAfter\":0},\"disable_cache_hook\":{\"displayBanner\":0,\"displayNav1\":0,\"displayNav2\":\"1\",\"displayTop\":0,\"displayHome\":0,\"displayFooterBefore\":0,\"displayFooter\":0,\"displayFooterAfter\":0}}',14,15,16,17,NULL),(6,'Home 2','','profile1490200806','index','{\"fullwidth_index_hook\":{\"displayBanner\":0,\"displayNav1\":0,\"displayNav2\":0,\"displayTop\":0,\"displayHome\":0,\"displayFooterBefore\":0,\"displayFooter\":0,\"displayFooterAfter\":0},\"fullwidth_other_hook\":{\"displayBanner\":0,\"displayNav1\":0,\"displayNav2\":0,\"displayTop\":0,\"displayHome\":0,\"displayFooterBefore\":0,\"displayFooter\":0,\"displayFooterAfter\":0},\"disable_cache_hook\":{\"displayBanner\":0,\"displayNav1\":0,\"displayNav2\":\"1\",\"displayTop\":0,\"displayHome\":0,\"displayFooterBefore\":0,\"displayFooter\":0,\"displayFooterAfter\":0}}',18,19,20,17,NULL),(7,'Home 3','','profile1490884270','index','{\"fullwidth_index_hook\":{\"displayBanner\":0,\"displayNav1\":0,\"displayNav2\":0,\"displayTop\":0,\"displayHome\":\"1\",\"displayFooterBefore\":0,\"displayFooter\":0,\"displayFooterAfter\":0},\"fullwidth_other_hook\":{\"displayBanner\":0,\"displayNav1\":0,\"displayNav2\":0,\"displayTop\":0,\"displayHome\":0,\"displayFooterBefore\":0,\"displayFooter\":0,\"displayFooterAfter\":0},\"disable_cache_hook\":{\"displayBanner\":0,\"displayNav1\":0,\"displayNav2\":\"1\",\"displayTop\":0,\"displayHome\":0,\"displayFooterBefore\":0,\"displayFooter\":0,\"displayFooterAfter\":0}}',21,22,23,17,NULL),(8,'Home 4','','profile1490976706','index','{\"fullwidth_index_hook\":{\"displayBanner\":0,\"displayNav1\":0,\"displayNav2\":0,\"displayTop\":0,\"displayHome\":\"1\",\"displayFooterBefore\":0,\"displayFooter\":0,\"displayFooterAfter\":0},\"fullwidth_other_hook\":{\"displayBanner\":0,\"displayNav1\":0,\"displayNav2\":0,\"displayTop\":0,\"displayHome\":0,\"displayFooterBefore\":0,\"displayFooter\":0,\"displayFooterAfter\":0},\"disable_cache_hook\":{\"displayBanner\":0,\"displayNav1\":0,\"displayNav2\":\"1\",\"displayTop\":0,\"displayHome\":0,\"displayFooterBefore\":0,\"displayFooter\":0,\"displayFooterAfter\":0}}',24,25,26,17,NULL),(9,'JK Litho Home','1,2,3,4,5,6,7,8','profile-2844554601','index','{\"fullwidth_index_hook\":{\"displayBanner\":0,\"displayNav1\":0,\"displayNav2\":0,\"displayTop\":0,\"displayHome\":0,\"displayFooterBefore\":0,\"displayFooter\":0,\"displayFooterAfter\":0},\"fullwidth_other_hook\":{\"displayBanner\":0,\"displayNav1\":0,\"displayNav2\":0,\"displayTop\":0,\"displayHome\":0,\"displayFooterBefore\":0,\"displayFooter\":0,\"displayFooterAfter\":0},\"disable_cache_hook\":{\"displayBanner\":0,\"displayNav1\":0,\"displayNav2\":0,\"displayTop\":0,\"displayHome\":0,\"displayFooterBefore\":0,\"displayFooter\":0,\"displayFooterAfter\":0}}',27,28,29,30,NULL),(10,'JKA StreetArt Home','1,2,3,4,5,6,7,8','profile-2589431672','index','{\"fullwidth_index_hook\":{\"displayBanner\":0,\"displayNav1\":0,\"displayNav2\":0,\"displayTop\":0,\"displayHome\":0,\"displayFooterBefore\":0,\"displayFooter\":0,\"displayFooterAfter\":0},\"fullwidth_other_hook\":{\"displayBanner\":0,\"displayNav1\":0,\"displayNav2\":0,\"displayTop\":0,\"displayHome\":0,\"displayFooterBefore\":0,\"displayFooter\":0,\"displayFooterAfter\":0},\"disable_cache_hook\":{\"displayBanner\":0,\"displayNav1\":0,\"displayNav2\":0,\"displayTop\":0,\"displayHome\":0,\"displayFooterBefore\":0,\"displayFooter\":0,\"displayFooterAfter\":0}}',31,32,33,34,NULL),(12,'Home 1','','profile1489142170','index','{\"fullwidth_index_hook\":{\"displayBanner\":0,\"displayNav1\":0,\"displayNav2\":0,\"displayTop\":0,\"displayHome\":0,\"displayFooterBefore\":0,\"displayFooter\":0,\"displayFooterAfter\":0},\"fullwidth_other_hook\":{\"displayBanner\":0,\"displayNav1\":0,\"displayNav2\":0,\"displayTop\":0,\"displayHome\":0,\"displayFooterBefore\":0,\"displayFooter\":0,\"displayFooterAfter\":0},\"disable_cache_hook\":{\"displayBanner\":0,\"displayNav1\":0,\"displayNav2\":\"1\",\"displayTop\":0,\"displayHome\":0,\"displayFooterBefore\":0,\"displayFooter\":0,\"displayFooterAfter\":0}}',39,40,41,42,NULL),(13,'Home 2','','profile1490200806','index','{\"fullwidth_index_hook\":{\"displayBanner\":0,\"displayNav1\":0,\"displayNav2\":0,\"displayTop\":0,\"displayHome\":0,\"displayFooterBefore\":0,\"displayFooter\":0,\"displayFooterAfter\":0},\"fullwidth_other_hook\":{\"displayBanner\":0,\"displayNav1\":0,\"displayNav2\":0,\"displayTop\":0,\"displayHome\":0,\"displayFooterBefore\":0,\"displayFooter\":0,\"displayFooterAfter\":0},\"disable_cache_hook\":{\"displayBanner\":0,\"displayNav1\":0,\"displayNav2\":\"1\",\"displayTop\":0,\"displayHome\":0,\"displayFooterBefore\":0,\"displayFooter\":0,\"displayFooterAfter\":0}}',43,44,45,42,NULL),(14,'Home 3','','profile1490884270','index','{\"fullwidth_index_hook\":{\"displayBanner\":0,\"displayNav1\":0,\"displayNav2\":0,\"displayTop\":0,\"displayHome\":\"1\",\"displayFooterBefore\":0,\"displayFooter\":0,\"displayFooterAfter\":0},\"fullwidth_other_hook\":{\"displayBanner\":0,\"displayNav1\":0,\"displayNav2\":0,\"displayTop\":0,\"displayHome\":0,\"displayFooterBefore\":0,\"displayFooter\":0,\"displayFooterAfter\":0},\"disable_cache_hook\":{\"displayBanner\":0,\"displayNav1\":0,\"displayNav2\":\"1\",\"displayTop\":0,\"displayHome\":0,\"displayFooterBefore\":0,\"displayFooter\":0,\"displayFooterAfter\":0}}',46,47,48,42,NULL),(15,'Home 4','','profile1490976706','index','{\"fullwidth_index_hook\":{\"displayBanner\":0,\"displayNav1\":0,\"displayNav2\":0,\"displayTop\":0,\"displayHome\":\"1\",\"displayFooterBefore\":0,\"displayFooter\":0,\"displayFooterAfter\":0},\"fullwidth_other_hook\":{\"displayBanner\":0,\"displayNav1\":0,\"displayNav2\":0,\"displayTop\":0,\"displayHome\":0,\"displayFooterBefore\":0,\"displayFooter\":0,\"displayFooterAfter\":0},\"disable_cache_hook\":{\"displayBanner\":0,\"displayNav1\":0,\"displayNav2\":\"1\",\"displayTop\":0,\"displayHome\":0,\"displayFooterBefore\":0,\"displayFooter\":0,\"displayFooterAfter\":0}}',49,50,51,42,NULL),(16,'Home 1','','profile1489142170','index','{\"fullwidth_index_hook\":{\"displayBanner\":0,\"displayNav1\":0,\"displayNav2\":0,\"displayTop\":0,\"displayHome\":0,\"displayFooterBefore\":0,\"displayFooter\":0,\"displayFooterAfter\":0},\"fullwidth_other_hook\":{\"displayBanner\":0,\"displayNav1\":0,\"displayNav2\":0,\"displayTop\":0,\"displayHome\":0,\"displayFooterBefore\":0,\"displayFooter\":0,\"displayFooterAfter\":0},\"disable_cache_hook\":{\"displayBanner\":0,\"displayNav1\":0,\"displayNav2\":\"1\",\"displayTop\":0,\"displayHome\":0,\"displayFooterBefore\":0,\"displayFooter\":0,\"displayFooterAfter\":0}}',52,53,54,55,NULL),(17,'Home 2','','profile1490200806','index','{\"fullwidth_index_hook\":{\"displayBanner\":0,\"displayNav1\":0,\"displayNav2\":0,\"displayTop\":0,\"displayHome\":0,\"displayFooterBefore\":0,\"displayFooter\":0,\"displayFooterAfter\":0},\"fullwidth_other_hook\":{\"displayBanner\":0,\"displayNav1\":0,\"displayNav2\":0,\"displayTop\":0,\"displayHome\":0,\"displayFooterBefore\":0,\"displayFooter\":0,\"displayFooterAfter\":0},\"disable_cache_hook\":{\"displayBanner\":0,\"displayNav1\":0,\"displayNav2\":\"1\",\"displayTop\":0,\"displayHome\":0,\"displayFooterBefore\":0,\"displayFooter\":0,\"displayFooterAfter\":0}}',56,57,58,55,NULL),(18,'Home 3','','profile1490884270','index','{\"fullwidth_index_hook\":{\"displayBanner\":0,\"displayNav1\":0,\"displayNav2\":0,\"displayTop\":0,\"displayHome\":\"1\",\"displayFooterBefore\":0,\"displayFooter\":0,\"displayFooterAfter\":0},\"fullwidth_other_hook\":{\"displayBanner\":0,\"displayNav1\":0,\"displayNav2\":0,\"displayTop\":0,\"displayHome\":0,\"displayFooterBefore\":0,\"displayFooter\":0,\"displayFooterAfter\":0},\"disable_cache_hook\":{\"displayBanner\":0,\"displayNav1\":0,\"displayNav2\":\"1\",\"displayTop\":0,\"displayHome\":0,\"displayFooterBefore\":0,\"displayFooter\":0,\"displayFooterAfter\":0}}',59,60,61,55,NULL),(19,'Home 4','','profile1490976706','index','{\"fullwidth_index_hook\":{\"displayBanner\":0,\"displayNav1\":0,\"displayNav2\":0,\"displayTop\":0,\"displayHome\":\"1\",\"displayFooterBefore\":0,\"displayFooter\":0,\"displayFooterAfter\":0},\"fullwidth_other_hook\":{\"displayBanner\":0,\"displayNav1\":0,\"displayNav2\":0,\"displayTop\":0,\"displayHome\":0,\"displayFooterBefore\":0,\"displayFooter\":0,\"displayFooterAfter\":0},\"disable_cache_hook\":{\"displayBanner\":0,\"displayNav1\":0,\"displayNav2\":\"1\",\"displayTop\":0,\"displayHome\":0,\"displayFooterBefore\":0,\"displayFooter\":0,\"displayFooterAfter\":0}}',62,63,64,55,NULL),(20,'Home 1','','profile1489142170','index','{\"fullwidth_index_hook\":{\"displayBanner\":0,\"displayNav1\":0,\"displayNav2\":0,\"displayTop\":0,\"displayHome\":0,\"displayFooterBefore\":0,\"displayFooter\":0,\"displayFooterAfter\":0},\"fullwidth_other_hook\":{\"displayBanner\":0,\"displayNav1\":0,\"displayNav2\":0,\"displayTop\":0,\"displayHome\":0,\"displayFooterBefore\":0,\"displayFooter\":0,\"displayFooterAfter\":0},\"disable_cache_hook\":{\"displayBanner\":0,\"displayNav1\":0,\"displayNav2\":\"1\",\"displayTop\":0,\"displayHome\":0,\"displayFooterBefore\":0,\"displayFooter\":0,\"displayFooterAfter\":0}}',65,66,67,68,NULL),(21,'Home 2','','profile1490200806','index','{\"fullwidth_index_hook\":{\"displayBanner\":0,\"displayNav1\":0,\"displayNav2\":0,\"displayTop\":0,\"displayHome\":0,\"displayFooterBefore\":0,\"displayFooter\":0,\"displayFooterAfter\":0},\"fullwidth_other_hook\":{\"displayBanner\":0,\"displayNav1\":0,\"displayNav2\":0,\"displayTop\":0,\"displayHome\":0,\"displayFooterBefore\":0,\"displayFooter\":0,\"displayFooterAfter\":0},\"disable_cache_hook\":{\"displayBanner\":0,\"displayNav1\":0,\"displayNav2\":\"1\",\"displayTop\":0,\"displayHome\":0,\"displayFooterBefore\":0,\"displayFooter\":0,\"displayFooterAfter\":0}}',69,70,71,68,NULL),(22,'Home 3','','profile1490884270','index','{\"fullwidth_index_hook\":{\"displayBanner\":0,\"displayNav1\":0,\"displayNav2\":0,\"displayTop\":0,\"displayHome\":\"1\",\"displayFooterBefore\":0,\"displayFooter\":0,\"displayFooterAfter\":0},\"fullwidth_other_hook\":{\"displayBanner\":0,\"displayNav1\":0,\"displayNav2\":0,\"displayTop\":0,\"displayHome\":0,\"displayFooterBefore\":0,\"displayFooter\":0,\"displayFooterAfter\":0},\"disable_cache_hook\":{\"displayBanner\":0,\"displayNav1\":0,\"displayNav2\":\"1\",\"displayTop\":0,\"displayHome\":0,\"displayFooterBefore\":0,\"displayFooter\":0,\"displayFooterAfter\":0}}',72,73,74,68,NULL),(23,'Home 4','','profile1490976706','index','{\"fullwidth_index_hook\":{\"displayBanner\":0,\"displayNav1\":0,\"displayNav2\":0,\"displayTop\":0,\"displayHome\":\"1\",\"displayFooterBefore\":0,\"displayFooter\":0,\"displayFooterAfter\":0},\"fullwidth_other_hook\":{\"displayBanner\":0,\"displayNav1\":0,\"displayNav2\":0,\"displayTop\":0,\"displayHome\":0,\"displayFooterBefore\":0,\"displayFooter\":0,\"displayFooterAfter\":0},\"disable_cache_hook\":{\"displayBanner\":0,\"displayNav1\":0,\"displayNav2\":\"1\",\"displayTop\":0,\"displayHome\":0,\"displayFooterBefore\":0,\"displayFooter\":0,\"displayFooterAfter\":0}}',75,76,77,68,NULL),(24,'Joel Knafo Home','1,2,3,4,5,6,7,8','profile-2999767071','index','{\"fullwidth_index_hook\":{\"displayBanner\":0,\"displayNav1\":0,\"displayNav2\":0,\"displayTop\":0,\"displayHome\":0,\"displayFooterBefore\":0,\"displayFooter\":0,\"displayFooterAfter\":0},\"fullwidth_other_hook\":{\"displayBanner\":0,\"displayNav1\":0,\"displayNav2\":0,\"displayTop\":0,\"displayHome\":0,\"displayFooterBefore\":0,\"displayFooter\":0,\"displayFooterAfter\":0},\"disable_cache_hook\":{\"displayBanner\":0,\"displayNav1\":0,\"displayNav2\":0,\"displayTop\":0,\"displayHome\":0,\"displayFooterBefore\":0,\"displayFooter\":0,\"displayFooterAfter\":0}}',78,79,80,81,NULL),(25,'JK Galerie  Joel Knafo','1,2,3,4,5,6,7,8','profile-2527954701','index','{\"fullwidth_index_hook\":{\"displayBanner\":0,\"displayNav1\":0,\"displayNav2\":0,\"displayTop\":0,\"displayHome\":0,\"displayFooterBefore\":0,\"displayFooter\":0,\"displayFooterAfter\":0},\"fullwidth_other_hook\":{\"displayBanner\":0,\"displayNav1\":0,\"displayNav2\":0,\"displayTop\":0,\"displayHome\":0,\"displayFooterBefore\":0,\"displayFooter\":0,\"displayFooterAfter\":0},\"disable_cache_hook\":{\"displayBanner\":0,\"displayNav1\":0,\"displayNav2\":0,\"displayTop\":0,\"displayHome\":0,\"displayFooterBefore\":0,\"displayFooter\":0,\"displayFooterAfter\":0}}',82,83,84,85,NULL),(27,'Joel Knafo Home simplifié','1,2,3,4,5,6,7,8','profile-2687311986','index','{\"fullwidth_index_hook\":{\"displayBanner\":0,\"displayNav1\":0,\"displayNav2\":0,\"displayTop\":0,\"displayHome\":0,\"displayFooterBefore\":0,\"displayFooter\":0,\"displayFooterAfter\":0},\"fullwidth_other_hook\":{\"displayBanner\":0,\"displayNav1\":0,\"displayNav2\":0,\"displayTop\":0,\"displayHome\":0,\"displayFooterBefore\":0,\"displayFooter\":0,\"displayFooterAfter\":0},\"disable_cache_hook\":{\"displayBanner\":0,\"displayNav1\":0,\"displayNav2\":0,\"displayTop\":0,\"displayHome\":0,\"displayFooterBefore\":0,\"displayFooter\":0,\"displayFooterAfter\":0}}',90,91,92,93,NULL);

--
-- Table structure for table `pre3303_appagebuilder_profiles_lang`
--

CREATE TABLE `pre3303_appagebuilder_profiles_lang` (
  `id_appagebuilder_profiles` int(11) NOT NULL AUTO_INCREMENT,
  `id_lang` int(10) unsigned NOT NULL,
  `friendly_url` varchar(255) DEFAULT NULL,
  `meta_title` varchar(255) DEFAULT NULL,
  `meta_description` varchar(255) DEFAULT NULL,
  `meta_keywords` varchar(255) DEFAULT NULL,
  PRIMARY KEY (`id_appagebuilder_profiles`,`id_lang`)
) ENGINE=InnoDB AUTO_INCREMENT=28 DEFAULT CHARSET=utf8;

--
-- Dumping data for table `pre3303_appagebuilder_profiles_lang`
--

INSERT INTO `pre3303_appagebuilder_profiles_lang` VALUES (1,1,'home-1','','',''),(1,2,'home-1','','',''),(2,1,'home-2','','',''),(2,2,'home-2','','',''),(3,1,'home-3','','',''),(3,2,'home-3','','',''),(4,1,'home-4','','',''),(4,2,'home-4','','',''),(5,1,'home-1','','',''),(5,2,'home-1','','',''),(6,1,'home-2','','',''),(6,2,'home-2','','',''),(7,1,'home-3','','',''),(7,2,'home-3','','',''),(8,1,'home-4','','',''),(8,2,'home-4','','',''),(9,1,'','','',''),(9,2,'','','',''),(10,1,'','','',''),(10,2,'','','',''),(12,1,'home-1','','',''),(12,2,'home-1','','',''),(13,1,'home-2','','',''),(13,2,'home-2','','',''),(14,1,'home-3','','',''),(14,2,'home-3','','',''),(15,1,'home-4','','',''),(15,2,'home-4','','',''),(16,1,'home-1','','',''),(16,2,'home-1','','',''),(17,1,'home-2','','',''),(17,2,'home-2','','',''),(18,1,'home-3','','',''),(18,2,'home-3','','',''),(19,1,'home-4','','',''),(19,2,'home-4','','',''),(20,1,'home-1','','',''),(20,2,'home-1','','',''),(21,1,'home-2','','',''),(21,2,'home-2','','',''),(22,1,'home-3','','',''),(22,2,'home-3','','',''),(23,1,'home-4','','',''),(23,2,'home-4','','',''),(24,1,'','','',''),(24,2,'','','',''),(25,1,'','','',''),(25,2,'','','',''),(27,1,'','','',''),(27,2,'','','','');

--
-- Table structure for table `pre3303_appagebuilder_profiles_shop`
--

CREATE TABLE `pre3303_appagebuilder_profiles_shop` (
  `id_appagebuilder_profiles` int(11) NOT NULL AUTO_INCREMENT,
  `id_shop` int(10) unsigned NOT NULL,
  `active` tinyint(1) DEFAULT NULL,
  PRIMARY KEY (`id_appagebuilder_profiles`,`id_shop`)
) ENGINE=InnoDB AUTO_INCREMENT=28 DEFAULT CHARSET=utf8;

--
-- Dumping data for table `pre3303_appagebuilder_profiles_shop`
--

INSERT INTO `pre3303_appagebuilder_profiles_shop` VALUES (1,4,0),(2,4,0),(3,4,0),(4,4,0),(5,5,0),(6,5,0),(7,5,0),(8,5,0),(9,4,1),(10,5,1),(12,4,0),(13,4,0),(14,4,0),(15,4,0),(16,4,0),(17,4,0),(18,4,0),(19,4,0),(20,2,0),(21,2,0),(22,2,0),(23,2,0),(24,2,0),(25,5,0),(27,2,1);

--
-- Table structure for table `pre3303_appagebuilder_shop`
--

CREATE TABLE `pre3303_appagebuilder_shop` (
  `id_appagebuilder` int(11) NOT NULL AUTO_INCREMENT,
  `id_shop` int(10) unsigned NOT NULL,
  PRIMARY KEY (`id_appagebuilder`,`id_shop`)
) ENGINE=InnoDB AUTO_INCREMENT=358 DEFAULT CHARSET=utf8;

--
-- Dumping data for table `pre3303_appagebuilder_shop`
--

INSERT INTO `pre3303_appagebuilder_shop` VALUES (1,4),(2,4),(3,4),(4,4),(5,4),(6,4),(7,4),(8,4),(9,4),(10,4),(11,4),(12,4),(13,4),(14,4),(15,4),(16,4),(17,4),(18,4),(19,4),(20,4),(21,4),(22,4),(23,4),(24,4),(25,4),(26,4),(27,4),(28,4),(29,4),(30,4),(31,4),(32,4),(33,4),(34,4),(35,4),(36,4),(37,4),(38,4),(39,4),(40,4),(41,4),(42,4),(43,4),(44,4),(45,4),(46,4),(47,4),(48,4),(49,4),(50,5),(51,5),(52,5),(53,5),(54,5),(55,5),(56,5),(57,5),(58,5),(59,5),(60,5),(61,5),(62,5),(63,5),(64,5),(65,5),(66,5),(67,5),(68,5),(69,5),(70,5),(71,5),(72,5),(73,5),(74,5),(75,5),(76,5),(77,5),(78,5),(79,5),(80,5),(81,5),(82,5),(83,5),(84,5),(85,5),(86,5),(87,5),(88,5),(89,5),(90,5),(91,5),(92,5),(93,5),(94,5),(95,5),(96,5),(97,5),(98,5),(99,4),(100,4),(101,4),(102,4),(103,4),(104,4),(105,4),(106,4),(107,4),(108,4),(109,4),(110,4),(111,4),(112,4),(113,4),(114,4),(115,5),(116,5),(117,5),(118,5),(119,5),(120,5),(121,5),(122,5),(123,5),(124,5),(125,5),(126,5),(127,5),(128,5),(129,5),(130,5),(147,4),(148,4),(149,4),(150,4),(151,4),(152,4),(153,4),(154,4),(155,4),(156,4),(157,4),(158,4),(159,4),(160,4),(161,4),(162,4),(163,4),(164,4),(165,4),(166,4),(167,4),(168,4),(169,4),(170,4),(171,4),(172,4),(173,4),(174,4),(175,4),(176,4),(177,4),(178,4),(179,4),(180,4),(181,4),(182,4),(183,4),(184,4),(185,4),(186,4),(187,4),(188,4),(189,4),(190,4),(191,4),(192,4),(193,4),(194,4),(195,4),(196,4),(197,4),(198,4),(199,4),(200,4),(201,4),(202,4),(203,4),(204,4),(205,4),(206,4),(207,4),(208,4),(209,4),(210,4),(211,4),(212,4),(213,4),(214,4),(215,4),(216,4),(217,4),(218,4),(219,4),(220,4),(221,4),(222,4),(223,4),(224,4),(225,4),(226,4),(227,4),(228,4),(229,4),(230,4),(231,4),(232,4),(233,4),(234,4),(235,4),(236,4),(237,4),(238,4),(239,4),(240,4),(241,4),(242,4),(243,4),(244,4),(245,2),(246,2),(247,2),(248,2),(249,2),(250,2),(251,2),(252,2),(253,2),(254,2),(255,2),(256,2),(257,2),(258,2),(259,2),(260,2),(261,2),(262,2),(263,2),(264,2),(265,2),(266,2),(267,2),(268,2),(269,2),(270,2),(271,2),(272,2),(273,2),(274,2),(275,2),(276,2),(277,2),(278,2),(279,2),(280,2),(281,2),(282,2),(283,2),(284,2),(285,2),(286,2),(287,2),(288,2),(289,2),(290,2),(291,2),(292,2),(293,2),(294,2),(295,2),(296,2),(297,2),(298,2),(299,2),(300,2),(301,2),(302,2),(303,2),(304,2),(305,2),(306,2),(307,2),(308,2),(309,2),(310,5),(311,5),(312,5),(313,5),(314,5),(315,5),(316,5),(317,5),(318,5),(319,5),(320,5),(321,5),(322,5),(323,5),(324,5),(325,5),(326,2),(327,2),(328,2),(329,2),(330,2),(331,2),(332,2),(333,2),(334,2),(335,2),(336,2),(337,2),(338,2),(339,2),(340,2),(341,2),(342,2),(343,2),(344,2),(345,2),(346,2),(347,2),(348,2),(349,2),(350,2),(351,2),(352,2),(353,2),(354,2),(355,2),(356,2),(357,2);

--
-- Table structure for table `pre3303_appagebuilder_shortcode`
--

CREATE TABLE `pre3303_appagebuilder_shortcode` (
  `id_appagebuilder_shortcode` int(11) NOT NULL AUTO_INCREMENT,
  `shortcode_key` varchar(255) NOT NULL,
  `active` tinyint(1) DEFAULT NULL,
  PRIMARY KEY (`id_appagebuilder_shortcode`)
) ENGINE=InnoDB DEFAULT CHARSET=utf8;

--
-- Dumping data for table `pre3303_appagebuilder_shortcode`
--


--
-- Table structure for table `pre3303_appagebuilder_shortcode_lang`
--

CREATE TABLE `pre3303_appagebuilder_shortcode_lang` (
  `id_appagebuilder_shortcode` int(11) unsigned NOT NULL,
  `id_lang` int(10) unsigned NOT NULL,
  `shortcode_name` text NOT NULL,
  PRIMARY KEY (`id_appagebuilder_shortcode`,`id_lang`)
) ENGINE=InnoDB DEFAULT CHARSET=utf8;

--
-- Dumping data for table `pre3303_appagebuilder_shortcode_lang`
--


--
-- Table structure for table `pre3303_appagebuilder_shortcode_shop`
--

CREATE TABLE `pre3303_appagebuilder_shortcode_shop` (
  `id_appagebuilder_shortcode` int(11) unsigned NOT NULL,
  `id_shop` int(10) unsigned NOT NULL,
  `active` tinyint(1) DEFAULT NULL,
  PRIMARY KEY (`id_appagebuilder_shortcode`,`id_shop`)
) ENGINE=InnoDB DEFAULT CHARSET=utf8;

--
-- Dumping data for table `pre3303_appagebuilder_shortcode_shop`
--


--
-- Table structure for table `pre3303_attachment`
--

CREATE TABLE `pre3303_attachment` (
  `id_attachment` int(10) unsigned NOT NULL AUTO_INCREMENT,
  `file` varchar(40) NOT NULL,
  `file_name` varchar(128) NOT NULL,
  `file_size` bigint(10) unsigned NOT NULL DEFAULT '0',
  `mime` varchar(128) NOT NULL,
  PRIMARY KEY (`id_attachment`)
) ENGINE=InnoDB DEFAULT CHARSET=utf8;

--
-- Dumping data for table `pre3303_attachment`
--


--
-- Table structure for table `pre3303_attachment_lang`
--

CREATE TABLE `pre3303_attachment_lang` (
  `id_attachment` int(10) unsigned NOT NULL AUTO_INCREMENT,
  `id_lang` int(10) unsigned NOT NULL,
  `name` varchar(32) DEFAULT NULL,
  `description` text,
  PRIMARY KEY (`id_attachment`,`id_lang`)
) ENGINE=InnoDB DEFAULT CHARSET=utf8;

--
-- Dumping data for table `pre3303_attachment_lang`
--


--
-- Table structure for table `pre3303_attribute`
--

CREATE TABLE `pre3303_attribute` (
  `id_attribute` int(11) NOT NULL AUTO_INCREMENT,
  `id_attribute_group` int(11) NOT NULL,
  `color` varchar(32) COLLATE utf8_unicode_ci NOT NULL,
  `position` int(11) NOT NULL,
  PRIMARY KEY (`id_attribute`),
  KEY `attribute_group` (`id_attribute_group`)
) ENGINE=InnoDB AUTO_INCREMENT=97 DEFAULT CHARSET=utf8 COLLATE=utf8_unicode_ci;

--
-- Dumping data for table `pre3303_attribute`
--

INSERT INTO `pre3303_attribute` VALUES (5,3,'#AAB2BD',0),(6,3,'#CFC4A6',1),(7,3,'#f5f5dc',2),(8,3,'#ffffff',3),(9,3,'#faebd7',4),(10,3,'#E84C3D',5),(11,3,'#434A54',6),(12,3,'#C19A6B',7),(13,3,'#F39C11',8),(14,3,'#5D9CEC',9),(15,3,'#A0D468',10),(16,3,'#F1C40F',11),(17,3,'#964B00',12),(24,3,'#FCCACD',13),(25,4,'',0),(26,4,'',1),(27,4,'',2),(28,4,'',3),(29,4,'',4),(30,5,'',0),(31,5,'',1),(32,5,'',2),(33,5,'',3),(34,5,'',4),(35,6,'',0),(36,6,'',1),(37,6,'',2),(38,7,'',0),(39,7,'',1),(40,8,'',0),(41,8,'',1),(42,9,'',0),(43,9,'',1),(44,10,'',0),(45,10,'',1),(46,11,'',0),(47,11,'',1),(48,11,'',2),(49,11,'',3),(50,12,'',0),(51,12,'',1),(52,13,'',0),(53,13,'',1),(54,14,'',0),(55,14,'',1),(56,14,'',2),(57,14,'',3),(58,14,'',4),(59,14,'',5),(60,14,'',6),(61,14,'',7),(62,14,'',8),(63,14,'',9),(64,14,'',10),(65,14,'',11),(66,14,'',12),(67,14,'',13),(68,14,'',14),(69,14,'',15),(70,14,'',16),(71,14,'',17),(72,14,'',18),(73,14,'',19),(74,14,'',20),(75,14,'',21),(76,15,'',0),(77,15,'',1),(78,15,'',2),(79,16,'',0),(80,16,'',1),(81,16,'',2),(82,17,'',0),(83,17,'',1),(84,17,'',2),(85,18,'',0),(86,18,'',1),(87,18,'',2),(88,19,'',0),(89,19,'',1),(90,19,'',2),(91,20,'',0),(92,20,'',1),(93,21,'',0),(94,21,'',1),(95,22,'',0),(96,22,'',1);

--
-- Table structure for table `pre3303_attribute_group`
--

CREATE TABLE `pre3303_attribute_group` (
  `id_attribute_group` int(11) NOT NULL AUTO_INCREMENT,
  `is_color_group` tinyint(1) NOT NULL,
  `group_type` varchar(255) COLLATE utf8_unicode_ci NOT NULL,
  `position` int(11) NOT NULL,
  PRIMARY KEY (`id_attribute_group`)
) ENGINE=InnoDB AUTO_INCREMENT=23 DEFAULT CHARSET=utf8 COLLATE=utf8_unicode_ci;

--
-- Dumping data for table `pre3303_attribute_group`
--

INSERT INTO `pre3303_attribute_group` VALUES (3,1,'color',0),(4,0,'radio',1),(5,0,'radio',2),(6,0,'radio',3),(7,0,'radio',4),(8,0,'select',5),(9,0,'select',6),(10,0,'select',7),(11,0,'select',8),(12,0,'select',9),(13,0,'select',10),(14,0,'select',11),(15,0,'select',12),(16,0,'select',13),(17,0,'select',14),(18,0,'select',15),(19,0,'select',16),(20,0,'select',17),(21,0,'select',18),(22,0,'select',19);

--
-- Table structure for table `pre3303_attribute_group_lang`
--

CREATE TABLE `pre3303_attribute_group_lang` (
  `id_attribute_group` int(11) NOT NULL,
  `id_lang` int(11) NOT NULL,
  `name` varchar(128) COLLATE utf8_unicode_ci NOT NULL,
  `public_name` varchar(64) COLLATE utf8_unicode_ci NOT NULL,
  PRIMARY KEY (`id_attribute_group`,`id_lang`),
  KEY `IDX_244F5E3B67A664FB` (`id_attribute_group`)
) ENGINE=InnoDB DEFAULT CHARSET=utf8 COLLATE=utf8_unicode_ci;

--
-- Dumping data for table `pre3303_attribute_group_lang`
--

INSERT INTO `pre3303_attribute_group_lang` VALUES (3,1,'Couleur','Couleur'),(3,2,'Color','Color'),(4,1,'OpusDélits','OpusDélits'),(4,2,'OpusDélits','OpusDélits'),(5,1,'Catalogue Solo Show','Catalogue Solo Show'),(5,2,'Catalogue Solo Show','Catalogue Solo Show'),(6,1,'Jana & JS-5524','Jana & JS-5524'),(6,2,'Jana & JS-5524','Jana & JS-5524'),(7,1,'Dran - ABC D air','Dran - ABC D air'),(7,2,'Dran - ABC D air','Dran - ABC D air'),(8,1,'Vihls - Periferia Uniforme','Vihls - Periferia Uniforme'),(8,2,'Vihls - Periferia Uniforme','Vihls - Periferia Uniforme'),(9,1,'René Botti - Sous le soleil de Jacques Brel','René Botti - Sous le soleil de Jacques Brel'),(9,2,'René Botti - Sous le soleil de Jacques Brel','René Botti - Sous le soleil de Jacques Brel'),(10,1,'Cleon Peterson - The Crawler','Cleon Peterson - The Crawler'),(10,2,'Cleon Peterson - The Crawler','Cleon Peterson - The Crawler'),(11,1,'Stoul - Série Figure','Stoul - Série Figure'),(11,2,'Stoul - Série Figure','Stoul - Série Figure'),(12,1,'Gregos - Série Figure','Gregos - Série Figure'),(12,2,'Gregos - Serie Figure','Stoul - Série Figure'),(13,1,'Hervé di Rosa - Les Dents','Hervé di Rosa - Les Dents'),(13,2,'Hervé di Rosa - Les Dents','Hervé di Rosa - Les Dents'),(14,1,'Zenoy - Estampe rehaussée','Zenoy - Estampe rehaussée'),(14,2,'Zenoy - Estampe rehaussée','Zenoy - Estampe rehaussée'),(15,1,'Philippe Bonan - César Torse nu','Philippe Bonan - César Torse nu'),(15,2,'Philippe Bonant - César Torse nu','Philippe Bonant - César Torse nu'),(16,1,'Philippe Bonan - César en Atelier','Philippe Bonan - César en Atelier'),(16,2,'Philippe Bonant - César en Atelier','Philippe Bonant - César en Atelier'),(17,1,'Philippe Bonan - César Portait Salon','Philippe Bonan - César Portait Salon'),(17,2,'Philippe Bonant - César Portait Salon','Philippe Bonant - César Portait Salon'),(18,1,'Philippe Bonan - César Portait Atelier','Philippe Bonan - César Portait Atelier'),(18,2,'Philippe Bonant - César Portait Atelier','Philippe Bonant - César Portait Atelier'),(19,1,'Philippe Bonant - César Suisse','Philippe Bonant - César Suisse'),(19,2,'Philippe Bonant - César Suisse','Philippe Bonant - César Suisse'),(20,1,'César - Centaure','César - Centaure'),(20,2,'César - Centaure','César - Centaure'),(21,1,'Dran - Gamine','Dran - Gamine'),(21,2,'Dran - Gamine','Dran - Gamine'),(22,1,'Gottfried Salzmann - OK','Gottfried Salzmann - OK'),(22,2,'Gottfried Salzmann - OK','Gottfried Salzmann - OK');

--
-- Table structure for table `pre3303_attribute_group_shop`
--

CREATE TABLE `pre3303_attribute_group_shop` (
  `id_attribute_group` int(11) NOT NULL,
  `id_shop` int(11) NOT NULL,
  PRIMARY KEY (`id_attribute_group`,`id_shop`),
  KEY `IDX_B92C96FB67A664FB` (`id_attribute_group`),
  KEY `IDX_B92C96FB274A50A0` (`id_shop`)
) ENGINE=InnoDB DEFAULT CHARSET=utf8 COLLATE=utf8_unicode_ci;

--
-- Dumping data for table `pre3303_attribute_group_shop`
--

INSERT INTO `pre3303_attribute_group_shop` VALUES (3,2),(3,4),(3,5),(4,2),(4,4),(4,5),(5,2),(5,4),(5,5),(6,4),(7,4),(8,2),(8,4),(8,5),(9,2),(9,4),(9,5),(10,2),(10,4),(10,5),(11,2),(11,4),(11,5),(12,2),(12,4),(12,5),(13,2),(13,4),(13,5),(14,4),(15,4),(16,4),(17,4),(18,4),(19,4),(20,4),(21,4),(22,4);

--
-- Table structure for table `pre3303_attribute_impact`
--

CREATE TABLE `pre3303_attribute_impact` (
  `id_attribute_impact` int(10) unsigned NOT NULL AUTO_INCREMENT,
  `id_product` int(11) unsigned NOT NULL,
  `id_attribute` int(11) unsigned NOT NULL,
  `weight` decimal(20,6) NOT NULL,
  `price` decimal(17,2) NOT NULL,
  PRIMARY KEY (`id_attribute_impact`),
  UNIQUE KEY `id_product` (`id_product`,`id_attribute`)
) ENGINE=InnoDB DEFAULT CHARSET=utf8;

--
-- Dumping data for table `pre3303_attribute_impact`
--


--
-- Table structure for table `pre3303_attribute_lang`
--

CREATE TABLE `pre3303_attribute_lang` (
  `id_attribute` int(11) NOT NULL,
  `id_lang` int(11) NOT NULL,
  `name` varchar(128) COLLATE utf8_unicode_ci NOT NULL,
  PRIMARY KEY (`id_attribute`,`id_lang`),
  KEY `IDX_412C7F67A4F53DC` (`id_attribute`)
) ENGINE=InnoDB DEFAULT CHARSET=utf8 COLLATE=utf8_unicode_ci;

--
-- Dumping data for table `pre3303_attribute_lang`
--

INSERT INTO `pre3303_attribute_lang` VALUES (5,1,'Gris'),(5,2,'Grey'),(6,1,'Taupe'),(6,2,'Taupe'),(7,1,'Beige'),(7,2,'Beige'),(8,1,'Blanc'),(8,2,'White'),(9,1,'Blanc cassé'),(9,2,'Off White'),(10,1,'Rouge'),(10,2,'Red'),(11,1,'Noir'),(11,2,'Black'),(12,1,'Camel'),(12,2,'Camel'),(13,1,'Orange'),(13,2,'Orange'),(14,1,'Bleu'),(14,2,'Blue'),(15,1,'Vert'),(15,2,'Green'),(16,1,'Jaune'),(16,2,'Yellow'),(17,1,'Marron'),(17,2,'Brown'),(24,1,'Rose'),(24,2,'Pink'),(25,1,'Romain Froquet'),(25,2,'Romain Froquet'),(26,1,'Miss Tic'),(26,2,'Miss Tic'),(27,1,'C215'),(27,2,'C215'),(28,1,'Jacques Villeglé'),(28,2,'Jacques Villeglé'),(29,1,'Levalet'),(29,2,'Levalet'),(30,1,'Jana & JS'),(30,2,'Jana & JS'),(31,1,'Philippe Hérard'),(31,2,'Philippe Hérard'),(32,1,'Levalet'),(32,2,'Levalet'),(33,1,'Romain Froquet'),(33,2,'Romain Froquet'),(34,1,'Gottfried Salzmann'),(34,2,'Gottfried Salzmann'),(35,1,'Visuel Paris'),(35,2,'Visuel Paris'),(36,1,'Visuel Forêt'),(36,2,'Visuel Forêt'),(37,1,'Visuel Urbex'),(37,2,'Visuel Urbex'),(38,1,'Dédicace 1'),(38,2,'Dédicace 1'),(39,1,'Dédicace 2'),(39,2,'Dédicace 2'),(40,1,'numéroté 8 sur 200'),(40,2,'numéroté 8 sur 200'),(41,1,'numéroté 173 sur 200'),(41,2,'numéroté 173 sur 200'),(42,1,'numéroté 35 sur 70'),(42,2,'numéroté 35 sur 70'),(43,1,'numéroté 56 sur 70'),(43,2,'numéroté 56 sur 70'),(44,1,'White Edition'),(44,2,'White Edition'),(45,1,'Black Edition'),(45,2,'Black Edition'),(46,1,'1'),(46,2,'1'),(47,1,'2'),(47,2,'2'),(48,1,'3'),(48,2,'3'),(49,1,'4'),(49,2,'4'),(50,1,'1'),(50,2,'1'),(51,1,'2'),(51,2,'2'),(52,1,'numéroté 7'),(52,2,'1'),(53,1,'numéroté 14'),(53,2,'2'),(54,1,'2'),(54,2,'2'),(55,1,'18'),(55,2,'18'),(56,1,'3'),(56,2,'3'),(57,1,'4'),(57,2,'4'),(58,1,'5'),(58,2,'5'),(59,1,'6'),(59,2,'6'),(60,1,'7'),(60,2,'7'),(61,1,'8'),(61,2,'8'),(62,1,'10'),(62,2,'10'),(63,1,'19'),(63,2,'19'),(64,1,'22'),(64,2,'22'),(65,1,'24'),(65,2,'24'),(66,1,'29'),(66,2,'29'),(67,1,'30'),(67,2,'30'),(68,1,'13'),(68,2,'13'),(69,1,'14'),(69,2,'14'),(70,1,'15'),(70,2,'15'),(71,1,'16'),(71,2,'16'),(72,1,'27'),(72,2,'27'),(73,1,'28'),(73,2,'28'),(74,1,'31'),(74,2,'31'),(75,1,'1'),(75,2,'1'),(76,1,'format 20x30cm'),(76,2,'format 20x30cm'),(77,1,'format 30x40cm'),(77,2,'format 30x40cm'),(78,1,'format 70x70cm '),(78,2,'format 70x70cm '),(79,1,'format 20x30cm '),(79,2,'format 20x30cm '),(80,1,'format 30x40cm'),(80,2,'format 30x40cm'),(81,1,'format 70x70cm'),(81,2,'format 70x70cm'),(82,1,'format 20x30cm'),(82,2,'format 20x30cm'),(83,1,'format 30x40cm'),(83,2,'format 30x40cm'),(84,1,'format 70x70cm'),(84,2,'format 70x70cm'),(85,1,'format 20x30cm'),(85,2,'format 20x30cm'),(86,1,'format 30x40cm'),(86,2,'format 30x40cm'),(87,1,'format 70x70cm'),(87,2,'format 70x70cm'),(88,1,'format 20x30cm'),(88,2,'format 20x30cm'),(89,1,'format 30x40cm'),(89,2,'format 30x40cm'),(90,1,'format 70x70cm'),(90,2,'format 70x70cm'),(91,1,'Noir et Blanc'),(91,2,'Noir et Blanc'),(92,1,'Couleur'),(92,2,'Couleur'),(93,1,'format 30x40cm'),(93,2,'format 30x40cm'),(94,1,'format 27x21cm'),(94,2,'format 27x21cm'),(95,1,'Bleu'),(95,2,'Bleu'),(96,1,'Rouge'),(96,2,'Rouge');

--
-- Table structure for table `pre3303_attribute_shop`
--

CREATE TABLE `pre3303_attribute_shop` (
  `id_attribute` int(11) NOT NULL,
  `id_shop` int(11) NOT NULL,
  PRIMARY KEY (`id_attribute`,`id_shop`),
  KEY `IDX_99710F367A4F53DC` (`id_attribute`),
  KEY `IDX_99710F36274A50A0` (`id_shop`)
) ENGINE=InnoDB DEFAULT CHARSET=utf8 COLLATE=utf8_unicode_ci;

--
-- Dumping data for table `pre3303_attribute_shop`
--

INSERT INTO `pre3303_attribute_shop` VALUES (5,2),(5,4),(5,5),(6,2),(6,4),(6,5),(7,2),(7,4),(7,5),(8,2),(8,4),(8,5),(9,2),(9,4),(9,5),(10,2),(10,4),(10,5),(11,2),(11,4),(11,5),(12,2),(12,4),(12,5),(13,2),(13,4),(13,5),(14,2),(14,4),(14,5),(15,2),(15,4),(15,5),(16,2),(16,4),(16,5),(17,2),(17,4),(17,5),(24,2),(24,4),(24,5),(25,2),(25,4),(25,5),(26,2),(26,4),(26,5),(27,2),(27,4),(27,5),(28,2),(28,4),(28,5),(29,2),(29,4),(29,5),(30,2),(30,4),(30,5),(31,2),(31,4),(31,5),(32,2),(32,4),(32,5),(33,2),(33,4),(33,5),(34,4),(35,4),(36,4),(37,4),(38,4),(39,4),(40,2),(40,4),(40,5),(41,2),(41,4),(41,5),(42,4),(43,4),(44,2),(44,4),(44,5),(45,2),(45,4),(45,5),(46,4),(47,2),(47,4),(47,5),(48,2),(48,4),(48,5),(49,2),(49,4),(49,5),(50,2),(50,4),(50,5),(51,4),(52,2),(52,4),(52,5),(53,2),(53,4),(53,5),(54,4),(55,4),(56,4),(57,4),(58,4),(59,4),(60,4),(61,4),(62,4),(63,4),(64,4),(65,4),(66,4),(67,4),(68,4),(69,4),(70,4),(71,4),(72,4),(73,4),(74,4),(75,4),(76,4),(77,4),(78,4),(79,4),(80,4),(81,4),(82,4),(83,4),(84,4),(85,4),(86,4),(87,4),(88,4),(89,4),(90,4),(91,4),(92,4),(93,4),(94,4),(95,4),(96,4);

--
-- Table structure for table `pre3303_authorization_role`
--

CREATE TABLE `pre3303_authorization_role` (
  `id_authorization_role` int(10) unsigned NOT NULL AUTO_INCREMENT,
  `slug` varchar(255) NOT NULL,
  PRIMARY KEY (`id_authorization_role`),
  UNIQUE KEY `slug` (`slug`)
) ENGINE=InnoDB AUTO_INCREMENT=1169 DEFAULT CHARSET=utf8;

--
-- Dumping data for table `pre3303_authorization_role`
--

INSERT INTO `pre3303_authorization_role` VALUES (921,'ROLE_MOD_MODULE_APPAGEBUILDER_CREATE'),(924,'ROLE_MOD_MODULE_APPAGEBUILDER_DELETE'),(922,'ROLE_MOD_MODULE_APPAGEBUILDER_READ'),(923,'ROLE_MOD_MODULE_APPAGEBUILDER_UPDATE'),(689,'ROLE_MOD_MODULE_AUTOUPGRADE_CREATE'),(692,'ROLE_MOD_MODULE_AUTOUPGRADE_DELETE'),(690,'ROLE_MOD_MODULE_AUTOUPGRADE_READ'),(691,'ROLE_MOD_MODULE_AUTOUPGRADE_UPDATE'),(681,'ROLE_MOD_MODULE_BLOCKREASSURANCE_CREATE'),(684,'ROLE_MOD_MODULE_BLOCKREASSURANCE_DELETE'),(682,'ROLE_MOD_MODULE_BLOCKREASSURANCE_READ'),(683,'ROLE_MOD_MODULE_BLOCKREASSURANCE_UPDATE'),(1137,'ROLE_MOD_MODULE_CDC_GOOGLETAGMANAGER_CREATE'),(1140,'ROLE_MOD_MODULE_CDC_GOOGLETAGMANAGER_DELETE'),(1138,'ROLE_MOD_MODULE_CDC_GOOGLETAGMANAGER_READ'),(1139,'ROLE_MOD_MODULE_CDC_GOOGLETAGMANAGER_UPDATE'),(1057,'ROLE_MOD_MODULE_CONTACTFORM_CREATE'),(1060,'ROLE_MOD_MODULE_CONTACTFORM_DELETE'),(1058,'ROLE_MOD_MODULE_CONTACTFORM_READ'),(1059,'ROLE_MOD_MODULE_CONTACTFORM_UPDATE'),(669,'ROLE_MOD_MODULE_CRONJOBS_CREATE'),(672,'ROLE_MOD_MODULE_CRONJOBS_DELETE'),(670,'ROLE_MOD_MODULE_CRONJOBS_READ'),(671,'ROLE_MOD_MODULE_CRONJOBS_UPDATE'),(453,'ROLE_MOD_MODULE_DASHACTIVITY_CREATE'),(456,'ROLE_MOD_MODULE_DASHACTIVITY_DELETE'),(454,'ROLE_MOD_MODULE_DASHACTIVITY_READ'),(455,'ROLE_MOD_MODULE_DASHACTIVITY_UPDATE'),(465,'ROLE_MOD_MODULE_DASHGOALS_CREATE'),(468,'ROLE_MOD_MODULE_DASHGOALS_DELETE'),(466,'ROLE_MOD_MODULE_DASHGOALS_READ'),(467,'ROLE_MOD_MODULE_DASHGOALS_UPDATE'),(469,'ROLE_MOD_MODULE_DASHPRODUCTS_CREATE'),(472,'ROLE_MOD_MODULE_DASHPRODUCTS_DELETE'),(470,'ROLE_MOD_MODULE_DASHPRODUCTS_READ'),(471,'ROLE_MOD_MODULE_DASHPRODUCTS_UPDATE'),(457,'ROLE_MOD_MODULE_DASHTRENDS_CREATE'),(460,'ROLE_MOD_MODULE_DASHTRENDS_DELETE'),(458,'ROLE_MOD_MODULE_DASHTRENDS_READ'),(459,'ROLE_MOD_MODULE_DASHTRENDS_UPDATE'),(1117,'ROLE_MOD_MODULE_ETS_MEGAMENU_CREATE'),(1120,'ROLE_MOD_MODULE_ETS_MEGAMENU_DELETE'),(1118,'ROLE_MOD_MODULE_ETS_MEGAMENU_READ'),(1119,'ROLE_MOD_MODULE_ETS_MEGAMENU_UPDATE'),(1077,'ROLE_MOD_MODULE_EVERPSSHOPPAYMENT_CREATE'),(1080,'ROLE_MOD_MODULE_EVERPSSHOPPAYMENT_DELETE'),(1078,'ROLE_MOD_MODULE_EVERPSSHOPPAYMENT_READ'),(1079,'ROLE_MOD_MODULE_EVERPSSHOPPAYMENT_UPDATE'),(1133,'ROLE_MOD_MODULE_FACEBOOKCONVERSIONTRACKINGPLUS_CREATE'),(1136,'ROLE_MOD_MODULE_FACEBOOKCONVERSIONTRACKINGPLUS_DELETE'),(1134,'ROLE_MOD_MODULE_FACEBOOKCONVERSIONTRACKINGPLUS_READ'),(1135,'ROLE_MOD_MODULE_FACEBOOKCONVERSIONTRACKINGPLUS_UPDATE'),(1129,'ROLE_MOD_MODULE_FACEBOOKPRODUCTSFEED_CREATE'),(1132,'ROLE_MOD_MODULE_FACEBOOKPRODUCTSFEED_DELETE'),(1130,'ROLE_MOD_MODULE_FACEBOOKPRODUCTSFEED_READ'),(1131,'ROLE_MOD_MODULE_FACEBOOKPRODUCTSFEED_UPDATE'),(1053,'ROLE_MOD_MODULE_FEEDBIZ_CREATE'),(1056,'ROLE_MOD_MODULE_FEEDBIZ_DELETE'),(1054,'ROLE_MOD_MODULE_FEEDBIZ_READ'),(1055,'ROLE_MOD_MODULE_FEEDBIZ_UPDATE'),(1065,'ROLE_MOD_MODULE_GADWORDSTRACKING_CREATE'),(1068,'ROLE_MOD_MODULE_GADWORDSTRACKING_DELETE'),(1066,'ROLE_MOD_MODULE_GADWORDSTRACKING_READ'),(1067,'ROLE_MOD_MODULE_GADWORDSTRACKING_UPDATE'),(665,'ROLE_MOD_MODULE_GAMIFICATION_CREATE'),(668,'ROLE_MOD_MODULE_GAMIFICATION_DELETE'),(666,'ROLE_MOD_MODULE_GAMIFICATION_READ'),(667,'ROLE_MOD_MODULE_GAMIFICATION_UPDATE'),(1145,'ROLE_MOD_MODULE_GANALYTICS_CREATE'),(1148,'ROLE_MOD_MODULE_GANALYTICS_DELETE'),(1146,'ROLE_MOD_MODULE_GANALYTICS_READ'),(1147,'ROLE_MOD_MODULE_GANALYTICS_UPDATE'),(1061,'ROLE_MOD_MODULE_GMERCHANTCENTER_CREATE'),(1064,'ROLE_MOD_MODULE_GMERCHANTCENTER_DELETE'),(1062,'ROLE_MOD_MODULE_GMERCHANTCENTER_READ'),(1063,'ROLE_MOD_MODULE_GMERCHANTCENTER_UPDATE'),(473,'ROLE_MOD_MODULE_GRAPHNVD3_CREATE'),(476,'ROLE_MOD_MODULE_GRAPHNVD3_DELETE'),(474,'ROLE_MOD_MODULE_GRAPHNVD3_READ'),(475,'ROLE_MOD_MODULE_GRAPHNVD3_UPDATE'),(1069,'ROLE_MOD_MODULE_GREMARKETING_CREATE'),(1072,'ROLE_MOD_MODULE_GREMARKETING_DELETE'),(1070,'ROLE_MOD_MODULE_GREMARKETING_READ'),(1071,'ROLE_MOD_MODULE_GREMARKETING_UPDATE'),(477,'ROLE_MOD_MODULE_GRIDHTML_CREATE'),(480,'ROLE_MOD_MODULE_GRIDHTML_DELETE'),(478,'ROLE_MOD_MODULE_GRIDHTML_READ'),(479,'ROLE_MOD_MODULE_GRIDHTML_UPDATE'),(1101,'ROLE_MOD_MODULE_INVOICENUMBERMULTISTORE_CREATE'),(1104,'ROLE_MOD_MODULE_INVOICENUMBERMULTISTORE_DELETE'),(1102,'ROLE_MOD_MODULE_INVOICENUMBERMULTISTORE_READ'),(1103,'ROLE_MOD_MODULE_INVOICENUMBERMULTISTORE_UPDATE'),(977,'ROLE_MOD_MODULE_LEOBLOG_CREATE'),(980,'ROLE_MOD_MODULE_LEOBLOG_DELETE'),(978,'ROLE_MOD_MODULE_LEOBLOG_READ'),(979,'ROLE_MOD_MODULE_LEOBLOG_UPDATE'),(1005,'ROLE_MOD_MODULE_LEOBOOTSTRAPMENU_CREATE'),(1008,'ROLE_MOD_MODULE_LEOBOOTSTRAPMENU_DELETE'),(1006,'ROLE_MOD_MODULE_LEOBOOTSTRAPMENU_READ'),(1007,'ROLE_MOD_MODULE_LEOBOOTSTRAPMENU_UPDATE'),(1029,'ROLE_MOD_MODULE_LEOFEATURE_CREATE'),(1032,'ROLE_MOD_MODULE_LEOFEATURE_DELETE'),(1030,'ROLE_MOD_MODULE_LEOFEATURE_READ'),(1031,'ROLE_MOD_MODULE_LEOFEATURE_UPDATE'),(1025,'ROLE_MOD_MODULE_LEOSLIDESHOW_CREATE'),(1028,'ROLE_MOD_MODULE_LEOSLIDESHOW_DELETE'),(1026,'ROLE_MOD_MODULE_LEOSLIDESHOW_READ'),(1027,'ROLE_MOD_MODULE_LEOSLIDESHOW_UPDATE'),(881,'ROLE_MOD_MODULE_M4PDF_CREATE'),(884,'ROLE_MOD_MODULE_M4PDF_DELETE'),(882,'ROLE_MOD_MODULE_M4PDF_READ'),(883,'ROLE_MOD_MODULE_M4PDF_UPDATE'),(885,'ROLE_MOD_MODULE_MAILCHIMPINTEGRATION_CREATE'),(888,'ROLE_MOD_MODULE_MAILCHIMPINTEGRATION_DELETE'),(886,'ROLE_MOD_MODULE_MAILCHIMPINTEGRATION_READ'),(887,'ROLE_MOD_MODULE_MAILCHIMPINTEGRATION_UPDATE'),(889,'ROLE_MOD_MODULE_NEWSLETTER_CREATE'),(892,'ROLE_MOD_MODULE_NEWSLETTER_DELETE'),(890,'ROLE_MOD_MODULE_NEWSLETTER_READ'),(891,'ROLE_MOD_MODULE_NEWSLETTER_UPDATE'),(565,'ROLE_MOD_MODULE_PAGESNOTFOUND_CREATE'),(568,'ROLE_MOD_MODULE_PAGESNOTFOUND_DELETE'),(566,'ROLE_MOD_MODULE_PAGESNOTFOUND_READ'),(567,'ROLE_MOD_MODULE_PAGESNOTFOUND_UPDATE'),(869,'ROLE_MOD_MODULE_PAYPAL_CREATE'),(872,'ROLE_MOD_MODULE_PAYPAL_DELETE'),(870,'ROLE_MOD_MODULE_PAYPAL_READ'),(871,'ROLE_MOD_MODULE_PAYPAL_UPDATE'),(677,'ROLE_MOD_MODULE_PSADDONSCONNECT_CREATE'),(680,'ROLE_MOD_MODULE_PSADDONSCONNECT_DELETE'),(678,'ROLE_MOD_MODULE_PSADDONSCONNECT_READ'),(679,'ROLE_MOD_MODULE_PSADDONSCONNECT_UPDATE'),(697,'ROLE_MOD_MODULE_PSCLEANER_CREATE'),(700,'ROLE_MOD_MODULE_PSCLEANER_DELETE'),(698,'ROLE_MOD_MODULE_PSCLEANER_READ'),(699,'ROLE_MOD_MODULE_PSCLEANER_UPDATE'),(1089,'ROLE_MOD_MODULE_PSGDPR_CREATE'),(1092,'ROLE_MOD_MODULE_PSGDPR_DELETE'),(1090,'ROLE_MOD_MODULE_PSGDPR_READ'),(1091,'ROLE_MOD_MODULE_PSGDPR_UPDATE'),(1085,'ROLE_MOD_MODULE_PSPIXEL_CREATE'),(1088,'ROLE_MOD_MODULE_PSPIXEL_DELETE'),(1086,'ROLE_MOD_MODULE_PSPIXEL_READ'),(1087,'ROLE_MOD_MODULE_PSPIXEL_UPDATE'),(481,'ROLE_MOD_MODULE_PS_BANNER_CREATE'),(484,'ROLE_MOD_MODULE_PS_BANNER_DELETE'),(482,'ROLE_MOD_MODULE_PS_BANNER_READ'),(483,'ROLE_MOD_MODULE_PS_BANNER_UPDATE'),(785,'ROLE_MOD_MODULE_PS_BESTSELLERS_CREATE'),(788,'ROLE_MOD_MODULE_PS_BESTSELLERS_DELETE'),(786,'ROLE_MOD_MODULE_PS_BESTSELLERS_READ'),(787,'ROLE_MOD_MODULE_PS_BESTSELLERS_UPDATE'),(793,'ROLE_MOD_MODULE_PS_CATEGORYPRODUCTS_CREATE'),(796,'ROLE_MOD_MODULE_PS_CATEGORYPRODUCTS_DELETE'),(794,'ROLE_MOD_MODULE_PS_CATEGORYPRODUCTS_READ'),(795,'ROLE_MOD_MODULE_PS_CATEGORYPRODUCTS_UPDATE'),(485,'ROLE_MOD_MODULE_PS_CATEGORYTREE_CREATE'),(488,'ROLE_MOD_MODULE_PS_CATEGORYTREE_DELETE'),(486,'ROLE_MOD_MODULE_PS_CATEGORYTREE_READ'),(487,'ROLE_MOD_MODULE_PS_CATEGORYTREE_UPDATE'),(489,'ROLE_MOD_MODULE_PS_CHECKPAYMENT_CREATE'),(492,'ROLE_MOD_MODULE_PS_CHECKPAYMENT_DELETE'),(490,'ROLE_MOD_MODULE_PS_CHECKPAYMENT_READ'),(491,'ROLE_MOD_MODULE_PS_CHECKPAYMENT_UPDATE'),(493,'ROLE_MOD_MODULE_PS_CONTACTINFO_CREATE'),(496,'ROLE_MOD_MODULE_PS_CONTACTINFO_DELETE'),(494,'ROLE_MOD_MODULE_PS_CONTACTINFO_READ'),(495,'ROLE_MOD_MODULE_PS_CONTACTINFO_UPDATE'),(497,'ROLE_MOD_MODULE_PS_CURRENCYSELECTOR_CREATE'),(500,'ROLE_MOD_MODULE_PS_CURRENCYSELECTOR_DELETE'),(498,'ROLE_MOD_MODULE_PS_CURRENCYSELECTOR_READ'),(499,'ROLE_MOD_MODULE_PS_CURRENCYSELECTOR_UPDATE'),(501,'ROLE_MOD_MODULE_PS_CUSTOMERACCOUNTLINKS_CREATE'),(504,'ROLE_MOD_MODULE_PS_CUSTOMERACCOUNTLINKS_DELETE'),(502,'ROLE_MOD_MODULE_PS_CUSTOMERACCOUNTLINKS_READ'),(503,'ROLE_MOD_MODULE_PS_CUSTOMERACCOUNTLINKS_UPDATE'),(505,'ROLE_MOD_MODULE_PS_CUSTOMERSIGNIN_CREATE'),(508,'ROLE_MOD_MODULE_PS_CUSTOMERSIGNIN_DELETE'),(506,'ROLE_MOD_MODULE_PS_CUSTOMERSIGNIN_READ'),(507,'ROLE_MOD_MODULE_PS_CUSTOMERSIGNIN_UPDATE'),(509,'ROLE_MOD_MODULE_PS_CUSTOMTEXT_CREATE'),(512,'ROLE_MOD_MODULE_PS_CUSTOMTEXT_DELETE'),(510,'ROLE_MOD_MODULE_PS_CUSTOMTEXT_READ'),(511,'ROLE_MOD_MODULE_PS_CUSTOMTEXT_UPDATE'),(1081,'ROLE_MOD_MODULE_PS_EMAILALERTS_CREATE'),(1084,'ROLE_MOD_MODULE_PS_EMAILALERTS_DELETE'),(1082,'ROLE_MOD_MODULE_PS_EMAILALERTS_READ'),(1083,'ROLE_MOD_MODULE_PS_EMAILALERTS_UPDATE'),(513,'ROLE_MOD_MODULE_PS_EMAILSUBSCRIPTION_CREATE'),(516,'ROLE_MOD_MODULE_PS_EMAILSUBSCRIPTION_DELETE'),(514,'ROLE_MOD_MODULE_PS_EMAILSUBSCRIPTION_READ'),(515,'ROLE_MOD_MODULE_PS_EMAILSUBSCRIPTION_UPDATE'),(517,'ROLE_MOD_MODULE_PS_FACETEDSEARCH_CREATE'),(520,'ROLE_MOD_MODULE_PS_FACETEDSEARCH_DELETE'),(518,'ROLE_MOD_MODULE_PS_FACETEDSEARCH_READ'),(519,'ROLE_MOD_MODULE_PS_FACETEDSEARCH_UPDATE'),(521,'ROLE_MOD_MODULE_PS_FEATUREDPRODUCTS_CREATE'),(524,'ROLE_MOD_MODULE_PS_FEATUREDPRODUCTS_DELETE'),(522,'ROLE_MOD_MODULE_PS_FEATUREDPRODUCTS_READ'),(523,'ROLE_MOD_MODULE_PS_FEATUREDPRODUCTS_UPDATE'),(525,'ROLE_MOD_MODULE_PS_IMAGESLIDER_CREATE'),(528,'ROLE_MOD_MODULE_PS_IMAGESLIDER_DELETE'),(526,'ROLE_MOD_MODULE_PS_IMAGESLIDER_READ'),(527,'ROLE_MOD_MODULE_PS_IMAGESLIDER_UPDATE'),(529,'ROLE_MOD_MODULE_PS_LANGUAGESELECTOR_CREATE'),(532,'ROLE_MOD_MODULE_PS_LANGUAGESELECTOR_DELETE'),(530,'ROLE_MOD_MODULE_PS_LANGUAGESELECTOR_READ'),(531,'ROLE_MOD_MODULE_PS_LANGUAGESELECTOR_UPDATE'),(797,'ROLE_MOD_MODULE_PS_LEGALCOMPLIANCE_CREATE'),(800,'ROLE_MOD_MODULE_PS_LEGALCOMPLIANCE_DELETE'),(798,'ROLE_MOD_MODULE_PS_LEGALCOMPLIANCE_READ'),(799,'ROLE_MOD_MODULE_PS_LEGALCOMPLIANCE_UPDATE'),(533,'ROLE_MOD_MODULE_PS_LINKLIST_CREATE'),(536,'ROLE_MOD_MODULE_PS_LINKLIST_DELETE'),(534,'ROLE_MOD_MODULE_PS_LINKLIST_READ'),(535,'ROLE_MOD_MODULE_PS_LINKLIST_UPDATE'),(541,'ROLE_MOD_MODULE_PS_MAINMENU_CREATE'),(544,'ROLE_MOD_MODULE_PS_MAINMENU_DELETE'),(542,'ROLE_MOD_MODULE_PS_MAINMENU_READ'),(543,'ROLE_MOD_MODULE_PS_MAINMENU_UPDATE'),(789,'ROLE_MOD_MODULE_PS_NEWPRODUCTS_CREATE'),(792,'ROLE_MOD_MODULE_PS_NEWPRODUCTS_DELETE'),(790,'ROLE_MOD_MODULE_PS_NEWPRODUCTS_READ'),(791,'ROLE_MOD_MODULE_PS_NEWPRODUCTS_UPDATE'),(545,'ROLE_MOD_MODULE_PS_SEARCHBAR_CREATE'),(548,'ROLE_MOD_MODULE_PS_SEARCHBAR_DELETE'),(546,'ROLE_MOD_MODULE_PS_SEARCHBAR_READ'),(547,'ROLE_MOD_MODULE_PS_SEARCHBAR_UPDATE'),(549,'ROLE_MOD_MODULE_PS_SHAREBUTTONS_CREATE'),(552,'ROLE_MOD_MODULE_PS_SHAREBUTTONS_DELETE'),(550,'ROLE_MOD_MODULE_PS_SHAREBUTTONS_READ'),(551,'ROLE_MOD_MODULE_PS_SHAREBUTTONS_UPDATE'),(1125,'ROLE_MOD_MODULE_PS_SHOPPINGCART_CREATE'),(1128,'ROLE_MOD_MODULE_PS_SHOPPINGCART_DELETE'),(1126,'ROLE_MOD_MODULE_PS_SHOPPINGCART_READ'),(1127,'ROLE_MOD_MODULE_PS_SHOPPINGCART_UPDATE'),(557,'ROLE_MOD_MODULE_PS_SOCIALFOLLOW_CREATE'),(560,'ROLE_MOD_MODULE_PS_SOCIALFOLLOW_DELETE'),(558,'ROLE_MOD_MODULE_PS_SOCIALFOLLOW_READ'),(559,'ROLE_MOD_MODULE_PS_SOCIALFOLLOW_UPDATE'),(561,'ROLE_MOD_MODULE_PS_WIREPAYMENT_CREATE'),(564,'ROLE_MOD_MODULE_PS_WIREPAYMENT_DELETE'),(562,'ROLE_MOD_MODULE_PS_WIREPAYMENT_READ'),(563,'ROLE_MOD_MODULE_PS_WIREPAYMENT_UPDATE'),(569,'ROLE_MOD_MODULE_SEKEYWORDS_CREATE'),(572,'ROLE_MOD_MODULE_SEKEYWORDS_DELETE'),(570,'ROLE_MOD_MODULE_SEKEYWORDS_READ'),(571,'ROLE_MOD_MODULE_SEKEYWORDS_UPDATE'),(857,'ROLE_MOD_MODULE_SENDCLOUD_CREATE'),(860,'ROLE_MOD_MODULE_SENDCLOUD_DELETE'),(858,'ROLE_MOD_MODULE_SENDCLOUD_READ'),(859,'ROLE_MOD_MODULE_SENDCLOUD_UPDATE'),(865,'ROLE_MOD_MODULE_SENDINBLUE_CREATE'),(868,'ROLE_MOD_MODULE_SENDINBLUE_DELETE'),(866,'ROLE_MOD_MODULE_SENDINBLUE_READ'),(867,'ROLE_MOD_MODULE_SENDINBLUE_UPDATE'),(893,'ROLE_MOD_MODULE_SEOEXPERT_CREATE'),(896,'ROLE_MOD_MODULE_SEOEXPERT_DELETE'),(894,'ROLE_MOD_MODULE_SEOEXPERT_READ'),(895,'ROLE_MOD_MODULE_SEOEXPERT_UPDATE'),(873,'ROLE_MOD_MODULE_SEOIMG_CREATE'),(876,'ROLE_MOD_MODULE_SEOIMG_DELETE'),(874,'ROLE_MOD_MODULE_SEOIMG_READ'),(875,'ROLE_MOD_MODULE_SEOIMG_UPDATE'),(573,'ROLE_MOD_MODULE_STATSBESTCATEGORIES_CREATE'),(576,'ROLE_MOD_MODULE_STATSBESTCATEGORIES_DELETE'),(574,'ROLE_MOD_MODULE_STATSBESTCATEGORIES_READ'),(575,'ROLE_MOD_MODULE_STATSBESTCATEGORIES_UPDATE'),(577,'ROLE_MOD_MODULE_STATSBESTCUSTOMERS_CREATE'),(580,'ROLE_MOD_MODULE_STATSBESTCUSTOMERS_DELETE'),(578,'ROLE_MOD_MODULE_STATSBESTCUSTOMERS_READ'),(579,'ROLE_MOD_MODULE_STATSBESTCUSTOMERS_UPDATE'),(581,'ROLE_MOD_MODULE_STATSBESTPRODUCTS_CREATE'),(584,'ROLE_MOD_MODULE_STATSBESTPRODUCTS_DELETE'),(582,'ROLE_MOD_MODULE_STATSBESTPRODUCTS_READ'),(583,'ROLE_MOD_MODULE_STATSBESTPRODUCTS_UPDATE'),(585,'ROLE_MOD_MODULE_STATSBESTSUPPLIERS_CREATE'),(588,'ROLE_MOD_MODULE_STATSBESTSUPPLIERS_DELETE'),(586,'ROLE_MOD_MODULE_STATSBESTSUPPLIERS_READ'),(587,'ROLE_MOD_MODULE_STATSBESTSUPPLIERS_UPDATE'),(589,'ROLE_MOD_MODULE_STATSBESTVOUCHERS_CREATE'),(592,'ROLE_MOD_MODULE_STATSBESTVOUCHERS_DELETE'),(590,'ROLE_MOD_MODULE_STATSBESTVOUCHERS_READ'),(591,'ROLE_MOD_MODULE_STATSBESTVOUCHERS_UPDATE'),(593,'ROLE_MOD_MODULE_STATSCARRIER_CREATE'),(596,'ROLE_MOD_MODULE_STATSCARRIER_DELETE'),(594,'ROLE_MOD_MODULE_STATSCARRIER_READ'),(595,'ROLE_MOD_MODULE_STATSCARRIER_UPDATE'),(597,'ROLE_MOD_MODULE_STATSCATALOG_CREATE'),(600,'ROLE_MOD_MODULE_STATSCATALOG_DELETE'),(598,'ROLE_MOD_MODULE_STATSCATALOG_READ'),(599,'ROLE_MOD_MODULE_STATSCATALOG_UPDATE'),(601,'ROLE_MOD_MODULE_STATSCHECKUP_CREATE'),(604,'ROLE_MOD_MODULE_STATSCHECKUP_DELETE'),(602,'ROLE_MOD_MODULE_STATSCHECKUP_READ'),(603,'ROLE_MOD_MODULE_STATSCHECKUP_UPDATE'),(605,'ROLE_MOD_MODULE_STATSDATA_CREATE'),(608,'ROLE_MOD_MODULE_STATSDATA_DELETE'),(606,'ROLE_MOD_MODULE_STATSDATA_READ'),(607,'ROLE_MOD_MODULE_STATSDATA_UPDATE'),(609,'ROLE_MOD_MODULE_STATSEQUIPMENT_CREATE'),(612,'ROLE_MOD_MODULE_STATSEQUIPMENT_DELETE'),(610,'ROLE_MOD_MODULE_STATSEQUIPMENT_READ'),(611,'ROLE_MOD_MODULE_STATSEQUIPMENT_UPDATE'),(613,'ROLE_MOD_MODULE_STATSFORECAST_CREATE'),(616,'ROLE_MOD_MODULE_STATSFORECAST_DELETE'),(614,'ROLE_MOD_MODULE_STATSFORECAST_READ'),(615,'ROLE_MOD_MODULE_STATSFORECAST_UPDATE'),(617,'ROLE_MOD_MODULE_STATSLIVE_CREATE'),(620,'ROLE_MOD_MODULE_STATSLIVE_DELETE'),(618,'ROLE_MOD_MODULE_STATSLIVE_READ'),(619,'ROLE_MOD_MODULE_STATSLIVE_UPDATE'),(621,'ROLE_MOD_MODULE_STATSNEWSLETTER_CREATE'),(624,'ROLE_MOD_MODULE_STATSNEWSLETTER_DELETE'),(622,'ROLE_MOD_MODULE_STATSNEWSLETTER_READ'),(623,'ROLE_MOD_MODULE_STATSNEWSLETTER_UPDATE'),(625,'ROLE_MOD_MODULE_STATSORIGIN_CREATE'),(628,'ROLE_MOD_MODULE_STATSORIGIN_DELETE'),(626,'ROLE_MOD_MODULE_STATSORIGIN_READ'),(627,'ROLE_MOD_MODULE_STATSORIGIN_UPDATE'),(629,'ROLE_MOD_MODULE_STATSPERSONALINFOS_CREATE'),(632,'ROLE_MOD_MODULE_STATSPERSONALINFOS_DELETE'),(630,'ROLE_MOD_MODULE_STATSPERSONALINFOS_READ'),(631,'ROLE_MOD_MODULE_STATSPERSONALINFOS_UPDATE'),(633,'ROLE_MOD_MODULE_STATSPRODUCT_CREATE'),(636,'ROLE_MOD_MODULE_STATSPRODUCT_DELETE'),(634,'ROLE_MOD_MODULE_STATSPRODUCT_READ'),(635,'ROLE_MOD_MODULE_STATSPRODUCT_UPDATE'),(637,'ROLE_MOD_MODULE_STATSREGISTRATIONS_CREATE'),(640,'ROLE_MOD_MODULE_STATSREGISTRATIONS_DELETE'),(638,'ROLE_MOD_MODULE_STATSREGISTRATIONS_READ'),(639,'ROLE_MOD_MODULE_STATSREGISTRATIONS_UPDATE'),(641,'ROLE_MOD_MODULE_STATSSALES_CREATE'),(644,'ROLE_MOD_MODULE_STATSSALES_DELETE'),(642,'ROLE_MOD_MODULE_STATSSALES_READ'),(643,'ROLE_MOD_MODULE_STATSSALES_UPDATE'),(645,'ROLE_MOD_MODULE_STATSSEARCH_CREATE'),(648,'ROLE_MOD_MODULE_STATSSEARCH_DELETE'),(646,'ROLE_MOD_MODULE_STATSSEARCH_READ'),(647,'ROLE_MOD_MODULE_STATSSEARCH_UPDATE'),(649,'ROLE_MOD_MODULE_STATSSTOCK_CREATE'),(652,'ROLE_MOD_MODULE_STATSSTOCK_DELETE'),(650,'ROLE_MOD_MODULE_STATSSTOCK_READ'),(651,'ROLE_MOD_MODULE_STATSSTOCK_UPDATE'),(653,'ROLE_MOD_MODULE_STATSVISITS_CREATE'),(656,'ROLE_MOD_MODULE_STATSVISITS_DELETE'),(654,'ROLE_MOD_MODULE_STATSVISITS_READ'),(655,'ROLE_MOD_MODULE_STATSVISITS_UPDATE'),(657,'ROLE_MOD_MODULE_WELCOME_CREATE'),(660,'ROLE_MOD_MODULE_WELCOME_DELETE'),(658,'ROLE_MOD_MODULE_WELCOME_READ'),(659,'ROLE_MOD_MODULE_WELCOME_UPDATE'),(1,'ROLE_MOD_TAB_ADMINACCESS_CREATE'),(4,'ROLE_MOD_TAB_ADMINACCESS_DELETE'),(2,'ROLE_MOD_TAB_ADMINACCESS_READ'),(3,'ROLE_MOD_TAB_ADMINACCESS_UPDATE'),(5,'ROLE_MOD_TAB_ADMINADDONSCATALOG_CREATE'),(8,'ROLE_MOD_TAB_ADMINADDONSCATALOG_DELETE'),(6,'ROLE_MOD_TAB_ADMINADDONSCATALOG_READ'),(7,'ROLE_MOD_TAB_ADMINADDONSCATALOG_UPDATE'),(9,'ROLE_MOD_TAB_ADMINADDRESSES_CREATE'),(12,'ROLE_MOD_TAB_ADMINADDRESSES_DELETE'),(10,'ROLE_MOD_TAB_ADMINADDRESSES_READ'),(11,'ROLE_MOD_TAB_ADMINADDRESSES_UPDATE'),(13,'ROLE_MOD_TAB_ADMINADMINPREFERENCES_CREATE'),(16,'ROLE_MOD_TAB_ADMINADMINPREFERENCES_DELETE'),(14,'ROLE_MOD_TAB_ADMINADMINPREFERENCES_READ'),(15,'ROLE_MOD_TAB_ADMINADMINPREFERENCES_UPDATE'),(17,'ROLE_MOD_TAB_ADMINADVANCEDPARAMETERS_CREATE'),(20,'ROLE_MOD_TAB_ADMINADVANCEDPARAMETERS_DELETE'),(18,'ROLE_MOD_TAB_ADMINADVANCEDPARAMETERS_READ'),(19,'ROLE_MOD_TAB_ADMINADVANCEDPARAMETERS_UPDATE'),(1093,'ROLE_MOD_TAB_ADMINAJAXPSGDPR_CREATE'),(1096,'ROLE_MOD_TAB_ADMINAJAXPSGDPR_DELETE'),(1094,'ROLE_MOD_TAB_ADMINAJAXPSGDPR_READ'),(1095,'ROLE_MOD_TAB_ADMINAJAXPSGDPR_UPDATE'),(949,'ROLE_MOD_TAB_ADMINAPPAGEBUILDERDETAILS_CREATE'),(952,'ROLE_MOD_TAB_ADMINAPPAGEBUILDERDETAILS_DELETE'),(950,'ROLE_MOD_TAB_ADMINAPPAGEBUILDERDETAILS_READ'),(951,'ROLE_MOD_TAB_ADMINAPPAGEBUILDERDETAILS_UPDATE'),(941,'ROLE_MOD_TAB_ADMINAPPAGEBUILDERHOME_CREATE'),(944,'ROLE_MOD_TAB_ADMINAPPAGEBUILDERHOME_DELETE'),(942,'ROLE_MOD_TAB_ADMINAPPAGEBUILDERHOME_READ'),(943,'ROLE_MOD_TAB_ADMINAPPAGEBUILDERHOME_UPDATE'),(953,'ROLE_MOD_TAB_ADMINAPPAGEBUILDERHOOK_CREATE'),(956,'ROLE_MOD_TAB_ADMINAPPAGEBUILDERHOOK_DELETE'),(954,'ROLE_MOD_TAB_ADMINAPPAGEBUILDERHOOK_READ'),(955,'ROLE_MOD_TAB_ADMINAPPAGEBUILDERHOOK_UPDATE'),(969,'ROLE_MOD_TAB_ADMINAPPAGEBUILDERIMAGES_CREATE'),(972,'ROLE_MOD_TAB_ADMINAPPAGEBUILDERIMAGES_DELETE'),(970,'ROLE_MOD_TAB_ADMINAPPAGEBUILDERIMAGES_READ'),(971,'ROLE_MOD_TAB_ADMINAPPAGEBUILDERIMAGES_UPDATE'),(961,'ROLE_MOD_TAB_ADMINAPPAGEBUILDERMODULE_CREATE'),(964,'ROLE_MOD_TAB_ADMINAPPAGEBUILDERMODULE_DELETE'),(962,'ROLE_MOD_TAB_ADMINAPPAGEBUILDERMODULE_READ'),(963,'ROLE_MOD_TAB_ADMINAPPAGEBUILDERMODULE_UPDATE'),(933,'ROLE_MOD_TAB_ADMINAPPAGEBUILDERPOSITIONS_CREATE'),(936,'ROLE_MOD_TAB_ADMINAPPAGEBUILDERPOSITIONS_DELETE'),(934,'ROLE_MOD_TAB_ADMINAPPAGEBUILDERPOSITIONS_READ'),(935,'ROLE_MOD_TAB_ADMINAPPAGEBUILDERPOSITIONS_UPDATE'),(945,'ROLE_MOD_TAB_ADMINAPPAGEBUILDERPRODUCTS_CREATE'),(948,'ROLE_MOD_TAB_ADMINAPPAGEBUILDERPRODUCTS_DELETE'),(946,'ROLE_MOD_TAB_ADMINAPPAGEBUILDERPRODUCTS_READ'),(947,'ROLE_MOD_TAB_ADMINAPPAGEBUILDERPRODUCTS_UPDATE'),(929,'ROLE_MOD_TAB_ADMINAPPAGEBUILDERPROFILES_CREATE'),(932,'ROLE_MOD_TAB_ADMINAPPAGEBUILDERPROFILES_DELETE'),(930,'ROLE_MOD_TAB_ADMINAPPAGEBUILDERPROFILES_READ'),(931,'ROLE_MOD_TAB_ADMINAPPAGEBUILDERPROFILES_UPDATE'),(973,'ROLE_MOD_TAB_ADMINAPPAGEBUILDERSHORTCODES_CREATE'),(976,'ROLE_MOD_TAB_ADMINAPPAGEBUILDERSHORTCODES_DELETE'),(974,'ROLE_MOD_TAB_ADMINAPPAGEBUILDERSHORTCODES_READ'),(975,'ROLE_MOD_TAB_ADMINAPPAGEBUILDERSHORTCODES_UPDATE'),(937,'ROLE_MOD_TAB_ADMINAPPAGEBUILDERSHORTCODE_CREATE'),(940,'ROLE_MOD_TAB_ADMINAPPAGEBUILDERSHORTCODE_DELETE'),(938,'ROLE_MOD_TAB_ADMINAPPAGEBUILDERSHORTCODE_READ'),(939,'ROLE_MOD_TAB_ADMINAPPAGEBUILDERSHORTCODE_UPDATE'),(965,'ROLE_MOD_TAB_ADMINAPPAGEBUILDERTHEMECONFIGURATION_CREATE'),(968,'ROLE_MOD_TAB_ADMINAPPAGEBUILDERTHEMECONFIGURATION_DELETE'),(966,'ROLE_MOD_TAB_ADMINAPPAGEBUILDERTHEMECONFIGURATION_READ'),(967,'ROLE_MOD_TAB_ADMINAPPAGEBUILDERTHEMECONFIGURATION_UPDATE'),(957,'ROLE_MOD_TAB_ADMINAPPAGEBUILDERTHEMEEDITOR_CREATE'),(960,'ROLE_MOD_TAB_ADMINAPPAGEBUILDERTHEMEEDITOR_DELETE'),(958,'ROLE_MOD_TAB_ADMINAPPAGEBUILDERTHEMEEDITOR_READ'),(959,'ROLE_MOD_TAB_ADMINAPPAGEBUILDERTHEMEEDITOR_UPDATE'),(925,'ROLE_MOD_TAB_ADMINAPPAGEBUILDER_CREATE'),(928,'ROLE_MOD_TAB_ADMINAPPAGEBUILDER_DELETE'),(926,'ROLE_MOD_TAB_ADMINAPPAGEBUILDER_READ'),(927,'ROLE_MOD_TAB_ADMINAPPAGEBUILDER_UPDATE'),(21,'ROLE_MOD_TAB_ADMINATTACHMENTS_CREATE'),(24,'ROLE_MOD_TAB_ADMINATTACHMENTS_DELETE'),(22,'ROLE_MOD_TAB_ADMINATTACHMENTS_READ'),(23,'ROLE_MOD_TAB_ADMINATTACHMENTS_UPDATE'),(25,'ROLE_MOD_TAB_ADMINATTRIBUTESGROUPS_CREATE'),(28,'ROLE_MOD_TAB_ADMINATTRIBUTESGROUPS_DELETE'),(26,'ROLE_MOD_TAB_ADMINATTRIBUTESGROUPS_READ'),(27,'ROLE_MOD_TAB_ADMINATTRIBUTESGROUPS_UPDATE'),(29,'ROLE_MOD_TAB_ADMINBACKUP_CREATE'),(32,'ROLE_MOD_TAB_ADMINBACKUP_DELETE'),(30,'ROLE_MOD_TAB_ADMINBACKUP_READ'),(31,'ROLE_MOD_TAB_ADMINBACKUP_UPDATE'),(33,'ROLE_MOD_TAB_ADMINCARRIERS_CREATE'),(36,'ROLE_MOD_TAB_ADMINCARRIERS_DELETE'),(34,'ROLE_MOD_TAB_ADMINCARRIERS_READ'),(35,'ROLE_MOD_TAB_ADMINCARRIERS_UPDATE'),(37,'ROLE_MOD_TAB_ADMINCARTRULES_CREATE'),(40,'ROLE_MOD_TAB_ADMINCARTRULES_DELETE'),(38,'ROLE_MOD_TAB_ADMINCARTRULES_READ'),(39,'ROLE_MOD_TAB_ADMINCARTRULES_UPDATE'),(41,'ROLE_MOD_TAB_ADMINCARTS_CREATE'),(44,'ROLE_MOD_TAB_ADMINCARTS_DELETE'),(42,'ROLE_MOD_TAB_ADMINCARTS_READ'),(43,'ROLE_MOD_TAB_ADMINCARTS_UPDATE'),(45,'ROLE_MOD_TAB_ADMINCATALOG_CREATE'),(48,'ROLE_MOD_TAB_ADMINCATALOG_DELETE'),(46,'ROLE_MOD_TAB_ADMINCATALOG_READ'),(47,'ROLE_MOD_TAB_ADMINCATALOG_UPDATE'),(49,'ROLE_MOD_TAB_ADMINCATEGORIES_CREATE'),(52,'ROLE_MOD_TAB_ADMINCATEGORIES_DELETE'),(50,'ROLE_MOD_TAB_ADMINCATEGORIES_READ'),(51,'ROLE_MOD_TAB_ADMINCATEGORIES_UPDATE'),(1141,'ROLE_MOD_TAB_ADMINCDCGOOGLETAGMANAGERORDERS_CREATE'),(1144,'ROLE_MOD_TAB_ADMINCDCGOOGLETAGMANAGERORDERS_DELETE'),(1142,'ROLE_MOD_TAB_ADMINCDCGOOGLETAGMANAGERORDERS_READ'),(1143,'ROLE_MOD_TAB_ADMINCDCGOOGLETAGMANAGERORDERS_UPDATE'),(53,'ROLE_MOD_TAB_ADMINCMSCONTENT_CREATE'),(56,'ROLE_MOD_TAB_ADMINCMSCONTENT_DELETE'),(54,'ROLE_MOD_TAB_ADMINCMSCONTENT_READ'),(55,'ROLE_MOD_TAB_ADMINCMSCONTENT_UPDATE'),(57,'ROLE_MOD_TAB_ADMINCONTACTS_CREATE'),(60,'ROLE_MOD_TAB_ADMINCONTACTS_DELETE'),(58,'ROLE_MOD_TAB_ADMINCONTACTS_READ'),(59,'ROLE_MOD_TAB_ADMINCONTACTS_UPDATE'),(61,'ROLE_MOD_TAB_ADMINCOUNTRIES_CREATE'),(64,'ROLE_MOD_TAB_ADMINCOUNTRIES_DELETE'),(62,'ROLE_MOD_TAB_ADMINCOUNTRIES_READ'),(63,'ROLE_MOD_TAB_ADMINCOUNTRIES_UPDATE'),(673,'ROLE_MOD_TAB_ADMINCRONJOBS_CREATE'),(676,'ROLE_MOD_TAB_ADMINCRONJOBS_DELETE'),(674,'ROLE_MOD_TAB_ADMINCRONJOBS_READ'),(675,'ROLE_MOD_TAB_ADMINCRONJOBS_UPDATE'),(65,'ROLE_MOD_TAB_ADMINCURRENCIES_CREATE'),(68,'ROLE_MOD_TAB_ADMINCURRENCIES_DELETE'),(66,'ROLE_MOD_TAB_ADMINCURRENCIES_READ'),(67,'ROLE_MOD_TAB_ADMINCURRENCIES_UPDATE'),(69,'ROLE_MOD_TAB_ADMINCUSTOMERPREFERENCES_CREATE'),(72,'ROLE_MOD_TAB_ADMINCUSTOMERPREFERENCES_DELETE'),(70,'ROLE_MOD_TAB_ADMINCUSTOMERPREFERENCES_READ'),(71,'ROLE_MOD_TAB_ADMINCUSTOMERPREFERENCES_UPDATE'),(73,'ROLE_MOD_TAB_ADMINCUSTOMERS_CREATE'),(76,'ROLE_MOD_TAB_ADMINCUSTOMERS_DELETE'),(74,'ROLE_MOD_TAB_ADMINCUSTOMERS_READ'),(75,'ROLE_MOD_TAB_ADMINCUSTOMERS_UPDATE'),(77,'ROLE_MOD_TAB_ADMINCUSTOMERTHREADS_CREATE'),(80,'ROLE_MOD_TAB_ADMINCUSTOMERTHREADS_DELETE'),(78,'ROLE_MOD_TAB_ADMINCUSTOMERTHREADS_READ'),(79,'ROLE_MOD_TAB_ADMINCUSTOMERTHREADS_UPDATE'),(81,'ROLE_MOD_TAB_ADMINDASHBOARD_CREATE'),(84,'ROLE_MOD_TAB_ADMINDASHBOARD_DELETE'),(82,'ROLE_MOD_TAB_ADMINDASHBOARD_READ'),(83,'ROLE_MOD_TAB_ADMINDASHBOARD_UPDATE'),(461,'ROLE_MOD_TAB_ADMINDASHGOALS_CREATE'),(464,'ROLE_MOD_TAB_ADMINDASHGOALS_DELETE'),(462,'ROLE_MOD_TAB_ADMINDASHGOALS_READ'),(463,'ROLE_MOD_TAB_ADMINDASHGOALS_UPDATE'),(85,'ROLE_MOD_TAB_ADMINDELIVERYSLIP_CREATE'),(88,'ROLE_MOD_TAB_ADMINDELIVERYSLIP_DELETE'),(86,'ROLE_MOD_TAB_ADMINDELIVERYSLIP_READ'),(87,'ROLE_MOD_TAB_ADMINDELIVERYSLIP_UPDATE'),(1097,'ROLE_MOD_TAB_ADMINDOWNLOADINVOICESPSGDPR_CREATE'),(1100,'ROLE_MOD_TAB_ADMINDOWNLOADINVOICESPSGDPR_DELETE'),(1098,'ROLE_MOD_TAB_ADMINDOWNLOADINVOICESPSGDPR_READ'),(1099,'ROLE_MOD_TAB_ADMINDOWNLOADINVOICESPSGDPR_UPDATE'),(89,'ROLE_MOD_TAB_ADMINEMAILS_CREATE'),(92,'ROLE_MOD_TAB_ADMINEMAILS_DELETE'),(90,'ROLE_MOD_TAB_ADMINEMAILS_READ'),(91,'ROLE_MOD_TAB_ADMINEMAILS_UPDATE'),(93,'ROLE_MOD_TAB_ADMINEMPLOYEES_CREATE'),(96,'ROLE_MOD_TAB_ADMINEMPLOYEES_DELETE'),(94,'ROLE_MOD_TAB_ADMINEMPLOYEES_READ'),(95,'ROLE_MOD_TAB_ADMINEMPLOYEES_UPDATE'),(97,'ROLE_MOD_TAB_ADMINFEATURES_CREATE'),(100,'ROLE_MOD_TAB_ADMINFEATURES_DELETE'),(98,'ROLE_MOD_TAB_ADMINFEATURES_READ'),(99,'ROLE_MOD_TAB_ADMINFEATURES_UPDATE'),(661,'ROLE_MOD_TAB_ADMINGAMIFICATION_CREATE'),(664,'ROLE_MOD_TAB_ADMINGAMIFICATION_DELETE'),(662,'ROLE_MOD_TAB_ADMINGAMIFICATION_READ'),(663,'ROLE_MOD_TAB_ADMINGAMIFICATION_UPDATE'),(1149,'ROLE_MOD_TAB_ADMINGANALYTICSAJAX_CREATE'),(1152,'ROLE_MOD_TAB_ADMINGANALYTICSAJAX_DELETE'),(1150,'ROLE_MOD_TAB_ADMINGANALYTICSAJAX_READ'),(1151,'ROLE_MOD_TAB_ADMINGANALYTICSAJAX_UPDATE'),(101,'ROLE_MOD_TAB_ADMINGENDERS_CREATE'),(104,'ROLE_MOD_TAB_ADMINGENDERS_DELETE'),(102,'ROLE_MOD_TAB_ADMINGENDERS_READ'),(103,'ROLE_MOD_TAB_ADMINGENDERS_UPDATE'),(105,'ROLE_MOD_TAB_ADMINGEOLOCATION_CREATE'),(108,'ROLE_MOD_TAB_ADMINGEOLOCATION_DELETE'),(106,'ROLE_MOD_TAB_ADMINGEOLOCATION_READ'),(107,'ROLE_MOD_TAB_ADMINGEOLOCATION_UPDATE'),(109,'ROLE_MOD_TAB_ADMINGROUPS_CREATE'),(112,'ROLE_MOD_TAB_ADMINGROUPS_DELETE'),(110,'ROLE_MOD_TAB_ADMINGROUPS_READ'),(111,'ROLE_MOD_TAB_ADMINGROUPS_UPDATE'),(113,'ROLE_MOD_TAB_ADMINIMAGES_CREATE'),(116,'ROLE_MOD_TAB_ADMINIMAGES_DELETE'),(114,'ROLE_MOD_TAB_ADMINIMAGES_READ'),(115,'ROLE_MOD_TAB_ADMINIMAGES_UPDATE'),(117,'ROLE_MOD_TAB_ADMINIMPORT_CREATE'),(120,'ROLE_MOD_TAB_ADMINIMPORT_DELETE'),(118,'ROLE_MOD_TAB_ADMINIMPORT_READ'),(119,'ROLE_MOD_TAB_ADMINIMPORT_UPDATE'),(121,'ROLE_MOD_TAB_ADMININFORMATION_CREATE'),(124,'ROLE_MOD_TAB_ADMININFORMATION_DELETE'),(122,'ROLE_MOD_TAB_ADMININFORMATION_READ'),(123,'ROLE_MOD_TAB_ADMININFORMATION_UPDATE'),(125,'ROLE_MOD_TAB_ADMININTERNATIONAL_CREATE'),(128,'ROLE_MOD_TAB_ADMININTERNATIONAL_DELETE'),(126,'ROLE_MOD_TAB_ADMININTERNATIONAL_READ'),(127,'ROLE_MOD_TAB_ADMININTERNATIONAL_UPDATE'),(129,'ROLE_MOD_TAB_ADMININVOICES_CREATE'),(132,'ROLE_MOD_TAB_ADMININVOICES_DELETE'),(130,'ROLE_MOD_TAB_ADMININVOICES_READ'),(131,'ROLE_MOD_TAB_ADMININVOICES_UPDATE'),(133,'ROLE_MOD_TAB_ADMINLANGUAGES_CREATE'),(136,'ROLE_MOD_TAB_ADMINLANGUAGES_DELETE'),(134,'ROLE_MOD_TAB_ADMINLANGUAGES_READ'),(135,'ROLE_MOD_TAB_ADMINLANGUAGES_UPDATE'),(993,'ROLE_MOD_TAB_ADMINLEOBLOGBLOGS_CREATE'),(996,'ROLE_MOD_TAB_ADMINLEOBLOGBLOGS_DELETE'),(994,'ROLE_MOD_TAB_ADMINLEOBLOGBLOGS_READ'),(995,'ROLE_MOD_TAB_ADMINLEOBLOGBLOGS_UPDATE'),(989,'ROLE_MOD_TAB_ADMINLEOBLOGCATEGORIES_CREATE'),(992,'ROLE_MOD_TAB_ADMINLEOBLOGCATEGORIES_DELETE'),(990,'ROLE_MOD_TAB_ADMINLEOBLOGCATEGORIES_READ'),(991,'ROLE_MOD_TAB_ADMINLEOBLOGCATEGORIES_UPDATE'),(997,'ROLE_MOD_TAB_ADMINLEOBLOGCOMMENTS_CREATE'),(1000,'ROLE_MOD_TAB_ADMINLEOBLOGCOMMENTS_DELETE'),(998,'ROLE_MOD_TAB_ADMINLEOBLOGCOMMENTS_READ'),(999,'ROLE_MOD_TAB_ADMINLEOBLOGCOMMENTS_UPDATE'),(985,'ROLE_MOD_TAB_ADMINLEOBLOGDASHBOARD_CREATE'),(988,'ROLE_MOD_TAB_ADMINLEOBLOGDASHBOARD_DELETE'),(986,'ROLE_MOD_TAB_ADMINLEOBLOGDASHBOARD_READ'),(987,'ROLE_MOD_TAB_ADMINLEOBLOGDASHBOARD_UPDATE'),(981,'ROLE_MOD_TAB_ADMINLEOBLOGMANAGEMENT_CREATE'),(984,'ROLE_MOD_TAB_ADMINLEOBLOGMANAGEMENT_DELETE'),(982,'ROLE_MOD_TAB_ADMINLEOBLOGMANAGEMENT_READ'),(983,'ROLE_MOD_TAB_ADMINLEOBLOGMANAGEMENT_UPDATE'),(1001,'ROLE_MOD_TAB_ADMINLEOBLOGMODULE_CREATE'),(1004,'ROLE_MOD_TAB_ADMINLEOBLOGMODULE_DELETE'),(1002,'ROLE_MOD_TAB_ADMINLEOBLOGMODULE_READ'),(1003,'ROLE_MOD_TAB_ADMINLEOBLOGMODULE_UPDATE'),(1009,'ROLE_MOD_TAB_ADMINLEOBOOTSTRAPMENUMODULE_CREATE'),(1012,'ROLE_MOD_TAB_ADMINLEOBOOTSTRAPMENUMODULE_DELETE'),(1010,'ROLE_MOD_TAB_ADMINLEOBOOTSTRAPMENUMODULE_READ'),(1011,'ROLE_MOD_TAB_ADMINLEOBOOTSTRAPMENUMODULE_UPDATE'),(1033,'ROLE_MOD_TAB_ADMINLEOFEATUREMANAGEMENT_CREATE'),(1036,'ROLE_MOD_TAB_ADMINLEOFEATUREMANAGEMENT_DELETE'),(1034,'ROLE_MOD_TAB_ADMINLEOFEATUREMANAGEMENT_READ'),(1035,'ROLE_MOD_TAB_ADMINLEOFEATUREMANAGEMENT_UPDATE'),(1037,'ROLE_MOD_TAB_ADMINLEOFEATUREMODULE_CREATE'),(1040,'ROLE_MOD_TAB_ADMINLEOFEATUREMODULE_DELETE'),(1038,'ROLE_MOD_TAB_ADMINLEOFEATUREMODULE_READ'),(1039,'ROLE_MOD_TAB_ADMINLEOFEATUREMODULE_UPDATE'),(1041,'ROLE_MOD_TAB_ADMINLEOFEATUREREVIEWS_CREATE'),(1044,'ROLE_MOD_TAB_ADMINLEOFEATUREREVIEWS_DELETE'),(1042,'ROLE_MOD_TAB_ADMINLEOFEATUREREVIEWS_READ'),(1043,'ROLE_MOD_TAB_ADMINLEOFEATUREREVIEWS_UPDATE'),(1021,'ROLE_MOD_TAB_ADMINLEOSLIDESHOWMENUMODULE_CREATE'),(1024,'ROLE_MOD_TAB_ADMINLEOSLIDESHOWMENUMODULE_DELETE'),(1022,'ROLE_MOD_TAB_ADMINLEOSLIDESHOWMENUMODULE_READ'),(1023,'ROLE_MOD_TAB_ADMINLEOSLIDESHOWMENUMODULE_UPDATE'),(1017,'ROLE_MOD_TAB_ADMINLEOSLIDESHOW_CREATE'),(1020,'ROLE_MOD_TAB_ADMINLEOSLIDESHOW_DELETE'),(1018,'ROLE_MOD_TAB_ADMINLEOSLIDESHOW_READ'),(1019,'ROLE_MOD_TAB_ADMINLEOSLIDESHOW_UPDATE'),(1013,'ROLE_MOD_TAB_ADMINLEOWIDGETS_CREATE'),(1016,'ROLE_MOD_TAB_ADMINLEOWIDGETS_DELETE'),(1014,'ROLE_MOD_TAB_ADMINLEOWIDGETS_READ'),(1015,'ROLE_MOD_TAB_ADMINLEOWIDGETS_UPDATE'),(137,'ROLE_MOD_TAB_ADMINLINKWIDGET_CREATE'),(140,'ROLE_MOD_TAB_ADMINLINKWIDGET_DELETE'),(138,'ROLE_MOD_TAB_ADMINLINKWIDGET_READ'),(139,'ROLE_MOD_TAB_ADMINLINKWIDGET_UPDATE'),(141,'ROLE_MOD_TAB_ADMINLOCALIZATION_CREATE'),(144,'ROLE_MOD_TAB_ADMINLOCALIZATION_DELETE'),(142,'ROLE_MOD_TAB_ADMINLOCALIZATION_READ'),(143,'ROLE_MOD_TAB_ADMINLOCALIZATION_UPDATE'),(145,'ROLE_MOD_TAB_ADMINLOGS_CREATE'),(148,'ROLE_MOD_TAB_ADMINLOGS_DELETE'),(146,'ROLE_MOD_TAB_ADMINLOGS_READ'),(147,'ROLE_MOD_TAB_ADMINLOGS_UPDATE'),(149,'ROLE_MOD_TAB_ADMINMAINTENANCE_CREATE'),(152,'ROLE_MOD_TAB_ADMINMAINTENANCE_DELETE'),(150,'ROLE_MOD_TAB_ADMINMAINTENANCE_READ'),(151,'ROLE_MOD_TAB_ADMINMAINTENANCE_UPDATE'),(153,'ROLE_MOD_TAB_ADMINMANUFACTURERS_CREATE'),(156,'ROLE_MOD_TAB_ADMINMANUFACTURERS_DELETE'),(154,'ROLE_MOD_TAB_ADMINMANUFACTURERS_READ'),(155,'ROLE_MOD_TAB_ADMINMANUFACTURERS_UPDATE'),(157,'ROLE_MOD_TAB_ADMINMETA_CREATE'),(160,'ROLE_MOD_TAB_ADMINMETA_DELETE'),(158,'ROLE_MOD_TAB_ADMINMETA_READ'),(159,'ROLE_MOD_TAB_ADMINMETA_UPDATE'),(1109,'ROLE_MOD_TAB_ADMINMODULESCATALOG_CREATE'),(1112,'ROLE_MOD_TAB_ADMINMODULESCATALOG_DELETE'),(1110,'ROLE_MOD_TAB_ADMINMODULESCATALOG_READ'),(1111,'ROLE_MOD_TAB_ADMINMODULESCATALOG_UPDATE'),(1105,'ROLE_MOD_TAB_ADMINMODULESMANAGE_CREATE'),(1108,'ROLE_MOD_TAB_ADMINMODULESMANAGE_DELETE'),(1106,'ROLE_MOD_TAB_ADMINMODULESMANAGE_READ'),(1107,'ROLE_MOD_TAB_ADMINMODULESMANAGE_UPDATE'),(1113,'ROLE_MOD_TAB_ADMINMODULESNOTIFICATIONS_CREATE'),(1116,'ROLE_MOD_TAB_ADMINMODULESNOTIFICATIONS_DELETE'),(1114,'ROLE_MOD_TAB_ADMINMODULESNOTIFICATIONS_READ'),(1115,'ROLE_MOD_TAB_ADMINMODULESNOTIFICATIONS_UPDATE'),(165,'ROLE_MOD_TAB_ADMINMODULESPOSITIONS_CREATE'),(168,'ROLE_MOD_TAB_ADMINMODULESPOSITIONS_DELETE'),(166,'ROLE_MOD_TAB_ADMINMODULESPOSITIONS_READ'),(167,'ROLE_MOD_TAB_ADMINMODULESPOSITIONS_UPDATE'),(169,'ROLE_MOD_TAB_ADMINMODULESSF_CREATE'),(172,'ROLE_MOD_TAB_ADMINMODULESSF_DELETE'),(170,'ROLE_MOD_TAB_ADMINMODULESSF_READ'),(171,'ROLE_MOD_TAB_ADMINMODULESSF_UPDATE'),(161,'ROLE_MOD_TAB_ADMINMODULES_CREATE'),(164,'ROLE_MOD_TAB_ADMINMODULES_DELETE'),(162,'ROLE_MOD_TAB_ADMINMODULES_READ'),(163,'ROLE_MOD_TAB_ADMINMODULES_UPDATE'),(173,'ROLE_MOD_TAB_ADMINORDERMESSAGE_CREATE'),(176,'ROLE_MOD_TAB_ADMINORDERMESSAGE_DELETE'),(174,'ROLE_MOD_TAB_ADMINORDERMESSAGE_READ'),(175,'ROLE_MOD_TAB_ADMINORDERMESSAGE_UPDATE'),(177,'ROLE_MOD_TAB_ADMINORDERPREFERENCES_CREATE'),(180,'ROLE_MOD_TAB_ADMINORDERPREFERENCES_DELETE'),(178,'ROLE_MOD_TAB_ADMINORDERPREFERENCES_READ'),(179,'ROLE_MOD_TAB_ADMINORDERPREFERENCES_UPDATE'),(181,'ROLE_MOD_TAB_ADMINORDERS_CREATE'),(184,'ROLE_MOD_TAB_ADMINORDERS_DELETE'),(182,'ROLE_MOD_TAB_ADMINORDERS_READ'),(183,'ROLE_MOD_TAB_ADMINORDERS_UPDATE'),(185,'ROLE_MOD_TAB_ADMINOUTSTANDING_CREATE'),(188,'ROLE_MOD_TAB_ADMINOUTSTANDING_DELETE'),(186,'ROLE_MOD_TAB_ADMINOUTSTANDING_READ'),(187,'ROLE_MOD_TAB_ADMINOUTSTANDING_UPDATE'),(189,'ROLE_MOD_TAB_ADMINPARENTATTRIBUTESGROUPS_CREATE'),(192,'ROLE_MOD_TAB_ADMINPARENTATTRIBUTESGROUPS_DELETE'),(190,'ROLE_MOD_TAB_ADMINPARENTATTRIBUTESGROUPS_READ'),(191,'ROLE_MOD_TAB_ADMINPARENTATTRIBUTESGROUPS_UPDATE'),(193,'ROLE_MOD_TAB_ADMINPARENTCARTRULES_CREATE'),(196,'ROLE_MOD_TAB_ADMINPARENTCARTRULES_DELETE'),(194,'ROLE_MOD_TAB_ADMINPARENTCARTRULES_READ'),(195,'ROLE_MOD_TAB_ADMINPARENTCARTRULES_UPDATE'),(197,'ROLE_MOD_TAB_ADMINPARENTCOUNTRIES_CREATE'),(200,'ROLE_MOD_TAB_ADMINPARENTCOUNTRIES_DELETE'),(198,'ROLE_MOD_TAB_ADMINPARENTCOUNTRIES_READ'),(199,'ROLE_MOD_TAB_ADMINPARENTCOUNTRIES_UPDATE'),(205,'ROLE_MOD_TAB_ADMINPARENTCUSTOMERPREFERENCES_CREATE'),(208,'ROLE_MOD_TAB_ADMINPARENTCUSTOMERPREFERENCES_DELETE'),(206,'ROLE_MOD_TAB_ADMINPARENTCUSTOMERPREFERENCES_READ'),(207,'ROLE_MOD_TAB_ADMINPARENTCUSTOMERPREFERENCES_UPDATE'),(209,'ROLE_MOD_TAB_ADMINPARENTCUSTOMERTHREADS_CREATE'),(212,'ROLE_MOD_TAB_ADMINPARENTCUSTOMERTHREADS_DELETE'),(210,'ROLE_MOD_TAB_ADMINPARENTCUSTOMERTHREADS_READ'),(211,'ROLE_MOD_TAB_ADMINPARENTCUSTOMERTHREADS_UPDATE'),(201,'ROLE_MOD_TAB_ADMINPARENTCUSTOMER_CREATE'),(204,'ROLE_MOD_TAB_ADMINPARENTCUSTOMER_DELETE'),(202,'ROLE_MOD_TAB_ADMINPARENTCUSTOMER_READ'),(203,'ROLE_MOD_TAB_ADMINPARENTCUSTOMER_UPDATE'),(213,'ROLE_MOD_TAB_ADMINPARENTEMPLOYEES_CREATE'),(216,'ROLE_MOD_TAB_ADMINPARENTEMPLOYEES_DELETE'),(214,'ROLE_MOD_TAB_ADMINPARENTEMPLOYEES_READ'),(215,'ROLE_MOD_TAB_ADMINPARENTEMPLOYEES_UPDATE'),(217,'ROLE_MOD_TAB_ADMINPARENTLOCALIZATION_CREATE'),(220,'ROLE_MOD_TAB_ADMINPARENTLOCALIZATION_DELETE'),(218,'ROLE_MOD_TAB_ADMINPARENTLOCALIZATION_READ'),(219,'ROLE_MOD_TAB_ADMINPARENTLOCALIZATION_UPDATE'),(221,'ROLE_MOD_TAB_ADMINPARENTMANUFACTURERS_CREATE'),(224,'ROLE_MOD_TAB_ADMINPARENTMANUFACTURERS_DELETE'),(222,'ROLE_MOD_TAB_ADMINPARENTMANUFACTURERS_READ'),(223,'ROLE_MOD_TAB_ADMINPARENTMANUFACTURERS_UPDATE'),(229,'ROLE_MOD_TAB_ADMINPARENTMETA_CREATE'),(232,'ROLE_MOD_TAB_ADMINPARENTMETA_DELETE'),(230,'ROLE_MOD_TAB_ADMINPARENTMETA_READ'),(231,'ROLE_MOD_TAB_ADMINPARENTMETA_UPDATE'),(225,'ROLE_MOD_TAB_ADMINPARENTMODULESSF_CREATE'),(228,'ROLE_MOD_TAB_ADMINPARENTMODULESSF_DELETE'),(226,'ROLE_MOD_TAB_ADMINPARENTMODULESSF_READ'),(227,'ROLE_MOD_TAB_ADMINPARENTMODULESSF_UPDATE'),(233,'ROLE_MOD_TAB_ADMINPARENTMODULES_CREATE'),(236,'ROLE_MOD_TAB_ADMINPARENTMODULES_DELETE'),(234,'ROLE_MOD_TAB_ADMINPARENTMODULES_READ'),(235,'ROLE_MOD_TAB_ADMINPARENTMODULES_UPDATE'),(237,'ROLE_MOD_TAB_ADMINPARENTORDERPREFERENCES_CREATE'),(240,'ROLE_MOD_TAB_ADMINPARENTORDERPREFERENCES_DELETE'),(238,'ROLE_MOD_TAB_ADMINPARENTORDERPREFERENCES_READ'),(239,'ROLE_MOD_TAB_ADMINPARENTORDERPREFERENCES_UPDATE'),(241,'ROLE_MOD_TAB_ADMINPARENTORDERS_CREATE'),(244,'ROLE_MOD_TAB_ADMINPARENTORDERS_DELETE'),(242,'ROLE_MOD_TAB_ADMINPARENTORDERS_READ'),(243,'ROLE_MOD_TAB_ADMINPARENTORDERS_UPDATE'),(245,'ROLE_MOD_TAB_ADMINPARENTPAYMENT_CREATE'),(248,'ROLE_MOD_TAB_ADMINPARENTPAYMENT_DELETE'),(246,'ROLE_MOD_TAB_ADMINPARENTPAYMENT_READ'),(247,'ROLE_MOD_TAB_ADMINPARENTPAYMENT_UPDATE'),(249,'ROLE_MOD_TAB_ADMINPARENTPREFERENCES_CREATE'),(252,'ROLE_MOD_TAB_ADMINPARENTPREFERENCES_DELETE'),(250,'ROLE_MOD_TAB_ADMINPARENTPREFERENCES_READ'),(251,'ROLE_MOD_TAB_ADMINPARENTPREFERENCES_UPDATE'),(253,'ROLE_MOD_TAB_ADMINPARENTREQUESTSQL_CREATE'),(256,'ROLE_MOD_TAB_ADMINPARENTREQUESTSQL_DELETE'),(254,'ROLE_MOD_TAB_ADMINPARENTREQUESTSQL_READ'),(255,'ROLE_MOD_TAB_ADMINPARENTREQUESTSQL_UPDATE'),(257,'ROLE_MOD_TAB_ADMINPARENTSEARCHCONF_CREATE'),(260,'ROLE_MOD_TAB_ADMINPARENTSEARCHCONF_DELETE'),(258,'ROLE_MOD_TAB_ADMINPARENTSEARCHCONF_READ'),(259,'ROLE_MOD_TAB_ADMINPARENTSEARCHCONF_UPDATE'),(261,'ROLE_MOD_TAB_ADMINPARENTSHIPPING_CREATE'),(264,'ROLE_MOD_TAB_ADMINPARENTSHIPPING_DELETE'),(262,'ROLE_MOD_TAB_ADMINPARENTSHIPPING_READ'),(263,'ROLE_MOD_TAB_ADMINPARENTSHIPPING_UPDATE'),(265,'ROLE_MOD_TAB_ADMINPARENTSTOCKMANAGEMENT_CREATE'),(268,'ROLE_MOD_TAB_ADMINPARENTSTOCKMANAGEMENT_DELETE'),(266,'ROLE_MOD_TAB_ADMINPARENTSTOCKMANAGEMENT_READ'),(267,'ROLE_MOD_TAB_ADMINPARENTSTOCKMANAGEMENT_UPDATE'),(269,'ROLE_MOD_TAB_ADMINPARENTSTORES_CREATE'),(272,'ROLE_MOD_TAB_ADMINPARENTSTORES_DELETE'),(270,'ROLE_MOD_TAB_ADMINPARENTSTORES_READ'),(271,'ROLE_MOD_TAB_ADMINPARENTSTORES_UPDATE'),(273,'ROLE_MOD_TAB_ADMINPARENTTAXES_CREATE'),(276,'ROLE_MOD_TAB_ADMINPARENTTAXES_DELETE'),(274,'ROLE_MOD_TAB_ADMINPARENTTAXES_READ'),(275,'ROLE_MOD_TAB_ADMINPARENTTAXES_UPDATE'),(277,'ROLE_MOD_TAB_ADMINPARENTTHEMES_CREATE'),(280,'ROLE_MOD_TAB_ADMINPARENTTHEMES_DELETE'),(278,'ROLE_MOD_TAB_ADMINPARENTTHEMES_READ'),(279,'ROLE_MOD_TAB_ADMINPARENTTHEMES_UPDATE'),(285,'ROLE_MOD_TAB_ADMINPAYMENTPREFERENCES_CREATE'),(288,'ROLE_MOD_TAB_ADMINPAYMENTPREFERENCES_DELETE'),(286,'ROLE_MOD_TAB_ADMINPAYMENTPREFERENCES_READ'),(287,'ROLE_MOD_TAB_ADMINPAYMENTPREFERENCES_UPDATE'),(281,'ROLE_MOD_TAB_ADMINPAYMENT_CREATE'),(284,'ROLE_MOD_TAB_ADMINPAYMENT_DELETE'),(282,'ROLE_MOD_TAB_ADMINPAYMENT_READ'),(283,'ROLE_MOD_TAB_ADMINPAYMENT_UPDATE'),(289,'ROLE_MOD_TAB_ADMINPERFORMANCE_CREATE'),(292,'ROLE_MOD_TAB_ADMINPERFORMANCE_DELETE'),(290,'ROLE_MOD_TAB_ADMINPERFORMANCE_READ'),(291,'ROLE_MOD_TAB_ADMINPERFORMANCE_UPDATE'),(293,'ROLE_MOD_TAB_ADMINPPREFERENCES_CREATE'),(296,'ROLE_MOD_TAB_ADMINPPREFERENCES_DELETE'),(294,'ROLE_MOD_TAB_ADMINPPREFERENCES_READ'),(295,'ROLE_MOD_TAB_ADMINPPREFERENCES_UPDATE'),(297,'ROLE_MOD_TAB_ADMINPREFERENCES_CREATE'),(300,'ROLE_MOD_TAB_ADMINPREFERENCES_DELETE'),(298,'ROLE_MOD_TAB_ADMINPREFERENCES_READ'),(299,'ROLE_MOD_TAB_ADMINPREFERENCES_UPDATE'),(301,'ROLE_MOD_TAB_ADMINPRODUCTS_CREATE'),(304,'ROLE_MOD_TAB_ADMINPRODUCTS_DELETE'),(302,'ROLE_MOD_TAB_ADMINPRODUCTS_READ'),(303,'ROLE_MOD_TAB_ADMINPRODUCTS_UPDATE'),(305,'ROLE_MOD_TAB_ADMINPROFILES_CREATE'),(308,'ROLE_MOD_TAB_ADMINPROFILES_DELETE'),(306,'ROLE_MOD_TAB_ADMINPROFILES_READ'),(307,'ROLE_MOD_TAB_ADMINPROFILES_UPDATE'),(309,'ROLE_MOD_TAB_ADMINREFERRERS_CREATE'),(312,'ROLE_MOD_TAB_ADMINREFERRERS_DELETE'),(310,'ROLE_MOD_TAB_ADMINREFERRERS_READ'),(311,'ROLE_MOD_TAB_ADMINREFERRERS_UPDATE'),(313,'ROLE_MOD_TAB_ADMINREQUESTSQL_CREATE'),(316,'ROLE_MOD_TAB_ADMINREQUESTSQL_DELETE'),(314,'ROLE_MOD_TAB_ADMINREQUESTSQL_READ'),(315,'ROLE_MOD_TAB_ADMINREQUESTSQL_UPDATE'),(317,'ROLE_MOD_TAB_ADMINRETURN_CREATE'),(320,'ROLE_MOD_TAB_ADMINRETURN_DELETE'),(318,'ROLE_MOD_TAB_ADMINRETURN_READ'),(319,'ROLE_MOD_TAB_ADMINRETURN_UPDATE'),(321,'ROLE_MOD_TAB_ADMINSEARCHCONF_CREATE'),(324,'ROLE_MOD_TAB_ADMINSEARCHCONF_DELETE'),(322,'ROLE_MOD_TAB_ADMINSEARCHCONF_READ'),(323,'ROLE_MOD_TAB_ADMINSEARCHCONF_UPDATE'),(325,'ROLE_MOD_TAB_ADMINSEARCHENGINES_CREATE'),(328,'ROLE_MOD_TAB_ADMINSEARCHENGINES_DELETE'),(326,'ROLE_MOD_TAB_ADMINSEARCHENGINES_READ'),(327,'ROLE_MOD_TAB_ADMINSEARCHENGINES_UPDATE'),(685,'ROLE_MOD_TAB_ADMINSELFUPGRADE_CREATE'),(688,'ROLE_MOD_TAB_ADMINSELFUPGRADE_DELETE'),(686,'ROLE_MOD_TAB_ADMINSELFUPGRADE_READ'),(687,'ROLE_MOD_TAB_ADMINSELFUPGRADE_UPDATE'),(861,'ROLE_MOD_TAB_ADMINSENDCLOUD_CREATE'),(864,'ROLE_MOD_TAB_ADMINSENDCLOUD_DELETE'),(862,'ROLE_MOD_TAB_ADMINSENDCLOUD_READ'),(863,'ROLE_MOD_TAB_ADMINSENDCLOUD_UPDATE'),(897,'ROLE_MOD_TAB_ADMINSEOHELPING_CREATE'),(900,'ROLE_MOD_TAB_ADMINSEOHELPING_DELETE'),(898,'ROLE_MOD_TAB_ADMINSEOHELPING_READ'),(899,'ROLE_MOD_TAB_ADMINSEOHELPING_UPDATE'),(877,'ROLE_MOD_TAB_ADMINSEOIMG_CREATE'),(880,'ROLE_MOD_TAB_ADMINSEOIMG_DELETE'),(878,'ROLE_MOD_TAB_ADMINSEOIMG_READ'),(879,'ROLE_MOD_TAB_ADMINSEOIMG_UPDATE'),(329,'ROLE_MOD_TAB_ADMINSHIPPING_CREATE'),(332,'ROLE_MOD_TAB_ADMINSHIPPING_DELETE'),(330,'ROLE_MOD_TAB_ADMINSHIPPING_READ'),(331,'ROLE_MOD_TAB_ADMINSHIPPING_UPDATE'),(333,'ROLE_MOD_TAB_ADMINSHOPGROUP_CREATE'),(336,'ROLE_MOD_TAB_ADMINSHOPGROUP_DELETE'),(334,'ROLE_MOD_TAB_ADMINSHOPGROUP_READ'),(335,'ROLE_MOD_TAB_ADMINSHOPGROUP_UPDATE'),(337,'ROLE_MOD_TAB_ADMINSHOPURL_CREATE'),(340,'ROLE_MOD_TAB_ADMINSHOPURL_DELETE'),(338,'ROLE_MOD_TAB_ADMINSHOPURL_READ'),(339,'ROLE_MOD_TAB_ADMINSHOPURL_UPDATE'),(341,'ROLE_MOD_TAB_ADMINSLIP_CREATE'),(344,'ROLE_MOD_TAB_ADMINSLIP_DELETE'),(342,'ROLE_MOD_TAB_ADMINSLIP_READ'),(343,'ROLE_MOD_TAB_ADMINSLIP_UPDATE'),(345,'ROLE_MOD_TAB_ADMINSPECIFICPRICERULE_CREATE'),(348,'ROLE_MOD_TAB_ADMINSPECIFICPRICERULE_DELETE'),(346,'ROLE_MOD_TAB_ADMINSPECIFICPRICERULE_READ'),(347,'ROLE_MOD_TAB_ADMINSPECIFICPRICERULE_UPDATE'),(349,'ROLE_MOD_TAB_ADMINSTATES_CREATE'),(352,'ROLE_MOD_TAB_ADMINSTATES_DELETE'),(350,'ROLE_MOD_TAB_ADMINSTATES_READ'),(351,'ROLE_MOD_TAB_ADMINSTATES_UPDATE'),(353,'ROLE_MOD_TAB_ADMINSTATS_CREATE'),(356,'ROLE_MOD_TAB_ADMINSTATS_DELETE'),(354,'ROLE_MOD_TAB_ADMINSTATS_READ'),(355,'ROLE_MOD_TAB_ADMINSTATS_UPDATE'),(357,'ROLE_MOD_TAB_ADMINSTATUSES_CREATE'),(360,'ROLE_MOD_TAB_ADMINSTATUSES_DELETE'),(358,'ROLE_MOD_TAB_ADMINSTATUSES_READ'),(359,'ROLE_MOD_TAB_ADMINSTATUSES_UPDATE'),(365,'ROLE_MOD_TAB_ADMINSTOCKCONFIGURATION_CREATE'),(368,'ROLE_MOD_TAB_ADMINSTOCKCONFIGURATION_DELETE'),(366,'ROLE_MOD_TAB_ADMINSTOCKCONFIGURATION_READ'),(367,'ROLE_MOD_TAB_ADMINSTOCKCONFIGURATION_UPDATE'),(369,'ROLE_MOD_TAB_ADMINSTOCKCOVER_CREATE'),(372,'ROLE_MOD_TAB_ADMINSTOCKCOVER_DELETE'),(370,'ROLE_MOD_TAB_ADMINSTOCKCOVER_READ'),(371,'ROLE_MOD_TAB_ADMINSTOCKCOVER_UPDATE'),(373,'ROLE_MOD_TAB_ADMINSTOCKINSTANTSTATE_CREATE'),(376,'ROLE_MOD_TAB_ADMINSTOCKINSTANTSTATE_DELETE'),(374,'ROLE_MOD_TAB_ADMINSTOCKINSTANTSTATE_READ'),(375,'ROLE_MOD_TAB_ADMINSTOCKINSTANTSTATE_UPDATE'),(377,'ROLE_MOD_TAB_ADMINSTOCKMANAGEMENT_CREATE'),(380,'ROLE_MOD_TAB_ADMINSTOCKMANAGEMENT_DELETE'),(378,'ROLE_MOD_TAB_ADMINSTOCKMANAGEMENT_READ'),(379,'ROLE_MOD_TAB_ADMINSTOCKMANAGEMENT_UPDATE'),(381,'ROLE_MOD_TAB_ADMINSTOCKMVT_CREATE'),(384,'ROLE_MOD_TAB_ADMINSTOCKMVT_DELETE'),(382,'ROLE_MOD_TAB_ADMINSTOCKMVT_READ'),(383,'ROLE_MOD_TAB_ADMINSTOCKMVT_UPDATE'),(361,'ROLE_MOD_TAB_ADMINSTOCK_CREATE'),(364,'ROLE_MOD_TAB_ADMINSTOCK_DELETE'),(362,'ROLE_MOD_TAB_ADMINSTOCK_READ'),(363,'ROLE_MOD_TAB_ADMINSTOCK_UPDATE'),(385,'ROLE_MOD_TAB_ADMINSTORES_CREATE'),(388,'ROLE_MOD_TAB_ADMINSTORES_DELETE'),(386,'ROLE_MOD_TAB_ADMINSTORES_READ'),(387,'ROLE_MOD_TAB_ADMINSTORES_UPDATE'),(389,'ROLE_MOD_TAB_ADMINSUPPLIERS_CREATE'),(392,'ROLE_MOD_TAB_ADMINSUPPLIERS_DELETE'),(390,'ROLE_MOD_TAB_ADMINSUPPLIERS_READ'),(391,'ROLE_MOD_TAB_ADMINSUPPLIERS_UPDATE'),(393,'ROLE_MOD_TAB_ADMINSUPPLYORDERS_CREATE'),(396,'ROLE_MOD_TAB_ADMINSUPPLYORDERS_DELETE'),(394,'ROLE_MOD_TAB_ADMINSUPPLYORDERS_READ'),(395,'ROLE_MOD_TAB_ADMINSUPPLYORDERS_UPDATE'),(397,'ROLE_MOD_TAB_ADMINTAGS_CREATE'),(400,'ROLE_MOD_TAB_ADMINTAGS_DELETE'),(398,'ROLE_MOD_TAB_ADMINTAGS_READ'),(399,'ROLE_MOD_TAB_ADMINTAGS_UPDATE'),(401,'ROLE_MOD_TAB_ADMINTAXES_CREATE'),(404,'ROLE_MOD_TAB_ADMINTAXES_DELETE'),(402,'ROLE_MOD_TAB_ADMINTAXES_READ'),(403,'ROLE_MOD_TAB_ADMINTAXES_UPDATE'),(405,'ROLE_MOD_TAB_ADMINTAXRULESGROUP_CREATE'),(408,'ROLE_MOD_TAB_ADMINTAXRULESGROUP_DELETE'),(406,'ROLE_MOD_TAB_ADMINTAXRULESGROUP_READ'),(407,'ROLE_MOD_TAB_ADMINTAXRULESGROUP_UPDATE'),(413,'ROLE_MOD_TAB_ADMINTHEMESCATALOG_CREATE'),(416,'ROLE_MOD_TAB_ADMINTHEMESCATALOG_DELETE'),(414,'ROLE_MOD_TAB_ADMINTHEMESCATALOG_READ'),(415,'ROLE_MOD_TAB_ADMINTHEMESCATALOG_UPDATE'),(409,'ROLE_MOD_TAB_ADMINTHEMES_CREATE'),(412,'ROLE_MOD_TAB_ADMINTHEMES_DELETE'),(410,'ROLE_MOD_TAB_ADMINTHEMES_READ'),(411,'ROLE_MOD_TAB_ADMINTHEMES_UPDATE'),(417,'ROLE_MOD_TAB_ADMINTRACKING_CREATE'),(420,'ROLE_MOD_TAB_ADMINTRACKING_DELETE'),(418,'ROLE_MOD_TAB_ADMINTRACKING_READ'),(419,'ROLE_MOD_TAB_ADMINTRACKING_UPDATE'),(421,'ROLE_MOD_TAB_ADMINTRANSLATIONS_CREATE'),(424,'ROLE_MOD_TAB_ADMINTRANSLATIONS_DELETE'),(422,'ROLE_MOD_TAB_ADMINTRANSLATIONS_READ'),(423,'ROLE_MOD_TAB_ADMINTRANSLATIONS_UPDATE'),(425,'ROLE_MOD_TAB_ADMINWAREHOUSES_CREATE'),(428,'ROLE_MOD_TAB_ADMINWAREHOUSES_DELETE'),(426,'ROLE_MOD_TAB_ADMINWAREHOUSES_READ'),(427,'ROLE_MOD_TAB_ADMINWAREHOUSES_UPDATE'),(429,'ROLE_MOD_TAB_ADMINWEBSERVICE_CREATE'),(432,'ROLE_MOD_TAB_ADMINWEBSERVICE_DELETE'),(430,'ROLE_MOD_TAB_ADMINWEBSERVICE_READ'),(431,'ROLE_MOD_TAB_ADMINWEBSERVICE_UPDATE'),(433,'ROLE_MOD_TAB_ADMINZONES_CREATE'),(436,'ROLE_MOD_TAB_ADMINZONES_DELETE'),(434,'ROLE_MOD_TAB_ADMINZONES_READ'),(435,'ROLE_MOD_TAB_ADMINZONES_UPDATE'),(437,'ROLE_MOD_TAB_CONFIGURE_CREATE'),(440,'ROLE_MOD_TAB_CONFIGURE_DELETE'),(438,'ROLE_MOD_TAB_CONFIGURE_READ'),(439,'ROLE_MOD_TAB_CONFIGURE_UPDATE'),(693,'ROLE_MOD_TAB_DEFAULT_CREATE'),(696,'ROLE_MOD_TAB_DEFAULT_DELETE'),(694,'ROLE_MOD_TAB_DEFAULT_READ'),(695,'ROLE_MOD_TAB_DEFAULT_UPDATE'),(441,'ROLE_MOD_TAB_IMPROVE_CREATE'),(444,'ROLE_MOD_TAB_IMPROVE_DELETE'),(442,'ROLE_MOD_TAB_IMPROVE_READ'),(443,'ROLE_MOD_TAB_IMPROVE_UPDATE'),(445,'ROLE_MOD_TAB_SELL_CREATE'),(448,'ROLE_MOD_TAB_SELL_DELETE'),(446,'ROLE_MOD_TAB_SELL_READ'),(447,'ROLE_MOD_TAB_SELL_UPDATE'),(449,'ROLE_MOD_TAB_SHOPPARAMETERS_CREATE'),(452,'ROLE_MOD_TAB_SHOPPARAMETERS_DELETE'),(450,'ROLE_MOD_TAB_SHOPPARAMETERS_READ'),(451,'ROLE_MOD_TAB_SHOPPARAMETERS_UPDATE');

--
-- Table structure for table `pre3303_badge`
--

CREATE TABLE `pre3303_badge` (
  `id_badge` int(11) NOT NULL AUTO_INCREMENT,
  `id_ps_badge` int(11) NOT NULL,
  `type` varchar(32) NOT NULL,
  `id_group` int(11) NOT NULL,
  `group_position` int(11) NOT NULL,
  `scoring` int(11) NOT NULL,
  `awb` int(11) DEFAULT '0',
  `validated` tinyint(1) unsigned NOT NULL DEFAULT '0',
  PRIMARY KEY (`id_badge`)
) ENGINE=InnoDB AUTO_INCREMENT=310 DEFAULT CHARSET=utf8;

--
-- Dumping data for table `pre3303_badge`
--

INSERT INTO `pre3303_badge` VALUES (21,159,'feature',41,1,5,1,0),(22,160,'feature',41,2,10,1,0),(23,161,'feature',41,3,15,1,0),(24,162,'feature',41,4,20,1,0),(25,163,'feature',41,1,5,1,0),(26,164,'feature',41,2,10,1,0),(27,165,'feature',41,3,15,1,0),(28,166,'feature',41,4,20,1,0),(53,195,'feature',41,1,5,1,0),(54,196,'feature',41,2,10,1,0),(81,233,'feature',41,1,5,1,0),(82,234,'feature',41,2,10,1,0),(83,235,'feature',41,3,15,1,0),(84,236,'feature',41,4,20,1,0),(85,249,'feature',41,1,5,1,0),(86,250,'feature',41,2,10,1,0),(87,251,'feature',41,3,15,1,0),(88,252,'feature',41,4,20,1,0),(89,253,'feature',41,1,5,1,0),(90,254,'feature',41,2,10,1,0),(91,255,'feature',41,3,15,1,0),(92,256,'feature',41,4,20,1,0),(93,261,'feature',41,1,5,1,0),(94,262,'feature',41,2,10,1,0),(95,269,'feature',41,1,5,1,0),(96,270,'feature',41,2,10,1,0),(97,271,'feature',41,3,15,1,0),(98,272,'feature',41,4,20,1,0),(99,273,'feature',41,1,5,1,0),(100,274,'feature',41,2,10,1,0),(101,275,'feature',41,3,15,1,0),(102,276,'feature',41,4,20,1,0),(103,277,'feature',41,1,5,1,0),(104,278,'feature',41,2,10,1,0),(105,279,'feature',41,3,15,1,0),(106,280,'feature',41,4,20,1,0),(107,281,'feature',41,1,5,1,0),(108,282,'feature',41,2,10,1,0),(109,283,'feature',41,3,15,1,0),(110,284,'feature',41,4,20,1,0),(111,285,'feature',41,1,5,1,0),(112,286,'feature',41,2,10,1,0),(113,287,'feature',41,3,15,1,0),(114,288,'feature',41,4,20,1,0),(115,289,'feature',41,1,5,1,0),(116,290,'feature',41,2,10,1,0),(117,291,'feature',41,3,15,1,0),(118,292,'feature',41,4,20,1,0),(119,293,'feature',41,1,5,1,0),(120,294,'feature',41,2,10,1,0),(121,295,'feature',41,3,15,1,0),(122,296,'feature',41,4,20,1,0),(123,297,'feature',41,1,5,1,0),(124,298,'feature',41,2,10,1,0),(125,299,'feature',41,3,15,1,0),(126,300,'feature',41,4,20,1,0),(127,301,'feature',41,1,5,1,0),(128,302,'feature',41,2,10,1,0),(129,303,'feature',41,3,15,1,0),(130,304,'feature',41,4,20,1,0),(131,305,'feature',41,1,5,1,0),(132,306,'feature',41,2,10,1,0),(133,307,'feature',41,3,15,1,0),(134,308,'feature',41,4,20,1,0),(135,309,'feature',41,1,5,1,0),(136,310,'feature',41,2,10,1,0),(137,311,'feature',41,3,15,1,0),(138,312,'feature',41,4,20,1,0),(139,313,'feature',41,1,5,1,1),(140,314,'feature',41,2,10,1,1),(141,315,'feature',41,3,15,1,0),(142,316,'feature',41,4,20,1,0),(143,317,'feature',41,1,5,1,0),(144,318,'feature',41,2,10,1,0),(145,319,'feature',41,3,15,1,0),(146,320,'feature',41,4,20,1,0),(147,321,'feature',41,1,5,1,0),(148,322,'feature',41,2,10,1,0),(149,323,'feature',41,3,15,1,0),(150,324,'feature',41,4,20,1,0),(151,325,'feature',41,1,5,1,0),(152,326,'feature',41,2,10,1,0),(153,327,'feature',41,3,15,1,0),(154,328,'feature',41,4,20,1,0),(155,329,'feature',41,1,5,1,0),(156,330,'feature',41,2,10,1,0),(157,331,'feature',41,3,15,1,0),(158,332,'feature',41,4,20,1,0),(159,333,'feature',41,1,5,1,0),(160,334,'feature',41,2,10,1,0),(161,335,'feature',41,3,15,1,0),(162,336,'feature',41,4,20,1,0),(163,337,'feature',41,1,5,1,0),(164,338,'feature',41,2,10,1,0),(165,339,'feature',41,3,15,1,0),(166,340,'feature',41,4,20,1,0),(167,341,'feature',41,1,5,1,0),(168,342,'feature',41,2,10,1,0),(169,343,'feature',41,3,15,1,0),(170,344,'feature',41,4,20,1,0),(171,345,'feature',41,1,5,1,0),(172,346,'feature',41,2,10,1,0),(173,347,'feature',41,3,15,1,0),(174,348,'feature',41,4,20,1,0),(175,349,'feature',41,1,5,1,0),(176,350,'feature',41,2,10,1,0),(177,351,'feature',41,3,15,1,0),(178,352,'feature',41,4,20,1,0),(179,353,'feature',41,1,5,1,0),(180,354,'feature',41,2,10,1,0),(181,355,'feature',41,3,15,1,0),(182,356,'feature',41,4,20,1,0),(183,357,'feature',41,1,5,1,0),(184,358,'feature',41,2,10,1,0),(185,359,'feature',41,3,15,1,0),(186,360,'feature',41,4,20,1,0),(187,1,'feature',1,1,10,0,1),(188,2,'feature',2,1,10,0,0),(189,3,'feature',2,2,15,0,0),(190,4,'feature',3,1,15,0,0),(191,5,'feature',3,2,15,0,0),(192,6,'feature',4,1,15,0,1),(193,7,'feature',4,2,15,0,1),(194,8,'feature',5,1,5,0,1),(195,9,'feature',5,2,10,0,1),(196,10,'feature',6,1,15,0,1),(197,11,'feature',6,2,10,0,1),(198,12,'feature',6,3,10,0,1),(199,13,'feature',5,3,10,0,1),(200,14,'feature',5,4,15,0,0),(201,15,'feature',5,5,20,0,0),(202,16,'feature',5,6,20,0,0),(203,17,'achievement',7,1,5,0,1),(204,18,'achievement',7,2,10,0,1),(205,19,'feature',8,1,15,0,1),(206,20,'feature',8,2,15,0,0),(207,21,'feature',9,1,15,0,1),(208,22,'feature',10,1,10,0,1),(209,23,'feature',10,2,10,0,1),(210,24,'feature',10,3,10,0,0),(211,25,'feature',10,4,10,0,0),(212,26,'feature',10,5,10,0,0),(213,27,'feature',4,3,10,0,1),(214,28,'feature',3,3,10,0,0),(215,29,'achievement',11,1,5,0,1),(216,30,'achievement',11,2,10,0,1),(217,31,'achievement',11,3,15,0,1),(218,32,'achievement',11,4,20,0,0),(219,33,'achievement',11,5,25,0,0),(220,34,'achievement',11,6,30,0,0),(221,35,'achievement',7,3,15,0,1),(222,36,'achievement',7,4,20,0,1),(223,37,'achievement',7,5,25,0,0),(224,38,'achievement',7,6,30,0,0),(225,39,'achievement',12,1,5,0,1),(226,40,'achievement',12,2,10,0,1),(227,41,'achievement',12,3,15,0,1),(228,42,'achievement',12,4,20,0,1),(229,43,'achievement',12,5,25,0,0),(230,44,'achievement',12,6,30,0,0),(231,45,'achievement',13,1,5,0,1),(232,46,'achievement',13,2,10,0,1),(233,47,'achievement',13,3,15,0,1),(234,48,'achievement',13,4,20,0,0),(235,49,'achievement',13,5,25,0,0),(236,50,'achievement',13,6,30,0,0),(237,51,'achievement',14,1,5,0,0),(238,52,'achievement',14,2,10,0,0),(239,53,'achievement',14,3,15,0,0),(240,54,'achievement',14,4,20,0,0),(241,55,'achievement',14,5,25,0,0),(242,56,'achievement',14,6,30,0,0),(243,57,'achievement',15,1,5,0,1),(244,58,'achievement',15,2,10,0,1),(245,59,'achievement',15,3,15,0,0),(246,60,'achievement',15,4,20,0,0),(247,61,'achievement',15,5,25,0,0),(248,62,'achievement',15,6,30,0,0),(249,63,'achievement',16,1,5,0,1),(250,64,'achievement',16,2,10,0,1),(251,65,'achievement',16,3,15,0,1),(252,66,'achievement',16,4,20,0,1),(253,67,'achievement',16,5,25,0,0),(254,68,'achievement',16,6,30,0,0),(260,74,'international',22,1,10,0,1),(261,75,'international',23,1,10,0,0),(262,83,'international',31,1,10,0,1),(263,84,'international',25,1,10,0,0),(264,86,'international',33,1,10,0,0),(265,87,'international',34,1,10,0,0),(266,88,'feature',35,1,5,0,1),(267,89,'feature',35,2,10,0,1),(268,90,'feature',35,3,10,0,1),(269,91,'feature',35,4,10,0,0),(270,92,'feature',35,5,10,0,0),(271,93,'feature',35,6,10,0,0),(272,94,'feature',36,1,5,0,1),(273,95,'feature',36,2,5,0,1),(274,96,'feature',36,3,10,0,1),(275,97,'feature',36,4,10,0,0),(276,98,'feature',36,5,20,0,0),(277,99,'feature',36,6,20,0,0),(278,100,'feature',8,3,15,0,1),(279,101,'achievement',37,1,5,0,0),(280,102,'achievement',37,2,5,0,0),(281,103,'achievement',37,3,10,0,0),(282,104,'achievement',37,4,10,0,0),(283,105,'achievement',37,5,15,0,0),(284,106,'achievement',37,6,15,0,0),(285,107,'achievement',38,1,10,0,1),(286,108,'achievement',38,2,10,0,1),(287,109,'achievement',38,3,15,0,0),(288,110,'achievement',38,4,20,0,0),(289,111,'achievement',38,5,25,0,0),(290,112,'achievement',38,6,30,0,0),(291,113,'achievement',39,1,10,0,1),(292,114,'achievement',39,2,20,0,1),(293,115,'achievement',39,3,30,0,0),(294,116,'achievement',39,4,40,0,0),(295,117,'achievement',39,5,50,0,0),(296,118,'achievement',39,6,50,0,0),(297,119,'feature',40,1,10,0,0),(298,120,'feature',40,2,15,0,0),(299,121,'feature',40,3,20,0,0),(300,122,'feature',40,4,25,0,0),(301,229,'feature',41,1,5,1,0),(302,230,'feature',41,2,10,1,0),(303,231,'feature',41,3,15,1,0),(304,232,'feature',41,4,20,1,0),(305,241,'feature',41,1,5,1,0),(306,242,'feature',41,2,10,1,0),(307,243,'feature',41,3,15,1,0),(308,244,'feature',41,4,20,1,0),(309,85,'international',32,1,10,0,1);

--
-- Table structure for table `pre3303_badge_lang`
--

CREATE TABLE `pre3303_badge_lang` (
  `id_badge` int(11) NOT NULL,
  `id_lang` int(11) NOT NULL,
  `name` varchar(64) DEFAULT NULL,
  `description` varchar(255) DEFAULT NULL,
  `group_name` varchar(255) DEFAULT NULL,
  PRIMARY KEY (`id_badge`,`id_lang`)
) ENGINE=InnoDB DEFAULT CHARSET=utf8;

--
-- Dumping data for table `pre3303_badge_lang`
--

INSERT INTO `pre3303_badge_lang` VALUES (21,1,'Shopgate installed','You have installed the Shopgate module','Partners'),(21,2,'Shopgate installé','Vous avez installé le module Shopgate','Partenaires'),(22,1,'Shopgate configured','You have configured the Shopgate module','Partners'),(22,2,'Shopgate configuré','Vous avez configuré le modul Shopgate','Partenaires'),(23,1,'Shopgate active','Your Shopgate module is active','Partners'),(23,2,'Shopgate actif','Le module Shopgate est actif','Partenaires'),(24,1,'Shopgate very active','Your Shopgate module is very active','Partners'),(24,2,'Shopgate très actif','Le module Shopgate est très actif','Partenaires'),(25,1,'Skrill installed','You have installed the Skrill module','Partners'),(25,2,'Skrill installé','Vous avez installé le module Skrill','Partenaires'),(26,1,'Skrill configured','You have configured the Skrill module','Partners'),(26,2,'Skrill configuré','Vous avez configuré le module Skrill','Partenaires'),(27,1,'Skrill active','Your Skrill module is active','Partners'),(27,2,'Skrill actif','Le module Skrill est actif','Partenaires'),(28,1,'Skrill very active','Your Skrill module is very active','Partners'),(28,2,'Skrill très actif','Le module Skrill est très actif','Partenaires'),(53,1,'Shopping Feed installed','You have installed the Shopping Feed module','Partners'),(53,2,'Shopping Flux installé','Vous avez installé le module Shopping Flux','Partenaires'),(54,1,'Shopping Feed configured','You have configured the Shopping Feed module','Partners'),(54,2,'Shopping Flux configuré','Vous avez configuré le module Shopping Flux','Partenaires'),(81,1,'Authorize Aim installed','You have installed the Authorize Aim module','Partners'),(81,2,'Authorize Aim installé','Vous avez installé le module Authorize Aim','Partenaires'),(82,1,'Authorize Aim configured','You have configured the Authorize Aim module','Partners'),(82,2,'Authorize Aim configuré','Vous avez configuré le module Authorize Aim','Partenaires'),(83,1,'Authorize Aim active','Your Authorize Aim module is active','Partners'),(83,2,'Authorize Aim actif','Le module Authorize Aim est actif','Partenaires'),(84,1,'Authorize Aim very active','Your Authorize Aim module is very active','Partners'),(84,2,'Authorize Aim très actif','Le module Authorize Aim est très actif','Partenaires'),(85,1,'Ebay installed','You have installed the Ebay module','Partners'),(85,2,'Ebay installé','Vous avez installé le module Ebay','Partenaires'),(86,1,'Ebay configured','You have configured the Ebay module','Partners'),(86,2,'Ebay configuré','Vous avez configuré le module Ebay','Partenaires'),(87,1,'Ebay active','Your Ebay module is active','Partners'),(87,2,'Ebay actif','Le module Ebay est actif','Partenaires'),(88,1,'Ebay very active','Your Ebay module is very active','Partners'),(88,2,'Ebay très actif','Le module Ebay est très actif','Partenaires'),(89,1,'PayPlug installed','You have installed the PayPlug module','Partners'),(89,2,'PayPlug installé','Vous avez installé le module PayPlug','Partenaires'),(90,1,'PayPlug configured','You have configured the PayPlug module','Partners'),(90,2,'PayPlug configuré','Vous avez configuré le module PayPlug','Partenaires'),(91,1,'PayPlug active','Your PayPlug module is active','Partners'),(91,2,'PayPlug actif','Le module PayPlug est actif','Partenaires'),(92,1,'PayPlug very active','Your PayPlug module is very active','Partners'),(92,2,'PayPlug très actif','Le module PayPlug est très actif','Partenaires'),(93,1,'Affinity Items installed','You have installed the Affinity Items module','Partners'),(93,2,'Affinity Items installé','Vous avez installé le module Affinity Items','Partenaires'),(94,1,'Affinity Items configured','You have configured the Affinity Items module','Partners'),(94,2,'Affinity Items configuré','Vous avez configuré le module Affinity Items','Partenaires'),(95,1,'DPD Poland installed','You have installed the DPD Poland module','Partners'),(95,2,'DPD Poland installé','Vous avez installé le module DPD Poland','Partenaires'),(96,1,'DPD Poland configured','You have configured the DPD Poland module','Partners'),(96,2,'DPD Poland configuré','Vous avez configuré le module DPD Poland','Partenaires'),(97,1,'DPD Poland active','Your DPD Poland module is active','Partners'),(97,2,'DPD Poland actif','Le module DPD Poland est actif','Partenaires'),(98,1,'DPD Poland very active','Your DPD Poland module is very active','Partners'),(98,2,'DPD Poland très actif','Le module DPD Poland est très actif','Partenaires'),(99,1,'Envoimoinscher installed','You have installed the Envoimoinscher module','Partners'),(99,2,'Envoimoinscher installé','Vous avez installé le module Envoimoinscher','Partenaires'),(100,1,'Envoimoinscher configured','You have configured the Envoimoinscher module','Partners'),(100,2,'Envoimoinscher configuré','Vous avez configuré le module Envoimoinscher','Partenaires'),(101,1,'Envoimoinscher active','Your Envoimoinscher module is active','Partners'),(101,2,'Envoimoinscher actif','Le module Envoimoinscher est actif','Partenaires'),(102,1,'Envoimoinscher very active','Your Envoimoinscher module is very active','Partners'),(102,2,'Envoimoinscher très actif','Le module Envoimoinscher est très actif','Partenaires'),(103,1,'Klik&Pay installed','You have installed the Klik&Pay module','Partners'),(103,2,'Klik&Pay installé','Vous avez installé le module Klik&Pay','Partenaires'),(104,1,'Klik&Pay configured','You have configured the Klik&Pay module','Partners'),(104,2,'Klik&Pay configuré','Vous avez configuré le module Klik&Pay','Partenaires'),(105,1,'Klik&Pay active','Your Klik&Pay module is active','Partners'),(105,2,'Klik&Pay actif','Le module Klik&Pay est actif','Partenaires'),(106,1,'Klik&Pay very active','Your Klik&Pay module is very active','Partners'),(106,2,'Klik&Pay très actif','Le module Klik&Pay est très actif','Partenaires'),(107,1,'Clickline installed','You have installed the Clickline module','Partners'),(107,2,'Clickline installé','Vous avez installé le module Clickline','Partenaires'),(108,1,'Clickline configured','You have configured the Clickline module','Partners'),(108,2,'Clickline configuré','Vous avez configuré le module Clickline','Partenaires'),(109,1,'Clickline active','Your Clickline module is active','Partners'),(109,2,'Clickline actif','Le module Clickline est actif','Partenaires'),(110,1,'Clickline very active','Your Clickline module is very active','Partners'),(110,2,'Clickline très actif','Le module Clickline est très actif','Partenaires'),(111,1,'CDiscount installed','You have installed the CDiscount module','Partners'),(111,2,'CDiscount installé','Vous avez installé le module CDiscount','Partenaires'),(112,1,'CDiscount configured','You have configured the CDiscount module','Partners'),(112,2,'CDiscount configuré','Vous avez configuré le module CDiscount','Partenaires'),(113,1,'CDiscount active','Your CDiscount module is active','Partners'),(113,2,'CDiscount actif','Le module CDiscount est actif','Partenaires'),(114,1,'CDiscount very active','Your CDiscount module is very active','Partners'),(114,2,'CDiscount très actif','Le module CDiscount est très actif','Partenaires'),(115,1,'illicoPresta installed','You have installed the illicoPresta module','Partners'),(115,2,'illicoPresta installé','Vous avez installé le module illicoPresta','Partenaires'),(116,1,'illicoPresta configured','You have configured the illicoPresta module','Partners'),(116,2,'illicoPresta configuré','Vous avez configuré le module illicoPresta','Partenaires'),(117,1,'illicoPresta active','Your illicoPresta module is active','Partners'),(117,2,'illicoPresta actif','Le module illicoPresta est actif','Partenaires'),(118,1,'illicoPresta very active','Your illicoPresta module is very active','Partners'),(118,2,'illicoPresta très actif','Le module illicoPresta est très actif','Partenaires'),(119,1,'NetReviews installed','You have installed the NetReviews module','Partners'),(119,2,'NetReviews installé','Vous avez installé le module NetReviews','Partenaires'),(120,1,'NetReviews configured','You have configured the NetReviews module','Partners'),(120,2,'NetReviews configuré','Vous avez configuré le module NetReviews','Partenaires'),(121,1,'NetReviews active','Your NetReviews module is active','Partners'),(121,2,'NetReviews actif','Le module NetReviews est actif','Partenaires'),(122,1,'NetReviews very active','Your NetReviews module is very active','Partners'),(122,2,'NetReviews très actif','Le module NetReviews est très actif','Partenaires'),(123,1,'Bluesnap installed','You have installed the Bluesnap module','Partners'),(123,2,'Bluesnap installé','Vous avez installé le module Bluesnap','Partenaires'),(124,1,'Bluesnap configured','You have configured the Bluesnap module','Partners'),(124,2,'Bluesnap configuré','Vous avez configuré le module Bluesnap','Partenaires'),(125,1,'Bluesnap active','Your Bluesnap module is active','Partners'),(125,2,'Bluesnap actif','Le module Bluesnap est actif','Partenaires'),(126,1,'Bluesnap very active','Your Bluesnap module is very active','Partners'),(126,2,'Bluesnap très actif','Le module Bluesnap est très actif','Partenaires'),(127,1,'Desjardins installed','You have installed the Desjardins module','Partners'),(127,2,'Desjardins installé','Vous avez installé le module Desjardins','Partenaires'),(128,1,'Desjardins configured','You have configured the Desjardins module','Partners'),(128,2,'Desjardins configuré','Vous avez configuré le module Desjardins','Partenaires'),(129,1,'Desjardins active','Your Desjardins module is active','Partners'),(129,2,'Desjardins actif','Le module Desjardins est actif','Partenaires'),(130,1,'Desjardins very active','Your Desjardins module is very active','Partners'),(130,2,'Desjardins très actif','Le module Desjardins est très actif','Partenaires'),(131,1,'First Data installed','You have installed the First Data module','Partners'),(131,2,'First Data installé','Vous avez installé le module First Data','Partenaires'),(132,1,'First Data configured','You have configured the First Data module','Partners'),(132,2,'First Data configuré','Vous avez configuré le module First Data','Partenaires'),(133,1,'First Data active','Your First Data module is active','Partners'),(133,2,'First Data actif','Le module First Data est actif','Partenaires'),(134,1,'First Data very active','Your First Data module is very active','Partners'),(134,2,'First Data très actif','Le module First Data est très actif','Partenaires'),(135,1,'Give.it installed','You have installed the Give.it module','Partners'),(135,2,'Give.it installé','Vous avez installé le module Give.it','Partenaires'),(136,1,'Give.it configured','You have configured the Give.it module','Partners'),(136,2,'Give.it configuré','Vous avez configuré le module Give.it','Partenaires'),(137,1,'Give.it active','Your Give.it module is active','Partners'),(137,2,'Give.it actif','Le module Give.it est actif','Partenaires'),(138,1,'Give.it very active','Your Give.it module is very active','Partners'),(138,2,'Give.it très actif','Le module Give.it est très actif','Partenaires'),(139,1,'Google Analytics installed','You have installed the Google Analytics module','Partners'),(139,2,'Google Analytics installé','Vous avez installé le module Google Analytics','Partenaires'),(140,1,'Google Analytics configured','You have configured the Google Analytics module','Partners'),(140,2,'Google Analytics configuré','Vous avez configuré le module Google Analytics','Partenaires'),(141,1,'Google Analytics active','Your Google Analytics module is active','Partners'),(141,2,'Google Analytics actif','Le module Google Analytics est actif','Partenaires'),(142,1,'Google Analytics very active','Your Google Analytics module is very active','Partners'),(142,2,'Google Analytics très actif','Le module Google Analytics est très actif','Partenaires'),(143,1,'PagSeguro installed','You have installed the PagSeguro module','Partners'),(143,2,'PagSeguro installé','Vous avez installé le module PagSeguro','Partenaires'),(144,1,'PagSeguro configured','You have configured the PagSeguro module','Partners'),(144,2,'PagSeguro configuré','Vous avez configuré le module PagSeguro','Partenaires'),(145,1,'PagSeguro active','Your PagSeguro module is active','Partners'),(145,2,'PagSeguro actif','Le module PagSeguro est actif','Partenaires'),(146,1,'PagSeguro very active','Your PagSeguro module is very active','Partners'),(146,2,'PagSeguro très actif','Le module PagSeguro est très actif','Partenaires'),(147,1,'Paypal MX installed','You have installed the Paypal MX module','Partners'),(147,2,'Paypal MX installé','Vous avez installé le module Paypal MX','Partenaires'),(148,1,'Paypal MX configured','You have configured the Paypal MX module','Partners'),(148,2,'Paypal MX configuré','Vous avez configuré le module Paypal MX','Partenaires'),(149,1,'Paypal MX active','Your Paypal MX module is active','Partners'),(149,2,'Paypal MX actif','Le module Paypal MX est actif','Partenaires'),(150,1,'Paypal MX very active','Your Paypal MX module is very active','Partners'),(150,2,'Paypal MX très actif','Le module Paypal MX est très actif','Partenaires'),(151,1,'Paypal USA installed','You have installed the Paypal USA module','Partners'),(151,2,'Paypal USA installé','Vous avez installé le module Paypal USA','Partenaires'),(152,1,'Paypal USA configured','You have configured the Paypal USA module','Partners'),(152,2,'Paypal USA configuré','Vous avez configuré le module Paypal USA','Partenaires'),(153,1,'Paypal USA active','Your Paypal USA module is active','Partners'),(153,2,'Paypal USA actif','Le module Paypal USA est actif','Partenaires'),(154,1,'Paypal USA very active','Your Paypal USA module is very active','Partners'),(154,2,'Paypal USA très actif','Le module Paypal USA est très actif','Partenaires'),(155,1,'PayULatam installed','You have installed the PayULatam module','Partners'),(155,2,'PayULatam installé','Vous avez installé le module PayULatam','Partenaires'),(156,1,'PayULatam configured','You have configured the PayULatam module','Partners'),(156,2,'PayULatam configuré','Vous avez configuré le module PayULatam','Partenaires'),(157,1,'PayULatam active','Your PayULatam module is active','Partners'),(157,2,'PayULatam actif','Le module PayULatam est actif','Partenaires'),(158,1,'PayULatam very active','Your PayULatam module is very active','Partners'),(158,2,'PayULatam très actif','Le module PayULatam est très actif','Partenaires'),(159,1,'PrestaStats installed','You have installed the PrestaStats module','Partners'),(159,2,'PrestaStats installé','Vous avez installé le module PrestaStats','Partenaires'),(160,1,'PrestaStats configured','You have configured the PrestaStats module','Partners'),(160,2,'PrestaStats configuré','Vous avez configuré le module PrestaStats','Partenaires'),(161,1,'PrestaStats active','Your PrestaStats module is active','Partners'),(161,2,'PrestaStats actif','Le module PrestaStats est actif','Partenaires'),(162,1,'PrestaStats very active','Your PrestaStats module is very active','Partners'),(162,2,'PrestaStats très actif','Le module PrestaStats est très actif','Partenaires'),(163,1,'Riskified installed','You have installed the Riskified module','Partners'),(163,2,'Riskified installé','Vous avez installé le module Riskified','Partenaires'),(164,1,'Riskified configured','You have configured the Riskified module','Partners'),(164,2,'Riskified configuré','Vous avez configuré le module Riskified','Partenaires'),(165,1,'Riskified active','Your Riskified module is active','Partners'),(165,2,'Riskified actif','Le module Riskified est actif','Partenaires'),(166,1,'Riskified very active','Your Riskified module is very active','Partners'),(166,2,'Riskified très actif','Le module Riskified est très actif','Partenaires'),(167,1,'Simplify installed','You have installed the Simplify module','Partners'),(167,2,'Simplify installé','Vous avez installé le module Simplify','Partenaires'),(168,1,'Simplify configured','You have configured the Simplify module','Partners'),(168,2,'Simplify configuré','Vous avez configuré le module Simplify','Partenaires'),(169,1,'Simplify active','Your Simplify module is active','Partners'),(169,2,'Simplify actif','Le module Simplify est actif','Partenaires'),(170,1,'Simplify very active','Your Simplify module is very active','Partners'),(170,2,'Simplify très actif','Le module Simplify est très actif','Partenaires'),(171,1,'VTPayment installed','You have installed the VTPayment module','Partners'),(171,2,'VTPayment installé','Vous avez installé le module VTPayment','Partenaires'),(172,1,'VTPayment configured','You have configured the VTPayment module','Partners'),(172,2,'VTPayment configuré','Vous avez configuré le module VTPayment','Partenaires'),(173,1,'VTPayment active','Your VTPayment module is active','Partners'),(173,2,'VTPayment actif','Le module VTPayment est actif','Partenaires'),(174,1,'VTPayment very active','Your VTPayment module is very active','Partners'),(174,2,'VTPayment très actif','Le module VTPayment est très actif','Partenaires'),(175,1,'Yotpo installed','You have installed the Yotpo module','Partners'),(175,2,'Yotpo installé','Vous avez installé le module Yotpo','Partenaires'),(176,1,'Yotpo configured','You have configured the Yotpo module','Partners'),(176,2,'Yotpo configuré','Vous avez configuré le module Yotpo','Partenaires'),(177,1,'Yotpo active','Your Yotpo module is active','Partners'),(177,2,'Yotpo actif','Le module Yotpo est actif','Partenaires'),(178,1,'Yotpo very active','Your Yotpo module is very active','Partners'),(178,2,'Yotpo très actif','Le module Yotpo est très actif','Partenaires'),(179,1,'Youstice installed','You have installed the Youstice module','Partners'),(179,2,'Youstice installé','Vous avez installé le module Youstice','Partenaires'),(180,1,'Youstice configured','You have configured the Youstice module','Partners'),(180,2,'Youstice configuré','Vous avez configuré le module Youstice','Partenaires'),(181,1,'Youstice active','Your Youstice module is active','Partners'),(181,2,'Youstice actif','Le module Youstice est actif','Partenaires'),(182,1,'Youstice very active','Your Youstice module is very active','Partners'),(182,2,'Youstice très actif','Le module Youstice est très actif','Partenaires'),(183,1,'Loyalty Lion installed','You have installed the Loyalty Lion module','Partners'),(183,2,'Loyalty Lion installé','Vous avez installé le module Loyalty Lion','Partenaires'),(184,1,'Loyalty Lion configured','You have configured the Loyalty Lion module','Partners'),(184,2,'Loyalty Lion configuré','Vous avez configuré le module Loyalty Lion','Partenaires'),(185,1,'Loyalty Lion active','Your Loyalty Lion module is active','Partners'),(185,2,'Loyalty Lion actif','Le module Loyalty Lion est actif','Partenaires'),(186,1,'Loyalty Lion very active','Your Loyalty Lion module is very active','Partners'),(186,2,'Loyalty Lion très actif','Le module Loyalty Lion est très actif','Partenaires'),(187,1,'SEO','You enabled the URL rewriting through the tab \"Preferences > SEO and URLs\".','SEO'),(187,2,'Référencement','Vous avez activé la réécriture d\'URL via l\'onglet \"Préférences > SEO et URLs\".','Référencement'),(188,1,'Site Performance','You enabled CCC (Combine, Compress and Cache), Rijndael and Smarty through the tab \r\nAdvanced Parameters > Performance.','Site Performance'),(188,2,'Performances','Vous avez activé CCC (Concaténation, Compression et mise en Cache), Rijndael et Smarty via l\'onglet \"Paramètres avancés > Performances\".','Performances'),(189,1,'Site Performance','You enabled media servers through the tab \"Advanced parameters > Performance\".','Site Performance'),(189,2,'Performances','Vous avez activé des serveurs de médias via l\'onglet \" Paramètres avancés > Performances\". ','Performances'),(190,1,'Payment','You configured a payment solution on your shop.','Payment'),(190,2,'Moyens de paiement','Vous avez configuré une méthode de paiement sur votre boutique.','Moyens de paiement'),(191,1,'Payment','You offer two different payment methods to your customers.','Payment'),(191,2,'Moyens de paiement','Vous offrez 2 méthodes de paiement différentes à vos clients.','Moyens de paiement'),(192,1,'Shipping','You configured a carrier on your shop.','Shipping'),(192,2,'Solutions de transport','Vous avez configuré un transporteur sur votre boutique.','Solutions de transport'),(193,1,'Shipping','You offer two shipping solutions (carriers) to your customers.','Shipping'),(193,2,'Solutions de transport','Vous proposez 2 solutions de livraison (transporteurs) à vos clients.','Solutions de transport'),(194,1,'Catalog Size','You added your first product to your catalog!','Catalog Size'),(194,2,'Taille de catalogue','Vous avez créé le premier produit dans votre catalogue.','Taille de catalogue'),(195,1,'Catalog Size','You have 10 products within your catalog.','Catalog Size'),(195,2,'Taille de catalogue','Vous avez 10 produits au sein de votre catalogue.','Taille de catalogue'),(196,1,'Contact information','You configured your phone number so your customers can reach you!','Contact information'),(196,2,'Points de contact','Vous avez configuré votre numéro de téléphone en guise de point de contact.','Points de contact'),(197,1,'Contact information','You added a third email address to your contact form.','Contact information'),(197,2,'Points de contact','Vous avez configuré une troisième adresse via votre formulaire de contact.','Points de contact'),(198,1,'Contact information','You suggest a total of 5 departments to be reached by your customers via your contact form.','Contact information'),(198,2,'Points de contact','5 services différents peuvent être contactés via votre formulaire de contact.','Points de contact'),(199,1,'Catalog Size','You have 100 products within your catalog.','Catalog Size'),(199,2,'Taille de catalogue','Vous avez 100 produits au sein de votre catalogue.','Taille de catalogue'),(200,1,'Catalog Size','You have 1,000 products within your catalog.','Catalog Size'),(200,2,'Taille de catalogue','Vous avez 1 000 produits au sein de votre catalogue.','Taille de catalogue'),(201,1,'Catalog Size','You have 10,000 products within your catalog.','Catalog Size'),(201,2,'Taille de catalogue','Vous avez 10 000 produits au sein de votre catalogue.','Taille de catalogue'),(202,1,'Catalog Size','You have 100,000 products within your catalog.','Catalog Size'),(202,2,'Taille de catalogue','Vous avez 100 000 produits au sein de votre catalogue.','Taille de catalogue'),(203,1,'Days of Experience','You just installed PrestaShop!','Days of Experience'),(203,2,'Expérience','Vous avez installé PrestaShop !','Expérience'),(204,1,'Days of Experience','You installed PrestaShop a week ago!','Days of Experience'),(204,2,'Expérience','Vous avez démarré avec PrestaShop il y a une semaine !','Expérience'),(205,1,'Customization','You uploaded your own logo.','Customization'),(205,2,'Personnalisation','Vous avez ajouté votre logo.','Personnalisation'),(206,1,'Customization','You installed a new template.','Customization'),(206,2,'Personnalisation','Vous avez installé un nouveau thème graphique.','Personnalisation'),(207,1,'Addons','You connected your back-office to the Addons platform using your PrestaShop Addons account.','Addons'),(207,2,'Addons','Vous avez connecté votre back-office à la plateforme Addons grâce à votre compte PrestaShop Addons.','Addons'),(208,1,'Multistores','You enabled the Multistores feature.','Multistores'),(208,2,'Multi-boutiques','Vous avez activé le multi-boutiques.','Multi-boutiques'),(209,1,'Multistores','You manage two shops with the Multistores feature.','Multistores'),(209,2,'Multi-boutiques','Vous gérez 2 boutiques différentes via la fonctionnalité de multi-boutiques.','Multi-boutiques'),(210,1,'Multistores','You manage two different groups of shops using the Multistores feature.','Multistores'),(210,2,'Multi-boutiques','Vous gérez 2 groupes de boutiques grâce à la fonctionnalité du multi-boutiques.','Multi-boutiques'),(211,1,'Multistores','You manage five shops with the Multistores feature.','Multistores'),(211,2,'Multi-boutiques','Vous gérez 5 boutiques différentes via la fonctionnalité de multi-boutiques.','Multi-boutiques'),(212,1,'Multistores','You manage five different groups of shops using the Multistores feature.','Multistores'),(212,2,'Multi-boutiques','Vous gérez 5 groupes de boutiques grâce à la fonctionnalité du multi-boutiques.','Multi-boutiques'),(213,1,'Shipping','You offer three different shipping solutions (carriers) to your customers.','Shipping'),(213,2,'Solutions de transport','Vous proposez 3 solutions de livraison différentes (transporteurs) à vos clients.','Solutions de transport'),(214,1,'Payment','You offer three different payment methods to your customers.','Payment'),(214,2,'Moyens de paiement','Vous offrez 3 méthodes de paiement différentes à vos clients.','Moyens de paiement'),(215,1,'Revenue','You get this badge when you reach 200 USD in sales.','Revenue'),(215,2,'Chiffre d\'affaires','Vous remportez ce badge lorsque vous atteignez un chiffre d\'affaires de 100 EUR.','Chiffre d\'affaires'),(216,1,'Revenue','You get this badge when you reach 1000 USD in sales.','Revenue'),(216,2,'Chiffre d\'affaires','Vous remportez ce badge lorsque vous atteignez un chiffre d\'affaires de 1000 EUR.','Chiffre d\'affaires'),(217,1,'Revenue','You get this badge when you reach 1000 USD in sales.','Revenue'),(217,2,'Chiffre d\'affaires','Vous remportez ce badge lorsque vous atteignez un chiffre d\'affaires de 10 000 EUR.','Chiffre d\'affaires'),(218,1,'Revenue','You get this badge when you reach 200 USD in sales.','Revenue'),(218,2,'Chiffre d\'affaires','Vous remportez ce badge lorsque vous atteignez un chiffre d\'affaires de 100 000 EUR.','Chiffre d\'affaires'),(219,1,'Revenue','You get this badge when you reach 1000 USD in sales.','Revenue'),(219,2,'Chiffre d\'affaires','Vous remportez ce badge lorsque vous atteignez un chiffre d\'affaires de 1 000 000 EUR','Chiffre d\'affaires'),(220,1,'Revenue','You get this badge when you reach 1000 USD in sales.','Revenue'),(220,2,'Chiffre d\'affaires','Vous remportez ce badge lorsque vous atteignez un chiffre d\'affaires de 10 000 000 EUR.','Chiffre d\'affaires'),(221,1,'Days of Experience','You installed PrestaShop a month ago!','Days of Experience'),(221,2,'Expérience','Déjà un mois que vous avez installé PrestaShop !','Expérience'),(222,1,'Days of Experience','You installed PrestaShop six months ago!','Days of Experience'),(222,2,'Expérience','Vous avez installé PrestaShop il y a 6 mois !','Expérience'),(223,1,'Days of Experience','You installed PrestaShop a year ago!','Days of Experience'),(223,2,'Expérience','Vous avez installé PrestaShop il y a un an !','Expérience'),(224,1,'Days of Experience','You installed PrestaShop two years ago!','Days of Experience'),(224,2,'Expérience','Vous avez installé PrestaShop il y a deux ans !','Expérience'),(225,1,'Visitors','You reached 10 visitors!','Visitors'),(225,2,'Visiteurs','Vous avez accueilli 10 visiteurs !','Visiteurs'),(226,1,'Visitors','You reached 100 visitors!','Visitors'),(226,2,'Visiteurs','Vous avez accueilli 100 visiteurs !','Visiteurs'),(227,1,'Visitors','You reached 1,000 visitors!','Visitors'),(227,2,'Visiteurs','Vous avez accueilli 1 000 visiteurs !','Visiteurs'),(228,1,'Visitors','You reached 10,000 visitors!','Visitors'),(228,2,'Visiteurs','Vous avez accueilli 10 000 visiteurs !','Visiteurs'),(229,1,'Visitors','You reached 100,000 visitors!','Visitors'),(229,2,'Visiteurs','Vous avez accueilli 100 000 visiteurs !','Visiteurs'),(230,1,'Visitors','You reached 1,000,000 visitors!','Visitors'),(230,2,'Visiteurs','Vous avez accueilli un million de visiteurs !','Visiteurs'),(231,1,'Customer Carts','Two carts have been created by visitors','Customer Carts'),(231,2,'Paniers','2 paniers ont été créés par vos visiteurs.','Paniers'),(232,1,'Customer Carts','Ten carts have been created by visitors.','Customer Carts'),(232,2,'Paniers','10 paniers ont été créés par vos visiteurs.','Paniers'),(233,1,'Customer Carts','A hundred carts have been created by visitors on your shop.','Customer Carts'),(233,2,'Paniers','100 paniers ont été créés par vos visiteurs.','Paniers'),(234,1,'Customer Carts','A thousand carts have been created by visitors on your shop.','Customer Carts'),(234,2,'Paniers','1 000 paniers ont été créés par vos visiteurs.','Paniers'),(235,1,'Customer Carts','10,000 carts have been created by visitors.','Customer Carts'),(235,2,'Paniers','10 000 paniers ont été créés par vos visiteurs.','Paniers'),(236,1,'Customer Carts','100,000 carts have been created by visitors.','Customer Carts'),(236,2,'Paniers','100 000 paniers ont été créés par vos visiteurs.','Paniers'),(237,1,'Orders','You received your first order.','Orders'),(237,2,'Commandes','Vous avez reçu votre première commande.','Commandes'),(238,1,'Orders','10 orders have been placed through your online shop.','Orders'),(238,2,'Commandes','10 commandes ont été passées sur votre boutique.','Commandes'),(239,1,'Orders','You received 100 orders through your online shop!','Orders'),(239,2,'Commandes','100 commandes ont été passées sur votre boutique.','Commandes'),(240,1,'Orders','You received 1,000 orders through your online shop, congrats!','Orders'),(240,2,'Commandes','1 000 commandes ont été passées sur votre boutique. Bravo !','Commandes'),(241,1,'Orders','You received 10,000 orders through your online shop, cheers!','Orders'),(241,2,'Commandes','10 000 commandes ont été passées sur votre boutique, félicitations !','Commandes'),(242,1,'Orders','You received 100,000 orders through your online shop!','Orders'),(242,2,'Commandes','100 000 commandes ont été passées sur votre boutique.','Commandes'),(243,1,'Customer Service Threads','You received  your first customer\'s message.','Customer Service Threads'),(243,2,'Messages Clients','Vous avez reçu votre premier message client.','Messages Clients'),(244,1,'Customer Service Threads','You received 10 messages from your customers.','Customer Service Threads'),(244,2,'Messages Clients','Vous avez reçu 10 messages clients.','Messages Clients'),(245,1,'Customer Service Threads','You received 100 messages from your customers.','Customer Service Threads'),(245,2,'Messages Clients','Vous avez reçu 100 messages clients.','Messages Clients'),(246,1,'Customer Service Threads','You received 1,000 messages from your customers.','Customer Service Threads'),(246,2,'Messages Clients','Vous avez reçu 1 000 messages clients.','Messages Clients'),(247,1,'Customer Service Threads','You received 10,000 messages from your customers.','Customer Service Threads'),(247,2,'Messages Clients','Vous avez reçu 10 000 messages clients.','Messages Clients'),(248,1,'Customer Service Threads','You received 100,000 messages from your customers.','Customer Service Threads'),(248,2,'Messages Clients','Vous avez reçu 100 000 messages clients.','Messages Clients'),(249,1,'Customers','You got the first customer registered on your shop!','Customers'),(249,2,'Clients','Votre premier client vient de s\'inscrire à votre boutique !','Clients'),(250,1,'Customers','You have over 10 customers registered on your shop.','Customers'),(250,2,'Clients','Vous avez plus de 10 clients inscrits sur votre boutique.','Clients'),(251,1,'Customers','You have over 100 customers registered on your shop.','Customers'),(251,2,'Clients','Vous avez plus de 100 clients inscrits sur votre boutique.','Clients'),(252,1,'Customers','You have over 1,000 customers registered on your shop.','Customers'),(252,2,'Clients','Vous avez plus de 1 000 clients inscrits sur votre boutique.','Clients'),(253,1,'Customers','You have over 10,000 customers registered on your shop.','Customers'),(253,2,'Clients','Vous avez plus de 10 000 clients inscrits sur votre boutique.','Clients'),(254,1,'Customers','You have over 100,000 customers registered on your shop.','Customers'),(254,2,'Clients','Vous avez plus de 100 000 clients inscrits sur votre boutique.','Clients'),(260,1,'North America','You got your first sale in North America','North America'),(260,2,'Amérique du Nord','Vous avez réalisé votre première vente en Amérique du Nord','Amérique du Nord'),(261,1,'Oceania','You got your first sale in Oceania','Oceania'),(261,2,'Océanie','Vous avez réalisé votre première vente en Océanie','Océanie'),(262,1,'Asia','You got your first sale in Asia','Asia'),(262,2,'Asie','Vous avez réalisé votre première vente en Asie','Asie'),(263,1,'South America','You got your first sale in South America','South America'),(263,2,'Amérique du Sud','Vous avez réalisé votre première vente en Amérique du Sud','Amérique du Sud'),(264,1,'Africa','You got your first sale in Africa','Africa'),(264,2,'Afrique','Vous avez réalisé votre première vente en Afrique','Afrique'),(265,1,'Maghreb','You got your first sale in Maghreb','Maghreb'),(265,2,'Maghreb','Vous avez réalisé votre première vente au Maghreb','Maghreb'),(266,1,'Your Team\'s Employees','First employee account added to your shop','Your Team\'s Employees'),(266,2,'Equipe','1er compte d\'employé ajouté à votre boutique','Equipe'),(267,1,'Your Team\'s Employees','3 employee accounts added to your shop','Your Team\'s Employees'),(267,2,'Equipe','3 comptes d\'employé ajoutés à votre boutique','Equipe'),(268,1,'Your Team\'s Employees','5 employee accounts added to your shop','Your Team\'s Employees'),(268,2,'Equipe','5 comptes d\'employé ajoutés à votre boutique','Equipe'),(269,1,'Your Team\'s Employees','10 employee accounts added to your shop','Your Team\'s Employees'),(269,2,'Equipe','10 comptes d\'employé ajoutés à votre boutique','Equipe'),(270,1,'Your Team\'s Employees','20 employee accounts added to your shop','Your Team\'s Employees'),(270,2,'Equipe','20 comptes d\'employé ajoutés à votre boutique','Equipe'),(271,1,'Your Team\'s Employees','40 employee accounts added to your shop','Your Team\'s Employees'),(271,2,'Equipe','40 comptes d\'employé ajoutés à votre boutique','Equipe'),(272,1,'Product Pictures','First photo added to your catalog','Product Pictures'),(272,2,'Photos produits','1re photo de produits ajoutée à votre catalogue','Photos produits'),(273,1,'Product Pictures','50 photos added to your catalog','Product Pictures'),(273,2,'Photos produits','50 photos de produits ajoutées à votre catalogue','Photos produits'),(274,1,'Product Pictures','100 photos added to your catalog','Product Pictures'),(274,2,'Photos produits','100 photos de produits ajoutées à votre catalogue','Photos produits'),(275,1,'Product Pictures','1,000 photos added to your catalog','Product Pictures'),(275,2,'Photos produits','1 000 photos de produits ajoutées à votre catalogue','Photos produits'),(276,1,'Product Pictures','10,000 photos added to your catalog','Product Pictures'),(276,2,'Photos produits','10 000 photos de produits ajoutées à votre catalogue','Photos produits'),(277,1,'Product Pictures','50,000 photos added to your catalog','Product Pictures'),(277,2,'Photos produits','50 000 photos de produits ajoutées à votre catalogue','Photos produits'),(278,1,'Customization','First CMS page added to your catalog','Customization'),(278,2,'Personnalisation','1re page CMS ajoutée à votre catalogue','Personnalisation'),(279,1,'Cart Rules','First cart rules configured on your shop','Cart Rules'),(279,2,'Règles panier','1re règle de promotion configurée sur votre boutique','Règles panier'),(280,1,'Cart Rules','You have 10 cart rules configured on your shop','Cart Rules'),(280,2,'Règles panier','Vous avez 10 règles de promotion configurées sur votre boutique','Règles panier'),(281,1,'Cart Rules','You have 100 cart rules configured on your shop','Cart Rules'),(281,2,'Règles panier','Vous avez 100 règles de promotion configurées sur votre boutique','Règles panier'),(282,1,'Cart Rules','You have 500 cart rules configured on your shop','Cart Rules'),(282,2,'Règles panier','Vous avez 500 règles de promotion configurées sur votre boutique','Règles panier'),(283,1,'Cart Rules','You have 1,000 cart rules configured on your shop','Cart Rules'),(283,2,'Règles panier','Vous avez 1 000 règles de promotion configurées sur votre boutique','Règles panier'),(284,1,'Cart Rules','You have 5,000 cart rules configured on your shop','Cart Rules'),(284,2,'Règles panier','Vous avez 5 000 règles de promotion configurées sur votre boutique','Règles panier'),(285,1,'International Orders','First international order placed on your shop.','International Orders'),(285,2,'Commandes à l\'étranger','Première commande passée par un client international sur votre boutique.','Commandes à l\'étranger'),(286,1,'International Orders','10 international orders placed on your shop.','International Orders'),(286,2,'Commandes à l\'étranger','10 commandes passées par des clients internationaux sur votre boutique.','Commandes à l\'étranger'),(287,1,'International Orders','100 international orders placed on your shop!','International Orders'),(287,2,'Commandes à l\'étranger','100 commandes passées par des clients internationaux sur votre boutique !','Commandes à l\'étranger'),(288,1,'International Orders','1,000 international orders placed on your shop!','International Orders'),(288,2,'Commandes à l\'étranger','1 000 commandes passées par des clients internationaux sur votre boutique !','Commandes à l\'étranger'),(289,1,'International Orders','5,000 international orders placed on your shop!','International Orders'),(289,2,'Commandes à l\'étranger','5 000 commandes passées par des clients internationaux sur votre boutique !','Commandes à l\'étranger'),(290,1,'International Orders','10,000 international orders placed on your shop!','International Orders'),(290,2,'Commandes à l\'étranger','10 000 commandes passées par des clients internationaux sur votre boutique','Commandes à l\'étranger'),(291,1,'Store','First store configured on your shop!','Store'),(291,2,'Boutique Physique','Premier magasin configuré sur votre boutique','Boutique Physique'),(292,1,'Store','You have 2 stores configured on your shop','Store'),(292,2,'Boutique Physique','Vous avez 2 magasins configurés sur votre boutique','Boutique Physique'),(293,1,'Store','You have 5 stores configured on your shop','Store'),(293,2,'Boutique Physique','Vous avez 5 magasins configurés sur votre boutique','Boutique Physique'),(294,1,'Store','You have 10 stores configured on your shop','Store'),(294,2,'Boutique Physique','Vous avez 10 magasins configurés sur votre boutique','Boutique Physique'),(295,1,'Store','You have 20 stores configured on your shop','Store'),(295,2,'Boutique Physique','Vous avez 20 magasins configurés sur votre boutique','Boutique Physique'),(296,1,'Store','You have 50 stores configured on your shop','Store'),(296,2,'Boutique Physique','Vous avez 50 magasins configurés sur votre boutique','Boutique Physique'),(297,1,'Webservice x1','First webservice account added to your shop','WebService'),(297,2,'Webservice x1','1er compte webservice ajouté à votre boutique\r\n','WebService'),(298,1,'Webservice x2','2 webservice accounts added to your shop','WebService'),(298,2,'Webservice x2','2 comptes webservice ajoutés à votre boutique','WebService'),(299,1,'Webservice x3','3 webservice accounts added to your shop','WebService'),(299,2,'Webservice x3','3 comptes webservice ajoutés à votre boutique','WebService'),(300,1,'Webservice x4','4 webservice accounts added to your shop','WebService'),(300,2,'Webservice x4','4 comptes webservice ajoutés à votre boutique','WebService'),(301,1,'Alliance Payment installed','You have installed the Alliance Payment module','Partners'),(301,2,'Alliance Payment installed','',''),(302,1,'Alliance Payment configured','You have configured the Alliance Payment module','Partners'),(302,2,'Alliance Payment configured','',''),(303,1,'Alliance Payment active','Your Alliance Payment module is active','Partners'),(303,2,'Alliance Payment active','',''),(304,1,'Alliance Payment very active','Your Alliance Payment module is very active','Partners'),(304,2,'Alliance Payment very active','',''),(305,1,'Blue Pay installed','You have installed the Blue Pay module','Partners'),(305,2,'Blue Pay installed','',''),(306,1,'Blue Pay configured','You have configured the Blue Pay module','Partners'),(306,2,'Blue Pay configured','',''),(307,1,'Blue Pay active','Your Blue Pay module is active','Partners'),(307,2,'Blue Pay active','',''),(308,1,'Blue Pay very active','Your Blue Pay module is very active','Partners'),(308,2,'Blue Pay very active','',''),(309,1,'Europe','You got your first sale in  Europe!','Europe'),(309,2,'Europe','','');

--
-- Table structure for table `pre3303_btmegamenu`
--

CREATE TABLE `pre3303_btmegamenu` (
  `id_btmegamenu` int(11) NOT NULL AUTO_INCREMENT,
  `id_group` int(11) NOT NULL,
  `image` varchar(255) NOT NULL,
  `id_parent` int(11) NOT NULL,
  `sub_with` varchar(255) NOT NULL,
  `is_group` tinyint(1) NOT NULL,
  `width` varchar(255) DEFAULT NULL,
  `submenu_width` varchar(255) DEFAULT NULL,
  `submenu_colum_width` varchar(255) DEFAULT NULL,
  `item` varchar(255) DEFAULT NULL,
  `item_parameter` varchar(255) DEFAULT NULL,
  `colums` varchar(255) DEFAULT NULL,
  `type` varchar(255) NOT NULL,
  `is_content` tinyint(1) NOT NULL,
  `show_title` tinyint(1) NOT NULL,
  `level_depth` smallint(6) NOT NULL,
  `active` tinyint(1) NOT NULL,
  `position` int(11) NOT NULL,
  `submenu_content` text NOT NULL,
  `show_sub` tinyint(1) NOT NULL,
  `target` varchar(25) DEFAULT NULL,
  `privacy` smallint(6) DEFAULT NULL,
  `position_type` varchar(25) DEFAULT NULL,
  `menu_class` varchar(25) DEFAULT NULL,
  `content` text,
  `icon_class` varchar(255) DEFAULT NULL,
  `level` int(11) NOT NULL,
  `left` int(11) NOT NULL,
  `right` int(11) NOT NULL,
  `submenu_catids` text,
  `is_cattree` tinyint(1) DEFAULT '1',
  `date_add` datetime DEFAULT NULL,
  `date_upd` datetime DEFAULT NULL,
  `groupBox` varchar(255) DEFAULT 'all',
  `params_widget` longtext,
  PRIMARY KEY (`id_btmegamenu`)
) ENGINE=InnoDB AUTO_INCREMENT=124 DEFAULT CHARSET=utf8;

--
-- Dumping data for table `pre3303_btmegamenu`
--

INSERT INTO `pre3303_btmegamenu` VALUES (1,1,'',0,'submenu',0,'','','','index','','1','controller',0,1,1,1,0,'',0,'_self',0,'','','','',0,0,0,'',1,'2018-07-18 16:23:18','2018-07-18 16:23:18','all',''),(2,1,'',1,'none',0,'','','','','','1','url',0,1,2,1,0,'',0,'_self',0,'','','','',0,0,0,'',1,'2018-07-18 16:23:18','2018-07-18 16:23:18','all',''),(3,1,'',1,'none',0,'','','','','','1','url',0,1,2,1,1,'',0,'_self',0,'','','','',0,0,0,'',1,'2018-07-18 16:23:18','2018-07-18 16:23:18','all',''),(4,1,'',1,'none',0,'','','','','','1','url',0,1,2,1,2,'',0,'_self',0,'','','','',0,0,0,'',1,'2018-07-18 16:23:18','2018-07-18 16:23:18','all',''),(5,1,'',1,'none',0,'','','','','','1','url',0,1,2,1,3,'',0,'_self',0,'','','','',0,0,0,'',1,'2018-07-18 16:23:18','2018-07-18 16:23:18','all',''),(6,1,'',0,'widget',0,'','','','4','','1','category',0,1,1,1,39,'',0,'_self',0,'','','','',0,0,0,'',1,'2018-07-18 16:23:18','2018-07-18 16:23:18','all','eyJzdWJ3aXRoIjoid2lkZ2V0Iiwic3VibWVudSI6MSwiZ3JvdXAiOjAsImFsaWduIjoiYWxpZ25lZC1mdWxsd2lkdGgiLCJjb2xzIjoxLCJyb3dzIjpbeyJjb2xzIjpbeyJ3aWRnZXRzIjoid2lkLTE0OTAxNTUxNzMiLCJjb2x3aWR0aCI6Mn0seyJ3aWRnZXRzIjoid2lkLTE0OTAxNTUyMzV8d2lkLTE0OTQ0Njc2MjYiLCJjb2x3aWR0aCI6Mn0seyJ3aWRnZXRzIjoid2lkLTE0OTAxNTUzODQiLCJjb2x3aWR0aCI6NH0seyJ3aWRnZXRzIjoid2lkLTE0OTAxNTU2NTgiLCJjb2x3aWR0aCI6NH1dfV19'),(7,1,'',0,'widget',0,'','','','8','','1','category',0,1,1,1,37,'',0,'_self',0,'','','','',0,0,0,'',1,'2018-07-18 16:23:18','2018-07-18 16:23:18','all','eyJzdWJ3aXRoIjoid2lkZ2V0Iiwic3VibWVudSI6MSwiZ3JvdXAiOjAsImFsaWduIjoiYWxpZ25lZC1mdWxsd2lkdGgiLCJjb2xzIjoxLCJyb3dzIjpbeyJjb2xzIjpbeyJ3aWRnZXRzIjoid2lkLTE0OTAxNTUxNzMiLCJjb2x3aWR0aCI6M30seyJ3aWRnZXRzIjoid2lkLTE0OTAxNjYxMzciLCJjb2x3aWR0aCI6NH0seyJ3aWRnZXRzIjoid2lkLTE0OTAxNjY0MjkiLCJjb2x3aWR0aCI6NX1dfV19'),(8,1,'',0,'submenu',0,'','','','12','','1','category',0,1,1,1,42,'',0,'_self',0,'','','','',0,0,0,'',1,'2018-07-18 16:23:18','2018-07-18 16:23:18','all',''),(9,1,'',0,'submenu',0,'','','','address','','1','url',0,1,1,1,43,'',0,'_self',0,'','','','',0,0,0,'',1,'2018-07-18 16:23:18','2018-07-18 16:23:18','all',''),(10,1,'',0,'submenu',0,'','','','4','','1','cms',0,1,1,1,46,'',0,'_self',0,'','','','',0,0,0,'',1,'2018-07-18 16:23:18','2018-07-18 16:23:18','all',''),(11,1,'',0,'submenu',0,'','','','contact','','1','controller',0,1,1,1,47,'',0,'_self',0,'','','','',0,0,0,'',1,'2018-07-18 16:23:18','2018-07-18 16:23:18','all',''),(12,1,'',0,'widget',0,'','','','','','1','url',0,1,1,1,49,'',0,'_self',0,'','icon-new','','',0,0,0,'',1,'2018-07-18 16:23:18','2018-07-18 16:23:18','all','eyJzdWJ3aXRoIjoid2lkZ2V0Iiwic3VibWVudSI6MSwiZ3JvdXAiOjAsImFsaWduIjoiYWxpZ25lZC1mdWxsd2lkdGgiLCJjb2xzIjoxLCJyb3dzIjpbeyJjb2xzIjpbeyJ3aWRnZXRzIjoid2lkLTE1MjM5NTkwMDF8d2lkLTE1MjM5NTkwMDN8d2lkLTE1MjM5NTkwMDR8d2lkLTE1MjM5NTkwMDV8d2lkLTE1MjM5NTkwMDZ8d2lkLTE1MjM5NTkwMDd8d2lkLTE1MjM5NTkwMDgiLCJjb2x3aWR0aCI6MTIsImNvbGNsYXNzIjoiZGVtby1wcm9kdWN0LWRldGFpbCJ9XX1dfQ=='),(13,2,'',0,'submenu',0,'','','','index','','1','controller',0,1,1,1,36,'',0,'_self',0,'','','','',0,0,0,'',1,'2018-07-18 16:28:08','2018-07-18 16:28:08','all',''),(14,2,'',13,'none',0,'','','','','','1','url',0,1,2,1,0,'',0,'_self',0,'','','','',0,0,0,'',1,'2018-07-18 16:28:08','2018-07-18 16:28:08','all',''),(15,2,'',13,'none',0,'','','','','','1','url',0,1,2,1,1,'',0,'_self',0,'','','','',0,0,0,'',1,'2018-07-18 16:28:08','2018-07-18 16:28:08','all',''),(16,2,'',13,'none',0,'','','','','','1','url',0,1,2,1,2,'',0,'_self',0,'','','','',0,0,0,'',1,'2018-07-18 16:28:08','2018-07-18 16:28:08','all',''),(17,2,'',13,'none',0,'','','','','','1','url',0,1,2,1,3,'',0,'_self',0,'','','','',0,0,0,'',1,'2018-07-18 16:28:08','2018-07-18 16:28:08','all',''),(18,2,'',0,'widget',0,'','','','4','','1','category',0,1,1,1,40,'',0,'_self',0,'','','','',0,0,0,'',1,'2018-07-18 16:28:08','2018-07-18 16:28:08','all','eyJzdWJ3aXRoIjoid2lkZ2V0Iiwic3VibWVudSI6MSwiZ3JvdXAiOjAsImFsaWduIjoiYWxpZ25lZC1mdWxsd2lkdGgiLCJjb2xzIjoxLCJyb3dzIjpbeyJjb2xzIjpbeyJ3aWRnZXRzIjoid2lkLTE0OTAxNTUxNzMiLCJjb2x3aWR0aCI6Mn0seyJ3aWRnZXRzIjoid2lkLTE0OTAxNTUyMzV8d2lkLTE0OTQ0Njc2MjYiLCJjb2x3aWR0aCI6Mn0seyJ3aWRnZXRzIjoid2lkLTE0OTAxNTUzODQiLCJjb2x3aWR0aCI6NH0seyJ3aWRnZXRzIjoid2lkLTE0OTAxNTU2NTgiLCJjb2x3aWR0aCI6NH1dfV19'),(19,2,'',0,'widget',0,'','','','8','','1','category',0,1,1,1,38,'',0,'_self',0,'','','','',0,0,0,'',1,'2018-07-18 16:28:08','2018-07-18 16:28:08','all','eyJzdWJ3aXRoIjoid2lkZ2V0Iiwic3VibWVudSI6MSwiZ3JvdXAiOjAsImFsaWduIjoiYWxpZ25lZC1mdWxsd2lkdGgiLCJjb2xzIjoxLCJyb3dzIjpbeyJjb2xzIjpbeyJ3aWRnZXRzIjoid2lkLTE0OTAxNTUxNzMiLCJjb2x3aWR0aCI6M30seyJ3aWRnZXRzIjoid2lkLTE0OTAxNjYxMzciLCJjb2x3aWR0aCI6NH0seyJ3aWRnZXRzIjoid2lkLTE0OTAxNjY0MjkiLCJjb2x3aWR0aCI6NX1dfV19'),(20,2,'',0,'submenu',0,'','','','12','','1','category',0,1,1,1,41,'',0,'_self',0,'','','','',0,0,0,'',1,'2018-07-18 16:28:08','2018-07-18 16:28:08','all',''),(21,2,'',0,'submenu',0,'','','','address','','1','url',0,1,1,1,44,'',0,'_self',0,'','','','',0,0,0,'',1,'2018-07-18 16:28:08','2018-07-18 16:28:08','all',''),(22,2,'',0,'submenu',0,'','','','4','','1','cms',0,1,1,1,45,'',0,'_self',0,'','','','',0,0,0,'',1,'2018-07-18 16:28:08','2018-07-18 16:28:08','all',''),(23,2,'',0,'submenu',0,'','','','contact','','1','controller',0,1,1,1,48,'',0,'_self',0,'','','','',0,0,0,'',1,'2018-07-18 16:28:08','2018-07-18 16:28:08','all',''),(24,2,'',0,'widget',0,'','','','','','1','url',0,1,1,1,50,'',0,'_self',0,'','icon-new','','',0,0,0,'',1,'2018-07-18 16:28:08','2018-07-18 16:28:08','all','eyJzdWJ3aXRoIjoid2lkZ2V0Iiwic3VibWVudSI6MSwiZ3JvdXAiOjAsImFsaWduIjoiYWxpZ25lZC1mdWxsd2lkdGgiLCJjb2xzIjoxLCJyb3dzIjpbeyJjb2xzIjpbeyJ3aWRnZXRzIjoid2lkLTE1MjM5NTkwMDF8d2lkLTE1MjM5NTkwMDN8d2lkLTE1MjM5NTkwMDR8d2lkLTE1MjM5NTkwMDV8d2lkLTE1MjM5NTkwMDZ8d2lkLTE1MjM5NTkwMDd8d2lkLTE1MjM5NTkwMDgiLCJjb2x3aWR0aCI6MTIsImNvbGNsYXNzIjoiZGVtby1wcm9kdWN0LWRldGFpbCJ9XX1dfQ=='),(55,5,'',0,'submenu',0,'','','','4','','1','manufacture',0,1,1,1,22,'',0,'_self',0,'','','','',0,0,0,'',1,'2018-07-18 17:54:09','2018-08-11 13:17:30','1,2,3,4,5,6,7,8',''),(56,5,'',0,'submenu',0,'','','','17','','1','manufacture',0,1,1,1,32,'',0,'_self',0,'','','','',0,0,0,'',1,'2018-07-18 17:54:30','2018-08-11 13:19:37','1,2,3,4,5,6,7,8',''),(57,5,'',0,'submenu',0,'','','','35','','1','manufacture',0,1,1,1,24,'',0,'_self',0,'','','','',0,0,0,'',1,'2018-07-18 17:55:15','2018-07-19 11:59:13','1,2,3,4,5,6,7,8',''),(58,5,'',0,'submenu',0,'','','','12','','1','manufacture',0,1,1,1,34,'',0,'_self',0,'','','','',0,0,0,'',1,'2018-07-18 17:56:26','2018-07-18 17:56:26','1,2,3,4,5,6,7,8',''),(59,5,'',0,'submenu',0,'','','','manufacturer','','1','controller',0,1,1,1,35,'',0,'_self',0,'','','','',0,0,0,'',1,'2018-07-18 18:42:48','2018-08-11 13:16:29','1,2,3,4,5,6,7,8',''),(70,7,'',0,'widget',0,'','','','61','','1','category',0,1,1,1,2,'',0,'_self',0,'','','','',0,0,0,'',1,'2018-07-19 23:58:50','2018-08-11 13:13:46','1,2,3,4,5,6,7,8','eyJzdWJ3aXRoIjoid2lkZ2V0Iiwic3VibWVudSI6MSwiZ3JvdXAiOjAsImFsaWduIjoiYWxpZ25lZC1sZWZ0Iiwic3Vid2lkdGgiOjEwMDAsImNvbHMiOjEsInJvd3MiOlt7ImNvbHMiOlt7IndpZGdldHMiOiJ3aWQtMTUzMTk5MTU1MCIsImNvbHdpZHRoIjozfSx7IndpZGdldHMiOiJ3aWQtMTUzMjcwMDQzNSIsImNvbHdpZHRoIjoyfSx7IndpZGdldHMiOiJ3aWQtMTUzMjcwMTYzNCIsImNvbHdpZHRoIjoyfSx7IndpZGdldHMiOiJ3aWQtMTUzMjU5OTc0NiIsImNvbHdpZHRoIjoyfSx7IndpZGdldHMiOiJ3aWQtMTUzMjU5OTE0MiIsImNvbHdpZHRoIjozfV19LHsiY29scyI6W3sid2lkZ2V0cyI6IndpZC0xNTMyNTk5MjYzIiwiY29sd2lkdGgiOjN9LHsid2lkZ2V0cyI6IndpZC0xNTMyNTk5MzU2IiwiY29sd2lkdGgiOjJ9XX1dfQ=='),(76,7,'',0,'submenu',0,'','','','65','','1','category',0,1,1,1,51,'',0,'_self',0,'','','','',0,0,0,'',1,'2018-07-31 19:01:48','2018-07-31 19:01:48','1,2,3,4,5,6,7,8',''),(77,9,'',0,'widget',0,'','','','65','','1','category',0,1,1,1,19,'',0,'_self',0,'','','','',0,0,0,'',1,'2018-08-11 15:14:51','2018-08-11 15:14:51','1,2,3,4,5,6,7,8','eyJzdWJ3aXRoIjoid2lkZ2V0Iiwic3VibWVudSI6MSwic3Vid2lkdGgiOjkwMCwiY29scyI6MSwiZ3JvdXAiOjAsInJvd3MiOlt7ImNvbHMiOlt7IndpZGdldHMiOiJ3aWQtMTUzMzk5MzUyNyIsImNvbHdpZHRoIjozfSx7IndpZGdldHMiOiJ3aWQtMTUzMzk5MzYwNSIsImNvbHdpZHRoIjoyfSx7IndpZGdldHMiOiJ3aWQtMTUzMzk5MzY2NSIsImNvbHdpZHRoIjoyfSx7IndpZGdldHMiOiJ3aWQtMTUzMzk5Mzg5OSIsImNvbHdpZHRoIjoyfSx7IndpZGdldHMiOiJ3aWQtMTUzMzk5MzcyNiIsImNvbHdpZHRoIjozfV19LHsiY29scyI6W3sid2lkZ2V0cyI6IndpZC0xNTMzOTk1MDYzIiwiY29sd2lkdGgiOjN9LHsid2lkZ2V0cyI6IndpZC0xNTMzOTk1MTc1IiwiY29sd2lkdGgiOjR9XX1dfQ=='),(78,9,'',0,'submenu',0,'','','','','','1','url',0,1,1,1,16,'',0,'_self',0,'','','','',0,0,0,'',1,'2018-08-11 15:16:34','2018-08-25 15:58:58','1,2,3,4,5,6,7,8',''),(79,9,'',0,'submenu',0,'','','','15','','1','manufacture',0,1,1,1,21,'',0,'_self',0,'','','','',0,0,0,'',1,'2018-08-11 15:52:06','2018-08-11 16:02:24','1,2,3,4,5,6,7,8',''),(80,9,'',0,'submenu',0,'','','','6','','1','manufacture',0,1,1,1,23,'',0,'_self',0,'','','','',0,0,0,'',1,'2018-08-11 15:53:33','2018-08-11 16:03:16','1,2,3,4,5,6,7,8',''),(81,9,'',0,'submenu',0,'','','','5','','1','manufacture',0,1,1,1,27,'',0,'_self',0,'','','','',0,0,0,'',1,'2018-08-11 15:54:21','2018-08-11 16:03:39','1,2,3,4,5,6,7,8',''),(82,9,'',0,'submenu',0,'','','','11','','1','manufacture',0,1,1,1,29,'',0,'_self',0,'','','','',0,0,0,'',1,'2018-08-11 15:56:57','2018-08-11 16:04:02','1,2,3,4,5,6,7,8',''),(83,9,'',0,'submenu',0,'','','','manufacturer','','1','controller',0,1,1,1,31,'',0,'_self',0,'','','','',0,0,0,'',1,'2018-08-11 15:58:15','2018-08-11 15:58:15','1,2,3,4,5,6,7,8',''),(84,7,'',0,'submenu',0,'','','','','','1','url',0,1,1,1,1,'',0,'_self',0,'','','','',0,0,0,'',1,'2018-08-25 15:59:11','2018-08-25 15:59:11','1,2,3,4,5,6,7,8',''),(85,7,'',0,'submenu',0,'','','','4','','1','manufacture',0,1,1,1,8,'',0,'_self',0,'','','','',0,0,0,'',1,'2018-08-25 16:02:58','2018-08-25 16:02:58','1,2,3,4,5,6,7,8',''),(86,7,'',0,'submenu',0,'','','','35','','1','manufacture',0,1,1,1,3,'',0,'_self',0,'','','','',0,0,0,'',1,'2018-08-25 16:03:59','2018-08-25 16:03:59','1,2,3,4,5,6,7,8',''),(87,7,'',0,'submenu',0,'','','','17','','1','manufacture',0,1,1,1,5,'',0,'_self',0,'','','','',0,0,0,'',1,'2018-08-25 16:04:37','2018-08-25 16:04:37','1,2,3,4,5,6,7,8',''),(88,7,'',0,'submenu',0,'','','','12','','1','manufacture',0,1,1,1,9,'',0,'_self',0,'','','','',0,0,0,'',1,'2018-08-25 16:05:07','2018-08-25 16:05:07','1,2,3,4,5,6,7,8',''),(89,7,'',0,'submenu',0,'','','','manufacturer','','1','controller',0,0,1,0,13,'',0,'_self',0,'','','','',0,0,0,'',1,'2018-08-25 16:05:45','2018-11-02 13:08:48','1,2,3,4,5,6,7,8',''),(90,10,'',0,'submenu',0,'','','','index','','1','controller',0,1,1,1,17,'',0,'_self',0,'','','','',0,0,0,'',1,'2018-09-07 15:30:51','2018-09-07 15:30:51','all',''),(91,10,'',90,'none',0,'','','','','','1','url',0,1,2,1,0,'',0,'_self',0,'','','','',0,0,0,'',1,'2018-09-07 15:30:51','2018-09-07 15:30:51','all',''),(92,10,'',90,'none',0,'','','','','','1','url',0,1,2,1,1,'',0,'_self',0,'','','','',0,0,0,'',1,'2018-09-07 15:30:51','2018-09-07 15:30:51','all',''),(93,10,'',90,'none',0,'','','','','','1','url',0,1,2,1,2,'',0,'_self',0,'','','','',0,0,0,'',1,'2018-09-07 15:30:51','2018-09-07 15:30:51','all',''),(94,10,'',90,'none',0,'','','','','','1','url',0,1,2,1,3,'',0,'_self',0,'','','','',0,0,0,'',1,'2018-09-07 15:30:52','2018-09-07 15:30:52','all',''),(95,10,'',0,'widget',0,'','','','4','','1','category',0,1,1,1,20,'',0,'_self',0,'','','','',0,0,0,'',1,'2018-09-07 15:30:52','2018-09-07 15:30:52','all','eyJzdWJ3aXRoIjoid2lkZ2V0Iiwic3VibWVudSI6MSwiZ3JvdXAiOjAsImFsaWduIjoiYWxpZ25lZC1mdWxsd2lkdGgiLCJjb2xzIjoxLCJyb3dzIjpbeyJjb2xzIjpbeyJ3aWRnZXRzIjoid2lkLTE0OTAxNTUxNzMiLCJjb2x3aWR0aCI6Mn0seyJ3aWRnZXRzIjoid2lkLTE0OTAxNTUyMzV8d2lkLTE0OTQ0Njc2MjYiLCJjb2x3aWR0aCI6Mn0seyJ3aWRnZXRzIjoid2lkLTE0OTAxNTUzODQiLCJjb2x3aWR0aCI6NH0seyJ3aWRnZXRzIjoid2lkLTE0OTAxNTU2NTgiLCJjb2x3aWR0aCI6NH1dfV19'),(96,10,'',0,'widget',0,'','','','8','','1','category',0,1,1,1,18,'',0,'_self',0,'','','','',0,0,0,'',1,'2018-09-07 15:30:52','2018-09-07 15:30:52','all','eyJzdWJ3aXRoIjoid2lkZ2V0Iiwic3VibWVudSI6MSwiZ3JvdXAiOjAsImFsaWduIjoiYWxpZ25lZC1mdWxsd2lkdGgiLCJjb2xzIjoxLCJyb3dzIjpbeyJjb2xzIjpbeyJ3aWRnZXRzIjoid2lkLTE0OTAxNTUxNzMiLCJjb2x3aWR0aCI6M30seyJ3aWRnZXRzIjoid2lkLTE0OTAxNjYxMzciLCJjb2x3aWR0aCI6NH0seyJ3aWRnZXRzIjoid2lkLTE0OTAxNjY0MjkiLCJjb2x3aWR0aCI6NX1dfV19'),(97,10,'',0,'submenu',0,'','','','12','','1','category',0,1,1,1,25,'',0,'_self',0,'','','','',0,0,0,'',1,'2018-09-07 15:30:52','2018-09-07 15:30:52','all',''),(98,10,'',0,'submenu',0,'','','','address','','1','url',0,1,1,1,26,'',0,'_self',0,'','','','',0,0,0,'',1,'2018-09-07 15:30:52','2018-09-07 15:30:52','all',''),(99,10,'',0,'submenu',0,'','','','4','','1','cms',0,1,1,1,28,'',0,'_self',0,'','','','',0,0,0,'',1,'2018-09-07 15:30:52','2018-09-07 15:30:52','all',''),(100,10,'',0,'submenu',0,'','','','contact','','1','controller',0,1,1,1,30,'',0,'_self',0,'','','','',0,0,0,'',1,'2018-09-07 15:30:52','2018-09-07 15:30:52','all',''),(101,10,'',0,'widget',0,'','','','','','1','url',0,1,1,1,33,'',0,'_self',0,'','icon-new','','',0,0,0,'',1,'2018-09-07 15:30:52','2018-09-07 15:30:52','all','eyJzdWJ3aXRoIjoid2lkZ2V0Iiwic3VibWVudSI6MSwiZ3JvdXAiOjAsImFsaWduIjoiYWxpZ25lZC1mdWxsd2lkdGgiLCJjb2xzIjoxLCJyb3dzIjpbeyJjb2xzIjpbeyJ3aWRnZXRzIjoid2lkLTE1MjM5NTkwMDF8d2lkLTE1MjM5NTkwMDN8d2lkLTE1MjM5NTkwMDR8d2lkLTE1MjM5NTkwMDV8d2lkLTE1MjM5NTkwMDZ8d2lkLTE1MjM5NTkwMDd8d2lkLTE1MjM5NTkwMDgiLCJjb2x3aWR0aCI6MTIsImNvbGNsYXNzIjoiZGVtby1wcm9kdWN0LWRldGFpbCJ9XX1dfQ=='),(102,11,'',0,'submenu',0,'','','','index','','1','url',0,1,1,1,4,'',0,'_self',0,'','','','',0,0,0,'',1,'2018-09-07 15:42:16','2018-10-26 14:47:29','1,2,3,4,5,6,7,8,10',''),(114,11,'',0,'widget',0,'','','','56','','1','category',0,1,1,1,6,'',0,'_self',0,'','','','',0,0,0,'',1,'2018-09-07 15:55:25','2018-09-07 15:55:25','1,2,3,4,5,6,7,8','eyJzdWJ3aXRoIjoid2lkZ2V0Iiwic3VibWVudSI6MSwiZ3JvdXAiOjAsInN1YndpZHRoIjo4MDAsImNvbHMiOjEsInJvd3MiOlt7ImNvbHMiOlt7IndpZGdldHMiOiJ3aWQtMTUzNjMyODk5NCIsImNvbHdpZHRoIjozfSx7IndpZGdldHMiOiJ3aWQtMTUzNjMyODgwNCIsImNvbHdpZHRoIjozfSx7IndpZGdldHMiOiIiLCJjb2x3aWR0aCI6M30seyJ3aWRnZXRzIjoiIiwiY29sd2lkdGgiOjN9LHsid2lkZ2V0cyI6IndpZC0xNTM2MzI5NzAwIiwiY29sd2lkdGgiOjN9LHsid2lkZ2V0cyI6IndpZC0xNTM2MzI5MjYyIiwiY29sd2lkdGgiOjN9XX0seyJjb2xzIjpbeyJ3aWRnZXRzIjoid2lkLTE1MzYzMjk3ODEiLCJjb2x3aWR0aCI6M30seyJ3aWRnZXRzIjoid2lkLTE1MzYzMjk0NzQiLCJjb2x3aWR0aCI6M31dfSx7ImNvbHMiOltdfV19'),(115,11,'',0,'submenu',0,'','','','191','','1','category',0,1,1,1,15,'',0,'_self',0,'','','','',0,0,0,'',1,'2018-09-07 15:56:32','2018-10-26 16:38:57','1,2,3,4,5,6,7,8',''),(116,12,'',0,'submenu',0,'','','','','','1','url',0,1,1,1,52,'',0,'_self',0,'','','','',0,0,0,'',1,'2018-09-07 18:09:23','2018-09-07 18:09:23','1,2,3,4,5,6,7,8',''),(117,7,'',0,'submenu',0,'','','','','','1','url',0,1,1,1,53,'',0,'_self',0,'','','','',0,0,0,'',1,'2018-10-26 14:46:38','2018-10-26 14:46:38','1,2,3,4,5,6,7,8,10',''),(118,11,'',0,'submenu',0,'','','','6','','1','manufacture',0,1,1,1,10,'',0,'_self',0,'','','','',0,0,0,'',1,'2018-10-26 15:00:19','2018-11-15 01:27:31','1,2,3,4,5,6,7,8,10',''),(119,11,'',0,'submenu',0,'','','','11','','1','manufacture',0,1,1,1,12,'',0,'_self',0,'','','','',0,0,0,'',1,'2018-10-26 15:01:33','2018-10-26 16:37:45','1,2,3,4,5,6,7,8,10',''),(120,11,'',0,'submenu',0,'','','','13','','1','manufacture',0,1,1,1,14,'',0,'_self',0,'','','','',0,0,0,'',1,'2018-10-26 15:03:55','2018-10-26 16:38:14','1,2,3,4,5,6,7,8,10',''),(121,7,'',0,'submenu',0,'','','','38','','1','manufacture',0,1,1,1,7,'',0,'_self',0,'','','','',0,0,0,'',1,'2018-11-02 13:12:55','2018-11-02 13:14:04','1,2,3,4,5,6,7,8',''),(122,7,'',0,'submenu',0,'','','','32','','1','manufacture',0,1,1,1,11,'',0,'_self',0,'','','','',0,0,0,'',1,'2018-11-02 13:14:37','2018-11-02 13:14:37','1,2,3,4,5,6,7,8,10',''),(123,11,'',0,'submenu',0,'','','','225','','1','category',0,1,1,1,54,'',0,'_self',0,'','','','',0,0,0,'',1,'2018-11-15 01:17:58','2018-12-20 12:28:43','1,2,3,4,5,6,7','');

--
-- Table structure for table `pre3303_btmegamenu_group`
--

CREATE TABLE `pre3303_btmegamenu_group` (
  `id_btmegamenu_group` int(11) NOT NULL AUTO_INCREMENT,
  `id_shop` int(10) unsigned NOT NULL,
  `hook` varchar(64) DEFAULT NULL,
  `position` int(11) NOT NULL,
  `active` tinyint(1) unsigned NOT NULL DEFAULT '1',
  `params` text NOT NULL,
  `active_ap` tinyint(1) DEFAULT NULL,
  `randkey` varchar(255) DEFAULT NULL,
  `form_id` varchar(255) DEFAULT NULL,
  PRIMARY KEY (`id_btmegamenu_group`,`id_shop`)
) ENGINE=InnoDB AUTO_INCREMENT=13 DEFAULT CHARSET=utf8;

--
-- Dumping data for table `pre3303_btmegamenu_group`
--

INSERT INTO `pre3303_btmegamenu_group` VALUES (1,4,'',0,0,'eyJncm91cF90eXBlIjoiaG9yaXpvbnRhbCIsInNob3dfY2F2YXMiOiIxIiwidHlwZV9zdWIiOiJhdXRvIiwiZ3JvdXBfY2xhc3MiOiIifQ==',1,'ac70e5b81cccd4671f8c75a464e569bd','1490952987'),(2,5,'',0,1,'eyJncm91cF90eXBlIjoiaG9yaXpvbnRhbCIsInNob3dfY2F2YXMiOiIxIiwidHlwZV9zdWIiOiJhdXRvIiwiZ3JvdXBfY2xhc3MiOiIifQ==',1,'ac70e5b81cccd4671f8c75a464e569bd','2516308719'),(5,4,'',1,0,'eyJncm91cF90eXBlIjoiaG9yaXpvbnRhbCIsInNob3dfY2F2YXMiOiIxIiwidHlwZV9zdWIiOiJhdXRvIiwiZ3JvdXBfY2xhc3MiOiIifQ==',1,'1b7ba8e713a64f6d0425faa4fb18d3d3','9483629765404306'),(7,4,'',2,1,'eyJncm91cF90eXBlIjoiaG9yaXpvbnRhbCIsInNob3dfY2F2YXMiOiIxIiwidHlwZV9zdWIiOiJhdXRvIiwiZ3JvdXBfY2xhc3MiOiIifQ==',1,'23d68d3a3318ef44c3a0ef875317ccff','5538121542416328'),(9,5,'',1,1,'eyJncm91cF90eXBlIjoiaG9yaXpvbnRhbCIsInNob3dfY2F2YXMiOiIxIiwidHlwZV9zdWIiOiJhdXRvIiwiZ3JvdXBfY2xhc3MiOiIifQ==',1,'f104ef1a5788313802650f57ef5fb945','2951097683'),(10,2,'',0,1,'eyJncm91cF90eXBlIjoiaG9yaXpvbnRhbCIsInNob3dfY2F2YXMiOiIxIiwidHlwZV9zdWIiOiJhdXRvIiwiZ3JvdXBfY2xhc3MiOiIifQ==',1,'ac70e5b81cccd4671f8c75a464e569bd','4310079292768708'),(11,2,'',1,1,'eyJncm91cF90eXBlIjoiaG9yaXpvbnRhbCIsInNob3dfY2F2YXMiOiIxIiwidHlwZV9zdWIiOiJhdXRvIiwiZ3JvdXBfY2xhc3MiOiIifQ==',1,'a3b24b95cd804d8dc9aaf56c936d5db0','9693321892581452'),(12,5,'',2,1,'eyJncm91cF90eXBlIjoiaG9yaXpvbnRhbCIsInNob3dfY2F2YXMiOiIxIiwidHlwZV9zdWIiOiJhdXRvIiwiZ3JvdXBfY2xhc3MiOiIifQ==',0,'9998ed9ea6dc004a34fe786ab925001e','');

--
-- Table structure for table `pre3303_btmegamenu_group_lang`
--

CREATE TABLE `pre3303_btmegamenu_group_lang` (
  `id_btmegamenu_group` int(11) NOT NULL,
  `id_lang` int(11) NOT NULL,
  `title` varchar(255) DEFAULT NULL,
  `title_fo` varchar(255) DEFAULT NULL,
  PRIMARY KEY (`id_btmegamenu_group`,`id_lang`)
) ENGINE=InnoDB DEFAULT CHARSET=utf8;

--
-- Dumping data for table `pre3303_btmegamenu_group_lang`
--

INSERT INTO `pre3303_btmegamenu_group_lang` VALUES (1,1,'Sample Megamenu','Catégories'),(1,2,'Sample Megamenu','Categories'),(2,1,'Sample Megamenu','Catégories'),(2,2,'Sample Megamenu','Categories'),(5,1,'JK LITHO Megamenu Droite','Catégories'),(5,2,'Dupliquer des Dupliquer des Sample Megamenu','Categories'),(7,1,'JK LITHO Megamenu Gauche',''),(7,2,'JK LITHO Megamenu Gauche',''),(9,1,'JK StreetArt-store',''),(9,2,'JK StreetArt-store',''),(10,1,'Sample Megamenu','Catégories'),(10,2,'Sample Megamenu','Categories'),(11,1,'JoelKnafo Menu','Catégories'),(11,2,'Dupliquer des Sample Megamenu','Categories'),(12,1,'JK Galerie Joel Knafo',''),(12,2,'JK Galerie Joel Knafo','');

--
-- Table structure for table `pre3303_btmegamenu_lang`
--

CREATE TABLE `pre3303_btmegamenu_lang` (
  `id_btmegamenu` int(11) NOT NULL,
  `id_lang` int(11) NOT NULL,
  `title` varchar(255) DEFAULT NULL,
  `text` varchar(255) DEFAULT NULL,
  `url` varchar(255) DEFAULT NULL,
  `description` text,
  `content_text` text,
  `submenu_content_text` text,
  PRIMARY KEY (`id_btmegamenu`,`id_lang`)
) ENGINE=InnoDB DEFAULT CHARSET=utf8;

--
-- Dumping data for table `pre3303_btmegamenu_lang`
--

INSERT INTO `pre3303_btmegamenu_lang` VALUES (1,1,'Accueil','','','','',NULL),(1,2,'Home','','','','',NULL),(2,1,'Accueil 1','','home-1.html','','',NULL),(2,2,'Home 1','','home-1.html','','',NULL),(3,1,'Accueil 2','','home-2.html','','',NULL),(3,2,'Home 2','','home-2.html','','',NULL),(4,1,'Accueil 3','','home-3.html','','',NULL),(4,2,'Home 3','','home-3.html','','',NULL),(5,1,'Accueil 4','','home-4.html','','',NULL),(5,2,'Home 4','','home-4.html','','',NULL),(6,1,'Vêtements','','','','',NULL),(6,2,'Apparel','','','','',NULL),(7,1,'Chaussures','','','','',NULL),(7,2,'Shoes','','','','',NULL),(8,1,'Sacs à main','','','','',NULL),(8,2,'Handbags','','','','',NULL),(9,1,'Blog','','blog.html','','',NULL),(9,2,'Blog','','blog.html','','',NULL),(10,1,'Sur','','','','',NULL),(10,2,'About','','','','',NULL),(11,1,'Contact','','','','',NULL),(11,2,'Contact','','','','',NULL),(12,1,'Disposition des produits','','#','','',NULL),(12,2,'Product Layouts','','#','','',NULL),(13,1,'Accueil','','','','',NULL),(13,2,'Home','','','','',NULL),(14,1,'Accueil 1','','home-1.html','','',NULL),(14,2,'Home 1','','home-1.html','','',NULL),(15,1,'Accueil 2','','home-2.html','','',NULL),(15,2,'Home 2','','home-2.html','','',NULL),(16,1,'Accueil 3','','home-3.html','','',NULL),(16,2,'Home 3','','home-3.html','','',NULL),(17,1,'Accueil 4','','home-4.html','','',NULL),(17,2,'Home 4','','home-4.html','','',NULL),(18,1,'Vêtements','','','','',NULL),(18,2,'Apparel','','','','',NULL),(19,1,'Chaussures','','','','',NULL),(19,2,'Shoes','','','','',NULL),(20,1,'Sacs à main','','','','',NULL),(20,2,'Handbags','','','','',NULL),(21,1,'Blog','','blog.html','','',NULL),(21,2,'Blog','','blog.html','','',NULL),(22,1,'Sur','','','','',NULL),(22,2,'About','','','','',NULL),(23,1,'Contact','','','','',NULL),(23,2,'Contact','','','','',NULL),(24,1,'Disposition des produits','','#','','',NULL),(24,2,'Product Layouts','','#','','',NULL),(55,1,'Miss Tic','','','','',NULL),(55,2,'Miss Tic','','','','',NULL),(56,1,'Speedy Graphito','','','','',NULL),(56,2,'Speedy Graphito','','','','',NULL),(57,1,'Shepard Fairey (Obey)','','','','',NULL),(57,2,'Shepard Faire (Obey)','','','','',NULL),(58,1,'Levalet','','','','',NULL),(58,2,'Levalet','','','','',NULL),(59,1,'Tous les Artistes','','','','',NULL),(59,2,'All Artists','','','','',NULL),(70,1,'Toutes les Oeuvres','','','','',NULL),(70,2,'All Artworks','','','','',NULL),(76,1,'Toutes les Oeuvres','','','','',NULL),(76,2,'Toutes les Oeuvres','','','','',NULL),(77,1,'Toutes les Oeuvres','','','','',NULL),(77,2,'All Artworks','','','','',NULL),(78,1,'Accueil','','https://streetart-store.com','','',NULL),(78,2,'Home','','https://streetart-store.com','','',NULL),(79,1,'EvazéSir','','','','',NULL),(79,2,'EvazéSir','','','','',NULL),(80,1,'Philippe Hérard','','','','',NULL),(80,2,'Philippe Hérard','','','','',NULL),(81,1,'Jo di Bona','','','','',NULL),(81,2,'Jo di Bona','','','','',NULL),(82,1,'Gottfried Salzmann','','','','',NULL),(82,2,'Gottfried Salzmann','','','','',NULL),(83,1,'Tous les Artistes','','','','',NULL),(83,2,'All Artists','','','','',NULL),(84,1,'Accueil','','https://www.litho.online','','',NULL),(84,2,'Home','','https://www.litho.online','','',NULL),(85,1,'Miss Tic','','','','',NULL),(85,2,'Miss Tic','','','','',NULL),(86,1,'Shepard Fairey (Obey)','','','','',NULL),(86,2,'Shepard Fairey (Obey)','','','','',NULL),(87,1,'Speedy Graphito','','','','',NULL),(87,2,'Speedy Graphito','','','','',NULL),(88,1,'Levalet','','','','',NULL),(88,2,'Levalet','','','','',NULL),(89,1,'Tous les Artistes','','','','',NULL),(89,2,'All Artists','','','','',NULL),(90,1,'Accueil','','','','',NULL),(90,2,'Home','','','','',NULL),(91,1,'Accueil 1','','home-1.html','','',NULL),(91,2,'Home 1','','home-1.html','','',NULL),(92,1,'Accueil 2','','home-2.html','','',NULL),(92,2,'Home 2','','home-2.html','','',NULL),(93,1,'Accueil 3','','home-3.html','','',NULL),(93,2,'Home 3','','home-3.html','','',NULL),(94,1,'Accueil 4','','home-4.html','','',NULL),(94,2,'Home 4','','home-4.html','','',NULL),(95,1,'Vêtements','','','','',NULL),(95,2,'Apparel','','','','',NULL),(96,1,'Chaussures','','','','',NULL),(96,2,'Shoes','','','','',NULL),(97,1,'Sacs à main','','','','',NULL),(97,2,'Handbags','','','','',NULL),(98,1,'Blog','','blog.html','','',NULL),(98,2,'Blog','','blog.html','','',NULL),(99,1,'Sur','','','','',NULL),(99,2,'About','','','','',NULL),(100,1,'Contact','','','','',NULL),(100,2,'Contact','','','','',NULL),(101,1,'Disposition des produits','','#','','',NULL),(101,2,'Product Layouts','','#','','',NULL),(102,1,'Accueil','','https://store.joelknafo-art.com','','',NULL),(102,2,'Home','','https://store.joelknafo-art.com','','',NULL),(114,1,'Toutes les Oeuvres','','','','',NULL),(114,2,'All Artworks','','','','',NULL),(115,1,'Tous les Artistes','','','','',NULL),(115,2,'All Artists','','','','',NULL),(116,1,'Accueil','','https://store.joelknafo-art.com/fr/?id_appagebuilder_profiles=25','','',NULL),(116,2,'Accueil','','https://store.joelknafo-art.com/fr/?id_appagebuilder_profiles=25','','',NULL),(117,1,'Accueil','','https://store.joelknafo-art.com','','',NULL),(117,2,'Accueil','','https://store.joelknafo-art.com','','',NULL),(118,1,'Philippe Hérard','','https://store.joelknafo-art.com/fr/193-evazesir','','',NULL),(118,2,'EvazéSir','','https://store.joelknafo-art.com/en/193-evazesir','','',NULL),(119,1,'Gottfried Salzmann','','https://store.joelknafo-art.com/fr/201-gottfried-salzmann','','',NULL),(119,2,'Gottfried Salzmann','','https://store.joelknafo-art.com/en/201-gottfried-salzmann','','',NULL),(120,1,'Romain Froquet','','https://store.joelknafo-art.com/fr/206-romain-froquet','','',NULL),(120,2,'Romain Froquet','','https://store.joelknafo-art.com/en/206-romain-froquet','','',NULL),(121,1,'Dran','','','','',NULL),(121,2,'Dran','','','','',NULL),(122,1,'Cleon Peterson','','','','',NULL),(122,2,'Cleon Peterson','','','','',NULL),(123,1,'Exposition \"Variations\"','','','','',NULL),(123,2,'Dupliquer des All Artists','','','','',NULL);

--
-- Table structure for table `pre3303_btmegamenu_shop`
--

CREATE TABLE `pre3303_btmegamenu_shop` (
  `id_btmegamenu` int(11) NOT NULL DEFAULT '0',
  `id_shop` int(11) NOT NULL DEFAULT '0',
  PRIMARY KEY (`id_btmegamenu`,`id_shop`)
) ENGINE=InnoDB DEFAULT CHARSET=utf8;

--
-- Dumping data for table `pre3303_btmegamenu_shop`
--

INSERT INTO `pre3303_btmegamenu_shop` VALUES (1,4),(2,4),(3,4),(4,4),(5,4),(6,4),(7,4),(8,4),(9,4),(10,4),(11,4),(12,4),(13,5),(14,5),(15,5),(16,5),(17,5),(18,5),(19,5),(20,5),(21,5),(22,5),(23,5),(24,5),(55,4),(56,4),(57,4),(58,4),(59,4),(70,4),(76,5),(77,5),(78,5),(79,5),(80,5),(81,5),(82,5),(83,5),(84,4),(85,4),(86,4),(87,4),(88,4),(89,4),(90,2),(91,2),(92,2),(93,2),(94,2),(95,2),(96,2),(97,2),(98,2),(99,2),(100,2),(101,2),(102,2),(114,2),(115,2),(116,5),(117,5),(118,2),(119,2),(120,2),(121,4),(122,4),(123,2);

--
-- Table structure for table `pre3303_btmegamenu_widgets`
--

CREATE TABLE `pre3303_btmegamenu_widgets` (
  `id_btmegamenu_widgets` int(11) NOT NULL AUTO_INCREMENT,
  `name` varchar(250) NOT NULL,
  `type` varchar(250) NOT NULL,
  `params` longtext,
  `id_shop` int(11) unsigned NOT NULL,
  `key_widget` int(11) NOT NULL,
  PRIMARY KEY (`id_btmegamenu_widgets`,`id_shop`)
) ENGINE=InnoDB AUTO_INCREMENT=89 DEFAULT CHARSET=utf8;

--
-- Dumping data for table `pre3303_btmegamenu_widgets`
--

INSERT INTO `pre3303_btmegamenu_widgets` VALUES (15,'Category','sub_categories','eyJhZGRidG1lZ2FtZW51X3dpZGdldHMiOiIxIiwiaWRfYnRtZWdhbWVudV93aWRnZXRzIjoiNyIsIndpZGdldF9uYW1lIjoiQ2F0ZWdvcnkiLCJ3aWRnZXRfdHlwZSI6InN1Yl9jYXRlZ29yaWVzIiwic2F2ZWFuZHN0YXlsZW93aWRnZXQiOiIiLCJjYXRlZ29yeV9pZCI6IjIiLCJ3aWRnZXRfdGl0bGVfMiI6IiIsIndpZGdldF90aXRsZV8xIjoiIiwid2lkZ2V0X3RpdGxlX2RlIjoiIiwid2lkZ2V0X3RpdGxlX2l0IjoiIiwid2lkZ2V0X3RpdGxlX2VzIjoiIiwid2lkZ2V0X3RpdGxlX2FyIjoiIn0=',5,1490155173),(16,'Dresses','sub_categories','eyJhZGRidG1lZ2FtZW51X3dpZGdldHMiOiIxIiwiaWRfYnRtZWdhbWVudV93aWRnZXRzIjoiMiIsIndpZGdldF9uYW1lIjoiRHJlc3NlcyIsIndpZGdldF90eXBlIjoic3ViX2NhdGVnb3JpZXMiLCJzYXZlYW5kc3RheWxlb3dpZGdldCI6IiIsImNhdGVnb3J5X2lkIjoiOCIsIndpZGdldF90aXRsZV8yIjoiIiwid2lkZ2V0X3RpdGxlXzEiOiIiLCJ3aWRnZXRfdGl0bGVfZGUiOiIiLCJ3aWRnZXRfdGl0bGVfaXQiOiIiLCJ3aWRnZXRfdGl0bGVfZXMiOiIiLCJ3aWRnZXRfdGl0bGVfYXIiOiIifQ==',5,1490155235),(17,'Latest news','html','[encoded data, 6852 characters]',5,1490155384),(18,'Video','video_code','eyJhZGRidG1lZ2FtZW51X3dpZGdldHMiOiIxIiwiaWRfYnRtZWdhbWVudV93aWRnZXRzIjoiMTAiLCJ3aWRnZXRfbmFtZSI6IlZpZGVvIiwid2lkZ2V0X3R5cGUiOiJ2aWRlb19jb2RlIiwic2F2ZWFuZHN0YXlsZW93aWRnZXQiOiIiLCJ2aWRlb19jb2RlIjoiPGlmcmFtZSAgc3JjPVwiaHR0cHM6XC9cL3d3dy55b3V0dWJlLmNvbVwvZW1iZWRcL2lab1IyMWp1UnpzXCIgYWxsb3dmdWxsc2NyZWVuPVwiXCI+PFwvaWZyYW1lPiIsIndpZGdldF90aXRsZV8yIjoiIiwid2lkZ2V0X3RpdGxlXzEiOiIiLCJ3aWRnZXRfdGl0bGVfZGUiOiIiLCJ3aWRnZXRfdGl0bGVfaXQiOiIiLCJ3aWRnZXRfdGl0bGVfZXMiOiIiLCJ3aWRnZXRfdGl0bGVfYXIiOiIifQ==',5,1490155658),(19,'Product newest','product_list','eyJhZGRidG1lZ2FtZW51X3dpZGdldHMiOiIxIiwiaWRfYnRtZWdhbWVudV93aWRnZXRzIjoiNSIsIndpZGdldF9uYW1lIjoiUHJvZHVjdCBuZXdlc3QiLCJ3aWRnZXRfdHlwZSI6InByb2R1Y3RfbGlzdCIsInNhdmVhbmRzdGF5bGVvd2lkZ2V0IjoiIiwic291cmNlIjoicHR5cGUiLCJjYXRlZ29yaWVzIjoiIiwicHR5cGUiOiJuZXdlc3QiLCJwcHJvZHVjdGlkcyI6IiIsImxpbWl0IjoiMyIsIm9yZGVyYnkiOiJkYXRlX2FkZCIsIm9yZGVyd2F5IjoiQVNDIiwid2lkZ2V0X3RpdGxlXzIiOiJQcm9kdWN0IG5ld2VzdCIsIndpZGdldF90aXRsZV8xIjoiUHJvZHVpdCBsZSBwbHVzIHJcdTAwZTljZW50Iiwid2lkZ2V0X3RpdGxlX2RlIjoiUHJvZHVrdCBuZXVlc3RlIiwid2lkZ2V0X3RpdGxlX2l0IjoiUHJvZG90dG8gcGlcdTAwZjkgcmVjZW50ZSIsIndpZGdldF90aXRsZV9lcyI6IlByb2R1Y3RvIG1cdTAwZTFzIHJlY2llbnRlIiwid2lkZ2V0X3RpdGxlX2FyIjoiXHUwNjI3XHUwNjQ0XHUwNjQ1XHUwNjQ2XHUwNjJhXHUwNjJjIFx1MDYyN1x1MDY0NFx1MDYyM1x1MDYyZFx1MDYyZlx1MDYyYiJ9',5,1490166137),(20,'About Us','html','[encoded data, 6892 characters]',5,1490166429),(21,'Shirts & Tops','sub_categories','eyJhZGRidG1lZ2FtZW51X3dpZGdldHMiOiIxIiwiaWRfYnRtZWdhbWVudV93aWRnZXRzIjoiIiwid2lkZ2V0X25hbWUiOiJTaGlydHMgJiBUb3BzIiwid2lkZ2V0X3R5cGUiOiJzdWJfY2F0ZWdvcmllcyIsInNhdmVhbmRzdGF5bGVvd2lkZ2V0IjoiIiwiY2F0ZWdvcnlfaWQiOiIzIiwid2lkZ2V0X3RpdGxlXzIiOiIiLCJ3aWRnZXRfdGl0bGVfMSI6IiIsIndpZGdldF90aXRsZV9kZSI6IiIsIndpZGdldF90aXRsZV9pdCI6IiIsIndpZGdldF90aXRsZV9lcyI6IiIsIndpZGdldF90aXRsZV9hciI6IiJ9',5,1494467626),(22,'Product Layout 1','html','eyJ3aWRnZXRfbmFtZSI6IlByb2R1Y3QgTGF5b3V0IDEiLCJ3aWRnZXRfdHlwZSI6Imh0bWwiLCJ3aWRnZXRfdGl0bGVfMiI6IiIsIndpZGdldF90aXRsZV8xIjoiIiwid2lkZ2V0X3RpdGxlX2RlIjoiIiwid2lkZ2V0X3RpdGxlX2l0IjoiIiwid2lkZ2V0X3RpdGxlX2VzIjoiIiwid2lkZ2V0X3RpdGxlX2FyIjoiIiwiaHRtbGNvbnRlbnRfMiI6IjxhIGhyZWY9XCI/bGF5b3V0PWRldGFpbDE1MjI4NDIyNTlcIiB0aXRsZT1cIlByb2R1Y3QgaW1hZ2UgdGh1bWJzIGJvdHRvbVwiPjxpbWcgY2xhc3M9XCJpbWctZmx1aWRcIiBzcmM9XCJodHRwczpcL1wvaS5waW5pbWcuY29tXC9vcmlnaW5hbHNcLzhjXC8xNlwvZjlcLzhjMTZmOWYwMjRhZjE2OTc3YWRjMWY2MTg4NzJlYjhiLmpwZ1wiIGFsdD1cIlByb2R1Y3QgaW1hZ2UgdGh1bWJzIGJvdHRvbVwiPjxcL2E+IiwiaHRtbGNvbnRlbnRfMSI6IjxhIGhyZWY9XCI/bGF5b3V0PWRldGFpbDE1MjI4NDIyNTlcIiB0aXRsZT1cIlByb2R1Y3QgaW1hZ2UgdGh1bWJzIGJvdHRvbVwiPjxpbWcgY2xhc3M9XCJpbWctZmx1aWRcIiBzcmM9XCJodHRwczpcL1wvaS5waW5pbWcuY29tXC9vcmlnaW5hbHNcLzhjXC8xNlwvZjlcLzhjMTZmOWYwMjRhZjE2OTc3YWRjMWY2MTg4NzJlYjhiLmpwZ1wiIGFsdD1cIlByb2R1Y3QgaW1hZ2UgdGh1bWJzIGJvdHRvbVwiPjxcL2E+IiwiaHRtbGNvbnRlbnRfZGUiOiI8YSBocmVmPVwiP2xheW91dD1kZXRhaWwxNTIyODQyMjU5XCIgdGl0bGU9XCJQcm9kdWN0IGltYWdlIHRodW1icyBib3R0b21cIj48aW1nIGNsYXNzPVwiaW1nLWZsdWlkXCIgc3JjPVwiaHR0cHM6XC9cL2kucGluaW1nLmNvbVwvb3JpZ2luYWxzXC84Y1wvMTZcL2Y5XC84YzE2ZjlmMDI0YWYxNjk3N2FkYzFmNjE4ODcyZWI4Yi5qcGdcIiBhbHQ9XCJQcm9kdWN0IGltYWdlIHRodW1icyBib3R0b21cIj48XC9hPiIsImh0bWxjb250ZW50X2l0IjoiPGEgaHJlZj1cIj9sYXlvdXQ9ZGV0YWlsMTUyMjg0MjI1OVwiIHRpdGxlPVwiUHJvZHVjdCBpbWFnZSB0aHVtYnMgYm90dG9tXCI+PGltZyBjbGFzcz1cImltZy1mbHVpZFwiIHNyYz1cImh0dHBzOlwvXC9pLnBpbmltZy5jb21cL29yaWdpbmFsc1wvOGNcLzE2XC9mOVwvOGMxNmY5ZjAyNGFmMTY5NzdhZGMxZjYxODg3MmViOGIuanBnXCIgYWx0PVwiUHJvZHVjdCBpbWFnZSB0aHVtYnMgYm90dG9tXCI+PFwvYT4iLCJodG1sY29udGVudF9lcyI6IjxhIGhyZWY9XCI/bGF5b3V0PWRldGFpbDE1MjI4NDIyNTlcIiB0aXRsZT1cIlByb2R1Y3QgaW1hZ2UgdGh1bWJzIGJvdHRvbVwiPjxpbWcgY2xhc3M9XCJpbWctZmx1aWRcIiBzcmM9XCJodHRwczpcL1wvaS5waW5pbWcuY29tXC9vcmlnaW5hbHNcLzhjXC8xNlwvZjlcLzhjMTZmOWYwMjRhZjE2OTc3YWRjMWY2MTg4NzJlYjhiLmpwZ1wiIGFsdD1cIlByb2R1Y3QgaW1hZ2UgdGh1bWJzIGJvdHRvbVwiPjxcL2E+IiwiaHRtbGNvbnRlbnRfYXIiOiI8YSBocmVmPVwiP2xheW91dD1kZXRhaWwxNTIyODQyMjU5XCIgdGl0bGU9XCJQcm9kdWN0IGltYWdlIHRodW1icyBib3R0b21cIj48aW1nIGNsYXNzPVwiaW1nLWZsdWlkXCIgc3JjPVwiaHR0cHM6XC9cL2kucGluaW1nLmNvbVwvb3JpZ2luYWxzXC84Y1wvMTZcL2Y5XC84YzE2ZjlmMDI0YWYxNjk3N2FkYzFmNjE4ODcyZWI4Yi5qcGdcIiBhbHQ9XCJQcm9kdWN0IGltYWdlIHRodW1icyBib3R0b21cIj48XC9hPiJ9',5,1523959001),(23,'Product Layout 2','html','eyJ3aWRnZXRfbmFtZSI6IlByb2R1Y3QgTGF5b3V0IDIiLCJ3aWRnZXRfdHlwZSI6Imh0bWwiLCJ3aWRnZXRfdGl0bGVfMiI6IiIsIndpZGdldF90aXRsZV8xIjoiIiwid2lkZ2V0X3RpdGxlX2RlIjoiIiwid2lkZ2V0X3RpdGxlX2l0IjoiIiwid2lkZ2V0X3RpdGxlX2VzIjoiIiwid2lkZ2V0X3RpdGxlX2FyIjoiIiwiaHRtbGNvbnRlbnRfMiI6IjxhIGhyZWY9XCI/bGF5b3V0PWRldGFpbDE1MjI4MzM0NTlcIiB0aXRsZT1cIlByb2R1Y3QgaW1hZ2UgdGh1bWJzIGxlZnRcIj48aW1nIGNsYXNzPVwiaW1nLWZsdWlkXCIgc3JjPVwiaHR0cHM6XC9cL2kucGluaW1nLmNvbVwvb3JpZ2luYWxzXC85OFwvYjRcL2IwXC85OGI0YjA1ZmVmODkxM2IyYTM3Y2JiNTkyYjkyMWU3Yi5qcGdcIiBhbHQ9XCJQcm9kdWN0IGltYWdlIHRodW1icyBsZWZ0XCI+PFwvYT4iLCJodG1sY29udGVudF8xIjoiPGEgaHJlZj1cIj9sYXlvdXQ9ZGV0YWlsMTUyMjgzMzQ1OVwiIHRpdGxlPVwiUHJvZHVjdCBpbWFnZSB0aHVtYnMgbGVmdFwiPjxpbWcgY2xhc3M9XCJpbWctZmx1aWRcIiBzcmM9XCJodHRwczpcL1wvaS5waW5pbWcuY29tXC9vcmlnaW5hbHNcLzk4XC9iNFwvYjBcLzk4YjRiMDVmZWY4OTEzYjJhMzdjYmI1OTJiOTIxZTdiLmpwZ1wiIGFsdD1cIlByb2R1Y3QgaW1hZ2UgdGh1bWJzIGxlZnRcIj48XC9hPiIsImh0bWxjb250ZW50X2RlIjoiPGEgaHJlZj1cIj9sYXlvdXQ9ZGV0YWlsMTUyMjgzMzQ1OVwiIHRpdGxlPVwiUHJvZHVjdCBpbWFnZSB0aHVtYnMgbGVmdFwiPjxpbWcgY2xhc3M9XCJpbWctZmx1aWRcIiBzcmM9XCJodHRwczpcL1wvaS5waW5pbWcuY29tXC9vcmlnaW5hbHNcLzk4XC9iNFwvYjBcLzk4YjRiMDVmZWY4OTEzYjJhMzdjYmI1OTJiOTIxZTdiLmpwZ1wiIGFsdD1cIlByb2R1Y3QgaW1hZ2UgdGh1bWJzIGxlZnRcIj48XC9hPiIsImh0bWxjb250ZW50X2l0IjoiPGEgaHJlZj1cIj9sYXlvdXQ9ZGV0YWlsMTUyMjgzMzQ1OVwiIHRpdGxlPVwiUHJvZHVjdCBpbWFnZSB0aHVtYnMgbGVmdFwiPjxpbWcgY2xhc3M9XCJpbWctZmx1aWRcIiBzcmM9XCJodHRwczpcL1wvaS5waW5pbWcuY29tXC9vcmlnaW5hbHNcLzk4XC9iNFwvYjBcLzk4YjRiMDVmZWY4OTEzYjJhMzdjYmI1OTJiOTIxZTdiLmpwZ1wiIGFsdD1cIlByb2R1Y3QgaW1hZ2UgdGh1bWJzIGxlZnRcIj48XC9hPiIsImh0bWxjb250ZW50X2VzIjoiPGEgaHJlZj1cIj9sYXlvdXQ9ZGV0YWlsMTUyMjgzMzQ1OVwiIHRpdGxlPVwiUHJvZHVjdCBpbWFnZSB0aHVtYnMgbGVmdFwiPjxpbWcgY2xhc3M9XCJpbWctZmx1aWRcIiBzcmM9XCJodHRwczpcL1wvaS5waW5pbWcuY29tXC9vcmlnaW5hbHNcLzk4XC9iNFwvYjBcLzk4YjRiMDVmZWY4OTEzYjJhMzdjYmI1OTJiOTIxZTdiLmpwZ1wiIGFsdD1cIlByb2R1Y3QgaW1hZ2UgdGh1bWJzIGxlZnRcIj48XC9hPiIsImh0bWxjb250ZW50X2FyIjoiPGEgaHJlZj1cIj9sYXlvdXQ9ZGV0YWlsMTUyMjgzMzQ1OVwiIHRpdGxlPVwiUHJvZHVjdCBpbWFnZSB0aHVtYnMgbGVmdFwiPjxpbWcgY2xhc3M9XCJpbWctZmx1aWRcIiBzcmM9XCJodHRwczpcL1wvaS5waW5pbWcuY29tXC9vcmlnaW5hbHNcLzk4XC9iNFwvYjBcLzk4YjRiMDVmZWY4OTEzYjJhMzdjYmI1OTJiOTIxZTdiLmpwZ1wiIGFsdD1cIlByb2R1Y3QgaW1hZ2UgdGh1bWJzIGxlZnRcIj48XC9hPiJ9',5,1523959003),(24,'Product Layout 3','html','eyJ3aWRnZXRfbmFtZSI6IlByb2R1Y3QgTGF5b3V0IDMiLCJ3aWRnZXRfdHlwZSI6Imh0bWwiLCJ3aWRnZXRfdGl0bGVfMiI6IiIsIndpZGdldF90aXRsZV8xIjoiIiwid2lkZ2V0X3RpdGxlX2RlIjoiIiwid2lkZ2V0X3RpdGxlX2l0IjoiIiwid2lkZ2V0X3RpdGxlX2VzIjoiIiwid2lkZ2V0X3RpdGxlX2FyIjoiIiwiaHRtbGNvbnRlbnRfMiI6IjxhIGhyZWY9XCI/bGF5b3V0PWRldGFpbDE1MjMwMDMwOTFcIiB0aXRsZT1cIlByb2R1Y3QgaW1hZ2UgdGh1bWJzIHJpZ2h0XCI+PGltZyBjbGFzcz1cImltZy1mbHVpZFwiIHNyYz1cImh0dHBzOlwvXC9pLnBpbmltZy5jb21cL29yaWdpbmFsc1wvODFcL2M0XC80MVwvODFjNDQxYzFiMmY2YzNlNTZiM2RhNTZiNjUzMjQ0MjMuanBnXCIgYWx0PVwiUHJvZHVjdCBpbWFnZSB0aHVtYnMgcmlnaHRcIj48XC9hPiIsImh0bWxjb250ZW50XzEiOiI8YSBocmVmPVwiP2xheW91dD1kZXRhaWwxNTIzMDAzMDkxXCIgdGl0bGU9XCJQcm9kdWN0IGltYWdlIHRodW1icyByaWdodFwiPjxpbWcgY2xhc3M9XCJpbWctZmx1aWRcIiBzcmM9XCJodHRwczpcL1wvaS5waW5pbWcuY29tXC9vcmlnaW5hbHNcLzgxXC9jNFwvNDFcLzgxYzQ0MWMxYjJmNmMzZTU2YjNkYTU2YjY1MzI0NDIzLmpwZ1wiIGFsdD1cIlByb2R1Y3QgaW1hZ2UgdGh1bWJzIHJpZ2h0XCI+PFwvYT4iLCJodG1sY29udGVudF9kZSI6IjxhIGhyZWY9XCI/bGF5b3V0PWRldGFpbDE1MjMwMDMwOTFcIiB0aXRsZT1cIlByb2R1Y3QgaW1hZ2UgdGh1bWJzIHJpZ2h0XCI+PGltZyBjbGFzcz1cImltZy1mbHVpZFwiIHNyYz1cImh0dHBzOlwvXC9pLnBpbmltZy5jb21cL29yaWdpbmFsc1wvODFcL2M0XC80MVwvODFjNDQxYzFiMmY2YzNlNTZiM2RhNTZiNjUzMjQ0MjMuanBnXCIgYWx0PVwiUHJvZHVjdCBpbWFnZSB0aHVtYnMgcmlnaHRcIj48XC9hPiIsImh0bWxjb250ZW50X2l0IjoiPGEgaHJlZj1cIj9sYXlvdXQ9ZGV0YWlsMTUyMzAwMzA5MVwiIHRpdGxlPVwiUHJvZHVjdCBpbWFnZSB0aHVtYnMgcmlnaHRcIj48aW1nIGNsYXNzPVwiaW1nLWZsdWlkXCIgc3JjPVwiaHR0cHM6XC9cL2kucGluaW1nLmNvbVwvb3JpZ2luYWxzXC84MVwvYzRcLzQxXC84MWM0NDFjMWIyZjZjM2U1NmIzZGE1NmI2NTMyNDQyMy5qcGdcIiBhbHQ9XCJQcm9kdWN0IGltYWdlIHRodW1icyByaWdodFwiPjxcL2E+IiwiaHRtbGNvbnRlbnRfZXMiOiI8YSBocmVmPVwiP2xheW91dD1kZXRhaWwxNTIzMDAzMDkxXCIgdGl0bGU9XCJQcm9kdWN0IGltYWdlIHRodW1icyByaWdodFwiPjxpbWcgY2xhc3M9XCJpbWctZmx1aWRcIiBzcmM9XCJodHRwczpcL1wvaS5waW5pbWcuY29tXC9vcmlnaW5hbHNcLzgxXC9jNFwvNDFcLzgxYzQ0MWMxYjJmNmMzZTU2YjNkYTU2YjY1MzI0NDIzLmpwZ1wiIGFsdD1cIlByb2R1Y3QgaW1hZ2UgdGh1bWJzIHJpZ2h0XCI+PFwvYT4iLCJodG1sY29udGVudF9hciI6IjxhIGhyZWY9XCI/bGF5b3V0PWRldGFpbDE1MjMwMDMwOTFcIiB0aXRsZT1cIlByb2R1Y3QgaW1hZ2UgdGh1bWJzIHJpZ2h0XCI+PGltZyBjbGFzcz1cImltZy1mbHVpZFwiIHNyYz1cImh0dHBzOlwvXC9pLnBpbmltZy5jb21cL29yaWdpbmFsc1wvODFcL2M0XC80MVwvODFjNDQxYzFiMmY2YzNlNTZiM2RhNTZiNjUzMjQ0MjMuanBnXCIgYWx0PVwiUHJvZHVjdCBpbWFnZSB0aHVtYnMgcmlnaHRcIj48XC9hPiJ9',5,1523959004),(25,'Product Layout 4','html','eyJ3aWRnZXRfbmFtZSI6IlByb2R1Y3QgTGF5b3V0IDQiLCJ3aWRnZXRfdHlwZSI6Imh0bWwiLCJ3aWRnZXRfdGl0bGVfMiI6IiIsIndpZGdldF90aXRsZV8xIjoiIiwid2lkZ2V0X3RpdGxlX2RlIjoiIiwid2lkZ2V0X3RpdGxlX2l0IjoiIiwid2lkZ2V0X3RpdGxlX2VzIjoiIiwid2lkZ2V0X3RpdGxlX2FyIjoiIiwiaHRtbGNvbnRlbnRfMiI6IjxhIGhyZWY9XCI/bGF5b3V0PWRldGFpbDE1MjMwMDE0NjhcIiB0aXRsZT1cIlByb2R1Y3QgaW1hZ2Ugbm8gdGh1bWJzXCI+PGltZyBjbGFzcz1cImltZy1mbHVpZFwiIHNyYz1cImh0dHBzOlwvXC9pLnBpbmltZy5jb21cL29yaWdpbmFsc1wvNjBcL2NhXC81N1wvNjBjYTU3MGY2YTgyNTRjMzc0MWQ4YzlkYjc4ZWIzZDUuanBnXCIgYWx0PVwiUHJvZHVjdCBpbWFnZSBubyB0aHVtYnNcIj48XC9hPiIsImh0bWxjb250ZW50XzEiOiI8YSBocmVmPVwiP2xheW91dD1kZXRhaWwxNTIzMDAxNDY4XCIgdGl0bGU9XCJQcm9kdWN0IGltYWdlIG5vIHRodW1ic1wiPjxpbWcgY2xhc3M9XCJpbWctZmx1aWRcIiBzcmM9XCJodHRwczpcL1wvaS5waW5pbWcuY29tXC9vcmlnaW5hbHNcLzYwXC9jYVwvNTdcLzYwY2E1NzBmNmE4MjU0YzM3NDFkOGM5ZGI3OGViM2Q1LmpwZ1wiIGFsdD1cIlByb2R1Y3QgaW1hZ2Ugbm8gdGh1bWJzXCI+PFwvYT4iLCJodG1sY29udGVudF9kZSI6IjxhIGhyZWY9XCI/bGF5b3V0PWRldGFpbDE1MjMwMDE0NjhcIiB0aXRsZT1cIlByb2R1Y3QgaW1hZ2Ugbm8gdGh1bWJzXCI+PGltZyBjbGFzcz1cImltZy1mbHVpZFwiIHNyYz1cImh0dHBzOlwvXC9pLnBpbmltZy5jb21cL29yaWdpbmFsc1wvNjBcL2NhXC81N1wvNjBjYTU3MGY2YTgyNTRjMzc0MWQ4YzlkYjc4ZWIzZDUuanBnXCIgYWx0PVwiUHJvZHVjdCBpbWFnZSBubyB0aHVtYnNcIj48XC9hPiIsImh0bWxjb250ZW50X2l0IjoiPGEgaHJlZj1cIj9sYXlvdXQ9ZGV0YWlsMTUyMzAwMTQ2OFwiIHRpdGxlPVwiUHJvZHVjdCBpbWFnZSBubyB0aHVtYnNcIj48aW1nIGNsYXNzPVwiaW1nLWZsdWlkXCIgc3JjPVwiaHR0cHM6XC9cL2kucGluaW1nLmNvbVwvb3JpZ2luYWxzXC82MFwvY2FcLzU3XC82MGNhNTcwZjZhODI1NGMzNzQxZDhjOWRiNzhlYjNkNS5qcGdcIiBhbHQ9XCJQcm9kdWN0IGltYWdlIG5vIHRodW1ic1wiPjxcL2E+IiwiaHRtbGNvbnRlbnRfZXMiOiI8YSBocmVmPVwiP2xheW91dD1kZXRhaWwxNTIzMDAxNDY4XCIgdGl0bGU9XCJQcm9kdWN0IGltYWdlIG5vIHRodW1ic1wiPjxpbWcgY2xhc3M9XCJpbWctZmx1aWRcIiBzcmM9XCJodHRwczpcL1wvaS5waW5pbWcuY29tXC9vcmlnaW5hbHNcLzYwXC9jYVwvNTdcLzYwY2E1NzBmNmE4MjU0YzM3NDFkOGM5ZGI3OGViM2Q1LmpwZ1wiIGFsdD1cIlByb2R1Y3QgaW1hZ2Ugbm8gdGh1bWJzXCI+PFwvYT4iLCJodG1sY29udGVudF9hciI6IjxhIGhyZWY9XCI/bGF5b3V0PWRldGFpbDE1MjMwMDE0NjhcIiB0aXRsZT1cIlByb2R1Y3QgaW1hZ2Ugbm8gdGh1bWJzXCI+PGltZyBjbGFzcz1cImltZy1mbHVpZFwiIHNyYz1cImh0dHBzOlwvXC9pLnBpbmltZy5jb21cL29yaWdpbmFsc1wvNjBcL2NhXC81N1wvNjBjYTU3MGY2YTgyNTRjMzc0MWQ4YzlkYjc4ZWIzZDUuanBnXCIgYWx0PVwiUHJvZHVjdCBpbWFnZSBubyB0aHVtYnNcIj48XC9hPiJ9',5,1523959005),(26,'Product Layout 5','html','eyJ3aWRnZXRfbmFtZSI6IlByb2R1Y3QgTGF5b3V0IDUiLCJ3aWRnZXRfdHlwZSI6Imh0bWwiLCJ3aWRnZXRfdGl0bGVfMiI6IiIsIndpZGdldF90aXRsZV8xIjoiIiwid2lkZ2V0X3RpdGxlX2RlIjoiIiwid2lkZ2V0X3RpdGxlX2l0IjoiIiwid2lkZ2V0X3RpdGxlX2VzIjoiIiwid2lkZ2V0X3RpdGxlX2FyIjoiIiwiaHRtbGNvbnRlbnRfMiI6IjxhIGhyZWY9XCI/bGF5b3V0PWRldGFpbDE1MjI5ODI4NjFcIiB0aXRsZT1cIlByb2R1Y3QgaW1hZ2Ugbm8gdGh1bWJzIGNlbnRlclwiPjxpbWcgY2xhc3M9XCJpbWctZmx1aWRcIiBzcmM9XCJodHRwczpcL1wvaS5waW5pbWcuY29tXC9vcmlnaW5hbHNcLzM4XC85OVwvMWFcLzM4OTkxYThjMTU4MjY2OWQyOWFiZTg4OWJjMGQ1ZjUyLmpwZ1wiIGFsdD1cIlByb2R1Y3QgaW1hZ2Ugbm8gdGh1bWJzIGNlbnRlclwiPjxcL2E+IiwiaHRtbGNvbnRlbnRfMSI6IjxhIGhyZWY9XCI/bGF5b3V0PWRldGFpbDE1MjI5ODI4NjFcIiB0aXRsZT1cIlByb2R1Y3QgaW1hZ2Ugbm8gdGh1bWJzIGNlbnRlclwiPjxpbWcgY2xhc3M9XCJpbWctZmx1aWRcIiBzcmM9XCJodHRwczpcL1wvaS5waW5pbWcuY29tXC9vcmlnaW5hbHNcLzM4XC85OVwvMWFcLzM4OTkxYThjMTU4MjY2OWQyOWFiZTg4OWJjMGQ1ZjUyLmpwZ1wiIGFsdD1cIlByb2R1Y3QgaW1hZ2Ugbm8gdGh1bWJzIGNlbnRlclwiPjxcL2E+IiwiaHRtbGNvbnRlbnRfZGUiOiI8YSBocmVmPVwiP2xheW91dD1kZXRhaWwxNTIyOTgyODYxXCIgdGl0bGU9XCJQcm9kdWN0IGltYWdlIG5vIHRodW1icyBjZW50ZXJcIj48aW1nIGNsYXNzPVwiaW1nLWZsdWlkXCIgc3JjPVwiaHR0cHM6XC9cL2kucGluaW1nLmNvbVwvb3JpZ2luYWxzXC8zOFwvOTlcLzFhXC8zODk5MWE4YzE1ODI2NjlkMjlhYmU4ODliYzBkNWY1Mi5qcGdcIiBhbHQ9XCJQcm9kdWN0IGltYWdlIG5vIHRodW1icyBjZW50ZXJcIj48XC9hPiIsImh0bWxjb250ZW50X2l0IjoiPGEgaHJlZj1cIj9sYXlvdXQ9ZGV0YWlsMTUyMjk4Mjg2MVwiIHRpdGxlPVwiUHJvZHVjdCBpbWFnZSBubyB0aHVtYnMgY2VudGVyXCI+PGltZyBjbGFzcz1cImltZy1mbHVpZFwiIHNyYz1cImh0dHBzOlwvXC9pLnBpbmltZy5jb21cL29yaWdpbmFsc1wvMzhcLzk5XC8xYVwvMzg5OTFhOGMxNTgyNjY5ZDI5YWJlODg5YmMwZDVmNTIuanBnXCIgYWx0PVwiUHJvZHVjdCBpbWFnZSBubyB0aHVtYnMgY2VudGVyXCI+PFwvYT4iLCJodG1sY29udGVudF9lcyI6IjxhIGhyZWY9XCI/bGF5b3V0PWRldGFpbDE1MjI5ODI4NjFcIiB0aXRsZT1cIlByb2R1Y3QgaW1hZ2Ugbm8gdGh1bWJzIGNlbnRlclwiPjxpbWcgY2xhc3M9XCJpbWctZmx1aWRcIiBzcmM9XCJodHRwczpcL1wvaS5waW5pbWcuY29tXC9vcmlnaW5hbHNcLzM4XC85OVwvMWFcLzM4OTkxYThjMTU4MjY2OWQyOWFiZTg4OWJjMGQ1ZjUyLmpwZ1wiIGFsdD1cIlByb2R1Y3QgaW1hZ2Ugbm8gdGh1bWJzIGNlbnRlclwiPjxcL2E+IiwiaHRtbGNvbnRlbnRfYXIiOiI8YSBocmVmPVwiP2xheW91dD1kZXRhaWwxNTIyOTgyODYxXCIgdGl0bGU9XCJQcm9kdWN0IGltYWdlIG5vIHRodW1icyBjZW50ZXJcIj48aW1nIGNsYXNzPVwiaW1nLWZsdWlkXCIgc3JjPVwiaHR0cHM6XC9cL2kucGluaW1nLmNvbVwvb3JpZ2luYWxzXC8zOFwvOTlcLzFhXC8zODk5MWE4YzE1ODI2NjlkMjlhYmU4ODliYzBkNWY1Mi5qcGdcIiBhbHQ9XCJQcm9kdWN0IGltYWdlIG5vIHRodW1icyBjZW50ZXJcIj48XC9hPiJ9',5,1523959006),(27,'Product Layout 6','html','eyJ3aWRnZXRfbmFtZSI6IlByb2R1Y3QgTGF5b3V0IDYiLCJ3aWRnZXRfdHlwZSI6Imh0bWwiLCJ3aWRnZXRfdGl0bGVfMiI6IiIsIndpZGdldF90aXRsZV8xIjoiIiwid2lkZ2V0X3RpdGxlX2RlIjoiIiwid2lkZ2V0X3RpdGxlX2l0IjoiIiwid2lkZ2V0X3RpdGxlX2VzIjoiIiwid2lkZ2V0X3RpdGxlX2FyIjoiIiwiaHRtbGNvbnRlbnRfMiI6IjxhIGhyZWY9XCI/bGF5b3V0PWRldGFpbDE1MjI5ODUzMTdcIiB0aXRsZT1cIlByb2R1Y3QgaW1hZ2Ugbm8gdGh1bWJzIGZ1bGx3aWR0aFwiPjxpbWcgY2xhc3M9XCJpbWctZmx1aWRcIiBzcmM9XCJodHRwczpcL1wvaS5waW5pbWcuY29tXC9vcmlnaW5hbHNcL2M1XC9kOVwvMDJcL2M1ZDkwMjViNjgyNTA4MzJhMzFlYWMzYjZkMzQ0OTU1LmpwZ1wiIGFsdD1cIlByb2R1Y3QgaW1hZ2Ugbm8gdGh1bWJzIGZ1bGx3aWR0aFwiPjxcL2E+IiwiaHRtbGNvbnRlbnRfMSI6IjxhIGhyZWY9XCI/bGF5b3V0PWRldGFpbDE1MjI5ODUzMTdcIiB0aXRsZT1cIlByb2R1Y3QgaW1hZ2Ugbm8gdGh1bWJzIGZ1bGx3aWR0aFwiPjxpbWcgY2xhc3M9XCJpbWctZmx1aWRcIiBzcmM9XCJodHRwczpcL1wvaS5waW5pbWcuY29tXC9vcmlnaW5hbHNcL2M1XC9kOVwvMDJcL2M1ZDkwMjViNjgyNTA4MzJhMzFlYWMzYjZkMzQ0OTU1LmpwZ1wiIGFsdD1cIlByb2R1Y3QgaW1hZ2Ugbm8gdGh1bWJzIGZ1bGx3aWR0aFwiPjxcL2E+IiwiaHRtbGNvbnRlbnRfZGUiOiI8YSBocmVmPVwiP2xheW91dD1kZXRhaWwxNTIyOTg1MzE3XCIgdGl0bGU9XCJQcm9kdWN0IGltYWdlIG5vIHRodW1icyBmdWxsd2lkdGhcIj48aW1nIGNsYXNzPVwiaW1nLWZsdWlkXCIgc3JjPVwiaHR0cHM6XC9cL2kucGluaW1nLmNvbVwvb3JpZ2luYWxzXC9jNVwvZDlcLzAyXC9jNWQ5MDI1YjY4MjUwODMyYTMxZWFjM2I2ZDM0NDk1NS5qcGdcIiBhbHQ9XCJQcm9kdWN0IGltYWdlIG5vIHRodW1icyBmdWxsd2lkdGhcIj48XC9hPiIsImh0bWxjb250ZW50X2l0IjoiPGEgaHJlZj1cIj9sYXlvdXQ9ZGV0YWlsMTUyMjk4NTMxN1wiIHRpdGxlPVwiUHJvZHVjdCBpbWFnZSBubyB0aHVtYnMgZnVsbHdpZHRoXCI+PGltZyBjbGFzcz1cImltZy1mbHVpZFwiIHNyYz1cImh0dHBzOlwvXC9pLnBpbmltZy5jb21cL29yaWdpbmFsc1wvYzVcL2Q5XC8wMlwvYzVkOTAyNWI2ODI1MDgzMmEzMWVhYzNiNmQzNDQ5NTUuanBnXCIgYWx0PVwiUHJvZHVjdCBpbWFnZSBubyB0aHVtYnMgZnVsbHdpZHRoXCI+PFwvYT4iLCJodG1sY29udGVudF9lcyI6IjxhIGhyZWY9XCI/bGF5b3V0PWRldGFpbDE1MjI5ODUzMTdcIiB0aXRsZT1cIlByb2R1Y3QgaW1hZ2Ugbm8gdGh1bWJzIGZ1bGx3aWR0aFwiPjxpbWcgY2xhc3M9XCJpbWctZmx1aWRcIiBzcmM9XCJodHRwczpcL1wvaS5waW5pbWcuY29tXC9vcmlnaW5hbHNcL2M1XC9kOVwvMDJcL2M1ZDkwMjViNjgyNTA4MzJhMzFlYWMzYjZkMzQ0OTU1LmpwZ1wiIGFsdD1cIlByb2R1Y3QgaW1hZ2Ugbm8gdGh1bWJzIGZ1bGx3aWR0aFwiPjxcL2E+IiwiaHRtbGNvbnRlbnRfYXIiOiI8YSBocmVmPVwiP2xheW91dD1kZXRhaWwxNTIyOTg1MzE3XCIgdGl0bGU9XCJQcm9kdWN0IGltYWdlIG5vIHRodW1icyBmdWxsd2lkdGhcIj48aW1nIGNsYXNzPVwiaW1nLWZsdWlkXCIgc3JjPVwiaHR0cHM6XC9cL2kucGluaW1nLmNvbVwvb3JpZ2luYWxzXC9jNVwvZDlcLzAyXC9jNWQ5MDI1YjY4MjUwODMyYTMxZWFjM2I2ZDM0NDk1NS5qcGdcIiBhbHQ9XCJQcm9kdWN0IGltYWdlIG5vIHRodW1icyBmdWxsd2lkdGhcIj48XC9hPiJ9',5,1523959007),(28,'Product Layout 7','html','eyJ3aWRnZXRfbmFtZSI6IlByb2R1Y3QgTGF5b3V0IDciLCJ3aWRnZXRfdHlwZSI6Imh0bWwiLCJ3aWRnZXRfdGl0bGVfMiI6IiIsIndpZGdldF90aXRsZV8xIjoiIiwid2lkZ2V0X3RpdGxlX2RlIjoiIiwid2lkZ2V0X3RpdGxlX2l0IjoiIiwid2lkZ2V0X3RpdGxlX2VzIjoiIiwid2lkZ2V0X3RpdGxlX2FyIjoiIiwiaHRtbGNvbnRlbnRfMiI6IjxhIGhyZWY9XCI/bGF5b3V0PWRldGFpbDE1MjMwMDQzNzRcIiB0aXRsZT1cIlByb2R1Y3QgaW1hZ2UgZ2FsbGVyeVwiPjxpbWcgY2xhc3M9XCJpbWctZmx1aWRcIiBzcmM9XCJodHRwczpcL1wvaS5waW5pbWcuY29tXC9vcmlnaW5hbHNcL2IxXC9hOFwvYjlcL2IxYThiOTM4MWQ4ZDNlM2M0ZDEzZGZlMjQyMzE1ODFmLmpwZ1wiIGFsdD1cIlByb2R1Y3QgaW1hZ2UgZ2FsbGVyeVwiPjxcL2E+IiwiaHRtbGNvbnRlbnRfMSI6IjxhIGhyZWY9XCI/bGF5b3V0PWRldGFpbDE1MjMwMDQzNzRcIiB0aXRsZT1cIlByb2R1Y3QgaW1hZ2UgZ2FsbGVyeVwiPjxpbWcgY2xhc3M9XCJpbWctZmx1aWRcIiBzcmM9XCJodHRwczpcL1wvaS5waW5pbWcuY29tXC9vcmlnaW5hbHNcL2IxXC9hOFwvYjlcL2IxYThiOTM4MWQ4ZDNlM2M0ZDEzZGZlMjQyMzE1ODFmLmpwZ1wiIGFsdD1cIlByb2R1Y3QgaW1hZ2UgZ2FsbGVyeVwiPjxcL2E+IiwiaHRtbGNvbnRlbnRfZGUiOiI8YSBocmVmPVwiP2xheW91dD1kZXRhaWwxNTIzMDA0Mzc0XCIgdGl0bGU9XCJQcm9kdWN0IGltYWdlIGdhbGxlcnlcIj48aW1nIGNsYXNzPVwiaW1nLWZsdWlkXCIgc3JjPVwiaHR0cHM6XC9cL2kucGluaW1nLmNvbVwvb3JpZ2luYWxzXC9iMVwvYThcL2I5XC9iMWE4YjkzODFkOGQzZTNjNGQxM2RmZTI0MjMxNTgxZi5qcGdcIiBhbHQ9XCJQcm9kdWN0IGltYWdlIGdhbGxlcnlcIj48XC9hPiIsImh0bWxjb250ZW50X2l0IjoiPGEgaHJlZj1cIj9sYXlvdXQ9ZGV0YWlsMTUyMzAwNDM3NFwiIHRpdGxlPVwiUHJvZHVjdCBpbWFnZSBnYWxsZXJ5XCI+PGltZyBjbGFzcz1cImltZy1mbHVpZFwiIHNyYz1cImh0dHBzOlwvXC9pLnBpbmltZy5jb21cL29yaWdpbmFsc1wvYjFcL2E4XC9iOVwvYjFhOGI5MzgxZDhkM2UzYzRkMTNkZmUyNDIzMTU4MWYuanBnXCIgYWx0PVwiUHJvZHVjdCBpbWFnZSBnYWxsZXJ5XCI+PFwvYT4iLCJodG1sY29udGVudF9lcyI6IjxhIGhyZWY9XCI/bGF5b3V0PWRldGFpbDE1MjMwMDQzNzRcIiB0aXRsZT1cIlByb2R1Y3QgaW1hZ2UgZ2FsbGVyeVwiPjxpbWcgY2xhc3M9XCJpbWctZmx1aWRcIiBzcmM9XCJodHRwczpcL1wvaS5waW5pbWcuY29tXC9vcmlnaW5hbHNcL2IxXC9hOFwvYjlcL2IxYThiOTM4MWQ4ZDNlM2M0ZDEzZGZlMjQyMzE1ODFmLmpwZ1wiIGFsdD1cIlByb2R1Y3QgaW1hZ2UgZ2FsbGVyeVwiPjxcL2E+IiwiaHRtbGNvbnRlbnRfYXIiOiI8YSBocmVmPVwiP2xheW91dD1kZXRhaWwxNTIzMDA0Mzc0XCIgdGl0bGU9XCJQcm9kdWN0IGltYWdlIGdhbGxlcnlcIj48aW1nIGNsYXNzPVwiaW1nLWZsdWlkXCIgc3JjPVwiaHR0cHM6XC9cL2kucGluaW1nLmNvbVwvb3JpZ2luYWxzXC9iMVwvYThcL2I5XC9iMWE4YjkzODFkOGQzZTNjNGQxM2RmZTI0MjMxNTgxZi5qcGdcIiBhbHQ9XCJQcm9kdWN0IGltYWdlIGdhbGxlcnlcIj48XC9hPiJ9',5,1523959008),(34,'JK Litho list Cat Techniques','sub_categories','eyJhZGRidG1lZ2FtZW51X3dpZGdldHMiOiIxIiwiaWRfYnRtZWdhbWVudV93aWRnZXRzIjoiMzQiLCJ3aWRnZXRfbmFtZSI6IkpLIExpdGhvIGxpc3QgQ2F0IFRlY2huaXF1ZXMiLCJ3aWRnZXRfdHlwZSI6InN1Yl9jYXRlZ29yaWVzIiwic2F2ZWFuZHN0YXlsZW93aWRnZXQiOiIiLCJ3aWRnZXRfdGl0bGVfMSI6IiIsIndpZGdldF90aXRsZV8yIjoiIiwiY2F0ZWdvcnlfaWQiOiI3NyJ9',4,1531991550),(55,'JK Image Product Random','product_list','eyJhZGRidG1lZ2FtZW51X3dpZGdldHMiOiIxIiwiaWRfYnRtZWdhbWVudV93aWRnZXRzIjoiNTUiLCJ3aWRnZXRfbmFtZSI6IkpLIEltYWdlIFByb2R1Y3QgUmFuZG9tIiwid2lkZ2V0X3R5cGUiOiJwcm9kdWN0X2xpc3QiLCJzYXZlYW5kc3RheWxlb3dpZGdldCI6IiIsIndpZGdldF90aXRsZV8xIjoiQXBlclx1MDBlN3UiLCJ3aWRnZXRfdGl0bGVfMiI6IiIsInNvdXJjZSI6InB0eXBlIiwiY2F0ZWdvcmllcyI6IiIsInB0eXBlIjoicmFuZG9tIiwicHByb2R1Y3RpZHMiOiIiLCJsaW1pdCI6IjIiLCJvcmRlcmJ5IjoiZGF0ZV9hZGQiLCJvcmRlcndheSI6IkFTQyJ9',4,1532599142),(56,'JK Link Catego Litho','html','eyJhZGRidG1lZ2FtZW51X3dpZGdldHMiOiIxIiwiaWRfYnRtZWdhbWVudV93aWRnZXRzIjoiNTYiLCJ3aWRnZXRfbmFtZSI6IkpLIExpbmsgQ2F0ZWdvIExpdGhvIiwid2lkZ2V0X3R5cGUiOiJodG1sIiwic2F2ZWFuZHN0YXlsZW93aWRnZXQiOiIiLCJ3aWRnZXRfdGl0bGVfMSI6IiIsIndpZGdldF90aXRsZV8yIjoiIiwiaHRtbGNvbnRlbnRfMSI6IjxwPjxzdHJvbmc+PHNwYW4gc3R5bGU9XCJjb2xvcjogI2Q0ZDRkNDtcIj48YSBocmVmPVwiaHR0cHM6XC9cL2xpdGhvLm9ubGluZVwvZnJcLzc3LXRlY2huaXF1ZXNcIj48c3BhbiBzdHlsZT1cImNvbG9yOiAjZDRkNGQ0O1wiPlRvdXRlcyBsZXMgdGVjaG5pcXVlczxcL3NwYW4+PFwvYT48XC9zcGFuPjxcL3N0cm9uZz48XC9wPiIsImNvbnRlbnRfMSI6IjxwPjxzdHJvbmc+PHNwYW4gc3R5bGU9XCJjb2xvcjogI2Q0ZDRkNDtcIj48YSBocmVmPVwiaHR0cHM6XC9cL2xpdGhvLm9ubGluZVwvZnJcLzc3LXRlY2huaXF1ZXNcIj48c3BhbiBzdHlsZT1cImNvbG9yOiAjZDRkNGQ0O1wiPkFsbCB0ZWNobmlxdWVzPFwvc3Bhbj48XC9hPjxcL3NwYW4+PFwvc3Ryb25nPjxcL3A+IiwiY29udGVudF8yIjoiPHA+PHN0cm9uZz48c3BhbiBzdHlsZT1cImNvbG9yOiAjZDRkNGQ0O1wiPjxhIGhyZWY9XCJodHRwczpcL1wvbGl0aG8ub25saW5lXC9mclwvNzctdGVjaG5pcXVlc1wiPjxzcGFuIHN0eWxlPVwiY29sb3I6ICNkNGQ0ZDQ7XCI+QWxsIHRlY2huaXF1ZXM8XC9zcGFuPjxcL2E+PFwvc3Bhbj48XC9zdHJvbmc+PFwvcD4iLCJodG1sY29udGVudF8yIjoiPHA+PHN0cm9uZz48c3BhbiBzdHlsZT1cImNvbG9yOiAjZDRkNGQ0O1wiPjxhIGhyZWY9XCJodHRwczpcL1wvbGl0aG8ub25saW5lXC9mclwvNzctdGVjaG5pcXVlc1wiPjxzcGFuIHN0eWxlPVwiY29sb3I6ICNkNGQ0ZDQ7XCI+QWxsIHRlY2huaXF1ZXM8XC9zcGFuPjxcL2E+PFwvc3Bhbj48XC9zdHJvbmc+PFwvcD4ifQ==',4,1532599263),(57,'JK Link Manufacturers','html','eyJhZGRidG1lZ2FtZW51X3dpZGdldHMiOiIxIiwiaWRfYnRtZWdhbWVudV93aWRnZXRzIjoiNTciLCJ3aWRnZXRfbmFtZSI6IkpLIExpbmsgTWFudWZhY3R1cmVycyIsIndpZGdldF90eXBlIjoiaHRtbCIsInNhdmVhbmRzdGF5bGVvd2lkZ2V0IjoiIiwid2lkZ2V0X3RpdGxlXzEiOiIiLCJ3aWRnZXRfdGl0bGVfMiI6IiIsImh0bWxjb250ZW50XzEiOiI8cD48c3BhbiBzdHlsZT1cImNvbG9yOiAjZDRkNGQ0O1wiPjxzdHJvbmc+PGEgaHJlZj1cImh0dHBzOlwvXC9saXRoby5vbmxpbmVcL2ZyXC83Ni1hcnRpc3Rlc1wiPjxzcGFuIHN0eWxlPVwiY29sb3I6ICNkNGQ0ZDQ7XCI+VG91cyBsZXMgYXJ0aXN0ZXM8XC9zcGFuPjxcL2E+PFwvc3Ryb25nPjxcL3NwYW4+PFwvcD4iLCJjb250ZW50XzEiOiI8cD48c3BhbiBzdHlsZT1cImNvbG9yOiAjZDRkNGQ0O1wiPjxzdHJvbmc+PGEgaHJlZj1cImh0dHBzOlwvXC9saXRoby5vbmxpbmVcL2VuXC83Ni1hcnRpc3Rlc1wiPjxzcGFuIHN0eWxlPVwiY29sb3I6ICNkNGQ0ZDQ7XCI+QWxsIGFydGlzdHM8XC9zcGFuPjxcL2E+PFwvc3Ryb25nPjxcL3NwYW4+PFwvcD4iLCJjb250ZW50XzIiOiI8cD48c3BhbiBzdHlsZT1cImNvbG9yOiAjZDRkNGQ0O1wiPjxzdHJvbmc+PGEgaHJlZj1cImh0dHBzOlwvXC9saXRoby5vbmxpbmVcL2VuXC83Ni1hcnRpc3Rlc1wiPjxzcGFuIHN0eWxlPVwiY29sb3I6ICNkNGQ0ZDQ7XCI+QWxsIGFydGlzdHM8XC9zcGFuPjxcL2E+PFwvc3Ryb25nPjxcL3NwYW4+PFwvcD4iLCJodG1sY29udGVudF8yIjoiPHA+PHNwYW4gc3R5bGU9XCJjb2xvcjogI2Q0ZDRkNDtcIj48c3Ryb25nPjxhIGhyZWY9XCJodHRwczpcL1wvbGl0aG8ub25saW5lXC9lblwvNzYtYXJ0aXN0ZXNcIj48c3BhbiBzdHlsZT1cImNvbG9yOiAjZDRkNGQ0O1wiPkFsbCBhcnRpc3RzPFwvc3Bhbj48XC9hPjxcL3N0cm9uZz48XC9zcGFuPjxcL3A+In0=',4,1532599356),(58,'JK Link Price','html','[encoded data, 5524 characters]',4,1532599746),(60,'JK Image Catego Artistes 1','category_image','eyJhZGRidG1lZ2FtZW51X3dpZGdldHMiOiIxIiwiaWRfYnRtZWdhbWVudV93aWRnZXRzIjoiNjAiLCJ3aWRnZXRfbmFtZSI6IkpLIEltYWdlIENhdGVnbyBBcnRpc3RlcyAxIiwid2lkZ2V0X3R5cGUiOiJjYXRlZ29yeV9pbWFnZSIsInNhdmVhbmRzdGF5bGVvd2lkZ2V0IjoiIiwid2lkZ2V0X3RpdGxlXzEiOiJBcnRpc3RlcyIsIndpZGdldF90aXRsZV8yIjoiQXJ0aXN0cyIsImNhdGVnb3J5Qm94IjpbIjEzNCIsIjE0NyIsIjEyOSIsIjE0MiIsIjEwNSIsIjEwMSIsIjEwNiIsIjExMyIsIjk4IiwiMTA3IiwiMTQzIl0sImNhdGVnb3J5X2ltZyI6Int9IiwiY2F0ZV9kZXB0aCI6IjEiLCJvcmRlcmJ5IjoibmFtZSIsInNob3dpY29ucyI6IjAiLCJsaW1pdCI6IiIsImlkX3Jvb3QiOiI2MSIsImlkX2xhbmciOiIxIn0=',4,1532700435),(61,'JK Image Catego Artistes 2','category_image','eyJhZGRidG1lZ2FtZW51X3dpZGdldHMiOiIxIiwiaWRfYnRtZWdhbWVudV93aWRnZXRzIjoiNjEiLCJ3aWRnZXRfbmFtZSI6IkpLIEltYWdlIENhdGVnbyBBcnRpc3RlcyAyIiwid2lkZ2V0X3R5cGUiOiJjYXRlZ29yeV9pbWFnZSIsInNhdmVhbmRzdGF5bGVvd2lkZ2V0IjoiIiwid2lkZ2V0X3RpdGxlXzEiOiIgICAgICAiLCJ3aWRnZXRfdGl0bGVfMiI6IiIsImNhdGVnb3J5Qm94IjpbIjEwMCIsIjc4IiwiMTEyIiwiMTA0IiwiOTYiLCI5NyIsIjgwIiwiMTAzIiwiNzkiLCI4MSIsIjE0NSIsIjEwOSJdLCJjYXRlZ29yeV9pbWciOiJ7fSIsImNhdGVfZGVwdGgiOiIxIiwib3JkZXJieSI6Im5hbWUiLCJzaG93aWNvbnMiOiIwIiwibGltaXQiOiIiLCJpZF9yb290IjoiNjEiLCJpZF9sYW5nIjoiMSJ9',4,1532701634),(62,'JK StreertArt liste Technique','sub_categories','eyJhZGRidG1lZ2FtZW51X3dpZGdldHMiOiIxIiwiaWRfYnRtZWdhbWVudV93aWRnZXRzIjoiIiwid2lkZ2V0X25hbWUiOiJKSyBTdHJlZXJ0QXJ0IGxpc3RlIFRlY2huaXF1ZSIsIndpZGdldF90eXBlIjoic3ViX2NhdGVnb3JpZXMiLCJzYXZlYW5kc3RheWxlb3dpZGdldCI6IiIsIndpZGdldF90aXRsZV8xIjoiIiwid2lkZ2V0X3RpdGxlXzIiOiIiLCJjYXRlZ29yeV9pZCI6IjE1NiJ9',5,1533993527),(63,'JK StreertArt liste Artistes 1','category_image','eyJhZGRidG1lZ2FtZW51X3dpZGdldHMiOiIxIiwiaWRfYnRtZWdhbWVudV93aWRnZXRzIjoiNjMiLCJ3aWRnZXRfbmFtZSI6IkpLIFN0cmVlcnRBcnQgbGlzdGUgQXJ0aXN0ZXMgMSIsIndpZGdldF90eXBlIjoiY2F0ZWdvcnlfaW1hZ2UiLCJzYXZlYW5kc3RheWxlb3dpZGdldCI6IiIsIndpZGdldF90aXRsZV8xIjoiQXJ0aXN0ZXMiLCJ3aWRnZXRfdGl0bGVfMiI6IkFydGlzdHMiLCJjYXRlZ29yeUJveCI6WyIxNjciLCIxNzYiLCIxNjgiLCIxNzQiLCIxNzAiLCIxNzciXSwiY2F0ZWdvcnlfaW1nIjoie30iLCJjYXRlX2RlcHRoIjoiMSIsIm9yZGVyYnkiOiJuYW1lIiwic2hvd2ljb25zIjoiMCIsImxpbWl0IjoiMTAiLCJpZF9yb290IjoiNjUiLCJpZF9sYW5nIjoiMSJ9',5,1533993605),(64,'JK StreertArt liste Artistes 2','category_image','eyJhZGRidG1lZ2FtZW51X3dpZGdldHMiOiIxIiwiaWRfYnRtZWdhbWVudV93aWRnZXRzIjoiIiwid2lkZ2V0X25hbWUiOiJKSyBTdHJlZXJ0QXJ0IGxpc3RlIEFydGlzdGVzIDIiLCJ3aWRnZXRfdHlwZSI6ImNhdGVnb3J5X2ltYWdlIiwic2F2ZWFuZHN0YXlsZW93aWRnZXQiOiIiLCJ3aWRnZXRfdGl0bGVfMSI6IiIsIndpZGdldF90aXRsZV8yIjoiIiwiY2F0ZWdvcnlCb3giOlsiMTc1IiwiMTcyIiwiMTczIiwiMTcxIiwiMTYwIiwiMTc4Il0sImNhdGVnb3J5X2ltZyI6Int9IiwiY2F0ZV9kZXB0aCI6IjEiLCJvcmRlcmJ5IjoibmFtZSIsInNob3dpY29ucyI6IjAiLCJsaW1pdCI6IjEwIiwiaWRfcm9vdCI6IjY1IiwiaWRfbGFuZyI6IjEifQ==',5,1533993665),(65,'JK Image Street Product Random','product_list','eyJhZGRidG1lZ2FtZW51X3dpZGdldHMiOiIxIiwiaWRfYnRtZWdhbWVudV93aWRnZXRzIjoiIiwid2lkZ2V0X25hbWUiOiJKSyBJbWFnZSBTdHJlZXQgUHJvZHVjdCBSYW5kb20iLCJ3aWRnZXRfdHlwZSI6InByb2R1Y3RfbGlzdCIsInNhdmVhbmRzdGF5bGVvd2lkZ2V0IjoiIiwid2lkZ2V0X3RpdGxlXzEiOiJBcGVyXHUwMGU3dSIsIndpZGdldF90aXRsZV8yIjoiUXVpY2t2aWV3Iiwic291cmNlIjoicHR5cGUiLCJjYXRlZ29yaWVzIjoiIiwicHR5cGUiOiJyYW5kb20iLCJwcHJvZHVjdGlkcyI6IiIsImxpbWl0IjoiMiIsIm9yZGVyYnkiOiJkYXRlX2FkZCIsIm9yZGVyd2F5IjoiQVNDIn0=',5,1533993726),(66,'JK StreertArt Link Price','html','[encoded data, 4548 characters]',5,1533993899),(67,'JK streetArt Toutes les Techs','html','eyJhZGRidG1lZ2FtZW51X3dpZGdldHMiOiIxIiwiaWRfYnRtZWdhbWVudV93aWRnZXRzIjoiNjciLCJ3aWRnZXRfbmFtZSI6IkpLIHN0cmVldEFydCBUb3V0ZXMgbGVzIFRlY2hzIiwid2lkZ2V0X3R5cGUiOiJodG1sIiwic2F2ZWFuZHN0YXlsZW93aWRnZXQiOiIiLCJ3aWRnZXRfdGl0bGVfMSI6IiIsIndpZGdldF90aXRsZV8yIjoiIiwiaHRtbGNvbnRlbnRfMSI6IjxwPjxzcGFuIHN0eWxlPVwiY29sb3I6ICNmZmZmZmY7XCI+PGEgaHJlZj1cImh0dHBzOlwvXC9zdHJlZXRhcnQtc3RvcmUuY29tXC9mclwvMTU2LXRlY2huaXF1ZXNcIj48c3BhbiBzdHlsZT1cImNvbG9yOiAjZmZmZmZmO1wiPlRvdXRlcyBsZXMgdGVjaG5pcXVlczxcL3NwYW4+PFwvYT48XC9zcGFuPjxcL3A+IiwiY29udGVudF8xIjoiPHA+PHNwYW4gc3R5bGU9XCJjb2xvcjogI2ZmZmZmZjtcIj48YSBocmVmPVwiaHR0cHM6XC9cL3N0cmVldGFydC1zdG9yZS5jb21cL2VuXC8xNTYtdGVjaG5pcXVlc1wiPjxzcGFuIHN0eWxlPVwiY29sb3I6ICNmZmZmZmY7XCI+QWxsIHRlY2huaXF1ZXM8XC9zcGFuPjxcL2E+PFwvc3Bhbj48XC9wPiIsImNvbnRlbnRfMiI6IjxwPjxzcGFuIHN0eWxlPVwiY29sb3I6ICNmZmZmZmY7XCI+PGEgaHJlZj1cImh0dHBzOlwvXC9zdHJlZXRhcnQtc3RvcmUuY29tXC9lblwvMTU2LXRlY2huaXF1ZXNcIj48c3BhbiBzdHlsZT1cImNvbG9yOiAjZmZmZmZmO1wiPkFsbCB0ZWNobmlxdWVzPFwvc3Bhbj48XC9hPjxcL3NwYW4+PFwvcD4iLCJodG1sY29udGVudF8yIjoiPHA+PHNwYW4gc3R5bGU9XCJjb2xvcjogI2ZmZmZmZjtcIj48YSBocmVmPVwiaHR0cHM6XC9cL3N0cmVldGFydC1zdG9yZS5jb21cL2VuXC8xNTYtdGVjaG5pcXVlc1wiPjxzcGFuIHN0eWxlPVwiY29sb3I6ICNmZmZmZmY7XCI+QWxsIHRlY2huaXF1ZXM8XC9zcGFuPjxcL2E+PFwvc3Bhbj48XC9wPiJ9',5,1533995063),(68,'JK Streetart Link Manufacturers','html','eyJhZGRidG1lZ2FtZW51X3dpZGdldHMiOiIxIiwiaWRfYnRtZWdhbWVudV93aWRnZXRzIjoiNjgiLCJ3aWRnZXRfbmFtZSI6IkpLIFN0cmVldGFydCBMaW5rIE1hbnVmYWN0dXJlcnMiLCJ3aWRnZXRfdHlwZSI6Imh0bWwiLCJzYXZlYW5kc3RheWxlb3dpZGdldCI6IiIsIndpZGdldF90aXRsZV8xIjoiIiwid2lkZ2V0X3RpdGxlXzIiOiIiLCJodG1sY29udGVudF8xIjoiPHA+PHNwYW4gc3R5bGU9XCJjb2xvcjogI2ZmZmZmZjtcIj48YSBocmVmPVwiaHR0cHM6XC9cL3N0cmVldGFydC1zdG9yZS5jb21cL2ZyXC8xNTctYXJ0aXN0ZXNcIj48c3BhbiBzdHlsZT1cImNvbG9yOiAjZmZmZmZmO1wiPlRvdXMgbGVzIGFydGlzdGVzPFwvc3Bhbj48XC9hPjxcL3NwYW4+PFwvcD4iLCJjb250ZW50XzEiOiI8cD48c3BhbiBzdHlsZT1cImNvbG9yOiAjZmZmZmZmO1wiPjxhIGhyZWY9XCJodHRwczpcL1wvc3RyZWV0YXJ0LXN0b3JlLmNvbVwvZW5cLzE1Ny1hcnRpc3Rlc1wiPjxzcGFuIHN0eWxlPVwiY29sb3I6ICNmZmZmZmY7XCI+QWxsIGFydGlzdHM8XC9zcGFuPjxcL2E+PFwvc3Bhbj48XC9wPiIsImNvbnRlbnRfMiI6IjxwPjxzcGFuIHN0eWxlPVwiY29sb3I6ICNmZmZmZmY7XCI+PGEgaHJlZj1cImh0dHBzOlwvXC9zdHJlZXRhcnQtc3RvcmUuY29tXC9lblwvMTU3LWFydGlzdGVzXCI+PHNwYW4gc3R5bGU9XCJjb2xvcjogI2ZmZmZmZjtcIj5BbGwgYXJ0aXN0czxcL3NwYW4+PFwvYT48XC9zcGFuPjxcL3A+IiwiaHRtbGNvbnRlbnRfMiI6IjxwPjxzcGFuIHN0eWxlPVwiY29sb3I6ICNmZmZmZmY7XCI+PGEgaHJlZj1cImh0dHBzOlwvXC9zdHJlZXRhcnQtc3RvcmUuY29tXC9lblwvMTU3LWFydGlzdGVzXCI+PHNwYW4gc3R5bGU9XCJjb2xvcjogI2ZmZmZmZjtcIj5BbGwgYXJ0aXN0czxcL3NwYW4+PFwvYT48XC9zcGFuPjxcL3A+In0=',5,1533995175),(83,'JK Link Selection Artistes','category_image','eyJhZGRidG1lZ2FtZW51X3dpZGdldHMiOiIxIiwiaWRfYnRtZWdhbWVudV93aWRnZXRzIjoiODMiLCJ3aWRnZXRfbmFtZSI6IkpLIExpbmsgU2VsZWN0aW9uIEFydGlzdGVzIiwid2lkZ2V0X3R5cGUiOiJjYXRlZ29yeV9pbWFnZSIsInNhdmVhbmRzdGF5bGVvd2lkZ2V0IjoiIiwid2lkZ2V0X3RpdGxlXzEiOiJBcnRpc3RlcyIsIndpZGdldF90aXRsZV8yIjoiQXJ0aXN0cyIsImNhdGVnb3J5Qm94IjpbIjIxOCIsIjE5MyIsIjIwMSIsIjIxMyIsIjIxOSIsIjIxNCIsIjIyMSIsIjIxNiIsIjIwNiIsIjIyNiIsIjIyNyJdLCJjYXRlZ29yeV9pbWciOiJ7fSIsImNhdGVfZGVwdGgiOiIxIiwib3JkZXJieSI6Im5hbWUiLCJzaG93aWNvbnMiOiIwIiwibGltaXQiOiIxMSIsImlkX3Jvb3QiOiI1NiIsImlkX2xhbmciOiIxIn0=',2,1536328804),(84,'JK List Cat Techniques','sub_categories','eyJhZGRidG1lZ2FtZW51X3dpZGdldHMiOiIxIiwiaWRfYnRtZWdhbWVudV93aWRnZXRzIjoiODQiLCJ3aWRnZXRfbmFtZSI6IkpLIExpc3QgQ2F0IFRlY2huaXF1ZXMiLCJ3aWRnZXRfdHlwZSI6InN1Yl9jYXRlZ29yaWVzIiwic2F2ZWFuZHN0YXlsZW93aWRnZXQiOiIiLCJ3aWRnZXRfdGl0bGVfMSI6IiIsIndpZGdldF90aXRsZV8yIjoiIiwiY2F0ZWdvcnlfaWQiOiIxOTIifQ==',2,1536328994),(85,'JK Image Product Random','product_list','eyJhZGRidG1lZ2FtZW51X3dpZGdldHMiOiIxIiwiaWRfYnRtZWdhbWVudV93aWRnZXRzIjoiIiwid2lkZ2V0X25hbWUiOiJKSyBJbWFnZSBQcm9kdWN0IFJhbmRvbSIsIndpZGdldF90eXBlIjoicHJvZHVjdF9saXN0Iiwic2F2ZWFuZHN0YXlsZW93aWRnZXQiOiIiLCJ3aWRnZXRfdGl0bGVfMSI6IkFwZXJcdTAwZTd1Iiwid2lkZ2V0X3RpdGxlXzIiOiJQcmV2aWV3Iiwic291cmNlIjoicHR5cGUiLCJjYXRlZ29yaWVzIjoiIiwicHR5cGUiOiJyYW5kb20iLCJwcHJvZHVjdGlkcyI6IiIsImxpbWl0IjoiMiIsIm9yZGVyYnkiOiJkYXRlX2FkZCIsIm9yZGVyd2F5IjoiQVNDIn0=',2,1536329262),(86,'JK Link All Artists','html','eyJhZGRidG1lZ2FtZW51X3dpZGdldHMiOiIxIiwiaWRfYnRtZWdhbWVudV93aWRnZXRzIjoiODYiLCJ3aWRnZXRfbmFtZSI6IkpLIExpbmsgQWxsIEFydGlzdHMiLCJ3aWRnZXRfdHlwZSI6Imh0bWwiLCJzYXZlYW5kc3RheWxlb3dpZGdldCI6IiIsIndpZGdldF90aXRsZV8xIjoiIiwid2lkZ2V0X3RpdGxlXzIiOiIiLCJodG1sY29udGVudF8xIjoiPHA+PHNwYW4gc3R5bGU9XCJjb2xvcjogI2ZmZmZmZjtcIj48YSBocmVmPVwiaHR0cHM6XC9cL3N0b3JlLmpvZWxrbmFmby1hcnQuY29tXC9mclwvMTkxLWFydGlzdGVzXCI+PHNwYW4gc3R5bGU9XCJjb2xvcjogI2ZmZmZmZjtcIj5Ub3VzIGxlcyBhcnRpc3RlczxcL3NwYW4+PFwvYT48XC9zcGFuPjxcL3A+IiwiY29udGVudF8xIjoiPHA+PHNwYW4gc3R5bGU9XCJjb2xvcjogI2ZmZmZmZjtcIj48YSBocmVmPVwiaHR0cHM6XC9cL3N0b3JlLmpvZWxrbmFmby1hcnQuY29tXC9lblwvMTkxLWFydGlzdGVzXCI+PHNwYW4gc3R5bGU9XCJjb2xvcjogI2ZmZmZmZjtcIj5BbGwgYXJ0aXN0czxcL3NwYW4+PFwvYT48XC9zcGFuPjxcL3A+IiwiY29udGVudF8yIjoiPHA+PHNwYW4gc3R5bGU9XCJjb2xvcjogI2ZmZmZmZjtcIj48YSBocmVmPVwiaHR0cHM6XC9cL3N0b3JlLmpvZWxrbmFmby1hcnQuY29tXC9lblwvMTkxLWFydGlzdGVzXCI+PHNwYW4gc3R5bGU9XCJjb2xvcjogI2ZmZmZmZjtcIj5BbGwgYXJ0aXN0czxcL3NwYW4+PFwvYT48XC9zcGFuPjxcL3A+IiwiaHRtbGNvbnRlbnRfMiI6IjxwPjxzcGFuIHN0eWxlPVwiY29sb3I6ICNmZmZmZmY7XCI+PGEgaHJlZj1cImh0dHBzOlwvXC9zdG9yZS5qb2Vsa25hZm8tYXJ0LmNvbVwvZW5cLzE5MS1hcnRpc3Rlc1wiPjxzcGFuIHN0eWxlPVwiY29sb3I6ICNmZmZmZmY7XCI+QWxsIGFydGlzdHM8XC9zcGFuPjxcL2E+PFwvc3Bhbj48XC9wPiJ9',2,1536329474),(87,'JK Prices range','html','[encoded data, 4708 characters]',2,1536329700),(88,'JK Link All Techniques','html','eyJhZGRidG1lZ2FtZW51X3dpZGdldHMiOiIxIiwiaWRfYnRtZWdhbWVudV93aWRnZXRzIjoiODgiLCJ3aWRnZXRfbmFtZSI6IkpLIExpbmsgQWxsIFRlY2huaXF1ZXMiLCJ3aWRnZXRfdHlwZSI6Imh0bWwiLCJzYXZlYW5kc3RheWxlb3dpZGdldCI6IiIsIndpZGdldF90aXRsZV8xIjoiIiwid2lkZ2V0X3RpdGxlXzIiOiIiLCJodG1sY29udGVudF8xIjoiPHA+PHNwYW4gc3R5bGU9XCJjb2xvcjogI2ZmZmZmZjtcIj48YSBocmVmPVwiaHR0cHM6XC9cL3N0b3JlLmpvZWxrbmFmby1hcnQuY29tXC9mclwvMTkyLXRlY2huaXF1ZXNcIj48c3BhbiBzdHlsZT1cImNvbG9yOiAjZmZmZmZmO1wiPlRvdXRlcyBsZXMgdGVjaG5pcXVlczxcL3NwYW4+PFwvYT48XC9zcGFuPjxcL3A+IiwiY29udGVudF8xIjoiPHA+PGEgaHJlZj1cImh0dHBzOlwvXC9zdG9yZS5qb2Vsa25hZm8tYXJ0LmNvbVwvZW5cLzE5Mi10ZWNuaXF1ZXNcIj48c3BhbiBzdHlsZT1cImNvbG9yOiAjZmZmZmZmO1wiPjxzcGFuIHN0eWxlPVwiY29sb3I6ICNmZmZmZmY7XCI+QWxsIG1lZGlhPFwvc3Bhbj48XC9zcGFuPjxcL2E+PFwvcD4iLCJjb250ZW50XzIiOiI8cD48YSBocmVmPVwiaHR0cHM6XC9cL3N0b3JlLmpvZWxrbmFmby1hcnQuY29tXC9lblwvMTkyLXRlY25pcXVlc1wiPjxzcGFuIHN0eWxlPVwiY29sb3I6ICNmZmZmZmY7XCI+PHNwYW4gc3R5bGU9XCJjb2xvcjogI2ZmZmZmZjtcIj5BbGwgbWVkaWE8XC9zcGFuPjxcL3NwYW4+PFwvYT48XC9wPiIsImh0bWxjb250ZW50XzIiOiI8cD48YSBocmVmPVwiaHR0cHM6XC9cL3N0b3JlLmpvZWxrbmFmby1hcnQuY29tXC9lblwvMTkyLXRlY25pcXVlc1wiPjxzcGFuIHN0eWxlPVwiY29sb3I6ICNmZmZmZmY7XCI+PHNwYW4gc3R5bGU9XCJjb2xvcjogI2ZmZmZmZjtcIj5BbGwgbWVkaWE8XC9zcGFuPjxcL3NwYW4+PFwvYT48XC9wPiJ9',2,1536329781);

--
-- Table structure for table `pre3303_carrier`
--

CREATE TABLE `pre3303_carrier` (
  `id_carrier` int(10) unsigned NOT NULL AUTO_INCREMENT,
  `id_reference` int(10) unsigned NOT NULL,
  `id_tax_rules_group` int(10) unsigned DEFAULT '0',
  `name` varchar(64) NOT NULL,
  `url` varchar(255) DEFAULT NULL,
  `active` tinyint(1) unsigned NOT NULL DEFAULT '0',
  `deleted` tinyint(1) unsigned NOT NULL DEFAULT '0',
  `shipping_handling` tinyint(1) unsigned NOT NULL DEFAULT '1',
  `range_behavior` tinyint(1) unsigned NOT NULL DEFAULT '0',
  `is_module` tinyint(1) unsigned NOT NULL DEFAULT '0',
  `is_free` tinyint(1) unsigned NOT NULL DEFAULT '0',
  `shipping_external` tinyint(1) unsigned NOT NULL DEFAULT '0',
  `need_range` tinyint(1) unsigned NOT NULL DEFAULT '0',
  `external_module_name` varchar(64) DEFAULT NULL,
  `shipping_method` int(2) NOT NULL DEFAULT '0',
  `position` int(10) unsigned NOT NULL DEFAULT '0',
  `max_width` int(10) DEFAULT '0',
  `max_height` int(10) DEFAULT '0',
  `max_depth` int(10) DEFAULT '0',
  `max_weight` decimal(20,6) DEFAULT '0.000000',
  `grade` int(10) DEFAULT '0',
  PRIMARY KEY (`id_carrier`),
  KEY `deleted` (`deleted`,`active`),
  KEY `id_tax_rules_group` (`id_tax_rules_group`),
  KEY `reference` (`id_reference`,`deleted`,`active`)
) ENGINE=InnoDB AUTO_INCREMENT=62 DEFAULT CHARSET=utf8;

--
-- Dumping data for table `pre3303_carrier`
--

INSERT INTO `pre3303_carrier` VALUES (1,1,0,'LISIT SAS','',1,1,0,0,0,1,0,0,'',1,0,0,0,0,0.000000,0),(2,2,0,'My carrier','',1,1,1,0,0,0,0,0,'',1,0,0,0,0,0.000000,0),(3,1,0,'Retrait en Galerie','',1,1,0,0,0,1,0,0,'',1,0,0,0,0,0.000000,0),(4,2,0,'par Transporteur','',1,1,1,0,0,0,0,0,'',1,0,0,0,0,0.000000,0),(5,2,0,'par Transporteur','',1,1,0,0,0,0,0,0,'',1,0,120,140,15,6.000000,0),(6,2,0,'par Transporteur','',1,1,0,0,0,0,0,0,'',1,0,120,140,15,20.000000,0),(7,2,0,'par Transporteur','',1,1,0,0,0,0,0,0,'',2,0,120,140,15,20.000000,0),(8,2,0,'par Transporteur','',1,1,0,0,0,0,0,0,'',2,0,120,140,15,20.000000,0),(9,2,0,'par Transporteur','',1,1,0,0,0,0,0,0,'',2,0,120,140,15,20.000000,0),(10,2,0,'par Transporteur','',1,1,0,0,0,0,0,0,'',2,0,120,140,15,20.000000,0),(11,2,0,'par Transporteur','',1,1,0,0,0,0,0,0,'',2,0,120,140,15,20.000000,0),(12,2,0,'par Transporteur','',1,1,0,0,0,0,0,0,'',2,0,120,140,15,20.000000,0),(13,2,0,'par Transporteur','',1,1,0,0,0,0,0,0,'',2,0,120,140,15,20.000000,0),(14,14,0,'par Transporteur','',1,1,0,0,0,0,0,0,'',2,2,180,180,60,20.000000,0),(15,2,0,'par Transporteur','',1,1,0,0,0,0,0,0,'',2,0,120,140,15,20.000000,0),(16,1,0,'Retrait en Galerie','',1,1,0,0,0,1,0,0,'',1,0,0,0,0,0.000000,0),(17,2,0,'par Transporteur','',1,1,0,0,0,0,0,0,'',2,1,120,140,80,20.000000,0),(18,1,0,'Retrait en Galerie','',1,1,0,0,0,1,0,0,'',2,1,0,0,0,0.000000,0),(19,1,0,'Retrait en Galerie','',1,1,0,0,0,0,0,0,'',2,0,240,240,240,99.000000,0),(20,1,0,'Retrait en Galerie','',1,1,0,0,0,0,0,0,'',2,0,240,240,240,99.000000,0),(21,1,0,'Retrait en Galerie','',1,1,0,0,0,1,0,0,'',2,0,240,240,240,99.000000,0),(22,14,0,'par Transporteur','',1,1,0,0,0,0,0,0,'',2,2,240,240,240,20.000000,0),(23,14,0,'par Transporteur','',1,1,0,0,0,0,0,0,'',2,2,240,240,240,20.000000,0),(24,14,0,'par Transporteur','',1,1,0,0,0,0,0,0,'',2,2,240,240,240,20.000000,0),(25,14,0,'par Transporteur','',1,0,0,0,0,0,0,0,'',2,2,240,240,240,20.000000,0),(26,14,0,'par Transporteur','',1,1,0,0,0,0,0,0,'',2,2,240,240,240,20.000000,0),(27,27,0,'Par Transporteur','',1,1,0,0,0,0,0,0,'',2,3,0,0,0,0.000000,0),(28,27,0,'Par Transporteur','',1,1,0,0,0,0,0,0,'',2,3,240,240,240,20.000000,0),(29,27,0,'Par Transporteur','',1,1,0,0,0,0,0,0,'',2,3,240,240,240,20.000000,0),(30,27,0,'Par Transporteur','',1,1,0,0,0,0,0,0,'',2,3,240,240,240,20.000000,0),(31,2,0,'par Transporteur','',1,1,0,0,0,0,0,0,'',2,1,120,140,80,20.000000,0),(32,2,0,'par Transporteur','',1,1,0,0,0,0,0,0,'',2,1,120,140,80,20.000000,0),(33,1,0,'Retrait en Galerie','',1,1,1,0,0,1,0,0,'',2,0,240,240,240,99.000000,0),(34,1,0,'Retrait en Galerie','',1,1,1,0,0,1,0,0,'',2,0,240,240,240,99.000000,0),(35,2,0,'par Transporteur','',1,1,0,0,0,0,0,0,'',2,1,120,140,80,20.000000,0),(36,1,0,'Retrait en Galerie','',1,1,1,0,0,0,0,0,'',2,0,240,240,240,99.000000,0),(37,1,0,'Retrait en Galerie','',1,1,1,0,0,0,0,0,'',2,0,240,240,240,99.000000,0),(38,2,0,'par Transporteur','',1,1,0,0,0,0,0,0,'',2,1,120,140,80,20.000000,0),(39,2,0,'par Transporteur','',1,1,0,0,0,0,0,0,'',2,1,120,140,80,20.000000,0),(40,2,0,'par Transporteur','',1,1,0,0,0,0,0,0,'',2,1,120,140,80,20.000000,0),(41,27,0,'Par Transporteur','',1,1,0,0,0,0,0,0,'',2,3,240,240,240,20.000000,0),(42,27,0,'Par Transporteur','',1,1,0,0,0,0,0,0,'',2,3,240,240,240,20.000000,0),(43,27,0,'Par Transporteur','',1,1,0,0,0,0,0,0,'',2,3,240,240,240,20.000000,0),(44,27,0,'Par Transporteur','',1,1,0,0,0,0,0,0,'',2,3,240,240,240,20.000000,0),(45,1,0,'Retrait en Galerie','',1,0,1,0,0,1,0,0,'',2,0,240,240,240,99.000000,0),(46,27,0,'Par Transporteur','',1,1,0,0,0,0,0,0,'',2,3,240,240,240,20.000000,0),(47,27,0,'Par Transporteur','',1,1,0,0,0,0,0,0,'',2,3,240,240,240,20.000000,0),(48,27,0,'Par Transporteur','',1,1,0,0,0,0,0,0,'',2,3,240,240,240,20.000000,0),(49,27,0,'Par Transporteur','',1,1,0,0,0,0,0,0,'',2,3,240,240,240,20.000000,0),(50,27,0,'Par Transporteur','',1,1,0,0,0,0,0,0,'',2,3,240,240,240,20.000000,0),(51,27,0,'Par Transporteur','',0,1,0,0,0,0,0,0,'',2,3,240,240,240,20.000000,0),(52,52,0,'Par Transporteur','',1,1,0,0,0,0,0,0,'',2,4,240,240,240,60.000000,0),(53,27,0,'Par Transporteur','',0,0,0,0,0,0,0,0,'',2,3,240,240,240,20.000000,0),(54,27,0,'Par Transporteur','',1,1,0,0,0,0,0,0,'',2,3,240,240,240,20.000000,0),(55,27,0,'Par Transporteur','',1,1,0,0,0,0,0,0,'',2,3,240,240,240,20.000000,0),(56,52,0,'Par Transporteur','',1,1,0,0,0,0,0,0,'',2,4,240,240,240,60.000000,0),(57,52,0,'Par Transporteur','',1,1,0,0,0,0,0,0,'',2,4,240,240,240,60.000000,0),(58,2,0,'par Transporteur','',1,0,0,0,0,0,0,0,'',2,1,120,140,80,20.000000,0),(59,52,0,'Par Transporteur','',1,1,0,0,0,0,0,0,'',2,4,240,240,240,60.000000,0),(60,52,0,'Par Transporteur','',1,1,0,0,0,0,0,0,'',2,4,240,240,240,60.000000,0),(61,52,0,'Par Transporteur','',1,0,0,0,0,0,0,0,'',2,4,240,240,240,60.000000,0);

--
-- Table structure for table `pre3303_carrier_group`
--

CREATE TABLE `pre3303_carrier_group` (
  `id_carrier` int(10) unsigned NOT NULL,
  `id_group` int(10) unsigned NOT NULL,
  PRIMARY KEY (`id_carrier`,`id_group`)
) ENGINE=InnoDB DEFAULT CHARSET=utf8;

--
-- Dumping data for table `pre3303_carrier_group`
--

INSERT INTO `pre3303_carrier_group` VALUES (1,1),(1,2),(1,3),(1,4),(1,5),(1,6),(1,7),(1,8),(2,1),(2,2),(2,3),(2,4),(2,5),(2,6),(2,7),(2,8),(3,1),(3,2),(3,3),(3,4),(3,5),(3,6),(3,7),(3,8),(4,1),(4,2),(4,3),(4,4),(4,5),(4,6),(4,7),(4,8),(5,1),(5,2),(5,3),(5,4),(5,5),(5,6),(5,7),(5,8),(6,1),(6,2),(6,3),(6,4),(6,5),(6,6),(6,7),(6,8),(7,1),(7,2),(7,3),(7,4),(7,5),(7,6),(7,7),(7,8),(8,1),(8,2),(8,3),(8,4),(8,5),(8,6),(8,7),(8,8),(9,1),(9,2),(9,3),(9,4),(9,5),(9,6),(9,7),(9,8),(10,1),(10,2),(10,3),(10,4),(10,5),(10,6),(10,7),(10,8),(11,1),(11,2),(11,3),(11,4),(11,5),(11,6),(11,7),(11,8),(12,1),(12,2),(12,3),(12,4),(12,5),(12,6),(12,7),(12,8),(13,1),(13,2),(13,3),(13,4),(13,5),(13,6),(13,7),(13,8),(14,1),(14,2),(14,3),(14,4),(14,5),(14,6),(14,7),(14,8),(15,1),(15,2),(15,3),(15,4),(15,5),(15,6),(15,7),(15,8),(16,1),(16,2),(16,3),(16,4),(16,5),(16,6),(16,7),(16,8),(17,1),(17,2),(17,3),(17,4),(17,5),(17,6),(17,7),(17,8),(17,10),(18,1),(18,2),(18,3),(18,4),(18,5),(18,6),(18,7),(18,8),(19,1),(19,2),(19,3),(19,4),(19,5),(19,6),(19,7),(19,8),(20,1),(20,2),(20,3),(20,4),(20,5),(20,6),(20,7),(20,8),(21,1),(21,2),(21,3),(21,4),(21,5),(21,6),(21,7),(21,8),(21,10),(22,1),(22,2),(22,3),(22,4),(22,5),(22,6),(22,7),(22,8),(23,1),(23,2),(23,3),(23,4),(23,5),(23,6),(23,7),(23,8),(24,1),(24,2),(24,3),(24,4),(24,5),(24,6),(24,7),(24,8),(25,1),(25,2),(25,3),(25,4),(25,5),(25,6),(25,7),(25,8),(25,10),(26,1),(26,2),(26,3),(26,4),(26,5),(26,6),(26,7),(26,8),(27,1),(27,2),(27,3),(27,4),(27,5),(27,6),(27,7),(27,8),(28,1),(28,2),(28,3),(28,4),(28,5),(28,6),(28,7),(28,8),(29,1),(29,2),(29,3),(29,4),(29,5),(29,6),(29,7),(29,8),(30,1),(30,2),(30,3),(30,4),(30,5),(30,6),(30,7),(30,8),(30,10),(31,1),(31,2),(31,3),(31,4),(31,5),(31,6),(31,7),(31,8),(31,10),(32,1),(32,2),(32,3),(32,4),(32,5),(32,6),(32,7),(32,8),(32,10),(33,1),(33,2),(33,3),(33,4),(33,5),(33,6),(33,7),(33,8),(33,10),(34,1),(34,2),(34,3),(34,4),(34,5),(34,6),(34,7),(34,8),(34,10),(35,1),(35,2),(35,3),(35,4),(35,5),(35,6),(35,7),(35,8),(35,10),(36,1),(36,2),(36,3),(36,4),(36,5),(36,6),(36,7),(36,8),(36,10),(37,1),(37,2),(37,3),(37,4),(37,5),(37,6),(37,7),(37,8),(37,10),(38,1),(38,2),(38,3),(38,4),(38,5),(38,6),(38,7),(38,8),(38,10),(39,1),(39,2),(39,3),(39,4),(39,5),(39,6),(39,7),(39,8),(39,10),(40,1),(40,2),(40,3),(40,4),(40,5),(40,6),(40,7),(40,8),(40,10),(41,1),(41,2),(41,3),(41,4),(41,5),(41,6),(41,7),(41,8),(41,10),(42,1),(42,2),(42,3),(42,4),(42,5),(42,6),(42,7),(42,8),(42,10),(43,1),(43,2),(43,3),(43,4),(43,5),(43,6),(43,7),(43,8),(43,10),(44,1),(44,2),(44,3),(44,4),(44,5),(44,6),(44,7),(44,8),(44,10),(45,1),(45,2),(45,3),(45,4),(45,5),(45,6),(45,7),(45,8),(45,10),(46,1),(46,2),(46,3),(46,4),(46,5),(46,6),(46,7),(46,8),(46,10),(47,1),(47,2),(47,3),(47,4),(47,5),(47,6),(47,7),(47,8),(47,10),(48,1),(48,2),(48,3),(48,4),(48,5),(48,6),(48,7),(48,8),(48,10),(49,1),(49,2),(49,3),(49,4),(49,5),(49,6),(49,7),(49,8),(49,10),(50,1),(50,2),(50,3),(50,4),(50,5),(50,6),(50,7),(50,8),(50,10),(51,1),(51,2),(51,3),(51,4),(51,5),(51,6),(51,7),(51,8),(51,10),(52,1),(52,2),(52,3),(52,4),(52,5),(52,6),(52,7),(52,8),(52,10),(53,1),(53,2),(53,3),(53,4),(53,5),(53,6),(53,7),(53,8),(53,10),(54,1),(54,2),(54,3),(54,4),(54,5),(54,6),(54,7),(54,8),(54,10),(55,1),(55,2),(55,3),(55,4),(55,5),(55,6),(55,7),(55,8),(55,10),(56,1),(56,2),(56,3),(56,4),(56,5),(56,6),(56,7),(56,8),(56,10),(57,1),(57,2),(57,3),(57,4),(57,5),(57,6),(57,7),(57,8),(57,10),(58,1),(58,2),(58,3),(58,4),(58,5),(58,6),(58,7),(58,8),(58,10),(59,1),(59,2),(59,3),(59,4),(59,5),(59,6),(59,7),(59,8),(59,10),(60,1),(60,2),(60,3),(60,4),(60,5),(60,6),(60,7),(60,8),(60,10),(61,1),(61,2),(61,3),(61,4),(61,5),(61,6),(61,7),(61,8),(61,10);

--
-- Table structure for table `pre3303_carrier_lang`
--

CREATE TABLE `pre3303_carrier_lang` (
  `id_carrier` int(10) unsigned NOT NULL,
  `id_shop` int(11) unsigned NOT NULL DEFAULT '1',
  `id_lang` int(10) unsigned NOT NULL,
  `delay` varchar(128) DEFAULT NULL,
  PRIMARY KEY (`id_lang`,`id_shop`,`id_carrier`)
) ENGINE=InnoDB DEFAULT CHARSET=utf8;

--
-- Dumping data for table `pre3303_carrier_lang`
--

INSERT INTO `pre3303_carrier_lang` VALUES (1,2,1,'Retrait en magasin'),(2,2,1,'Livraison le lendemain !'),(3,2,1,'Retrait en Galerie'),(4,2,1,'Livraison à domicile'),(5,2,1,'Livraison à domicile'),(6,2,1,'Livraison à domicile'),(7,2,1,'Livraison à domicile'),(8,2,1,'Livraison à domicile'),(9,2,1,'Livraison à domicile'),(10,2,1,'Livraison à domicile'),(11,2,1,'Livraison à domicile'),(12,2,1,'Livraison à domicile'),(13,2,1,'Livraison à domicile'),(14,2,1,'Livraison à domicile'),(15,2,1,'Livraison à domicile'),(16,2,1,'Retrait en Galerie'),(17,2,1,'Livraison à domicile'),(18,2,1,'Retrait en Galerie'),(19,2,1,'Retrait en Galerie'),(20,2,1,'Retrait en Galerie'),(21,2,1,'Retrait en Galerie'),(22,2,1,'Livraison à domicile'),(23,2,1,'Livraison à domicile'),(24,2,1,'Livraison à domicile'),(25,2,1,'Livraison à domicile'),(26,2,1,'Livraison à domicile'),(27,2,1,'2 à 4 jours'),(28,2,1,'Livraison à domicile'),(29,2,1,'Livraison à domicile'),(30,2,1,'Livraison à domicile'),(31,2,1,'Livraison à domicile'),(32,2,1,'Livraison à domicile'),(33,2,1,'Retrait en Galerie'),(34,2,1,'Retrait en Galerie'),(35,2,1,'Livraison à domicile'),(36,2,1,'Retrait en Galerie'),(37,2,1,'Retrait en Galerie'),(38,2,1,'Livraison à domicile'),(39,2,1,'Livraison à domicile'),(40,2,1,'Livraison à domicile'),(41,2,1,'Livraison à domicile'),(42,2,1,'Livraison à domicile'),(43,2,1,'Livraison à domicile'),(44,2,1,'Livraison à domicile'),(45,2,1,'Retrait en Galerie'),(46,2,1,'Livraison à domicile'),(47,2,1,'Livraison à domicile'),(48,2,1,'Livraison à domicile'),(49,2,1,'Livraison à domicile'),(50,2,1,'Livraison à domicile'),(51,2,1,'Livraison à domicile'),(52,2,1,'Livraison à domicile'),(53,2,1,'Livraison à domicile'),(54,2,1,'Livraison à domicile'),(55,2,1,'Livraison à domicile'),(56,2,1,'Livraison à domicile'),(57,2,1,'Livraison à domicile'),(58,2,1,'Livraison à domicile'),(59,2,1,'Livraison à domicile'),(60,2,1,'Livraison à domicile'),(61,2,1,'Livraison à domicile'),(1,4,1,'Retrait en magasin'),(2,4,1,'Livraison le lendemain !'),(3,4,1,'Retrait en Galerie'),(4,4,1,'Livraison à domicile'),(5,4,1,'Livraison à domicile'),(6,4,1,'Livraison à domicile'),(7,4,1,'Livraison à domicile'),(8,4,1,'Livraison à domicile'),(9,4,1,'Livraison à domicile'),(10,4,1,'Livraison à domicile'),(11,4,1,'Livraison à domicile'),(12,4,1,'Livraison à domicile'),(13,4,1,'Livraison à domicile'),(14,4,1,'Livraison à domicile'),(15,4,1,'Livraison à domicile'),(16,4,1,'Retrait en Galerie'),(17,4,1,'Livraison à domicile'),(18,4,1,'Retrait en Galerie'),(19,4,1,'Retrait en Galerie'),(20,4,1,'Retrait en Galerie'),(21,4,1,'Retrait en Galerie'),(22,4,1,'Livraison à domicile'),(23,4,1,'Livraison à domicile'),(24,4,1,'Livraison à domicile'),(25,4,1,'Livraison à domicile'),(26,4,1,'Livraison à domicile'),(27,4,1,'2 à 4 jours'),(28,4,1,'Livraison à domicile'),(29,4,1,'Livraison à domicile'),(30,4,1,'Livraison à domicile'),(31,4,1,'Livraison à domicile'),(32,4,1,'Livraison à domicile'),(33,4,1,'Retrait en Galerie'),(34,4,1,'Retrait en Galerie'),(35,4,1,'Livraison à domicile'),(36,4,1,'Retrait en Galerie'),(37,4,1,'Retrait en Galerie'),(38,4,1,'Livraison à domicile'),(39,4,1,'Livraison à domicile'),(40,4,1,'Livraison à domicile'),(41,4,1,'Livraison à domicile'),(42,4,1,'Livraison à domicile'),(43,4,1,'Livraison à domicile'),(44,4,1,'Livraison à domicile'),(45,4,1,'Retrait en Galerie'),(46,4,1,'Livraison à domicile'),(47,4,1,'Livraison à domicile'),(48,4,1,'Livraison à domicile'),(49,4,1,'Livraison à domicile'),(50,4,1,'Livraison à domicile'),(51,4,1,'Livraison à domicile'),(52,4,1,'Livraison à domicile'),(53,4,1,'Livraison à domicile'),(54,4,1,'Livraison à domicile'),(55,4,1,'Livraison à domicile'),(56,4,1,'Livraison à domicile'),(57,4,1,'Livraison à domicile'),(58,4,1,'Livraison à domicile'),(59,4,1,'Livraison à domicile'),(60,4,1,'Livraison à domicile'),(61,4,1,'Livraison à domicile'),(1,5,1,'Retrait en magasin'),(2,5,1,'Livraison le lendemain !'),(3,5,1,'Retrait en Galerie'),(4,5,1,'Livraison à domicile'),(5,5,1,'Livraison à domicile'),(6,5,1,'Livraison à domicile'),(7,5,1,'Livraison à domicile'),(8,5,1,'Livraison à domicile'),(9,5,1,'Livraison à domicile'),(10,5,1,'Livraison à domicile'),(11,5,1,'Livraison à domicile'),(12,5,1,'Livraison à domicile'),(13,5,1,'Livraison à domicile'),(14,5,1,'Livraison à domicile'),(15,5,1,'Livraison à domicile'),(16,5,1,'Retrait en Galerie'),(17,5,1,'Livraison à domicile'),(18,5,1,'Retrait en Galerie'),(19,5,1,'Retrait en Galerie'),(20,5,1,'Retrait en Galerie'),(21,5,1,'Retrait en Galerie'),(22,5,1,'Livraison à domicile'),(23,5,1,'Livraison à domicile'),(24,5,1,'Livraison à domicile'),(25,5,1,'Livraison à domicile'),(26,5,1,'Livraison à domicile'),(27,5,1,'2 à 4 jours'),(28,5,1,'Livraison à domicile'),(29,5,1,'Livraison à domicile'),(30,5,1,'Livraison à domicile'),(31,5,1,'Livraison à domicile'),(32,5,1,'Livraison à domicile'),(33,5,1,'Retrait en Galerie'),(34,5,1,'Retrait en Galerie'),(35,5,1,'Livraison à domicile'),(36,5,1,'Retrait en Galerie'),(37,5,1,'Retrait en Galerie'),(38,5,1,'Livraison à domicile'),(39,5,1,'Livraison à domicile'),(40,5,1,'Livraison à domicile'),(41,5,1,'Livraison à domicile'),(42,5,1,'Livraison à domicile'),(43,5,1,'Livraison à domicile'),(44,5,1,'Livraison à domicile'),(45,5,1,'Retrait en Galerie'),(46,5,1,'Livraison à domicile'),(47,5,1,'Livraison à domicile'),(48,5,1,'Livraison à domicile'),(49,5,1,'Livraison à domicile'),(50,5,1,'Livraison à domicile'),(51,5,1,'Livraison à domicile'),(52,5,1,'Livraison à domicile'),(53,5,1,'Livraison à domicile'),(54,5,1,'Livraison à domicile'),(55,5,1,'Livraison à domicile'),(56,5,1,'Livraison à domicile'),(57,5,1,'Livraison à domicile'),(58,5,1,'Livraison à domicile'),(59,5,1,'Livraison à domicile'),(60,5,1,'Livraison à domicile'),(61,5,1,'Livraison à domicile'),(1,2,2,'Pick up in-store'),(2,2,2,'Delivery next day!'),(3,2,2,'Pick up in-store'),(4,2,2,'Delivery at home'),(5,2,2,'Delivery at home'),(6,2,2,'Delivery at home'),(7,2,2,'Delivery at home'),(8,2,2,'Delivery at home'),(9,2,2,'Delivery at home'),(10,2,2,'Delivery at home'),(11,2,2,'Delivery at home'),(12,2,2,'Delivery at home'),(13,2,2,'Delivery at home'),(14,2,2,'Livraison à domicile'),(15,2,2,'Delivery at home'),(16,2,2,'Pick up in-store'),(17,2,2,'Delivery at home'),(18,2,2,'Pick up in-store'),(19,2,2,'Pick up in-store'),(20,2,2,'Pick up in-store'),(21,2,2,'Pick up in-store'),(22,2,2,'Livraison à domicile'),(23,2,2,'Livraison à domicile'),(24,2,2,'Livraison à domicile'),(25,2,2,'Livraison à domicile'),(26,2,2,'Livraison à domicile'),(27,2,2,'2 à 4 jours'),(28,2,2,'Home délivery'),(29,2,2,'Home délivery'),(30,2,2,'Home délivery'),(31,2,2,'Delivery at home'),(32,2,2,'Delivery at home'),(33,2,2,'Pick up in-store'),(34,2,2,'Pick up in-store'),(35,2,2,'Delivery at home'),(36,2,2,'Pick up in-store'),(37,2,2,'Pick up in-store'),(38,2,2,'Delivery at home'),(39,2,2,'Delivery at home'),(40,2,2,'Delivery at home'),(41,2,2,'Home délivery'),(42,2,2,'Home délivery'),(43,2,2,'Home délivery'),(44,2,2,'Home délivery'),(45,2,2,'Pick up in-store'),(46,2,2,'Home délivery'),(47,2,2,'Home délivery'),(48,2,2,'Home délivery'),(49,2,2,'Home délivery'),(50,2,2,'Home délivery'),(51,2,2,'Home délivery'),(52,2,2,'Livraison à domicile'),(53,2,2,'Home délivery'),(54,2,2,'Home délivery'),(55,2,2,'Home délivery'),(56,2,2,'Livraison à domicile'),(57,2,2,'Livraison à domicile'),(58,2,2,'Delivery at home'),(59,2,2,'Livraison à domicile'),(60,2,2,'Livraison à domicile'),(61,2,2,'Livraison à domicile'),(1,4,2,'Pick up in-store'),(2,4,2,'Delivery next day!'),(3,4,2,'Pick up in-store'),(4,4,2,'Delivery at home'),(5,4,2,'Delivery at home'),(6,4,2,'Delivery at home'),(7,4,2,'Delivery at home'),(8,4,2,'Delivery at home'),(9,4,2,'Delivery at home'),(10,4,2,'Delivery at home'),(11,4,2,'Delivery at home'),(12,4,2,'Delivery at home'),(13,4,2,'Delivery at home'),(14,4,2,'Livraison à domicile'),(15,4,2,'Delivery at home'),(16,4,2,'Pick up in-store'),(17,4,2,'Delivery at home'),(18,4,2,'Pick up in-store'),(19,4,2,'Pick up in-store'),(20,4,2,'Pick up in-store'),(21,4,2,'Pick up in-store'),(22,4,2,'Livraison à domicile'),(23,4,2,'Livraison à domicile'),(24,4,2,'Livraison à domicile'),(25,4,2,'Livraison à domicile'),(26,4,2,'Livraison à domicile'),(27,4,2,'2 à 4 jours'),(28,4,2,'Home délivery'),(29,4,2,'Home délivery'),(30,4,2,'Home délivery'),(31,4,2,'Delivery at home'),(32,4,2,'Delivery at home'),(33,4,2,'Pick up in-store'),(34,4,2,'Pick up in-store'),(35,4,2,'Delivery at home'),(36,4,2,'Pick up in-store'),(37,4,2,'Pick up in-store'),(38,4,2,'Delivery at home'),(39,4,2,'Delivery at home'),(40,4,2,'Delivery at home'),(41,4,2,'Home délivery'),(42,4,2,'Home délivery'),(43,4,2,'Home délivery'),(44,4,2,'Home délivery'),(45,4,2,'Pick up in-store'),(46,4,2,'Home délivery'),(47,4,2,'Home délivery'),(48,4,2,'Home délivery'),(49,4,2,'Home délivery'),(50,4,2,'Home délivery'),(51,4,2,'Home délivery'),(52,4,2,'Livraison à domicile'),(53,4,2,'Home délivery'),(54,4,2,'Home délivery'),(55,4,2,'Home délivery'),(56,4,2,'Livraison à domicile'),(57,4,2,'Livraison à domicile'),(58,4,2,'Delivery at home'),(59,4,2,'Livraison à domicile'),(60,4,2,'Livraison à domicile'),(61,4,2,'Livraison à domicile'),(1,5,2,'Pick up in-store'),(2,5,2,'Delivery next day!'),(3,5,2,'Pick up in-store'),(4,5,2,'Delivery at home'),(5,5,2,'Delivery at home'),(6,5,2,'Delivery at home'),(7,5,2,'Delivery at home'),(8,5,2,'Delivery at home'),(9,5,2,'Delivery at home'),(10,5,2,'Delivery at home'),(11,5,2,'Delivery at home'),(12,5,2,'Delivery at home'),(13,5,2,'Delivery at home'),(14,5,2,'Livraison à domicile'),(15,5,2,'Delivery at home'),(16,5,2,'Pick up in-store'),(17,5,2,'Delivery at home'),(18,5,2,'Pick up in-store'),(19,5,2,'Pick up in-store'),(20,5,2,'Pick up in-store'),(21,5,2,'Pick up in-store'),(22,5,2,'Livraison à domicile'),(23,5,2,'Livraison à domicile'),(24,5,2,'Livraison à domicile'),(25,5,2,'Livraison à domicile'),(26,5,2,'Livraison à domicile'),(27,5,2,'2 à 4 jours'),(28,5,2,'Home délivery'),(29,5,2,'Home délivery'),(30,5,2,'Home délivery'),(31,5,2,'Delivery at home'),(32,5,2,'Delivery at home'),(33,5,2,'Pick up in-store'),(34,5,2,'Pick up in-store'),(35,5,2,'Delivery at home'),(36,5,2,'Pick up in-store'),(37,5,2,'Pick up in-store'),(38,5,2,'Delivery at home'),(39,5,2,'Delivery at home'),(40,5,2,'Delivery at home'),(41,5,2,'Home délivery'),(42,5,2,'Home délivery'),(43,5,2,'Home délivery'),(44,5,2,'Home délivery'),(45,5,2,'Pick up in-store'),(46,5,2,'Home délivery'),(47,5,2,'Home délivery'),(48,5,2,'Home délivery'),(49,5,2,'Home délivery'),(50,5,2,'Home délivery'),(51,5,2,'Home délivery'),(52,5,2,'Livraison à domicile'),(53,5,2,'Home délivery'),(54,5,2,'Home délivery'),(55,5,2,'Home délivery'),(56,5,2,'Livraison à domicile'),(57,5,2,'Livraison à domicile'),(58,5,2,'Delivery at home'),(59,5,2,'Livraison à domicile'),(60,5,2,'Livraison à domicile'),(61,5,2,'Livraison à domicile');

--
