-- Table structure for table `pre3305_search_word`
--

CREATE TABLE `pre3305_search_word` (
  `id_word` int(10) unsigned NOT NULL AUTO_INCREMENT,
  `id_shop` int(11) unsigned NOT NULL DEFAULT '1',
  `id_lang` int(10) unsigned NOT NULL,
  `word` varchar(15) NOT NULL,
  PRIMARY KEY (`id_word`),
  UNIQUE KEY `id_lang` (`id_lang`,`id_shop`,`word`)
) ENGINE=InnoDB AUTO_INCREMENT=111415 DEFAULT CHARSET=utf8;

--
-- Dumping data for table `pre3305_search_word`
--

INSERT INTO `pre3305_search_word` VALUES (92892,2,1,'100'),(93619,2,1,'100x100cm'),(97302,2,1,'100x45cm'),(62552,2,1,'100x70cm'),(97530,2,1,'100x81cm'),(93455,2,1,'103'),(93454,2,1,'103x198cm'),(93206,2,1,'105'),(93205,2,1,'105x75cm'),(94652,2,1,'106'),(94650,2,1,'106x73cm'),(93226,2,1,'107'),(93640,2,1,'109'),(93036,2,1,'110'),(94597,2,1,'110x75cm'),(94100,2,1,'110x81m'),(97157,2,1,'111'),(97156,2,1,'111x71cm'),(62885,2,1,'114'),(62884,2,1,'114x146cm'),(94472,2,1,'116'),(62486,2,1,'116x89cm'),(94471,2,1,'116x89m'),(93273,2,1,'120'),(62597,2,1,'120x140cm'),(95410,2,1,'120x40x40x40cm'),(93272,2,1,'120x80cm'),(93680,2,1,'122'),(45952,2,1,'12a'),(46120,2,1,'12b'),(97361,2,1,'12c'),(97385,2,1,'12d'),(97409,2,1,'12e'),(93397,2,1,'12x12cm'),(93164,2,1,'130'),(97460,2,1,'130x'),(93679,2,1,'130x122'),(93755,2,1,'130x195cm'),(95355,2,1,'130x89cm'),(93163,2,1,'130x97cm'),(95292,2,1,'138'),(62598,2,1,'140'),(97115,2,1,'143'),(94074,2,1,'145'),(96887,2,1,'146'),(95332,2,1,'161'),(95330,2,1,'161x60cm'),(65886,2,1,'162'),(65885,2,1,'162x114cm'),(94571,2,1,'165'),(107190,2,1,'165x200cm'),(94570,2,1,'165x85cm'),(93528,2,1,'16x16cm'),(95603,2,1,'175'),(93035,2,1,'180'),(94447,2,1,'180x180cm'),(93481,2,1,'180x94cm'),(93756,2,1,'195'),(93456,2,1,'198'),(107191,2,1,'200'),(96288,2,1,'2000'),(95356,2,1,'2004'),(96187,2,1,'2005'),(96266,2,1,'2006'),(95331,2,1,'2010'),(96124,2,1,'2012'),(93034,2,1,'2014'),(92944,2,1,'2015'),(92894,2,1,'2016'),(92992,2,1,'2017'),(93660,2,1,'2018'),(93552,2,1,'20x20cm'),(64294,2,1,'210'),(97489,2,1,'215'),(97488,2,1,'215x295cm'),(97363,2,1,'220'),(97362,2,1,'220x30cm'),(96287,2,1,'23x15cm'),(95895,2,1,'265'),(65397,2,1,'26x36cm'),(93225,2,1,'27x107cm'),(95853,2,1,'27x74cm'),(95120,2,1,'295'),(97510,2,1,'295x295cm'),(96409,2,1,'305'),(92889,2,1,'3052'),(96407,2,1,'305x23'),(92913,2,1,'3071'),(94680,2,1,'30cm'),(94022,2,1,'30x100cm'),(95598,2,1,'30x175cm'),(94294,2,1,'30x30cm'),(94155,2,1,'30x40m'),(96226,2,1,'30x46cm'),(96186,2,1,'30x47cm'),(95593,2,1,'310'),(95119,2,1,'325'),(94236,2,1,'32x48m'),(93575,2,1,'33x24cm'),(96244,2,1,'33x25cm'),(96265,2,1,'34x14cm'),(104528,2,1,'350g'),(104524,2,1,'350gr'),(94263,2,1,'35x50cm'),(96528,2,1,'36x26cm'),(93659,2,1,'37x48'),(92939,2,1,'3818'),(92972,2,1,'3820'),(61481,2,1,'3836'),(61498,2,1,'3846'),(108822,2,1,'38x105cm'),(92991,2,1,'3955'),(93011,2,1,'3957'),(93033,2,1,'4026'),(93047,2,1,'4028'),(93070,2,1,'4030'),(93093,2,1,'4034'),(93116,2,1,'4039'),(61663,2,1,'4059'),(92914,2,1,'40x60cm'),(66486,2,1,'41x295cm'),(93144,2,1,'41x33cm'),(62852,2,1,'41x50cm'),(61680,2,1,'4214'),(94704,2,1,'42x14cm'),(93142,2,1,'4487'),(93439,2,1,'44x66cm'),(93162,2,1,'4588'),(93639,2,1,'45x109cm'),(94073,2,1,'45x145cm'),(62467,2,1,'46x38m'),(96311,2,1,'47x30cm'),(96084,2,1,'47x60cm'),(61719,2,1,'4830'),(93183,2,1,'4832'),(93204,2,1,'4837'),(93224,2,1,'4843'),(93247,2,1,'4847'),(96166,2,1,'485'),(61825,2,1,'4853'),(96165,2,1,'485x33cm'),(93270,2,1,'4890'),(93298,2,1,'4892'),(93325,2,1,'4896'),(61930,2,1,'4898'),(95934,2,1,'48x60cm'),(61954,2,1,'4910'),(93351,2,1,'4917'),(93373,2,1,'4919'),(93394,2,1,'4921'),(93415,2,1,'4923'),(93436,2,1,'4925'),(93452,2,1,'4927'),(93480,2,1,'4929'),(93503,2,1,'4931'),(93527,2,1,'4933'),(94923,2,1,'495'),(93551,2,1,'4959'),(93574,2,1,'4963'),(93597,2,1,'4979'),(95916,2,1,'505'),(95915,2,1,'505x65cm'),(94048,2,1,'50x17cm'),(97597,2,1,'50x50cm'),(94129,2,1,'50x70m'),(64364,2,1,'510'),(62173,2,1,'5149'),(62193,2,1,'5151'),(93618,2,1,'5154'),(62233,2,1,'5155'),(96390,2,1,'51x49cm'),(95006,2,1,'525'),(97072,2,1,'52x265x23cm'),(95505,2,1,'53x73cm'),(95459,2,1,'53x74cm'),(93638,2,1,'5432'),(93656,2,1,'5436'),(93678,2,1,'5440'),(93705,2,1,'5442'),(95549,2,1,'54x73cm'),(93731,2,1,'5578'),(93754,2,1,'5580'),(93779,2,1,'5582'),(97114,2,1,'55x143cm'),(92943,2,1,'55x89cm'),(93805,2,1,'5902'),(93831,2,1,'5903'),(62466,2,1,'5905'),(94293,2,1,'5909'),(62508,2,1,'5911'),(62529,2,1,'5944'),(62551,2,1,'5945'),(62574,2,1,'5956'),(62596,2,1,'5975'),(93860,2,1,'5977'),(93880,2,1,'5980'),(93899,2,1,'5982'),(62680,2,1,'5983'),(93923,2,1,'5988'),(93950,2,1,'5993'),(93976,2,1,'5994'),(94002,2,1,'5995'),(96627,2,1,'600'),(96101,2,1,'60x26cm'),(96123,2,1,'60x35cm'),(104525,2,1,'60x40cm'),(96044,2,1,'60x47cm'),(96020,2,1,'60x48cm'),(96916,2,1,'60x72cm'),(95630,2,1,'610'),(94047,2,1,'6129'),(94072,2,1,'6130'),(94098,2,1,'6133'),(94127,2,1,'6134'),(94154,2,1,'6135'),(94181,2,1,'6136'),(94208,2,1,'6137'),(94235,2,1,'6138'),(94262,2,1,'6139'),(94292,2,1,'6141'),(94311,2,1,'6142'),(94333,2,1,'6143'),(94355,2,1,'6144'),(94377,2,1,'6145'),(94399,2,1,'6146'),(94421,2,1,'6147'),(94446,2,1,'6148'),(94470,2,1,'6149'),(94494,2,1,'6150'),(94521,2,1,'6151'),(94546,2,1,'6152'),(94569,2,1,'6153'),(94594,2,1,'6154'),(94622,2,1,'6155'),(94649,2,1,'6156'),(94676,2,1,'6158'),(94701,2,1,'6162'),(94737,2,1,'6163'),(94775,2,1,'6164'),(94815,2,1,'6165'),(94852,2,1,'6166'),(94888,2,1,'6167'),(94920,2,1,'6168'),(94948,2,1,'6169'),(94977,2,1,'6170'),(95005,2,1,'6171'),(95038,2,1,'6172'),(95066,2,1,'6173'),(95092,2,1,'6174'),(95118,2,1,'6175'),(95147,2,1,'6176'),(95181,2,1,'6177'),(95207,2,1,'6178'),(95235,2,1,'6179'),(95263,2,1,'6180'),(95291,2,1,'6187'),(95999,2,1,'61x47cm'),(95328,2,1,'6203'),(95354,2,1,'6204'),(95380,2,1,'6205'),(95407,2,1,'6206'),(95435,2,1,'6207'),(95458,2,1,'6209'),(95484,2,1,'6210'),(95504,2,1,'6213'),(95526,2,1,'6214'),(95548,2,1,'6215'),(95573,2,1,'6216'),(95594,2,1,'6219'),(95631,2,1,'6221'),(95668,2,1,'6222'),(95704,2,1,'6226'),(95741,2,1,'6228'),(95778,2,1,'6229'),(95816,2,1,'6231'),(95852,2,1,'6232'),(95873,2,1,'6233'),(95893,2,1,'6234'),(95914,2,1,'6235'),(95933,2,1,'6236'),(95954,2,1,'6237'),(95975,2,1,'6238'),(95998,2,1,'6239'),(96019,2,1,'6241'),(96043,2,1,'6242'),(96063,2,1,'6243'),(96083,2,1,'6244'),(96100,2,1,'6245'),(96122,2,1,'6246'),(96142,2,1,'6248'),(96164,2,1,'6249'),(95007,2,1,'625'),(96185,2,1,'6250'),(96207,2,1,'6251'),(96225,2,1,'6252'),(96243,2,1,'6253'),(96264,2,1,'6254'),(96286,2,1,'6255'),(96310,2,1,'6256'),(96326,2,1,'6257'),(96350,2,1,'6258'),(96369,2,1,'6259'),(96389,2,1,'6260'),(96405,2,1,'6261'),(96435,2,1,'6262'),(96465,2,1,'6263'),(96495,2,1,'6264'),(96527,2,1,'6266'),(96552,2,1,'6267'),(96577,2,1,'6268'),(96601,2,1,'6269'),(96625,2,1,'6271'),(96653,2,1,'6272'),(96683,2,1,'6273'),(96711,2,1,'6276'),(96739,2,1,'6277'),(96767,2,1,'6278'),(96796,2,1,'6279'),(96826,2,1,'6281'),(96855,2,1,'6282'),(96885,2,1,'6283'),(96915,2,1,'6302'),(96931,2,1,'6303'),(96951,2,1,'6306'),(96973,2,1,'6307'),(96999,2,1,'6308'),(97024,2,1,'6309'),(97048,2,1,'6310'),(97070,2,1,'6311'),(97094,2,1,'6312'),(97435,2,1,'6334'),(97459,2,1,'6335'),(97487,2,1,'6336'),(97509,2,1,'6338'),(97528,2,1,'6339'),(97550,2,1,'6340'),(97573,2,1,'6341'),(97596,2,1,'6342'),(107276,2,1,'6346'),(111348,2,1,'6350'),(105904,2,1,'6357'),(107189,2,1,'6362'),(111308,2,1,'6363'),(111284,2,1,'6366'),(107336,2,1,'6381'),(107164,2,1,'6382'),(107324,2,1,'6386'),(107301,2,1,'6387'),(108819,2,1,'6388'),(95208,2,1,'645'),(97135,2,1,'65x110cm'),(93928,2,1,'65x50cm'),(97263,2,1,'65x81cm'),(97095,2,1,'65x90x30'),(94949,2,1,'695'),(97049,2,1,'70x100cm'),(108242,2,1,'70x50cm'),(93807,2,1,'70x70cm'),(95667,2,1,'710'),(95438,2,1,'735'),(95437,2,1,'735x89cm'),(97282,2,1,'73x100cm'),(95894,2,1,'73x265cm'),(95874,2,1,'73x27cm'),(95485,2,1,'73x53cm'),(96331,2,1,'73x53m'),(95574,2,1,'73x54cm'),(94522,2,1,'73x60cm'),(62509,2,1,'73x60m'),(96932,2,1,'75x110cm'),(96370,2,1,'75x30cm'),(95527,2,1,'75x55cm'),(97343,2,1,'75x65cm'),(97322,2,1,'76x146cm'),(96626,2,1,'76x58cm'),(61681,2,1,'78x60'),(94890,2,1,'80x61'),(96952,2,1,'80x80cm'),(64714,2,1,'810'),(97461,2,1,'81cm'),(95815,2,1,'910'),(94547,2,1,'92x73cm'),(93248,2,1,'94x85'),(105875,2,1,'95x120cm'),(96886,2,1,'97x146cm'),(111309,2,1,'97x162cm'),(94443,2,1,'above'),(93048,2,1,'acrylique'),(107232,2,1,'addiction'),(92945,2,1,'aerosol'),(93393,2,1,'age'),(93571,2,1,'aiguiser'),(93451,2,1,'ailleurs'),(94947,2,1,'alice'),(96624,2,1,'alive'),(96950,2,1,'alone'),(94885,2,1,'amadeo'),(93676,2,1,'ame'),(92947,2,1,'americaine'),(97507,2,1,'and'),(61822,2,1,'annabelle'),(94699,2,1,'anonyme'),(94518,2,1,'another'),(95436,2,1,'aquarelle'),(111282,2,1,'aquatic'),(94593,2,1,'arabica'),(93550,2,1,'art'),(62231,2,1,'artic'),(95148,2,1,'artiste'),(93658,2,1,'assemblage'),(62527,2,1,'atlantic'),(95002,2,1,'attente'),(97069,2,1,'augmente'),(94001,2,1,'avenue'),(96682,2,1,'away'),(93450,2,1,'baisers'),(97594,2,1,'bandes'),(96953,2,1,'bas'),(94678,2,1,'batterie'),(96526,2,1,'beggining'),(94493,2,1,'between'),(95290,2,1,'bis'),(96368,2,1,'black'),(65396,2,1,'blanc'),(95482,2,1,'bleu'),(95525,2,1,'blue'),(96998,2,1,'blues'),(93051,2,1,'bois'),(97071,2,1,'boite'),(97433,2,1,'bom'),(92886,2,1,'bona'),(108817,2,1,'bonnes'),(93449,2,1,'bons'),(94520,2,1,'born'),(93549,2,1,'boss'),(97434,2,1,'bousier'),(93926,2,1,'box'),(96263,2,1,'bruns'),(93435,2,1,'bugs'),(95352,2,1,'bus'),(62171,2,1,'but'),(94099,2,1,'cadre'),(97092,2,1,'cage'),(92946,2,1,'caisse'),(93323,2,1,'cara'),(94887,2,1,'cardoso'),(92915,2,1,'carton'),(92911,2,1,'cent'),(93729,2,1,'certain'),(95572,2,1,'ceruleum'),(105874,2,1,'chroma'),(61479,2,1,'citizen'),(65884,2,1,'city'),(95913,2,1,'clouds'),(93396,2,1,'collage'),(93139,2,1,'corps'),(97050,2,1,'crayon'),(96163,2,1,'crossing'),(96206,2,1,'crossroads'),(105873,2,1,'crown'),(107188,2,1,'crush'),(111283,2,1,'dance'),(96972,2,1,'dark'),(92942,2,1,'date'),(94519,2,1,'day'),(97506,2,1,'death'),(93502,2,1,'debat'),(96327,2,1,'decoupe'),(93324,2,1,'delevingne'),(62549,2,1,'dernier'),(93395,2,1,'dessin'),(95892,2,1,'diagonal'),(94679,2,1,'diametre'),(95180,2,1,'diane'),(94702,2,1,'diptyque'),(92938,2,1,'dire'),(97508,2,1,'disaster'),(93530,2,1,'disponibles'),(93321,2,1,'doll'),(93295,2,1,'don'),(97093,2,1,'doree'),(95004,2,1,'doute'),(62679,2,1,'dreams'),(66485,2,1,'elegant'),(93617,2,1,'elephant'),(44160,2,1,'elysee'),(94651,2,1,'encadre'),(94128,2,1,'encadrement'),(92973,2,1,'encre'),(65615,2,1,'entrelacs'),(65641,2,1,'entrevoir'),(61480,2,1,'erased'),(95003,2,1,'espoir'),(96406,2,1,'estampe'),(93703,2,1,'etais'),(93655,2,1,'etait'),(104523,2,1,'etching'),(94621,2,1,'ethiopia'),(108820,2,1,'etui'),(95091,2,1,'eugene'),(93654,2,1,'evazesir'),(96882,2,1,'everythings'),(95597,2,1,'exemplaires'),(93350,2,1,'explorer'),(95409,2,1,'faces'),(95037,2,1,'fernand'),(93246,2,1,'feu'),(94698,2,1,'fige'),(93504,2,1,'figures'),(107335,2,1,'filles'),(93921,2,1,'five'),(61927,2,1,'flame'),(107163,2,1,'flow'),(96795,2,1,'focus'),(96914,2,1,'folded'),(61661,2,1,'forever'),(96328,2,1,'forme'),(61928,2,1,'frieda'),(95433,2,1,'from'),(94290,2,1,'froquet'),(94677,2,1,'fut'),(111307,2,1,'galactika'),(62855,2,1,'gauche'),(96551,2,1,'gens'),(95206,2,1,'georges'),(107187,2,1,'gold'),(62483,2,1,'golden'),(104518,2,1,'gottfried'),(93501,2,1,'grand'),(108821,2,1,'guitard'),(26742,2,1,'hausse'),(96330,2,1,'haute'),(95434,2,1,'helicopter'),(92910,2,1,'herard'),(93269,2,1,'hill'),(97068,2,1,'homme'),(94648,2,1,'honduras'),(94568,2,1,'hoturu'),(93753,2,1,'iconicara'),(95547,2,1,'iii'),(93297,2,1,'imany'),(62465,2,1,'innocence'),(93437,2,1,'installation'),(94697,2,1,'instant'),(96710,2,1,'intense'),(95289,2,1,'itineraire'),(107209,2,1,'ivresse'),(26704,2,1,'jka'),(93245,2,1,'jouer'),(93948,2,1,'juniper'),(96525,2,1,'just'),(94596,2,1,'jute'),(93266,2,1,'killing'),(105871,2,1,'kool'),(105872,2,1,'koor'),(93049,2,1,'kraft'),(62484,2,1,'lady'),(95353,2,1,'lane'),(93525,2,1,'langue'),(96825,2,1,'large'),(93268,2,1,'lauryn'),(97527,2,1,'lek'),(94976,2,1,'leontine'),(93878,2,1,'let'),(93529,2,1,'lettres'),(93031,2,1,'levalet'),(92888,2,1,'life'),(93143,2,1,'lin'),(94445,2,1,'line'),(104436,2,1,'lithoonline'),(94919,2,1,'louise'),(97022,2,1,'magic'),(108818,2,1,'manieres'),(93975,2,1,'mariposa'),(93050,2,1,'maroufle'),(66484,2,1,'masque'),(26733,2,1,'maude'),(62192,2,1,'mcqueen'),(93925,2,1,'mdf'),(93353,2,1,'media'),(93924,2,1,'medium'),(94851,2,1,'melancolie'),(93596,2,1,'melo'),(96576,2,1,'melody'),(93141,2,1,'ment'),(93479,2,1,'mesure'),(96738,2,1,'methode'),(97548,2,1,'middle'),(104520,2,1,'midtown'),(61953,2,1,'minded'),(92935,2,1,'miss'),(93352,2,1,'mixed'),(92891,2,1,'mixte'),(92969,2,1,'moi'),(97023,2,1,'monkey'),(62232,2,1,'monkeys'),(62573,2,1,'monroe'),(94922,2,1,'montage'),(94813,2,1,'morceaux'),(104522,2,1,'museum'),(93877,2,1,'never'),(95326,2,1,'new'),(95432,2,1,'night'),(94675,2,1,'nocturama'),(65395,2,1,'noir'),(93572,2,1,'nos'),(93674,2,1,'nostalgie'),(97549,2,1,'nowhere'),(104521,2,1,'numerique'),(95596,2,1,'numerote'),(104527,2,1,'numerotee'),(44161,2,1,'octobre'),(95599,2,1,'oeuvre'),(93032,2,1,'off'),(93704,2,1,'oiseau'),(61952,2,1,'open'),(97595,2,1,'organisees'),(93806,2,1,'original'),(96766,2,1,'originel'),(93372,2,1,'ours'),(96883,2,1,'out'),(95595,2,1,'palissade'),(93271,2,1,'panneau'),(93354,2,1,'paper'),(92993,2,1,'papier'),(96329,2,1,'partie'),(93322,2,1,'parts'),(92968,2,1,'passe'),(96408,2,1,'pastel'),(94469,2,1,'patriarch'),(97047,2,1,'paves'),(93371,2,1,'peau'),(94889,2,1,'peint'),(94703,2,1,'peinte'),(94921,2,1,'peinture'),(93677,2,1,'perdue'),(93637,2,1,'phagotrophie'),(92909,2,1,'philippe'),(95329,2,1,'photo'),(95411,2,1,'photographie'),(93573,2,1,'pinceaux'),(61929,2,1,'pinto'),(95601,2,1,'pochoir'),(93922,2,1,'points'),(94000,2,1,'ponce'),(93777,2,1,'pop'),(96997,2,1,'puma'),(95379,2,1,'puzzle'),(62572,2,1,'real'),(96242,2,1,'red'),(96121,2,1,'redtouch'),(95234,2,1,'regard'),(93140,2,1,'regime'),(95600,2,1,'rehaussee'),(96042,2,1,'riverside'),(94289,2,1,'romain'),(93730,2,1,'romance'),(62507,2,1,'royal'),(94595,2,1,'sac'),(62170,2,1,'sad'),(104519,2,1,'salzmann'),(97529,2,1,'scotch'),(95408,2,1,'sculpture'),(92970,2,1,'sel'),(94814,2,1,'serie'),(61824,2,1,'seve'),(96082,2,1,'shadows'),(93296,2,1,'shy'),(92941,2,1,'signe'),(104526,2,1,'signee'),(93526,2,1,'signes'),(93859,2,1,'skin'),(93267,2,1,'softly'),(96600,2,1,'somnium'),(95117,2,1,'souliers'),(94886,2,1,'souza'),(94291,2,1,'sparkling'),(97021,2,1,'splash'),(95503,2,1,'square'),(93778,2,1,'star'),(62528,2,1,'station'),(96794,2,1,'stay'),(62191,2,1,'steve'),(96652,2,1,'story'),(93949,2,1,'street'),(96388,2,1,'stripes'),(65883,2,1,'summer'),(95065,2,1,'suzanne'),(92937,2,1,'taire'),(62550,2,1,'tango'),(61823,2,1,'tattu'),(93453,2,1,'tech'),(92890,2,1,'technique'),(104435,2,1,'test'),(94444,2,1,'the'),(96884,2,1,'there'),(94545,2,1,'thing'),(65512,2,1,'this'),(92936,2,1,'tic'),(62595,2,1,'tiger'),(65513,2,1,'time'),(95502,2,1,'times'),(93203,2,1,'titre'),(92912,2,1,'titres'),(92893,2,1,'toile'),(92940,2,1,'tole'),(96224,2,1,'touch'),(65773,2,1,'tradition'),(95406,2,1,'triangle'),(62172,2,1,'true'),(95483,2,1,'turquoise'),(93857,2,1,'under'),(93675,2,1,'une'),(95602,2,1,'unique'),(61497,2,1,'utero'),(96824,2,1,'vent'),(93595,2,1,'venus'),(93657,2,1,'vernis'),(93927,2,1,'verre'),(92971,2,1,'vie'),(94700,2,1,'vii'),(61926,2,1,'viola'),(96223,2,1,'violet'),(93438,2,1,'vitrine'),(96854,2,1,'volute'),(92887,2,1,'weight'),(95912,2,1,'white'),(94544,2,1,'wild'),(107162,2,1,'with'),(95327,2,1,'york'),(93879,2,1,'you'),(61662,2,1,'young'),(93858,2,1,'your'),(102078,4,1,'100'),(104070,4,1,'100x70cm'),(103837,4,1,'102'),(98010,4,1,'105'),(14252,4,1,'10x5cm'),(98145,4,1,'110'),(104102,4,1,'110x75cm'),(101418,4,1,'121'),(101160,4,1,'12ex'),(102392,4,1,'133'),(98926,4,1,'140'),(98924,4,1,'140ex'),(102378,4,1,'148'),(99511,4,1,'14x14x5cm'),(98655,4,1,'150'),(98654,4,1,'150ex'),(108945,4,1,'15exemplaires'),(14281,4,1,'1633ex'),(102100,4,1,'173'),(100592,4,1,'183'),(99436,4,1,'1849'),(100510,4,1,'18x18cm'),(98467,4,1,'192'),(99316,4,1,'1920'),(102600,4,1,'1986'),(102678,4,1,'1988'),(14253,4,1,'1990'),(100595,4,1,'1993'),(100589,4,1,'1993bouchon'),(99262,4,1,'200'),(102217,4,1,'2001'),(100190,4,1,'2007'),(98925,4,1,'2008'),(102099,4,1,'2009'),(99261,4,1,'200ex'),(98776,4,1,'2010'),(102450,4,1,'2011'),(103047,4,1,'2013'),(97646,4,1,'2014'),(97628,4,1,'2015'),(98373,4,1,'2016'),(98435,4,1,'2017'),(109811,4,1,'2018'),(103433,4,1,'2018papier'),(108897,4,1,'2019'),(12485,4,1,'2020'),(99993,4,1,'20ex'),(99732,4,1,'20x20cm'),(100758,4,1,'20x24cm'),(102480,4,1,'20x30cm'),(99733,4,1,'21x21cm'),(102718,4,1,'21x27cm'),(98465,4,1,'21x63cm'),(102051,4,1,'2240x30cm'),(99466,4,1,'22x10x5cm'),(98232,4,1,'22x16cm'),(98902,4,1,'240g'),(100476,4,1,'24x18cm'),(100917,4,1,'24x30cm'),(99652,4,1,'24x32cm'),(98303,4,1,'250'),(98304,4,1,'250g'),(97619,4,1,'2546'),(97644,4,1,'2547'),(97673,4,1,'2574'),(97706,4,1,'2576'),(97737,4,1,'2577'),(97767,4,1,'2578'),(97799,4,1,'2579'),(97831,4,1,'2580'),(97862,4,1,'2582'),(97896,4,1,'2583'),(97927,4,1,'2585'),(97961,4,1,'2586'),(97998,4,1,'2587'),(98064,4,1,'2588'),(98099,4,1,'2589'),(98130,4,1,'2590'),(100757,4,1,'25ex'),(102347,4,1,'25x20cm'),(102228,4,1,'25x25cm'),(99398,4,1,'2650'),(97630,4,1,'270'),(98229,4,1,'2703'),(98252,4,1,'2705'),(97623,4,1,'270g'),(104316,4,1,'270gformat'),(102346,4,1,'270gr'),(104317,4,1,'275x345cm'),(98274,4,1,'2763'),(99689,4,1,'27x21cm'),(98299,4,1,'2844'),(108946,4,1,'297'),(98369,4,1,'2977'),(98466,4,1,'300'),(100189,4,1,'300ex'),(107049,4,1,'300g'),(108899,4,1,'305'),(98402,4,1,'3096'),(98433,4,1,'3097'),(99964,4,1,'30x30cm'),(101098,4,1,'30x40cm'),(99615,4,1,'310g'),(103435,4,1,'320'),(101642,4,1,'325'),(98460,4,1,'3310'),(98533,4,1,'33ex'),(16240,4,1,'33exemplaires'),(98722,4,1,'33x25cm'),(98984,4,1,'345'),(99559,4,1,'34x27cm'),(98564,4,1,'350'),(98691,4,1,'350ex'),(98376,4,1,'350g'),(104257,4,1,'350gr'),(99616,4,1,'35x22cm'),(98499,4,1,'3661'),(98532,4,1,'3662'),(103788,4,1,'36x46cm'),(102146,4,1,'375'),(101986,4,1,'375ex'),(110290,4,1,'38x19x10cm'),(103838,4,1,'38x43cm'),(98563,4,1,'3966'),(12125,4,1,'3974'),(98587,4,1,'3980'),(98616,4,1,'3982'),(98648,4,1,'3996'),(100287,4,1,'400'),(98690,4,1,'4000'),(98720,4,1,'4008'),(100286,4,1,'400ex'),(102375,4,1,'400g'),(98747,4,1,'4010'),(98774,4,1,'4016'),(98800,4,1,'4070'),(98832,4,1,'4072'),(98864,4,1,'4074'),(98899,4,1,'4082'),(99054,4,1,'40ex'),(101672,4,1,'40th'),(100887,4,1,'40x30'),(99317,4,1,'40x30cm'),(99053,4,1,'40x50cm'),(98923,4,1,'4118'),(98951,4,1,'4287'),(98978,4,1,'4298'),(109932,4,1,'42x19x10cm'),(98253,4,1,'42x20cm'),(99015,4,1,'4320'),(101834,4,1,'435x28x1cm'),(101880,4,1,'43x31'),(102019,4,1,'43x60cm'),(101703,4,1,'445'),(69569,4,1,'4474'),(99052,4,1,'4475'),(98980,4,1,'44x34cm'),(98588,4,1,'450'),(98617,4,1,'450ex'),(102125,4,1,'455'),(109955,4,1,'45x19x10cm'),(103662,4,1,'45x30cm'),(109987,4,1,'46x19x10cm'),(101328,4,1,'46x46cm'),(101922,4,1,'46x61'),(100659,4,1,'46x61cm'),(99080,4,1,'4742'),(99104,4,1,'4744'),(99130,4,1,'4746'),(99156,4,1,'4748'),(101217,4,1,'475ex'),(99198,4,1,'4793'),(99225,4,1,'4795'),(99259,4,1,'4858'),(99288,4,1,'4860'),(99315,4,1,'4872'),(99341,4,1,'4874'),(99369,4,1,'4878'),(99396,4,1,'4883'),(99433,4,1,'4885'),(99464,4,1,'4944'),(99486,4,1,'4947'),(99509,4,1,'4950'),(109929,4,1,'4983'),(99558,4,1,'4987'),(98749,4,1,'500'),(100162,4,1,'500ex'),(99586,4,1,'5031'),(99613,4,1,'5049'),(99651,4,1,'5057'),(99688,4,1,'5058'),(102447,4,1,'50cm'),(103664,4,1,'50eme'),(99081,4,1,'50ex'),(103766,4,1,'50x33cm'),(102079,4,1,'50x40'),(101899,4,1,'50x50'),(99935,4,1,'50x50cm'),(99399,4,1,'50x66cm'),(98372,4,1,'50x70'),(109005,4,1,'50x70cm'),(99342,4,1,'50x75cm'),(99731,4,1,'5113'),(99762,4,1,'5140'),(99790,4,1,'5141'),(99817,4,1,'5142'),(99848,4,1,'5144'),(99877,4,1,'5145'),(99908,4,1,'5146'),(99934,4,1,'5162'),(99963,4,1,'5163'),(99992,4,1,'5164'),(100022,4,1,'5165'),(100053,4,1,'5166'),(100081,4,1,'5169'),(100107,4,1,'5170'),(97800,4,1,'51x375cm'),(97645,4,1,'51x37cm'),(103576,4,1,'52x77cm'),(99370,4,1,'5360'),(100134,4,1,'5445'),(100161,4,1,'5453'),(100188,4,1,'5455'),(100219,4,1,'5459'),(103046,4,1,'5462'),(100250,4,1,'5464'),(100285,4,1,'5487'),(100316,4,1,'5497'),(100347,4,1,'5499'),(109810,4,1,'550'),(100380,4,1,'5500'),(100411,4,1,'5502'),(100441,4,1,'5503'),(100473,4,1,'5522'),(100508,4,1,'5523'),(100542,4,1,'5524'),(100585,4,1,'5527'),(100619,4,1,'5530'),(101952,4,1,'5560'),(100658,4,1,'5564'),(100686,4,1,'5566'),(100718,4,1,'5568'),(100756,4,1,'5589'),(100791,4,1,'5595'),(100825,4,1,'5683'),(100855,4,1,'5703'),(100886,4,1,'5722'),(100916,4,1,'5740'),(100948,4,1,'5744'),(100980,4,1,'5756'),(101002,4,1,'5757'),(101024,4,1,'5758'),(101046,4,1,'5759'),(101067,4,1,'5763'),(101097,4,1,'5776'),(101128,4,1,'5777'),(101159,4,1,'5778'),(101187,4,1,'5779'),(100688,4,1,'57x57cm'),(101216,4,1,'5824'),(71821,4,1,'5864'),(101240,4,1,'5865'),(101269,4,1,'5867'),(101297,4,1,'5875'),(101327,4,1,'5876'),(101354,4,1,'5877'),(101382,4,1,'5878'),(101414,4,1,'5879'),(101446,4,1,'5881'),(101475,4,1,'5884'),(101505,4,1,'5885'),(101530,4,1,'5899'),(102376,4,1,'58x58cm'),(101565,4,1,'5935'),(101592,4,1,'5960'),(99371,4,1,'59x89cm'),(99016,4,1,'5ea'),(103735,4,1,'5th'),(101610,4,1,'6012'),(101641,4,1,'6017'),(101674,4,1,'6019'),(101701,4,1,'6028'),(101735,4,1,'6030'),(101768,4,1,'6031'),(101832,4,1,'6034'),(101855,4,1,'6035'),(101879,4,1,'6036'),(23707,4,1,'6037'),(101898,4,1,'6038'),(101919,4,1,'6040'),(101951,4,1,'6042'),(101985,4,1,'6043'),(102018,4,1,'6044'),(102050,4,1,'6045'),(102062,4,1,'6046'),(102077,4,1,'6047'),(102098,4,1,'6048'),(102124,4,1,'6050'),(102144,4,1,'6051'),(102170,4,1,'6052'),(102189,4,1,'6053'),(102216,4,1,'6054'),(102227,4,1,'6056'),(102258,4,1,'6057'),(102279,4,1,'6058'),(102303,4,1,'6059'),(102345,4,1,'6061'),(102373,4,1,'6065'),(102391,4,1,'6066'),(103937,4,1,'607'),(102410,4,1,'6074'),(102444,4,1,'6077'),(102479,4,1,'6079'),(102503,4,1,'6080'),(102527,4,1,'6081'),(102550,4,1,'6082'),(102576,4,1,'6083'),(102596,4,1,'6084'),(102612,4,1,'6089'),(102647,4,1,'6090'),(102675,4,1,'6092'),(102691,4,1,'6093'),(102717,4,1,'6094'),(102746,4,1,'6095'),(102775,4,1,'6096'),(102804,4,1,'6097'),(102833,4,1,'6098'),(102862,4,1,'6099'),(98278,4,1,'60x40'),(104258,4,1,'60x40cm'),(98500,4,1,'60x80'),(109192,4,1,'60x80cm'),(102891,4,1,'6100'),(102921,4,1,'6101'),(102951,4,1,'6102'),(102981,4,1,'6103'),(103012,4,1,'6104'),(103045,4,1,'6106'),(103078,4,1,'6107'),(103114,4,1,'6109'),(103143,4,1,'6110'),(103170,4,1,'6111'),(109174,4,1,'6115'),(109004,4,1,'6117'),(103198,4,1,'6119'),(103227,4,1,'6120'),(103256,4,1,'6121'),(103285,4,1,'6123'),(103315,4,1,'6124'),(103345,4,1,'6125'),(103374,4,1,'6126'),(103403,4,1,'6127'),(103430,4,1,'6181'),(103467,4,1,'6182'),(103504,4,1,'6183'),(103539,4,1,'6184'),(103573,4,1,'6189'),(103602,4,1,'6190'),(103629,4,1,'6191'),(103661,4,1,'6192'),(103705,4,1,'6193'),(103736,4,1,'6194'),(103765,4,1,'6195'),(103787,4,1,'6196'),(103819,4,1,'6197'),(103836,4,1,'6198'),(103861,4,1,'6199'),(104045,4,1,'61x37cm'),(98589,4,1,'61x46'),(98618,4,1,'61x46cm'),(102411,4,1,'61x86cm'),(99818,4,1,'61x91cm'),(103882,4,1,'6288'),(103909,4,1,'6289'),(103934,4,1,'6290'),(103964,4,1,'6291'),(103992,4,1,'6292'),(104018,4,1,'6293'),(104044,4,1,'6294'),(104069,4,1,'6295'),(104101,4,1,'6296'),(104130,4,1,'6297'),(104160,4,1,'6298'),(104193,4,1,'6299'),(104222,4,1,'6300'),(104255,4,1,'6301'),(104281,4,1,'6304'),(104313,4,1,'6305'),(104404,4,1,'6344'),(104572,4,1,'6350'),(105821,4,1,'6353'),(107048,4,1,'6385'),(108303,4,1,'6399'),(108710,4,1,'6400'),(108898,4,1,'6405'),(109121,4,1,'6409'),(109086,4,1,'6410'),(109033,4,1,'6411'),(109483,4,1,'6412'),(109573,4,1,'6413'),(109436,4,1,'6414'),(109986,4,1,'6416'),(109954,4,1,'6417'),(109928,4,1,'6419'),(109891,4,1,'6423'),(109807,4,1,'6424'),(109844,4,1,'6425'),(103862,4,1,'65x50cm'),(97928,4,1,'65x92cm'),(103820,4,1,'66x50cm'),(102190,4,1,'66x51cm'),(103631,4,1,'69x49cm'),(104100,4,1,'6ex'),(101271,4,1,'700'),(101270,4,1,'700ex'),(99017,4,1,'70x50cm'),(100621,4,1,'70x70cm'),(101416,4,1,'75ex'),(103993,4,1,'75x61cm'),(103737,4,1,'76x45cm'),(102599,4,1,'76x56cm'),(103936,4,1,'775'),(103935,4,1,'775x607cm'),(103883,4,1,'78x61cm'),(98775,4,1,'78x64'),(109933,4,1,'7ex'),(98534,4,1,'80x60'),(103966,4,1,'815'),(103965,4,1,'815x61cm'),(103706,4,1,'82x63cm'),(103911,4,1,'833'),(103910,4,1,'833x61cm'),(104019,4,1,'83x61cm'),(101417,4,1,'85x121cm'),(17846,4,1,'8cm'),(107050,4,1,'8ex'),(98406,4,1,'91x61cm'),(97627,4,1,'92x65cm'),(100471,4,1,'abc'),(98562,4,1,'above'),(101830,4,1,'achever'),(100978,4,1,'addicted'),(101895,4,1,'aerosol'),(100472,4,1,'air'),(100217,4,1,'alert'),(102442,4,1,'alerte'),(107997,4,1,'amacor'),(101157,4,1,'ame'),(100687,4,1,'and'),(98719,4,1,'andre'),(102449,4,1,'annee'),(103665,4,1,'anniversaire'),(102169,4,1,'ans'),(102212,4,1,'antonio'),(108944,4,1,'antropocene'),(99397,4,1,'aquatinte'),(15608,4,1,'arche'),(17844,4,1,'argente'),(100591,4,1,'argentesigne'),(101878,4,1,'arlequin'),(97993,4,1,'art'),(98005,4,1,'artiste'),(98132,4,1,'artistes'),(98950,4,1,'artwood'),(102502,4,1,'atelier'),(100584,4,1,'autoportait'),(100587,4,1,'autoportrait'),(103197,4,1,'autostop'),(104314,4,1,'autres'),(103668,4,1,'autriche'),(103628,4,1,'avenue'),(109433,4,1,'back'),(98686,4,1,'bad'),(17843,4,1,'baldacini'),(102950,4,1,'barcelona'),(15603,4,1,'barthelemy'),(99907,4,1,'bas'),(98139,4,1,'base'),(102048,4,1,'basto'),(102595,4,1,'batibouw'),(98228,4,1,'beatitude'),(97622,4,1,'bfk'),(99197,4,1,'bidder'),(100883,4,1,'bis'),(99258,4,1,'black'),(102692,4,1,'blanc'),(103790,4,1,'bleu'),(97705,4,1,'bleue'),(101238,4,1,'blood'),(101268,4,1,'blue'),(98948,4,1,'bois'),(102443,4,1,'bombe'),(100051,4,1,'bona'),(102482,4,1,'bonan'),(102477,4,1,'bonant'),(97895,4,1,'bonheur'),(97672,4,1,'botti'),(100586,4,1,'bouchon'),(100590,4,1,'bouteille'),(101733,4,1,'bowie'),(107947,4,1,'box'),(98687,4,1,'brain'),(102143,4,1,'brel'),(103835,4,1,'bridges'),(109432,4,1,'bring'),(99465,4,1,'brique'),(98230,4,1,'bronze'),(99340,4,1,'brothers'),(103860,4,1,'buildings'),(109431,4,1,'c215'),(102716,4,1,'caddy'),(108896,4,1,'calendrier'),(109175,4,1,'canson'),(100514,4,1,'carton'),(98470,4,1,'cartonnee'),(100474,4,1,'catalogue'),(15605,4,1,'celebration'),(98530,4,1,'cent'),(102688,4,1,'centaure'),(100583,4,1,'cesar'),(105729,4,1,'chacune'),(102445,4,1,'chiffon'),(98898,4,1,'cinnamon'),(97960,4,1,'cirque'),(101766,4,1,'citizen'),(103314,4,1,'citron'),(98644,4,1,'cleon'),(99051,4,1,'clochette'),(98000,4,1,'coffret'),(98007,4,1,'coffrets'),(98298,4,1,'collaboration'),(99434,4,1,'collage'),(101950,4,1,'colossus'),(98462,4,1,'comiques'),(109438,4,1,'commande'),(98979,4,1,'compose'),(98652,4,1,'composee'),(98001,4,1,'comprenant'),(98134,4,1,'comprend'),(102597,4,1,'compression'),(103538,4,1,'conscience'),(99485,4,1,'contre'),(100507,4,1,'control'),(101854,4,1,'corde'),(98647,4,1,'corruption'),(103434,4,1,'coton'),(97996,4,1,'couleur'),(103764,4,1,'coupe'),(98469,4,1,'couverture'),(102188,4,1,'crawler'),(98063,4,1,'cree'),(98976,4,1,'crisis'),(98472,4,1,'criteres'),(103373,4,1,'cube'),(100132,4,1,'damaged'),(99286,4,1,'danger'),(98405,4,1,'date'),(100512,4,1,'datee'),(109441,4,1,'decembre'),(109889,4,1,'deception'),(101158,4,1,'dechue'),(99256,4,1,'decoding'),(100481,4,1,'dedicace'),(99431,4,1,'deep'),(97860,4,1,'denning'),(102344,4,1,'dents'),(97999,4,1,'dernier'),(99257,4,1,'desinformation'),(98062,4,1,'desir'),(100477,4,1,'dessin'),(102446,4,1,'diametre'),(102481,4,1,'dibond'),(109034,4,1,'differente'),(103789,4,1,'differents'),(99612,4,1,'digigraphie'),(15606,4,1,'dimension'),(100247,4,1,'diptyque'),(109890,4,1,'disorder'),(102613,4,1,'disponible'),(107051,4,1,'disponibles'),(100509,4,1,'disque'),(101590,4,1,'don'),(105728,4,1,'dont'),(98615,4,1,'dove'),(100470,4,1,'dran'),(12124,4,1,'drop'),(12126,4,1,'dropserigraphie'),(100656,4,1,'duality'),(98975,4,1,'earth'),(103660,4,1,'eastriver'),(102171,4,1,'eau'),(103226,4,1,'ecolier'),(103663,4,1,'editee'),(98409,4,1,'edition'),(98471,4,1,'editions'),(104402,4,1,'egalite'),(99507,4,1,'ego'),(101896,4,1,'elsa'),(98982,4,1,'embossage'),(101214,4,1,'embrace'),(107922,4,1,'encadree'),(102409,4,1,'endless'),(102121,4,1,'enfance'),(103011,4,1,'england'),(101920,4,1,'ensemble'),(103255,4,1,'envol'),(100622,4,1,'epreuve'),(101767,4,1,'erased'),(98251,4,1,'espiegle'),(98370,4,1,'estampe'),(103431,4,1,'estampes'),(98375,4,1,'etching'),(109927,4,1,'etes'),(102598,4,1,'etiquettes'),(97894,4,1,'etonne'),(97893,4,1,'etre'),(101156,4,1,'evazesir'),(100981,4,1,'exempalires'),(99082,4,1,'exemplaire'),(97626,4,1,'exemplaires'),(102677,4,1,'exemplaires25'),(100593,4,1,'exemplaires68'),(104315,4,1,'exemplairesimpr'),(100475,4,1,'exposition'),(100216,4,1,'eye'),(99847,4,1,'face'),(102372,4,1,'fade'),(98398,4,1,'fairey'),(99532,4,1,'fais'),(99761,4,1,'fatal'),(108912,4,1,'faux'),(100284,4,1,'fear'),(101923,4,1,'fearnatural'),(99050,4,1,'fee'),(101127,4,1,'fertile'),(102168,4,1,'fete'),(101186,4,1,'fige'),(97643,4,1,'figure'),(97861,4,1,'figureid'),(109805,4,1,'fire'),(100789,4,1,'five'),(97736,4,1,'fkdl'),(100215,4,1,'flint'),(100440,4,1,'florist'),(109003,4,1,'flow'),(101412,4,1,'for'),(100545,4,1,'foret'),(98231,4,1,'format'),(102172,4,1,'forte'),(102980,4,1,'france'),(98983,4,1,'frange'),(99531,4,1,'frasques'),(104403,4,1,'fraternite'),(98614,4,1,'freedom'),(103042,4,1,'freidman'),(99533,4,1,'fresques'),(101506,4,1,'friedman'),(104191,4,1,'from'),(98897,4,1,'froquet'),(102225,4,1,'full'),(101411,4,1,'future'),(97990,4,1,'galerie'),(102611,4,1,'gamine'),(101326,4,1,'geometric'),(99614,4,1,'german'),(109435,4,1,'girls'),(100218,4,1,'globe'),(103113,4,1,'gogh'),(101296,4,1,'gold'),(101410,4,1,'golden'),(97797,4,1,'gottfried'),(101415,4,1,'grand'),(98144,4,1,'graphito'),(101673,4,1,'grave'),(103630,4,1,'gravue'),(98275,4,1,'gravure'),(99789,4,1,'green'),(104068,4,1,'greenstreet'),(97766,4,1,'gregos'),(103572,4,1,'grey'),(100346,4,1,'guard'),(99224,4,1,'guard2'),(102745,4,1,'guerre'),(102017,4,1,'gulliver'),(97859,4,1,'guy'),(17845,4,1,'hauteur'),(104192,4,1,'helicopter'),(98529,4,1,'herard'),(97703,4,1,'herve'),(102689,4,1,'hommage'),(71209,4,1,'hour'),(100657,4,1,'humanity'),(101023,4,1,'hung'),(102371,4,1,'hush'),(101504,4,1,'ice'),(109843,4,1,'ideal'),(100588,4,1,'iii'),(98461,4,1,'illusions'),(69566,4,1,'imagination'),(101185,4,1,'instant'),(108268,4,1,'ivresse'),(97891,4,1,'jacques'),(100539,4,1,'jana'),(98060,4,1,'jardins'),(101894,4,1,'jef'),(97958,4,1,'jerome'),(102774,4,1,'jesus'),(102803,4,1,'joconde'),(97991,4,1,'joel'),(99078,4,1,'jonone'),(98098,4,1,'judith'),(100754,4,1,'juniper'),(101215,4,1,'justice'),(100683,4,1,'kai'),(98585,4,1,'keep'),(103043,4,1,'keith'),(97992,4,1,'knafo'),(107045,4,1,'lady'),(71208,4,1,'late'),(108180,4,1,'lavocat'),(100410,4,1,'learn'),(98368,4,1,'legion'),(99339,4,1,'lehmann'),(100080,4,1,'lek'),(69568,4,1,'lequel'),(98721,4,1,'letterpress'),(97617,4,1,'levalet'),(103627,4,1,'lexington'),(104401,4,1,'liberte'),(101591,4,1,'lie'),(101640,4,1,'lies'),(101001,4,1,'lilac'),(97768,4,1,'lithgraphie'),(104256,4,1,'lithoghraphie'),(97620,4,1,'lithographie'),(98002,4,1,'lithographies'),(98140,4,1,'lithographique'),(98952,4,1,'lithoonline'),(98131,4,1,'livre'),(99508,4,1,'logo'),(105727,4,1,'lot'),(100979,4,1,'love'),(103402,4,1,'lune'),(109985,4,1,'machisme'),(98399,4,1,'make'),(103908,4,1,'manhattan'),(109952,4,1,'marcher'),(99463,4,1,'melo'),(101949,4,1,'melvins'),(97959,4,1,'mesnager'),(98235,4,1,'metal'),(102674,4,1,'mickey'),(104254,4,1,'midtown'),(99876,4,1,'milieu'),(103284,4,1,'mime'),(101671,4,1,'misfits'),(109924,4,1,'miss'),(98136,4,1,'mixte'),(101474,4,1,'money'),(100854,4,1,'monkey'),(109173,4,1,'monotype'),(98233,4,1,'monte'),(102226,4,1,'moon'),(103044,4,1,'morris'),(99760,4,1,'mujer'),(98900,4,1,'multiple'),(102646,4,1,'munch'),(103666,4,1,'musee'),(98374,4,1,'museum'),(100378,4,1,'natural'),(99367,4,1,'new'),(99014,4,1,'news'),(98273,4,1,'night'),(97994,4,1,'noir'),(98745,4,1,'noise'),(98301,4,1,'non'),(98059,4,1,'nos'),(98400,4,1,'not'),(102832,4,1,'nounours'),(103429,4,1,'nuit'),(103574,4,1,'nume'),(98371,4,1,'numerique'),(103432,4,1,'numeriques'),(109443,4,1,'numerotation'),(109809,4,1,'numerote'),(97625,4,1,'numerotee'),(98142,4,1,'numerotees'),(101702,4,1,'numerque'),(98434,4,1,'obey'),(101925,4,1,'obeyflorist'),(98922,4,1,'occupation'),(98801,4,1,'oeuvre'),(109440,4,1,'officielle'),(103428,4,1,'offrandes'),(101239,4,1,'oil'),(98008,4,1,'ont'),(98408,4,1,'open'),(109984,4,1,'orients'),(98138,4,1,'original'),(98802,4,1,'originale'),(102676,4,1,'originalesignee'),(100479,4,1,'originaux'),(109434,4,1,'our'),(98006,4,1,'ouvrier'),(105726,4,1,'pack'),(100480,4,1,'page'),(98468,4,1,'pages'),(101833,4,1,'palissade'),(101529,4,1,'pandore'),(97618,4,1,'pansees'),(102861,4,1,'pape'),(102145,4,1,'papeier'),(97629,4,1,'papier'),(97926,4,1,'paradis'),(98431,4,1,'paradise'),(100315,4,1,'parents'),(98977,4,1,'paris'),(109931,4,1,'parpaing'),(98646,4,1,'pattern'),(99510,4,1,'pave'),(98613,4,1,'peace'),(102096,4,1,'periferia'),(99314,4,1,'perspective'),(98645,4,1,'peterson'),(98649,4,1,'petersonpattern'),(98947,4,1,'petit'),(98528,4,1,'philippe'),(98277,4,1,'photeauforte'),(99435,4,1,'photo'),(98276,4,1,'photographie'),(101736,4,1,'photographique'),(102690,4,1,'picasso'),(98237,4,1,'pierre'),(102920,4,1,'pinocchio'),(101853,4,1,'plus'),(100511,4,1,'pochette'),(109930,4,1,'pochoir'),(100790,4,1,'points'),(102525,4,1,'portait'),(109442,4,1,'portent'),(98297,4,1,'portfolio'),(100594,4,1,'portrait'),(98403,4,1,'poster'),(101921,4,1,'posters'),(100513,4,1,'pouces'),(69567,4,1,'pouvoir'),(99196,4,1,'power'),(109437,4,1,'pre'),(100186,4,1,'presidential'),(103313,4,1,'presse'),(101984,4,1,'pressure'),(101734,4,1,'print'),(102890,4,1,'prix'),(100540,4,1,'profondeur'),(98746,4,1,'project'),(103344,4,1,'promoteur'),(100314,4,1,'proud'),(98688,4,1,'punk'),(102049,4,1,'r2d2'),(102214,4,1,'rayos'),(98803,4,1,'realisee'),(98009,4,1,'realises'),(100717,4,1,'red'),(108797,4,1,'regularisation'),(99083,4,1,'rehausse'),(98804,4,1,'rehaussee'),(17432,4,1,'rehaussees'),(100620,4,1,'rehausses'),(97671,4,1,'rene'),(99366,4,1,'reve'),(109953,4,1,'reveurs'),(71210,4,1,'riot'),(98561,4,1,'rise'),(97621,4,1,'rives'),(98901,4,1,'rivoli'),(98896,4,1,'romain'),(97704,4,1,'rosa'),(103704,4,1,'rose'),(103575,4,1,'rote'),(103791,4,1,'rouge'),(100915,4,1,'royal'),(100884,4,1,'rue'),(103667,4,1,'saalfelden'),(103503,4,1,'sacree'),(109806,4,1,'sale'),(102526,4,1,'salon'),(97798,4,1,'salzmann'),(101831,4,1,'sauf'),(98238,4,1,'sculpture'),(100187,4,1,'seal'),(98061,4,1,'secrets'),(102213,4,1,'segui'),(108913,4,1,'semblants'),(100541,4,1,'sentiments'),(97642,4,1,'serie'),(99260,4,1,'serigr'),(98981,4,1,'serigraohie'),(98463,4,1,'serigraphie'),(98653,4,1,'serigraphies'),(98651,4,1,'set'),(98498,4,1,'sheep'),(98397,4,1,'shepard'),(98689,4,1,'showcase'),(101797,4,1,'shrine'),(100478,4,1,'signature'),(109808,4,1,'signe'),(97624,4,1,'signee'),(98141,4,1,'signees'),(100283,4,1,'silence'),(103859,4,1,'silver'),(100824,4,1,'skin'),(101445,4,1,'skull'),(99287,4,1,'smoking'),(98236,4,1,'socle'),(102215,4,1,'sol'),(102390,4,1,'solace'),(102142,4,1,'soleil'),(101413,4,1,'some'),(13889,4,1,'someserigraphie'),(109439,4,1,'sortie'),(109926,4,1,'souriez'),(100947,4,1,'souvenirs'),(100853,4,1,'space'),(98143,4,1,'speedy'),(100379,4,1,'springs'),(101924,4,1,'springslibertyl'),(100505,4,1,'state'),(100282,4,1,'stencil'),(100052,4,1,'steve'),(97830,4,1,'stoul'),(100755,4,1,'street'),(107046,4,1,'strength'),(101044,4,1,'stronger'),(101983,4,1,'suburban'),(102575,4,1,'suisse'),(98300,4,1,'suite'),(100684,4,1,'sunny'),(100160,4,1,'sxsw'),(101066,4,1,'tango'),(98135,4,1,'technique'),(102122,4,1,'territoire'),(26001,4,1,'test'),(26025,4,1,'test2'),(99730,4,1,'tete'),(101045,4,1,'than'),(98921,4,1,'the'),(107047,4,1,'thought'),(99432,4,1,'throat'),(109925,4,1,'tic'),(98234,4,1,'tige'),(100133,4,1,'times'),(102949,4,1,'tintin'),(98302,4,1,'tirage'),(102377,4,1,'tire'),(102448,4,1,'tiree'),(99079,4,1,'titre'),(98531,4,1,'titres'),(15604,4,1,'toguo'),(102478,4,1,'torse'),(103502,4,1,'tour'),(101444,4,1,'treatment'),(101897,4,1,'triolet'),(101564,4,1,'truth'),(101266,4,1,'tunnel'),(98432,4,1,'turns'),(100822,4,1,'under'),(98586,4,1,'underground'),(97995,4,1,'une'),(102097,4,1,'uniforme'),(99084,4,1,'unique'),(97997,4,1,'urbaine'),(98133,4,1,'urbains'),(98949,4,1,'urban'),(100546,4,1,'urbex'),(103112,4,1,'van'),(103818,4,1,'varick'),(15607,4,1,'velin'),(107921,4,1,'vendue'),(99462,4,1,'venus'),(100885,4,1,'verneuil'),(102374,4,1,'vernis'),(107948,4,1,'verre'),(98650,4,1,'version'),(100543,4,1,'verso'),(99484,4,1,'verve'),(102101,4,1,'vhils'),(102076,4,1,'victory'),(99729,4,1,'vient'),(102095,4,1,'vihls'),(97892,4,1,'villegle'),(98750,4,1,'vinyle'),(98748,4,1,'vinyles'),(100506,4,1,'violence'),(101267,4,1,'vision'),(100249,4,1,'visitors'),(100544,4,1,'visuel'),(102123,4,1,'vivants'),(98464,4,1,'volets'),(103466,4,1,'voyageur'),(98401,4,1,'war'),(99816,4,1,'wave'),(100248,4,1,'welcome'),(99395,4,1,'westside'),(101000,4,1,'white'),(109002,4,1,'with'),(100685,4,1,'yellow'),(99368,4,1,'york'),(100823,4,1,'your'),(100618,4,1,'zenoy'),(103142,4,1,'zoo'),(37409,5,1,'100'),(38359,5,1,'100x100cm'),(38163,5,1,'103'),(38162,5,1,'103x198cm'),(37838,5,1,'105'),(19886,5,1,'105x75'),(37837,5,1,'105x75cm'),(39651,5,1,'106'),(39649,5,1,'106x73cm'),(37858,5,1,'107'),(38493,5,1,'109'),(37572,5,1,'110'),(39599,5,1,'110x75cm'),(39179,5,1,'110x81m'),(39156,5,1,'114'),(39155,5,1,'114x146cm'),(36958,5,1,'116'),(37386,5,1,'116x119cm'),(36956,5,1,'116x81cm'),(38712,5,1,'116x89cm'),(39487,5,1,'116x89m'),(37387,5,1,'119'),(37942,5,1,'120'),(38819,5,1,'120x140cm'),(37941,5,1,'120x80cm'),(38531,5,1,'122'),(37145,5,1,'129'),(37143,5,1,'1295x97x8cmcm'),(37734,5,1,'130'),(38530,5,1,'130x122'),(37733,5,1,'130x97cm'),(40242,5,1,'138'),(38820,5,1,'140'),(39113,5,1,'145'),(39157,5,1,'146'),(6034,5,1,'160'),(39576,5,1,'165'),(39575,5,1,'165x85cm'),(37571,5,1,'180'),(39465,5,1,'180x180cm'),(38188,5,1,'180x94cm'),(38603,5,1,'195'),(38164,5,1,'198'),(4563,5,1,'1991'),(4536,5,1,'1993'),(36957,5,1,'2013'),(37030,5,1,'2014'),(37279,5,1,'2015'),(37410,5,1,'2016'),(37531,5,1,'2017'),(38512,5,1,'2018'),(38254,5,1,'20x20cm'),(36951,5,1,'2617'),(36972,5,1,'2619'),(36990,5,1,'2621'),(37007,5,1,'2624'),(37025,5,1,'2694'),(37047,5,1,'2695'),(37072,5,1,'2696'),(37094,5,1,'2697'),(37118,5,1,'2702'),(37142,5,1,'2706'),(37167,5,1,'2746'),(37181,5,1,'2747'),(37195,5,1,'2748'),(37209,5,1,'2749'),(37223,5,1,'2750'),(37238,5,1,'2753'),(37257,5,1,'2754'),(37278,5,1,'2756'),(37297,5,1,'2757'),(37317,5,1,'2758'),(37340,5,1,'2759'),(37361,5,1,'2760'),(37857,5,1,'27x107cm'),(37384,5,1,'2937'),(40091,5,1,'295'),(37408,5,1,'3052'),(37431,5,1,'3071'),(39692,5,1,'30cm'),(39068,5,1,'30x100cm'),(39331,5,1,'30x30cm'),(39223,5,1,'30x40m'),(4534,5,1,'31x36cm'),(40090,5,1,'325'),(4559,5,1,'32x24cm'),(39288,5,1,'32x48m'),(37029,5,1,'35x35cm'),(39309,5,1,'35x50cm'),(38511,5,1,'37x48'),(37455,5,1,'3818'),(37479,5,1,'3820'),(37500,5,1,'3836'),(37516,5,1,'3846'),(37530,5,1,'3955'),(37549,5,1,'3957'),(37570,5,1,'4026'),(37583,5,1,'4028'),(37606,5,1,'4030'),(37629,5,1,'4034'),(37652,5,1,'4039'),(37677,5,1,'4059'),(37432,5,1,'40x60cm'),(37715,5,1,'41x33cm'),(39134,5,1,'41x50cm'),(37692,5,1,'4214'),(2065,5,1,'4216'),(39707,5,1,'42x14cm'),(37713,5,1,'4487'),(37732,5,1,'4588'),(38492,5,1,'45x109cm'),(39112,5,1,'45x145cm'),(38695,5,1,'46x38m'),(37756,5,1,'4737'),(37778,5,1,'4739'),(37796,5,1,'4830'),(37816,5,1,'4832'),(37836,5,1,'4837'),(37856,5,1,'4843'),(37878,5,1,'4847'),(37897,5,1,'4851'),(37916,5,1,'4853'),(37939,5,1,'4890'),(37966,5,1,'4892'),(37992,5,1,'4896'),(38020,5,1,'4898'),(19313,5,1,'48x37'),(38044,5,1,'4910'),(38066,5,1,'4917'),(38088,5,1,'4919'),(38109,5,1,'4921'),(38126,5,1,'4923'),(38145,5,1,'4925'),(38160,5,1,'4927'),(38187,5,1,'4929'),(38209,5,1,'4931'),(38235,5,1,'4933'),(39914,5,1,'495'),(38253,5,1,'4959'),(38275,5,1,'4963'),(38295,5,1,'4979'),(39091,5,1,'50x17cm'),(37119,5,1,'50x25x10cm'),(37918,5,1,'50x36'),(38400,5,1,'50x50cm'),(39204,5,1,'50x70m'),(38319,5,1,'5149'),(38339,5,1,'5151'),(38358,5,1,'5154'),(38378,5,1,'5155'),(37073,5,1,'51x41x6cm'),(39989,5,1,'525'),(38399,5,1,'5286'),(38415,5,1,'5299'),(37898,5,1,'52x30'),(38434,5,1,'5301'),(38452,5,1,'5302'),(38471,5,1,'5303'),(38491,5,1,'5432'),(38508,5,1,'5436'),(38529,5,1,'5440'),(38555,5,1,'5442'),(4531,5,1,'5520'),(4558,5,1,'5521'),(38580,5,1,'5578'),(38602,5,1,'5580'),(38624,5,1,'5582'),(37459,5,1,'55x89cm'),(39049,5,1,'56x28cm'),(38647,5,1,'5902'),(38669,5,1,'5903'),(38694,5,1,'5905'),(38711,5,1,'5909'),(38733,5,1,'5911'),(6033,5,1,'5943'),(38752,5,1,'5944'),(38775,5,1,'5945'),(38795,5,1,'5956'),(38818,5,1,'5975'),(38841,5,1,'5977'),(38861,5,1,'5980'),(38880,5,1,'5982'),(38902,5,1,'5983'),(38925,5,1,'5988'),(38945,5,1,'5993'),(38966,5,1,'5994'),(38986,5,1,'5995'),(39014,5,1,'60x43cm'),(39009,5,1,'6112'),(39026,5,1,'6113'),(39047,5,1,'6118'),(39990,5,1,'625'),(40167,5,1,'645'),(38754,5,1,'65x50cm'),(39937,5,1,'695'),(38650,5,1,'70x70cm'),(39533,5,1,'73x60cm'),(38734,5,1,'73x60m'),(37693,5,1,'78x60'),(39883,5,1,'80x61'),(39676,5,1,'80x80cm'),(39555,5,1,'92x73cm'),(37879,5,1,'94x85'),(39463,5,1,'above'),(36952,5,1,'acrylique'),(37388,5,1,'aerosol'),(38108,5,1,'age'),(38272,5,1,'aiguiser'),(38159,5,1,'ailleurs'),(39936,5,1,'alice'),(37777,5,1,'alone'),(39879,5,1,'amadeo'),(38527,5,1,'ame'),(38298,5,1,'americaine'),(36948,5,1,'annabelle'),(39703,5,1,'anonyme'),(39530,5,1,'another'),(39596,5,1,'arabica'),(37141,5,1,'art'),(38376,5,1,'artic'),(40272,5,1,'artiste'),(38510,5,1,'assemblage'),(37117,5,1,'athenes'),(38750,5,1,'atlantic'),(39986,5,1,'attente'),(38985,5,1,'avenue'),(36989,5,1,'bain'),(38158,5,1,'baisers'),(38397,5,1,'bandes'),(40273,5,1,'bas'),(39690,5,1,'batterie'),(39507,5,1,'between'),(40241,5,1,'bis'),(37144,5,1,'bois'),(37405,5,1,'bona'),(38157,5,1,'bons'),(39532,5,1,'born'),(38252,5,1,'boss'),(38144,5,1,'bugs'),(38317,5,1,'but'),(38296,5,1,'cadre'),(38297,5,1,'caisse'),(37990,5,1,'cara'),(39881,5,1,'cardoso'),(37433,5,1,'carton'),(37429,5,1,'cent'),(38578,5,1,'certain'),(37498,5,1,'citizen'),(37914,5,1,'coeur'),(37024,5,1,'commedia'),(37710,5,1,'corps'),(4561,5,1,'crayon'),(37917,5,1,'cur'),(37458,5,1,'date'),(39531,5,1,'day'),(38208,5,1,'debat'),(37139,5,1,'del'),(37991,5,1,'delevingne'),(37256,5,1,'denerve'),(38773,5,1,'dernier'),(38648,5,1,'dessin'),(39691,5,1,'diametre'),(40143,5,1,'diane'),(39705,5,1,'diptyque'),(37454,5,1,'dire'),(38234,5,1,'disponibles'),(37988,5,1,'doll'),(37963,5,1,'don'),(39988,5,1,'doute'),(38901,5,1,'dreams'),(38357,5,1,'elephant'),(39650,5,1,'encadre'),(39202,5,1,'encadrement'),(37480,5,1,'encre'),(37499,5,1,'erased'),(39987,5,1,'espoir'),(38553,5,1,'etais'),(38507,5,1,'etait'),(39623,5,1,'ethiopia'),(40066,5,1,'eugene'),(38506,5,1,'evazesir'),(38065,5,1,'explorer'),(40018,5,1,'fernand'),(37877,5,1,'feu'),(39702,5,1,'fige'),(38210,5,1,'figures'),(38923,5,1,'five'),(38017,5,1,'flame'),(37896,5,1,'floraison'),(37675,5,1,'forever'),(37028,5,1,'format'),(38018,5,1,'frieda'),(38692,5,1,'froquet'),(39689,5,1,'fut'),(39674,5,1,'games'),(40274,5,1,'gauche'),(40166,5,1,'georges'),(37006,5,1,'gitane'),(38709,5,1,'golden'),(37070,5,1,'good'),(104455,5,1,'gottfried'),(6032,5,1,'graffiti'),(38207,5,1,'grand'),(37023,5,1,'gregos'),(37381,5,1,'grey'),(37339,5,1,'heart'),(37428,5,1,'herard'),(37938,5,1,'hill'),(39648,5,1,'honduras'),(39574,5,1,'hoturu'),(39675,5,1,'huile'),(38601,5,1,'iconicara'),(37965,5,1,'imany'),(38693,5,1,'innocence'),(38146,5,1,'installation'),(39701,5,1,'instant'),(40240,5,1,'itineraire'),(37752,5,1,'jana'),(4529,5,1,'jean'),(39673,5,1,'jonone'),(37876,5,1,'jouer'),(38944,5,1,'juniper'),(39598,5,1,'jute'),(37935,5,1,'killing'),(37584,5,1,'kraft'),(38710,5,1,'lady'),(38231,5,1,'langue'),(37937,5,1,'lauryn'),(37776,5,1,'leave'),(38396,5,1,'lek'),(39962,5,1,'leontine'),(38859,5,1,'let'),(38233,5,1,'lettres'),(37568,5,1,'levalet'),(37407,5,1,'life'),(37714,5,1,'lin'),(39464,5,1,'line'),(104459,5,1,'lithoonline'),(39911,5,1,'louise'),(40271,5,1,'love'),(39008,5,1,'map'),(36950,5,1,'mariee'),(38965,5,1,'mariposa'),(37585,5,1,'maroufle'),(38338,5,1,'mcqueen'),(38756,5,1,'mdf'),(38046,5,1,'media'),(38753,5,1,'medium'),(39847,5,1,'melancolie'),(38294,5,1,'melo'),(37712,5,1,'ment'),(38186,5,1,'mesure'),(39012,5,1,'metro'),(104457,5,1,'midtown'),(38043,5,1,'minded'),(37451,5,1,'miss'),(38045,5,1,'mixed'),(37027,5,1,'mixte'),(37476,5,1,'moi'),(38377,5,1,'monkeys'),(38794,5,1,'monroe'),(39913,5,1,'montage'),(39811,5,1,'morceaux'),(37382,5,1,'multi'),(37775,5,1,'never'),(37071,5,1,'news'),(39688,5,1,'nocturama'),(38273,5,1,'nos'),(38525,5,1,'nostalgie'),(39007,5,1,'nyc'),(36954,5,1,'oeuvre'),(37569,5,1,'off'),(38554,5,1,'oiseau'),(38042,5,1,'open'),(38398,5,1,'organisees'),(38649,5,1,'original'),(39010,5,1,'originale'),(40270,5,1,'oru'),(38087,5,1,'ours'),(37237,5,1,'owls'),(37940,5,1,'panneau'),(38047,5,1,'paper'),(37239,5,1,'papier'),(37989,5,1,'parts'),(37475,5,1,'passe'),(39486,5,1,'patriarch'),(38086,5,1,'peau'),(39882,5,1,'peint'),(39706,5,1,'peinte'),(39912,5,1,'peinture'),(38528,5,1,'perdue'),(38490,5,1,'phagotrophie'),(37427,5,1,'philippe'),(6031,5,1,'physical'),(38274,5,1,'pinceaux'),(38019,5,1,'pinto'),(39011,5,1,'plan'),(39013,5,1,'plastifie'),(37031,5,1,'platre'),(4560,5,1,'plomb'),(38924,5,1,'points'),(38984,5,1,'ponce'),(38622,5,1,'pop'),(4538,5,1,'preparatoire'),(36970,5,1,'pussy'),(39006,5,1,'quik'),(38793,5,1,'real'),(40191,5,1,'regard'),(37711,5,1,'regime'),(36971,5,1,'riot'),(38691,5,1,'romain'),(38579,5,1,'romance'),(37360,5,1,'roots'),(4562,5,1,'rouge'),(38732,5,1,'royal'),(4530,5,1,'rustin'),(39597,5,1,'sac'),(38316,5,1,'sad'),(104456,5,1,'salzmann'),(37380,5,1,'seen'),(37477,5,1,'sel'),(39812,5,1,'serie'),(37915,5,1,'seve'),(37964,5,1,'shy'),(39048,5,1,'signaletique'),(37457,5,1,'signe'),(38232,5,1,'signes'),(38840,5,1,'skin'),(37936,5,1,'softly'),(40089,5,1,'souliers'),(39880,5,1,'souza'),(39330,5,1,'sparkling'),(37385,5,1,'spray'),(38623,5,1,'star'),(38751,5,1,'station'),(38337,5,1,'steve'),(40269,5,1,'stoul'),(37140,5,1,'street'),(38755,5,1,'streetartstore'),(40043,5,1,'suzanne'),(37383,5,1,'tag'),(37453,5,1,'taire'),(37755,5,1,'take'),(38774,5,1,'tango'),(36949,5,1,'tattu'),(37337,5,1,'tear'),(38161,5,1,'tech'),(37026,5,1,'technique'),(104458,5,1,'test'),(37338,5,1,'the'),(39554,5,1,'thing'),(37452,5,1,'tic'),(38817,5,1,'tiger'),(37046,5,1,'titre'),(37430,5,1,'titres'),(36953,5,1,'toile'),(37456,5,1,'tole'),(37277,5,1,'transition'),(38318,5,1,'true'),(38838,5,1,'under'),(38526,5,1,'une'),(36955,5,1,'unique'),(37515,5,1,'utero'),(4532,5,1,'uvre'),(38293,5,1,'venus'),(38509,5,1,'vernis'),(39203,5,1,'verre'),(37478,5,1,'vie'),(39704,5,1,'vii'),(38016,5,1,'viola'),(38147,5,1,'vitrine'),(37406,5,1,'weight'),(37753,5,1,'what'),(39553,5,1,'wild'),(37754,5,1,'will'),(38860,5,1,'you'),(37676,5,1,'young'),(38839,5,1,'your'),(92906,2,2,'100'),(97451,2,2,'100cm'),(93628,2,2,'100x100cm'),(97311,2,2,'100x45cm'),(62562,2,2,'100x70cm'),(93469,2,2,'103'),(93468,2,2,'103x198cm'),(93216,2,2,'105'),(93215,2,2,'105x75cm'),(94662,2,2,'106x73cm'),(93236,2,2,'107'),(93648,2,2,'109'),(93043,2,2,'110'),(94609,2,2,'110x75cm'),(94113,2,2,'110x81m'),(97166,2,2,'111'),(97165,2,2,'111x71cm'),(65902,2,2,'114'),(62895,2,2,'114x146cm'),(94483,2,2,'116'),(62497,2,2,'116x89cm'),(94482,2,2,'116x89m'),(93286,2,2,'120'),(62608,2,2,'120x140cm'),(95421,2,2,'120x40x40x40cm'),(93285,2,2,'120x80cm'),(93694,2,2,'122'),(45963,2,2,'12a'),(46131,2,2,'12b'),(97372,2,2,'12c'),(97396,2,2,'12d'),(97420,2,2,'12e'),(93406,2,2,'12x12cm'),(93174,2,2,'130'),(93693,2,2,'130x122'),(93766,2,2,'130x195cm'),(95369,2,2,'130x89cm'),(93173,2,2,'130x97cm'),(95308,2,2,'138'),(62609,2,2,'140'),(107347,2,2,'140x100cm'),(97124,2,2,'143'),(96901,2,2,'146'),(95347,2,2,'161'),(95345,2,2,'161x60cm'),(65901,2,2,'162'),(65900,2,2,'162x114'),(94582,2,2,'165'),(94581,2,2,'165x85cm'),(93540,2,2,'16x16cm'),(95623,2,2,'175'),(93042,2,2,'180'),(94458,2,2,'180x180cm'),(107207,2,2,'180x200cm'),(93491,2,2,'180x94cm'),(93767,2,2,'195'),(93470,2,2,'198'),(107208,2,2,'200'),(96298,2,2,'2000'),(95370,2,2,'2004'),(96197,2,2,'2005'),(96277,2,2,'2006'),(95346,2,2,'2010'),(96134,2,2,'2012'),(93041,2,2,'2014'),(92960,2,2,'2015'),(92908,2,2,'2016'),(93001,2,2,'2017'),(93670,2,2,'2018'),(93562,2,2,'20x20cm'),(64312,2,2,'210'),(97374,2,2,'220'),(97373,2,2,'220x30cm'),(96297,2,2,'23x15cm'),(97083,2,2,'265'),(65409,2,2,'26x36'),(93235,2,2,'27x107cm'),(95863,2,2,'27x74cm'),(95134,2,2,'295'),(97498,2,2,'295x21cm'),(97520,2,2,'295x295cm'),(96424,2,2,'305'),(92898,2,2,'3052'),(96421,2,2,'305x23'),(92923,2,2,'3071'),(94690,2,2,'30cm'),(94033,2,2,'30x100cm'),(95618,2,2,'30x175cm'),(94304,2,2,'30x30cm'),(94167,2,2,'30x40m'),(96235,2,2,'30x46cm'),(96196,2,2,'30x47cm'),(95612,2,2,'310'),(95133,2,2,'325'),(94248,2,2,'32x48m'),(93586,2,2,'33x24cm'),(96254,2,2,'33x25cm'),(96276,2,2,'34x14cm'),(104540,2,2,'350g'),(94275,2,2,'35x50cm'),(96540,2,2,'36x26'),(93669,2,2,'37x48'),(92955,2,2,'3818'),(92983,2,2,'3820'),(61489,2,2,'3836'),(61505,2,2,'3846'),(108832,2,2,'38x105cm'),(93000,2,2,'3955'),(93020,2,2,'3957'),(93040,2,2,'4026'),(93058,2,2,'4028'),(93081,2,2,'4030'),(93104,2,2,'4034'),(93127,2,2,'4039'),(61671,2,2,'4059'),(92924,2,2,'40x60cm'),(66495,2,2,'41x295cm'),(93155,2,2,'41x33cm'),(62865,2,2,'41x50cm'),(61689,2,2,'4214'),(94724,2,2,'42x14cm'),(93153,2,2,'4487'),(93172,2,2,'4588'),(93647,2,2,'45x109cm'),(94085,2,2,'45x145cm'),(62476,2,2,'46x38m'),(96319,2,2,'47x30cm'),(96092,2,2,'47x60cm'),(61727,2,2,'4830'),(93191,2,2,'4832'),(93214,2,2,'4837'),(93234,2,2,'4843'),(93257,2,2,'4847'),(96175,2,2,'485'),(61833,2,2,'4853'),(96174,2,2,'485x33cm'),(93283,2,2,'4890'),(93309,2,2,'4892'),(93338,2,2,'4896'),(61941,2,2,'4898'),(95944,2,2,'48x60cm'),(61965,2,2,'4910'),(93361,2,2,'4917'),(93383,2,2,'4919'),(93404,2,2,'4921'),(93424,2,2,'4923'),(93443,2,2,'4925'),(93466,2,2,'4927'),(93490,2,2,'4929'),(93514,2,2,'4931'),(93539,2,2,'4933'),(94936,2,2,'495'),(93561,2,2,'4959'),(93585,2,2,'4963'),(93607,2,2,'4979'),(95926,2,2,'505'),(95925,2,2,'505x65cm'),(94059,2,2,'50x17cm'),(61835,2,2,'50x36'),(97607,2,2,'50x50cm'),(94141,2,2,'50x70m'),(64382,2,2,'510'),(62182,2,2,'5149'),(62202,2,2,'5151'),(93627,2,2,'5154'),(62242,2,2,'5155'),(96398,2,2,'51x49cm'),(95022,2,2,'525'),(97082,2,2,'52x265x23cm'),(95517,2,2,'53x73cm'),(95471,2,2,'53x74cm'),(93646,2,2,'5432'),(93666,2,2,'5436'),(93692,2,2,'5440'),(93718,2,2,'5442'),(95561,2,2,'54x73cm'),(93742,2,2,'5578'),(93765,2,2,'5580'),(93792,2,2,'5582'),(97123,2,2,'55x143cm'),(92959,2,2,'55x89cm'),(93817,2,2,'5902'),(93843,2,2,'5903'),(62475,2,2,'5905'),(94303,2,2,'5909'),(62517,2,2,'5911'),(62539,2,2,'5944'),(62561,2,2,'5945'),(62584,2,2,'5956'),(62607,2,2,'5975'),(93868,2,2,'5977'),(93889,2,2,'5980'),(93910,2,2,'5982'),(62689,2,2,'5983'),(93935,2,2,'5988'),(93962,2,2,'5993'),(93987,2,2,'5994'),(94012,2,2,'5995'),(96641,2,2,'600'),(96640,2,2,'600gr'),(96111,2,2,'60x26cm'),(96133,2,2,'60x35cm'),(96054,2,2,'60x47cm'),(96031,2,2,'60x48cm'),(96924,2,2,'60x72cm'),(95649,2,2,'610'),(94058,2,2,'6129'),(94084,2,2,'6130'),(94112,2,2,'6133'),(94139,2,2,'6134'),(94166,2,2,'6135'),(94193,2,2,'6136'),(94220,2,2,'6137'),(94247,2,2,'6138'),(94274,2,2,'6139'),(94302,2,2,'6141'),(94321,2,2,'6142'),(94343,2,2,'6143'),(94365,2,2,'6144'),(94387,2,2,'6145'),(94409,2,2,'6146'),(94431,2,2,'6147'),(94457,2,2,'6148'),(94481,2,2,'6149'),(94505,2,2,'6150'),(94533,2,2,'6151'),(94557,2,2,'6152'),(94580,2,2,'6153'),(94606,2,2,'6154'),(94634,2,2,'6155'),(94661,2,2,'6156'),(94686,2,2,'6158'),(94720,2,2,'6162'),(94755,2,2,'6163'),(94793,2,2,'6164'),(94833,2,2,'6165'),(94868,2,2,'6166'),(94904,2,2,'6167'),(94933,2,2,'6168'),(94961,2,2,'6169'),(94989,2,2,'6170'),(95021,2,2,'6171'),(95051,2,2,'6172'),(95078,2,2,'6173'),(95104,2,2,'6174'),(95132,2,2,'6175'),(95162,2,2,'6176'),(95193,2,2,'6177'),(95220,2,2,'6178'),(95248,2,2,'6179'),(95275,2,2,'6180'),(95307,2,2,'6187'),(96009,2,2,'61x47cm'),(95341,2,2,'6203'),(95367,2,2,'6204'),(95392,2,2,'6205'),(95420,2,2,'6206'),(95447,2,2,'6207'),(95470,2,2,'6209'),(95495,2,2,'6210'),(95515,2,2,'6213'),(95536,2,2,'6214'),(95560,2,2,'6215'),(95583,2,2,'6216'),(95613,2,2,'6219'),(95650,2,2,'6221'),(95687,2,2,'6222'),(95723,2,2,'6226'),(95760,2,2,'6228'),(95797,2,2,'6229'),(95835,2,2,'6231'),(95862,2,2,'6232'),(95882,2,2,'6233'),(95903,2,2,'6234'),(95924,2,2,'6235'),(95943,2,2,'6236'),(95964,2,2,'6237'),(95986,2,2,'6238'),(96008,2,2,'6239'),(96030,2,2,'6241'),(96053,2,2,'6242'),(96072,2,2,'6243'),(96091,2,2,'6244'),(96110,2,2,'6245'),(96132,2,2,'6246'),(96152,2,2,'6248'),(96173,2,2,'6249'),(95023,2,2,'625'),(96195,2,2,'6250'),(96215,2,2,'6251'),(96234,2,2,'6252'),(96253,2,2,'6253'),(96275,2,2,'6254'),(96296,2,2,'6255'),(96318,2,2,'6256'),(96340,2,2,'6257'),(96359,2,2,'6258'),(96378,2,2,'6259'),(96397,2,2,'6260'),(96419,2,2,'6261'),(96449,2,2,'6262'),(96479,2,2,'6263'),(96509,2,2,'6264'),(96539,2,2,'6266'),(96563,2,2,'6267'),(96588,2,2,'6268'),(96612,2,2,'6269'),(96638,2,2,'6271'),(96667,2,2,'6272'),(96696,2,2,'6273'),(96724,2,2,'6276'),(96752,2,2,'6277'),(96780,2,2,'6278'),(96810,2,2,'6279'),(96840,2,2,'6281'),(96868,2,2,'6282'),(96898,2,2,'6283'),(96923,2,2,'6302'),(96940,2,2,'6303'),(96961,2,2,'6306'),(96985,2,2,'6307'),(97010,2,2,'6308'),(97036,2,2,'6309'),(97057,2,2,'6310'),(97081,2,2,'6311'),(97104,2,2,'6312'),(97447,2,2,'6334'),(97472,2,2,'6335'),(97497,2,2,'6336'),(97519,2,2,'6338'),(97537,2,2,'6339'),(97562,2,2,'6340'),(97582,2,2,'6341'),(97606,2,2,'6342'),(107286,2,2,'6346'),(111364,2,2,'6350'),(105918,2,2,'6357'),(107206,2,2,'6362'),(111316,2,2,'6363'),(111296,2,2,'6366'),(107346,2,2,'6381'),(107175,2,2,'6382'),(107334,2,2,'6386'),(107310,2,2,'6387'),(108830,2,2,'6388'),(95221,2,2,'645'),(97144,2,2,'65x110cm'),(93940,2,2,'65x50cm'),(97272,2,2,'65x81cm'),(97106,2,2,'65x90x30'),(94962,2,2,'695'),(97058,2,2,'70x100cm'),(93819,2,2,'70x70cm'),(95686,2,2,'710'),(95450,2,2,'735'),(95449,2,2,'735x89cm'),(97291,2,2,'73x100cm'),(95904,2,2,'73x265cm'),(95883,2,2,'73x27cm'),(96341,2,2,'73x53cm'),(95584,2,2,'73x54cm'),(94534,2,2,'73x60cm'),(62518,2,2,'73x60m'),(96941,2,2,'75x110cm'),(96379,2,2,'75x30cm'),(95537,2,2,'75x55cm'),(97351,2,2,'75x65cm'),(97331,2,2,'76x146cm'),(96639,2,2,'76x58'),(61690,2,2,'78x60'),(94906,2,2,'80x61'),(96962,2,2,'80x80cm'),(64732,2,2,'810'),(97473,2,2,'81cm'),(95834,2,2,'910'),(94558,2,2,'92x73cm'),(93258,2,2,'94x85'),(105889,2,2,'95x120cm'),(96899,2,2,'97x146'),(111317,2,2,'97x162cm'),(95368,2,2,'acrylic'),(93059,2,2,'acrylique'),(107241,2,2,'addiction'),(92902,2,2,'aerosol'),(93403,2,2,'age'),(93582,2,2,'aiguiser'),(93465,2,2,'ailleurs'),(94960,2,2,'alice'),(96637,2,2,'alive'),(96960,2,2,'alone'),(94901,2,2,'amadeo'),(93690,2,2,'ame'),(92928,2,2,'americaine'),(61830,2,2,'annabelle'),(94718,2,2,'anonyme'),(94530,2,2,'another'),(95448,2,2,'aquarelle'),(111294,2,2,'aquatic'),(94605,2,2,'arabica'),(93560,2,2,'art'),(62240,2,2,'artic'),(95622,2,2,'artist'),(95163,2,2,'artiste'),(95619,2,2,'artwork'),(93668,2,2,'assemblage'),(62537,2,2,'atlantic'),(95018,2,2,'attente'),(97080,2,2,'augmente'),(93255,2,2,'avec'),(94011,2,2,'avenue'),(96695,2,2,'away'),(93464,2,2,'baisers'),(97604,2,2,'bandes'),(96963,2,2,'bas'),(94688,2,2,'batterie'),(96538,2,2,'beggining'),(95306,2,2,'bis'),(65408,2,2,'blanc'),(95493,2,2,'bleu'),(95535,2,2,'blue'),(97009,2,2,'blues'),(92929,2,2,'bois'),(97445,2,2,'bom'),(92895,2,2,'bona'),(108828,2,2,'bonnes'),(93463,2,2,'bons'),(94532,2,2,'born'),(93559,2,2,'boss'),(97446,2,2,'bousier'),(93938,2,2,'box'),(96274,2,2,'bruns'),(93442,2,2,'bugs'),(95365,2,2,'bus'),(92926,2,2,'cadre'),(97102,2,2,'cage'),(92927,2,2,'caisse'),(95344,2,2,'canvas'),(93336,2,2,'cara'),(94903,2,2,'cardoso'),(92925,2,2,'carton'),(92921,2,2,'cent'),(93740,2,2,'certain'),(95582,2,2,'ceruleum'),(105888,2,2,'chroma'),(61487,2,2,'citizen'),(65899,2,2,'city'),(95923,2,2,'clouds'),(92903,2,2,'collage'),(92952,2,2,'comment'),(108256,2,2,'copies'),(96172,2,2,'copy'),(93150,2,2,'corps'),(96214,2,2,'crossroads'),(105887,2,2,'crown'),(107205,2,2,'crush'),(61834,2,2,'cur'),(111295,2,2,'dance'),(94722,2,2,'dans'),(96984,2,2,'dark'),(92958,2,2,'date'),(94531,2,2,'day'),(97517,2,2,'death'),(93513,2,2,'debat'),(93337,2,2,'delevingne'),(62559,2,2,'dernier'),(93537,2,2,'des'),(93405,2,2,'dessin'),(93515,2,2,'deux'),(95902,2,2,'diagonal'),(94689,2,2,'diametre'),(95192,2,2,'diane'),(104537,2,2,'digital'),(94721,2,2,'diptyque'),(92954,2,2,'dire'),(97518,2,2,'disaster'),(93542,2,2,'disponibles'),(93334,2,2,'doll'),(97103,2,2,'doree'),(95164,2,2,'dos'),(95020,2,2,'doute'),(96420,2,2,'drawing'),(62688,2,2,'dreams'),(96964,2,2,'droite'),(66494,2,2,'elegant'),(93626,2,2,'elephant'),(93665,2,2,'elle'),(44172,2,2,'elysee'),(94663,2,2,'encadre'),(94140,2,2,'encadrement'),(92901,2,2,'encre'),(95620,2,2,'enhanced'),(65627,2,2,'entrelacs'),(65653,2,2,'entrevoir'),(61488,2,2,'erased'),(95019,2,2,'espoir'),(108255,2,2,'estampe'),(93716,2,2,'etais'),(93664,2,2,'etait'),(104539,2,2,'etching'),(94633,2,2,'ethiopia'),(95103,2,2,'eugene'),(93663,2,2,'evazesir'),(96897,2,2,'everythings'),(108257,2,2,'exemplaires'),(93360,2,2,'explorer'),(95050,2,2,'fernand'),(93256,2,2,'feu'),(94717,2,2,'fige'),(93516,2,2,'figures'),(107345,2,2,'filles'),(93933,2,2,'five'),(61938,2,2,'flame'),(107174,2,2,'flow'),(96809,2,2,'focus'),(96922,2,2,'folded'),(61669,2,2,'forever'),(61939,2,2,'frieda'),(94300,2,2,'froquet'),(94687,2,2,'fut'),(111315,2,2,'galactika'),(96562,2,2,'gens'),(95219,2,2,'georges'),(107204,2,2,'gold'),(62494,2,2,'golden'),(104533,2,2,'gottfried'),(93512,2,2,'grand'),(108831,2,2,'guitard'),(95446,2,2,'helicopter'),(92920,2,2,'herard'),(93282,2,2,'hill'),(97079,2,2,'homme'),(94660,2,2,'honduras'),(94579,2,2,'hoturu'),(93764,2,2,'iconicara'),(95559,2,2,'iii'),(93308,2,2,'imany'),(96422,2,2,'ink'),(62474,2,2,'innocence'),(93444,2,2,'installation'),(94716,2,2,'instant'),(96723,2,2,'intense'),(95305,2,2,'itineraire'),(107218,2,2,'ivresse'),(93254,2,2,'jouer'),(93960,2,2,'juniper'),(96537,2,2,'just'),(94608,2,2,'jute'),(93279,2,2,'killing'),(105885,2,2,'kool'),(105886,2,2,'koor'),(93060,2,2,'kraft'),(62495,2,2,'lady'),(95366,2,2,'lane'),(93536,2,2,'langue'),(96839,2,2,'large'),(93281,2,2,'lauryn'),(97536,2,2,'lek'),(94988,2,2,'leontine'),(96273,2,2,'les'),(93541,2,2,'lettres'),(93039,2,2,'levalet'),(92897,2,2,'life'),(93154,2,2,'lin'),(94456,2,2,'line'),(104441,2,2,'lithoonline'),(94932,2,2,'louise'),(97034,2,2,'magic'),(108829,2,2,'manieres'),(93986,2,2,'mariposa'),(93061,2,2,'maroufle'),(66493,2,2,'masque'),(26748,2,2,'maude'),(62201,2,2,'mcqueen'),(93937,2,2,'mdf'),(93362,2,2,'media'),(93936,2,2,'medium'),(94867,2,2,'melancolie'),(93606,2,2,'melo'),(96587,2,2,'melody'),(93152,2,2,'ment'),(93489,2,2,'mesure'),(97271,2,2,'metal'),(96751,2,2,'methode'),(97560,2,2,'middle'),(104535,2,2,'midtown'),(61964,2,2,'minded'),(92950,2,2,'miss'),(95342,2,2,'mix'),(92907,2,2,'mixed'),(92900,2,2,'mixte'),(92980,2,2,'moi'),(97035,2,2,'monkey'),(62241,2,2,'monkeys'),(62583,2,2,'monroe'),(94935,2,2,'montage'),(94831,2,2,'morceaux'),(96900,2,2,'mounted'),(104538,2,2,'museum'),(93888,2,2,'never'),(95339,2,2,'new'),(95445,2,2,'night'),(94685,2,2,'nocturama'),(65407,2,2,'noir'),(93583,2,2,'nos'),(93688,2,2,'nostalgie'),(97561,2,2,'nowhere'),(95616,2,2,'numbered'),(44173,2,2,'octobre'),(93717,2,2,'oiseau'),(61963,2,2,'open'),(97605,2,2,'organisees'),(93818,2,2,'original'),(96779,2,2,'originel'),(97449,2,2,'paint'),(95615,2,2,'panel'),(93284,2,2,'panneau'),(93363,2,2,'paper'),(93002,2,2,'papier'),(93335,2,2,'parts'),(92979,2,2,'passe'),(96423,2,2,'pastel'),(94480,2,2,'patriarch'),(97056,2,2,'paves'),(93382,2,2,'peau'),(94905,2,2,'peint'),(94723,2,2,'peinte'),(94934,2,2,'peinture'),(97059,2,2,'pencil'),(93691,2,2,'perdue'),(93645,2,2,'phagotrophie'),(92919,2,2,'philippe'),(95343,2,2,'photo'),(95422,2,2,'photographie'),(93584,2,2,'pinceaux'),(61940,2,2,'pinto'),(93934,2,2,'points'),(94010,2,2,'ponce'),(93790,2,2,'pop'),(104536,2,2,'print'),(104542,2,2,'printing'),(95617,2,2,'prints'),(97008,2,2,'puma'),(95391,2,2,'puzzle'),(93715,2,2,'quand'),(62582,2,2,'real'),(96252,2,2,'red'),(96131,2,2,'redtouch'),(95247,2,2,'regard'),(93151,2,2,'regime'),(96052,2,2,'riverside'),(94299,2,2,'romain'),(93741,2,2,'romance'),(62516,2,2,'royal'),(94607,2,2,'sac'),(62180,2,2,'sad'),(104534,2,2,'salzmann'),(93212,2,2,'sans'),(97538,2,2,'scotch'),(92981,2,2,'sel'),(94832,2,2,'serie'),(61832,2,2,'seve'),(96090,2,2,'shadows'),(93307,2,2,'shy'),(92957,2,2,'signe'),(104541,2,2,'signed'),(93538,2,2,'signes'),(93867,2,2,'skin'),(93280,2,2,'softly'),(96611,2,2,'somnium'),(95131,2,2,'souliers'),(93445,2,2,'sous'),(94902,2,2,'souza'),(94301,2,2,'sparkling'),(97033,2,2,'splash'),(97448,2,2,'spray'),(95514,2,2,'square'),(93791,2,2,'star'),(62538,2,2,'station'),(96808,2,2,'stay'),(95621,2,2,'stencil'),(62200,2,2,'steve'),(96666,2,2,'story'),(93961,2,2,'street'),(96396,2,2,'stripes'),(65898,2,2,'summer'),(92904,2,2,'sur'),(95077,2,2,'suzanne'),(92953,2,2,'taire'),(62560,2,2,'tango'),(61831,2,2,'tattu'),(93467,2,2,'tech'),(92899,2,2,'technique'),(94556,2,2,'thing'),(92951,2,2,'tic'),(62606,2,2,'tiger'),(65523,2,2,'time'),(95513,2,2,'times'),(93213,2,2,'titre'),(92922,2,2,'titres'),(92905,2,2,'toile'),(92956,2,2,'tole'),(96233,2,2,'touch'),(65785,2,2,'tradition'),(95419,2,2,'triangle'),(62181,2,2,'true'),(95494,2,2,'turquoise'),(93689,2,2,'une'),(61504,2,2,'utero'),(97450,2,2,'varnish'),(96838,2,2,'vent'),(93605,2,2,'venus'),(93667,2,2,'vernis'),(93939,2,2,'verre'),(92982,2,2,'vie'),(94719,2,2,'vii'),(61937,2,2,'viola'),(96232,2,2,'violet'),(93446,2,2,'vitrine'),(96867,2,2,'volute'),(95516,2,2,'watercolor'),(92896,2,2,'weight'),(95922,2,2,'white'),(94555,2,2,'wild'),(97105,2,2,'windows'),(95614,2,2,'wood'),(95340,2,2,'york'),(61670,2,2,'young'),(104087,4,2,'100'),(104086,4,2,'100x70cm'),(103849,4,2,'102'),(98045,4,2,'105'),(98043,4,2,'105x75'),(100604,4,2,'10x5cm'),(98182,4,2,'110'),(101433,4,2,'121'),(99630,4,2,'12ex'),(105693,4,2,'133'),(109511,4,2,'13th'),(98937,4,2,'140'),(99524,4,2,'14x14x5cm'),(98674,4,2,'150'),(98672,4,2,'150ex'),(100638,4,2,'1633ex'),(102114,4,2,'173'),(100608,4,2,'183'),(99451,4,2,'1849'),(109908,4,2,'18x24'),(99328,4,2,'1920'),(100605,4,2,'1990'),(100609,4,2,'1993'),(99276,4,2,'200'),(100204,4,2,'2007'),(98938,4,2,'2008'),(102115,4,2,'2009'),(99275,4,2,'200ex'),(98790,4,2,'2010'),(102462,4,2,'2011'),(103061,4,2,'2013'),(97663,4,2,'2014'),(97640,4,2,'2015'),(98673,4,2,'2015cm'),(98387,4,2,'2016'),(109743,4,2,'2017'),(109909,4,2,'2017numbered'),(109831,4,2,'2018'),(103455,4,2,'2018cotton'),(108906,4,2,'2019'),(12492,4,2,'2020'),(99034,4,2,'20ex'),(103416,4,2,'20x20cm'),(100774,4,2,'20x24cm'),(102495,4,2,'20x30cm'),(99638,4,2,'21x21cm'),(100672,4,2,'22008'),(99478,4,2,'22x10x5cm'),(98245,4,2,'22x16cm'),(98914,4,2,'240g'),(100492,4,2,'24x18cm'),(100933,4,2,'24x30cm'),(98335,4,2,'250'),(98337,4,2,'250g'),(97633,4,2,'2546'),(97658,4,2,'2547'),(97688,4,2,'2574'),(97722,4,2,'2576'),(97751,4,2,'2577'),(97782,4,2,'2578'),(97815,4,2,'2579'),(97845,4,2,'2580'),(97878,4,2,'2582'),(97915,4,2,'2583'),(97942,4,2,'2585'),(97977,4,2,'2586'),(98033,4,2,'2587'),(98086,4,2,'2588'),(98115,4,2,'2589'),(98175,4,2,'2590'),(100773,4,2,'25ex'),(99416,4,2,'2650'),(97639,4,2,'270'),(98243,4,2,'2703'),(98265,4,2,'2705'),(97636,4,2,'270g'),(104355,4,2,'270gformat'),(97944,4,2,'270gr'),(104356,4,2,'275x345cm'),(98286,4,2,'2763'),(99705,4,2,'27x21cm'),(99573,4,2,'27x34'),(98332,4,2,'2844'),(98383,4,2,'2977'),(98483,4,2,'300'),(100203,4,2,'300ex'),(108908,4,2,'305'),(98417,4,2,'3096'),(98448,4,2,'3097'),(101548,4,2,'30ea'),(99978,4,2,'30x30cm'),(101113,4,2,'30x40cm'),(99632,4,2,'310'),(99629,4,2,'310g'),(103457,4,2,'320'),(101657,4,2,'325'),(101656,4,2,'325ex'),(98481,4,2,'3310'),(109861,4,2,'335'),(98385,4,2,'33ex'),(98734,4,2,'33x25cm'),(98575,4,2,'350'),(98707,4,2,'350ex'),(98392,4,2,'350g'),(99631,4,2,'35x22cm'),(98513,4,2,'3661'),(98549,4,2,'3662'),(103804,4,2,'36x46cm'),(110303,4,2,'38x19x10cm'),(103850,4,2,'38x43cm'),(98574,4,2,'3966'),(12139,4,2,'3974'),(98600,4,2,'3980'),(98631,4,2,'3982'),(98669,4,2,'3996'),(100303,4,2,'400'),(98706,4,2,'4000'),(98732,4,2,'4008'),(100302,4,2,'400ex'),(98761,4,2,'4010'),(98787,4,2,'4016'),(98819,4,2,'4070'),(98851,4,2,'4072'),(98883,4,2,'4074'),(98911,4,2,'4082'),(99067,4,2,'40ex'),(101686,4,2,'40th'),(100903,4,2,'40x30'),(99329,4,2,'40x30cm'),(99066,4,2,'40x50cm'),(98935,4,2,'4118'),(98964,4,2,'4287'),(99001,4,2,'4298'),(109947,4,2,'42x19x10cm'),(99032,4,2,'4320'),(69589,4,2,'4474'),(99065,4,2,'4475'),(99002,4,2,'44x34'),(98602,4,2,'450'),(100673,4,2,'45046x61cm'),(98632,4,2,'450ex'),(109972,4,2,'45x19x10cm'),(103681,4,2,'45x30cm'),(110000,4,2,'46x19x10cm'),(101341,4,2,'46x46cm'),(99097,4,2,'4742'),(99120,4,2,'4744'),(99146,4,2,'4746'),(99172,4,2,'4748'),(109862,4,2,'475'),(101228,4,2,'475ex'),(99211,4,2,'4793'),(99239,4,2,'4795'),(99274,4,2,'4858'),(99302,4,2,'4860'),(99327,4,2,'4872'),(99354,4,2,'4874'),(99382,4,2,'4878'),(99414,4,2,'4883'),(99448,4,2,'4885'),(99475,4,2,'4944'),(99498,4,2,'4947'),(99522,4,2,'4950'),(109944,4,2,'4983'),(99572,4,2,'4987'),(98763,4,2,'500'),(100174,4,2,'500ex'),(99600,4,2,'5031'),(99627,4,2,'5049'),(99666,4,2,'5057'),(99703,4,2,'5058'),(99173,4,2,'50ex'),(103683,4,2,'50th'),(103777,4,2,'50x33cm'),(99949,4,2,'50x50cm'),(99417,4,2,'50x66cm'),(98386,4,2,'50x70'),(109019,4,2,'50x70cm'),(99355,4,2,'50x75cm'),(99752,4,2,'5113'),(99776,4,2,'5140'),(99803,4,2,'5141'),(99832,4,2,'5142'),(99862,4,2,'5144'),(99892,4,2,'5145'),(99922,4,2,'5146'),(99948,4,2,'5162'),(99977,4,2,'5163'),(100007,4,2,'5164'),(100036,4,2,'5165'),(100067,4,2,'5166'),(100094,4,2,'5169'),(100120,4,2,'5170'),(97690,4,2,'51x37'),(97662,4,2,'51x37cm'),(103587,4,2,'52x77cm'),(99383,4,2,'5360'),(100148,4,2,'5445'),(100173,4,2,'5453'),(100202,4,2,'5455'),(100234,4,2,'5459'),(103060,4,2,'5462'),(100267,4,2,'5464'),(100301,4,2,'5487'),(100332,4,2,'5497'),(100363,4,2,'5499'),(109830,4,2,'550'),(100396,4,2,'5500'),(100426,4,2,'5502'),(100456,4,2,'5503'),(100491,4,2,'5522'),(100526,4,2,'5523'),(100566,4,2,'5524'),(100603,4,2,'5527'),(100637,4,2,'5530'),(101966,4,2,'5560'),(100671,4,2,'5564'),(100704,4,2,'5566'),(100736,4,2,'5568'),(100772,4,2,'5589'),(100807,4,2,'5595'),(100839,4,2,'5683'),(100870,4,2,'5703'),(100902,4,2,'5722'),(100932,4,2,'5740'),(100963,4,2,'5744'),(100991,4,2,'5756'),(101014,4,2,'5757'),(101035,4,2,'5758'),(101057,4,2,'5759'),(101083,4,2,'5763'),(101112,4,2,'5776'),(101143,4,2,'5777'),(101174,4,2,'5778'),(101201,4,2,'5779'),(100705,4,2,'57x57cm'),(101227,4,2,'5824'),(71835,4,2,'5864'),(101254,4,2,'5865'),(101283,4,2,'5867'),(101311,4,2,'5875'),(101340,4,2,'5876'),(101367,4,2,'5877'),(101395,4,2,'5878'),(101429,4,2,'5879'),(101460,4,2,'5881'),(101489,4,2,'5884'),(101517,4,2,'5885'),(101547,4,2,'5899'),(105692,4,2,'58x58cm'),(101579,4,2,'5935'),(101602,4,2,'5960'),(99384,4,2,'59x89cm'),(103746,4,2,'5th'),(101623,4,2,'6012'),(101655,4,2,'6017'),(101688,4,2,'6019'),(101719,4,2,'6028'),(101751,4,2,'6030'),(101783,4,2,'6031'),(101846,4,2,'6034'),(101870,4,2,'6035'),(101889,4,2,'6036'),(23719,4,2,'6037'),(101914,4,2,'6038'),(101943,4,2,'6040'),(101965,4,2,'6042'),(101999,4,2,'6043'),(102033,4,2,'6044'),(102059,4,2,'6045'),(102071,4,2,'6046'),(102089,4,2,'6047'),(102112,4,2,'6048'),(102136,4,2,'6050'),(102161,4,2,'6051'),(102182,4,2,'6052'),(102204,4,2,'6053'),(102223,4,2,'6054'),(102242,4,2,'6056'),(102267,4,2,'6057'),(102290,4,2,'6058'),(102319,4,2,'6059'),(102361,4,2,'6061'),(102386,4,2,'6065'),(102404,4,2,'6066'),(103952,4,2,'607'),(102423,4,2,'6074'),(102461,4,2,'6077'),(102492,4,2,'6079'),(102515,4,2,'6080'),(102540,4,2,'6081'),(102563,4,2,'6082'),(102586,4,2,'6083'),(102608,4,2,'6084'),(102627,4,2,'6089'),(102659,4,2,'6090'),(102685,4,2,'6092'),(102709,4,2,'6093'),(102729,4,2,'6094'),(102758,4,2,'6095'),(102787,4,2,'6096'),(102816,4,2,'6097'),(102845,4,2,'6098'),(102874,4,2,'6099'),(98290,4,2,'60x40'),(98515,4,2,'60x80'),(109210,4,2,'60x80cm'),(102903,4,2,'6100'),(102933,4,2,'6101'),(102964,4,2,'6102'),(102994,4,2,'6103'),(103025,4,2,'6104'),(103059,4,2,'6106'),(103092,4,2,'6107'),(103126,4,2,'6109'),(103154,4,2,'6110'),(103183,4,2,'6111'),(109188,4,2,'6115'),(109018,4,2,'6117'),(103210,4,2,'6119'),(103239,4,2,'6120'),(103268,4,2,'6121'),(103297,4,2,'6123'),(103328,4,2,'6124'),(103357,4,2,'6125'),(103386,4,2,'6126'),(103415,4,2,'6127'),(103450,4,2,'6181'),(103486,4,2,'6182'),(103523,4,2,'6183'),(103557,4,2,'6184'),(103584,4,2,'6189'),(103611,4,2,'6190'),(103643,4,2,'6191'),(103680,4,2,'6192'),(103717,4,2,'6193'),(103747,4,2,'6194'),(103776,4,2,'6195'),(103803,4,2,'6196'),(103827,4,2,'6197'),(103848,4,2,'6198'),(103872,4,2,'6199'),(103897,4,2,'61cm'),(104057,4,2,'61x37cm'),(98603,4,2,'61x46'),(98633,4,2,'61x46cm'),(99833,4,2,'61x91cm'),(103895,4,2,'6288'),(103922,4,2,'6289'),(103949,4,2,'6290'),(103978,4,2,'6291'),(104005,4,2,'6292'),(104031,4,2,'6293'),(104056,4,2,'6294'),(104085,4,2,'6295'),(104116,4,2,'6296'),(104145,4,2,'6297'),(104176,4,2,'6298'),(104208,4,2,'6299'),(104238,4,2,'6300'),(104272,4,2,'6301'),(104297,4,2,'6304'),(104351,4,2,'6305'),(104420,4,2,'6344'),(104588,4,2,'6350'),(105838,4,2,'6353'),(107064,4,2,'6385'),(108318,4,2,'6399'),(108723,4,2,'6400'),(108907,4,2,'6405'),(109134,4,2,'6409'),(109099,4,2,'6410'),(109048,4,2,'6411'),(109505,4,2,'6412'),(109595,4,2,'6413'),(109453,4,2,'6414'),(109998,4,2,'6416'),(109968,4,2,'6417'),(109943,4,2,'6419'),(109907,4,2,'6423'),(109822,4,2,'6424'),(109860,4,2,'6425'),(103873,4,2,'65x50cm'),(97943,4,2,'65x92cm'),(103830,4,2,'66x50cm'),(103645,4,2,'69x49cm'),(104115,4,2,'6ex'),(101285,4,2,'700'),(101284,4,2,'700ex'),(99035,4,2,'70x50cm'),(100640,4,2,'70x70cm'),(104117,4,2,'75cm'),(101431,4,2,'75ex'),(104006,4,2,'75x61cm'),(103748,4,2,'76x45cm'),(103951,4,2,'775'),(103950,4,2,'775x607cm'),(98789,4,2,'78x64'),(12085,4,2,'80x60'),(100570,4,2,'80x80cm'),(103980,4,2,'815'),(103979,4,2,'815x61cm'),(103718,4,2,'82x63cm'),(103923,4,2,'833'),(104032,4,2,'83x61cm'),(101432,4,2,'85x121cm'),(98421,4,2,'91x61cm'),(97978,4,2,'92x65cm'),(100489,4,2,'abc'),(101844,4,2,'achever'),(100989,4,2,'addicted'),(101911,4,2,'aerosol'),(100490,4,2,'air'),(100232,4,2,'alert'),(102459,4,2,'alerte'),(101172,4,2,'ame'),(100572,4,2,'americaine'),(98731,4,2,'andre'),(103684,4,2,'anniversary'),(102181,4,2,'ans'),(102219,4,2,'antonio'),(108956,4,2,'antropocene'),(99415,4,2,'aquatinte'),(15623,4,2,'arche'),(109864,4,2,'archival'),(101888,4,2,'arlequin'),(98028,4,2,'art'),(109070,4,2,'artist'),(98038,4,2,'artiste'),(98336,4,2,'artistes'),(105418,4,2,'artists'),(98963,4,2,'artwood'),(102514,4,2,'atelier'),(103686,4,2,'austria'),(100602,4,2,'autoportait'),(103209,4,2,'autostop'),(104352,4,2,'autres'),(107123,4,2,'available'),(99634,4,2,'avec'),(103642,4,2,'avenue'),(109451,4,2,'back'),(98702,4,2,'bad'),(102963,4,2,'barcelona'),(15619,4,2,'barthelemy'),(99921,4,2,'bas'),(102057,4,2,'basto'),(15621,4,2,'bathelemy'),(102607,4,2,'batibouw'),(98242,4,2,'beatitude'),(97635,4,2,'bfk'),(99210,4,2,'bidder'),(100899,4,2,'bis'),(99273,4,2,'black'),(102710,4,2,'blanc'),(103805,4,2,'bleu'),(97721,4,2,'bleue'),(109971,4,2,'block'),(101252,4,2,'blood'),(101282,4,2,'blue'),(98961,4,2,'bois'),(102460,4,2,'bombe'),(100065,4,2,'bona'),(102494,4,2,'bonan'),(102490,4,2,'bonant'),(97914,4,2,'bonheur'),(102493,4,2,'bonnant'),(97687,4,2,'botti'),(100606,4,2,'bouchon'),(101749,4,2,'bowie'),(107963,4,2,'box'),(98703,4,2,'brain'),(102160,4,2,'brel'),(103847,4,2,'bridges'),(109450,4,2,'bring'),(99477,4,2,'brique'),(98244,4,2,'bronze'),(99353,4,2,'brothers'),(109970,4,2,'buidling'),(109999,4,2,'building'),(109449,4,2,'c215'),(102728,4,2,'caddy'),(100571,4,2,'caisse'),(108905,4,2,'calendrier'),(100531,4,2,'carton'),(99635,4,2,'catalogue'),(98547,4,2,'cent'),(102706,4,2,'centaure'),(100601,4,2,'cesar'),(98037,4,2,'chaque'),(98910,4,2,'cinnamon'),(97976,4,2,'cirque'),(101781,4,2,'citizen'),(103327,4,2,'citron'),(98665,4,2,'cleon'),(99064,4,2,'clochette'),(98035,4,2,'coffret'),(98331,4,2,'collaboration'),(99449,4,2,'collage'),(109863,4,2,'color'),(101964,4,2,'colossus'),(98036,4,2,'comprenant'),(103556,4,2,'conscience'),(99496,4,2,'contre'),(100525,4,2,'control'),(109191,4,2,'copie'),(103453,4,2,'copies'),(108666,4,2,'copy'),(101868,4,2,'corde'),(98668,4,2,'corruption'),(103458,4,2,'cotton'),(98031,4,2,'couleur'),(103775,4,2,'coupe'),(102203,4,2,'crawler'),(109825,4,2,'cream'),(98085,4,2,'cree'),(98999,4,2,'crisis'),(98485,4,2,'criteres'),(103385,4,2,'cube'),(100146,4,2,'damaged'),(99300,4,2,'danger'),(98080,4,2,'dans'),(98788,4,2,'date'),(98424,4,2,'dated'),(109510,4,2,'december'),(109596,4,2,'decembre'),(109905,4,2,'deception'),(101173,4,2,'dechue'),(109866,4,2,'deckled'),(99271,4,2,'decoding'),(100495,4,2,'dedicace'),(99446,4,2,'deep'),(98187,4,2,'demande'),(97876,4,2,'denning'),(102360,4,2,'dents'),(101081,4,2,'dernier'),(98044,4,2,'des'),(99272,4,2,'desinformation'),(98084,4,2,'desir'),(100493,4,2,'dessin'),(98384,4,2,'digigraphie'),(98388,4,2,'digital'),(100264,4,2,'diptyque'),(109906,4,2,'disorder'),(98191,4,2,'disponibles'),(100527,4,2,'disque'),(98936,4,2,'dos'),(98630,4,2,'dove'),(100488,4,2,'dran'),(109071,4,2,'droite'),(12138,4,2,'drop'),(100669,4,2,'duality'),(98998,4,2,'earth'),(103679,4,2,'eastriver'),(103238,4,2,'ecolier'),(109867,4,2,'edges'),(98486,4,2,'edite'),(103682,4,2,'edited'),(98427,4,2,'edition'),(98484,4,2,'editions'),(104418,4,2,'egalite'),(99520,4,2,'ego'),(101912,4,2,'elsa'),(101225,4,2,'embrace'),(98821,4,2,'encadree'),(98190,4,2,'encore'),(102422,4,2,'endless'),(102133,4,2,'enfance'),(103024,4,2,'england'),(109069,4,2,'enhanced'),(98184,4,2,'envoi'),(103267,4,2,'envol'),(103828,4,2,'epreuve'),(101782,4,2,'erased'),(98264,4,2,'espiegle'),(103829,4,2,'essai'),(97913,4,2,'est'),(98514,4,2,'estampe'),(105743,4,2,'estampes'),(98391,4,2,'etching'),(99175,4,2,'ete'),(109942,4,2,'etes'),(97912,4,2,'etonne'),(97911,4,2,'etre'),(101171,4,2,'evazesir'),(99174,4,2,'exemplaire'),(97641,4,2,'exemplaires'),(104354,4,2,'exemplairesimpr'),(99636,4,2,'exposition'),(100231,4,2,'eye'),(99860,4,2,'face'),(102385,4,2,'fade'),(98414,4,2,'fairey'),(99546,4,2,'fais'),(99178,4,2,'fait'),(99775,4,2,'fatal'),(108924,4,2,'faux'),(100300,4,2,'fear'),(99063,4,2,'fee'),(101142,4,2,'fertile'),(102180,4,2,'fete'),(101200,4,2,'fige'),(97657,4,2,'figure'),(97877,4,2,'figureid'),(109820,4,2,'fire'),(100805,4,2,'five'),(97750,4,2,'fkdl'),(100230,4,2,'flint'),(100455,4,2,'florist'),(109017,4,2,'flow'),(100574,4,2,'foret'),(98042,4,2,'format'),(102993,4,2,'france'),(99545,4,2,'frasques'),(104419,4,2,'fraternite'),(98629,4,2,'freedom'),(103056,4,2,'freidman'),(99547,4,2,'fresques'),(98909,4,2,'froquet'),(102240,4,2,'full'),(101428,4,2,'future'),(98025,4,2,'galerie'),(100567,4,2,'games'),(102626,4,2,'gamine'),(101339,4,2,'geometric'),(99628,4,2,'german'),(109452,4,2,'girls'),(100233,4,2,'globe'),(103125,4,2,'gogh'),(101310,4,2,'gold'),(101427,4,2,'golden'),(97813,4,2,'gottfried'),(101430,4,2,'grand'),(98181,4,2,'graphito'),(101687,4,2,'grave'),(98287,4,2,'gravure'),(99802,4,2,'green'),(104084,4,2,'greenstreet'),(97781,4,2,'gregos'),(100362,4,2,'guard'),(99238,4,2,'guard2'),(102757,4,2,'guerre'),(102032,4,2,'gulliver'),(97875,4,2,'guy'),(100642,4,2,'hahnemulhe'),(109865,4,2,'hand'),(99861,4,2,'haut'),(104207,4,2,'helicopter'),(98546,4,2,'herard'),(97719,4,2,'herve'),(102707,4,2,'hommage'),(101968,4,2,'hour'),(100568,4,2,'huile'),(100670,4,2,'humanity'),(101034,4,2,'hung'),(102384,4,2,'hush'),(101516,4,2,'ice'),(97941,4,2,'ici'),(109858,4,2,'ideal'),(69585,4,2,'imagination'),(98183,4,2,'impression'),(100641,4,2,'imprimee'),(98041,4,2,'imprimees'),(109823,4,2,'inches'),(101199,4,2,'instant'),(108282,4,2,'ivresse'),(97909,4,2,'jacques'),(100563,4,2,'jana'),(98082,4,2,'jardins'),(101910,4,2,'jef'),(97973,4,2,'jerome'),(102786,4,2,'jesus'),(102815,4,2,'joconde'),(98026,4,2,'joel'),(99094,4,2,'jonone'),(98114,4,2,'judith'),(100770,4,2,'juniper'),(101226,4,2,'justice'),(100701,4,2,'kai'),(98598,4,2,'keep'),(103057,4,2,'keith'),(98027,4,2,'knafo'),(107061,4,2,'lady'),(109859,4,2,'large'),(101967,4,2,'late'),(100425,4,2,'learn'),(98382,4,2,'legion'),(99352,4,2,'lehmann'),(100093,4,2,'lek'),(69588,4,2,'lequel'),(100737,4,2,'les'),(98733,4,2,'letterpress'),(97631,4,2,'levalet'),(103641,4,2,'lexington'),(104417,4,2,'liberte'),(101601,4,2,'lie'),(101654,4,2,'lies'),(101013,4,2,'lilac'),(97689,4,2,'lithgraphie'),(97816,4,2,'litho'),(109189,4,2,'lithograph'),(105415,4,2,'lithographes'),(97637,4,2,'lithographie'),(98034,4,2,'lithographies'),(98965,4,2,'lithoonline'),(99753,4,2,'livre'),(99521,4,2,'logo'),(100990,4,2,'love'),(103414,4,2,'lune'),(98186,4,2,'mail'),(69587,4,2,'mais'),(98415,4,2,'make'),(103921,4,2,'manhattan'),(109966,4,2,'marcher'),(105417,4,2,'media'),(99474,4,2,'melo'),(101963,4,2,'melvins'),(99544,4,2,'mes'),(97974,4,2,'mesnager'),(102684,4,2,'mickey'),(104271,4,2,'midtown'),(99891,4,2,'milieu'),(103296,4,2,'mime'),(101685,4,2,'misfits'),(109938,4,2,'miss'),(105416,4,2,'mix'),(98966,4,2,'mixed'),(98178,4,2,'mixte'),(98189,4,2,'mixtes'),(101869,4,2,'mon'),(101488,4,2,'money'),(100869,4,2,'monkey'),(109187,4,2,'monotype'),(102241,4,2,'moon'),(103058,4,2,'morris'),(99774,4,2,'mujer'),(98912,4,2,'multiple'),(102658,4,2,'munch'),(98390,4,2,'museum'),(100394,4,2,'natural'),(99033,4,2,'new'),(99031,4,2,'news'),(98285,4,2,'night'),(98029,4,2,'noir'),(98759,4,2,'noise'),(98333,4,2,'non'),(98081,4,2,'nos'),(102844,4,2,'nounours'),(103449,4,2,'nuit'),(98671,4,2,'num'),(109973,4,2,'number'),(109829,4,2,'numbered'),(103585,4,2,'nume'),(103896,4,2,'numeric'),(99704,4,2,'numerique'),(98482,4,2,'numerote'),(97660,4,2,'numerotee'),(98040,4,2,'numerotees'),(98418,4,2,'obey'),(98934,4,2,'occupation'),(99179,4,2,'oeuvre'),(109508,4,2,'official'),(103448,4,2,'offrandes'),(101253,4,2,'oil'),(109190,4,2,'one'),(98426,4,2,'open'),(109507,4,2,'order'),(100494,4,2,'original'),(98113,4,2,'ouvrier'),(105742,4,2,'pack'),(99637,4,2,'pages'),(101546,4,2,'pandore'),(97632,4,2,'pansees'),(102873,4,2,'pape'),(103456,4,2,'paper'),(97638,4,2,'papier'),(98185,4,2,'par'),(97940,4,2,'paradis'),(98446,4,2,'paradise'),(100331,4,2,'parents'),(99000,4,2,'paris'),(109946,4,2,'parpaing'),(11868,4,2,'part'),(98667,4,2,'pattern'),(99523,4,2,'pave'),(98628,4,2,'peace'),(102110,4,2,'periferia'),(99326,4,2,'perspective'),(98666,4,2,'peterson'),(98960,4,2,'petit'),(98545,4,2,'philippe'),(98289,4,2,'photeauforte'),(99450,4,2,'photo'),(98288,4,2,'photographie'),(102708,4,2,'picasso'),(102932,4,2,'pinocchio'),(101867,4,2,'plus'),(109945,4,2,'pochoir'),(100806,4,2,'points'),(102538,4,2,'portait'),(98330,4,2,'portfolio'),(100607,4,2,'portrait'),(98419,4,2,'poster'),(100530,4,2,'pouces'),(69586,4,2,'pouvoir'),(99209,4,2,'power'),(109506,4,2,'pre'),(100200,4,2,'presidential'),(103326,4,2,'presse'),(101998,4,2,'pressure'),(101750,4,2,'print'),(98389,4,2,'printing'),(103451,4,2,'prints'),(102902,4,2,'prix'),(100564,4,2,'profondeur'),(98760,4,2,'project'),(103356,4,2,'promoteur'),(100330,4,2,'proud'),(98704,4,2,'punk'),(97975,4,2,'quel'),(99177,4,2,'qui'),(102058,4,2,'r2d2'),(102221,4,2,'rayos'),(100735,4,2,'red'),(108802,4,2,'regularisation'),(99176,4,2,'rehausse'),(98820,4,2,'rehaussee'),(100639,4,2,'rehausses'),(109509,4,2,'release'),(97686,4,2,'rene'),(99380,4,2,'reve'),(109967,4,2,'reveurs'),(101969,4,2,'riot'),(98573,4,2,'rise'),(97634,4,2,'rives'),(98913,4,2,'rivoli'),(98908,4,2,'romain'),(97720,4,2,'rosa'),(103716,4,2,'rose'),(103586,4,2,'rote'),(103806,4,2,'rouge'),(100931,4,2,'royal'),(100900,4,2,'rue'),(103685,4,2,'saalfelden'),(103522,4,2,'sacree'),(109821,4,2,'sale'),(102539,4,2,'salon'),(97814,4,2,'salzmann'),(99095,4,2,'sans'),(101845,4,2,'sauf'),(109824,4,2,'screen'),(105691,4,2,'screenprint'),(98246,4,2,'sculpture'),(100201,4,2,'seal'),(98083,4,2,'secrets'),(102220,4,2,'segui'),(108925,4,2,'semblants'),(100565,4,2,'sentiments'),(100268,4,2,'seri'),(97656,4,2,'serie'),(98601,4,2,'serigr'),(98487,4,2,'serigraphie'),(101942,4,2,'set'),(98512,4,2,'sheep'),(98413,4,2,'shepard'),(98705,4,2,'showcase'),(101813,4,2,'shrine'),(98670,4,2,'sign'),(98420,4,2,'signe'),(109828,4,2,'signed'),(97659,4,2,'signee'),(98039,4,2,'signees'),(100299,4,2,'silence'),(103871,4,2,'silver'),(103454,4,2,'size'),(100838,4,2,'skin'),(101459,4,2,'skull'),(99301,4,2,'smoking'),(102222,4,2,'sol'),(102403,4,2,'solace'),(102159,4,2,'soleil'),(104353,4,2,'sont'),(109940,4,2,'souriez'),(102158,4,2,'sous'),(100962,4,2,'souvenirs'),(100868,4,2,'space'),(109826,4,2,'speckle'),(98180,4,2,'speedy'),(100395,4,2,'springs'),(100523,4,2,'state'),(109969,4,2,'stencil'),(100066,4,2,'steve'),(97844,4,2,'stoul'),(100771,4,2,'street'),(107062,4,2,'strength'),(101056,4,2,'stronger'),(101997,4,2,'suburban'),(102585,4,2,'suisse'),(98176,4,2,'suite'),(100702,4,2,'sunny'),(109768,4,2,'sur'),(100172,4,2,'sxsw'),(101082,4,2,'tango'),(98179,4,2,'technique'),(98188,4,2,'techniques'),(102134,4,2,'territoire'),(26007,4,2,'test'),(26032,4,2,'test2'),(99751,4,2,'tete'),(107063,4,2,'thought'),(99447,4,2,'throat'),(109939,4,2,'tic'),(100147,4,2,'times'),(102962,4,2,'tintin'),(98334,4,2,'tirage'),(103644,4,2,'tire'),(99096,4,2,'titre'),(98548,4,2,'titres'),(15620,4,2,'toguo'),(100569,4,2,'toile'),(109827,4,2,'tone'),(102491,4,2,'torse'),(103521,4,2,'tour'),(99497,4,2,'tous'),(101843,4,2,'tout'),(101458,4,2,'treatment'),(101913,4,2,'triolet'),(101578,4,2,'truth'),(101280,4,2,'tunnel'),(98447,4,2,'turns'),(98599,4,2,'underground'),(98030,4,2,'une'),(98177,4,2,'unetechnique'),(102111,4,2,'uniforme'),(99180,4,2,'unique'),(98032,4,2,'urbaine'),(98962,4,2,'urban'),(100575,4,2,'urbex'),(103124,4,2,'van'),(103826,4,2,'varick'),(15622,4,2,'velin'),(99633,4,2,'vendu'),(99473,4,2,'venus'),(100901,4,2,'verneuil'),(107964,4,2,'verre'),(98338,4,2,'version'),(99495,4,2,'verve'),(102113,4,2,'vhils'),(102088,4,2,'victory'),(99750,4,2,'vient'),(102109,4,2,'vihls'),(97910,4,2,'villegle'),(100529,4,2,'vinyl'),(98764,4,2,'vinyle'),(98762,4,2,'vinyles'),(100524,4,2,'violence'),(101281,4,2,'vision'),(100266,4,2,'visitors'),(100573,4,2,'visuel'),(102135,4,2,'vivants'),(109941,4,2,'vous'),(103485,4,2,'voyageur'),(98416,4,2,'war'),(99831,4,2,'wave'),(100265,4,2,'welcome'),(99413,4,2,'westside'),(101012,4,2,'white'),(100528,4,2,'xcm'),(100703,4,2,'yellow'),(99381,4,2,'york'),(100636,4,2,'zenoy'),(103153,4,2,'zoo'),(37420,5,2,'100'),(38329,5,2,'100x100cm'),(38785,5,2,'100x70cm'),(38176,5,2,'103'),(38175,5,2,'103x198cm'),(37847,5,2,'105'),(2074,5,2,'105x75'),(37846,5,2,'105x75cm'),(39660,5,2,'106x73cm'),(37867,5,2,'107'),(38501,5,2,'109'),(37579,5,2,'110'),(39609,5,2,'110x75cm'),(36969,5,2,'116'),(37398,5,2,'116x119cm'),(38723,5,2,'116x89cm'),(39497,5,2,'116x89m'),(37399,5,2,'119'),(37955,5,2,'120'),(6148,5,2,'120x140cm'),(6044,5,2,'120x160cm'),(37954,5,2,'120x80cm'),(38544,5,2,'122'),(37159,5,2,'129'),(37743,5,2,'130'),(4129,5,2,'130x122'),(38612,5,2,'130x195cm'),(2279,5,2,'130x97cm'),(40256,5,2,'138'),(38830,5,2,'140'),(6045,5,2,'160'),(39586,5,2,'165'),(39585,5,2,'165x85cm'),(38245,5,2,'16x16cm'),(37578,5,2,'180'),(39476,5,2,'180x180cm'),(38198,5,2,'180x94cm'),(38613,5,2,'195'),(38177,5,2,'198'),(4577,5,2,'1991'),(4548,5,2,'1993'),(36968,5,2,'2013'),(37039,5,2,'2014'),(37287,5,2,'2015'),(37421,5,2,'2016'),(37540,5,2,'2017'),(38521,5,2,'2018'),(36962,5,2,'2617'),(36980,5,2,'2619'),(36997,5,2,'2621'),(37014,5,2,'2624'),(37034,5,2,'2694'),(37057,5,2,'2695'),(37082,5,2,'2696'),(37103,5,2,'2697'),(37127,5,2,'2702'),(37157,5,2,'2706'),(37175,5,2,'2746'),(37187,5,2,'2747'),(37201,5,2,'2748'),(37215,5,2,'2749'),(37229,5,2,'2750'),(37246,5,2,'2753'),(37267,5,2,'2754'),(37286,5,2,'2756'),(37305,5,2,'2757'),(37325,5,2,'2758'),(37349,5,2,'2759'),(37369,5,2,'2760'),(2590,5,2,'27x107cm'),(37396,5,2,'2937'),(40104,5,2,'295'),(37417,5,2,'3052'),(37441,5,2,'3071'),(39340,5,2,'30x30cm'),(4547,5,2,'31x36cm'),(40103,5,2,'325'),(4572,5,2,'32x24cm'),(37038,5,2,'35x35cm'),(37468,5,2,'3818'),(37490,5,2,'3820'),(37508,5,2,'3836'),(37523,5,2,'3846'),(37539,5,2,'3955'),(37558,5,2,'3957'),(37577,5,2,'4026'),(37594,5,2,'4028'),(37617,5,2,'4030'),(37640,5,2,'4034'),(37663,5,2,'4039'),(37685,5,2,'4059'),(1251,5,2,'40x60cm'),(2263,5,2,'41x33cm'),(37700,5,2,'4214'),(2073,5,2,'4216'),(39726,5,2,'42x14cm'),(37724,5,2,'4487'),(37742,5,2,'4588'),(38500,5,2,'45x109cm'),(5960,5,2,'46x38m'),(37764,5,2,'4737'),(37786,5,2,'4739'),(37804,5,2,'4830'),(37824,5,2,'4832'),(37845,5,2,'4837'),(37866,5,2,'4843'),(37888,5,2,'4847'),(37906,5,2,'4851'),(37927,5,2,'4853'),(37952,5,2,'4890'),(37977,5,2,'4892'),(38005,5,2,'4896'),(38031,5,2,'4898'),(4108,5,2,'48x37'),(38055,5,2,'4910'),(38076,5,2,'4917'),(38098,5,2,'4919'),(38116,5,2,'4921'),(38133,5,2,'4923'),(38151,5,2,'4925'),(38174,5,2,'4927'),(38197,5,2,'4929'),(38220,5,2,'4931'),(38244,5,2,'4933'),(39925,5,2,'495'),(38263,5,2,'4959'),(38285,5,2,'4963'),(38308,5,2,'4979'),(37128,5,2,'50x25x10cm'),(2642,5,2,'50x36'),(38409,5,2,'50x50cm'),(38328,5,2,'5149'),(38348,5,2,'5151'),(38367,5,2,'5154'),(38387,5,2,'5155'),(37083,5,2,'51x41x6cm'),(40004,5,2,'525'),(38408,5,2,'5286'),(38424,5,2,'5299'),(2625,5,2,'52x30'),(38442,5,2,'5301'),(38461,5,2,'5302'),(38480,5,2,'5303'),(38499,5,2,'5432'),(38518,5,2,'5436'),(38543,5,2,'5440'),(38568,5,2,'5442'),(4544,5,2,'5520'),(4571,5,2,'5521'),(38591,5,2,'5578'),(38611,5,2,'5580'),(38635,5,2,'5582'),(38659,5,2,'5902'),(38681,5,2,'5903'),(38703,5,2,'5905'),(38722,5,2,'5909'),(38742,5,2,'5911'),(6043,5,2,'5943'),(38763,5,2,'5944'),(38784,5,2,'5945'),(38806,5,2,'5956'),(38829,5,2,'5975'),(38849,5,2,'5977'),(38869,5,2,'5980'),(38890,5,2,'5982'),(38911,5,2,'5983'),(38934,5,2,'5988'),(38954,5,2,'5993'),(38974,5,2,'5994'),(38996,5,2,'5995'),(39022,5,2,'6112'),(39040,5,2,'6113'),(39060,5,2,'6118'),(40005,5,2,'625'),(40179,5,2,'645'),(38765,5,2,'65x50cm'),(39949,5,2,'695'),(5915,5,2,'70x70cm'),(39544,5,2,'73x60cm'),(5998,5,2,'73x60m'),(37701,5,2,'78x60'),(38850,5,2,'80x120cm'),(39898,5,2,'80x61'),(39684,5,2,'80x80cm'),(39565,5,2,'92x73cm'),(37889,5,2,'94x85'),(36963,5,2,'acrylique'),(37400,5,2,'aerosol'),(38115,5,2,'age'),(38282,5,2,'aiguiser'),(38173,5,2,'ailleurs'),(39948,5,2,'alice'),(37785,5,2,'alone'),(39894,5,2,'amadeo'),(38541,5,2,'ame'),(37044,5,2,'americaine'),(36959,5,2,'annabelle'),(39721,5,2,'anonyme'),(39541,5,2,'another'),(37156,5,2,'art'),(38385,5,2,'artic'),(40287,5,2,'artiste'),(38520,5,2,'assemblage'),(37126,5,2,'athenes'),(38761,5,2,'atlantic'),(40001,5,2,'attente'),(37886,5,2,'avec'),(38995,5,2,'avenue'),(36996,5,2,'bain'),(38172,5,2,'baisers'),(38406,5,2,'bandes'),(40288,5,2,'bas'),(40255,5,2,'bis'),(37045,5,2,'blanc'),(37086,5,2,'bois'),(37414,5,2,'bona'),(38171,5,2,'bons'),(39543,5,2,'born'),(38262,5,2,'boss'),(38150,5,2,'bugs'),(37042,5,2,'cadre'),(37043,5,2,'caisse'),(38003,5,2,'cara'),(39896,5,2,'cardoso'),(37442,5,2,'carton'),(37439,5,2,'cent'),(38589,5,2,'certain'),(37506,5,2,'citizen'),(37925,5,2,'coeur'),(37419,5,2,'collage'),(37033,5,2,'commedia'),(37465,5,2,'comment'),(39039,5,2,'copy'),(37721,5,2,'corps'),(4575,5,2,'crayon'),(2641,5,2,'cur'),(39724,5,2,'dans'),(39542,5,2,'day'),(38219,5,2,'debat'),(37154,5,2,'del'),(38004,5,2,'delevingne'),(37266,5,2,'denerve'),(38782,5,2,'dernier'),(38240,5,2,'des'),(38117,5,2,'dessin'),(38221,5,2,'deux'),(40154,5,2,'diane'),(39723,5,2,'diptyque'),(37467,5,2,'dire'),(38243,5,2,'disponibles'),(38001,5,2,'doll'),(40830,5,2,'dos'),(40003,5,2,'doute'),(38910,5,2,'dreams'),(40289,5,2,'droite'),(39974,5,2,'echnique'),(38366,5,2,'elephant'),(38517,5,2,'elle'),(39661,5,2,'encadre'),(37418,5,2,'encre'),(37507,5,2,'erased'),(40002,5,2,'espoir'),(38566,5,2,'etais'),(38516,5,2,'etait'),(39634,5,2,'ethiopia'),(40077,5,2,'eugene'),(38515,5,2,'evazesir'),(38075,5,2,'explorer'),(40030,5,2,'fernand'),(37887,5,2,'feu'),(39720,5,2,'fige'),(38222,5,2,'figures'),(38932,5,2,'five'),(38028,5,2,'flame'),(37905,5,2,'floraison'),(37683,5,2,'forever'),(37037,5,2,'format'),(38029,5,2,'frieda'),(38701,5,2,'froquet'),(39682,5,2,'games'),(40178,5,2,'georges'),(37013,5,2,'gitane'),(38720,5,2,'golden'),(37080,5,2,'good'),(104460,5,2,'gottfried'),(6042,5,2,'graffiti'),(38218,5,2,'grand'),(37032,5,2,'gregos'),(37393,5,2,'grey'),(37348,5,2,'heart'),(37438,5,2,'herard'),(37951,5,2,'hill'),(39659,5,2,'honduras'),(39584,5,2,'hoturu'),(39683,5,2,'huile'),(38610,5,2,'iconicara'),(37976,5,2,'imany'),(4551,5,2,'ink'),(38702,5,2,'innocence'),(38152,5,2,'installation'),(39719,5,2,'instant'),(40254,5,2,'itineraire'),(37761,5,2,'jana'),(4542,5,2,'jean'),(39681,5,2,'jonone'),(37885,5,2,'jouer'),(37085,5,2,'journal'),(38953,5,2,'juniper'),(39608,5,2,'jute'),(37948,5,2,'killing'),(37595,5,2,'kraft'),(38721,5,2,'lady'),(38239,5,2,'langue'),(37950,5,2,'lauryn'),(37784,5,2,'leave'),(38405,5,2,'lek'),(39973,5,2,'leontine'),(38242,5,2,'lettres'),(37576,5,2,'levalet'),(37416,5,2,'life'),(37725,5,2,'lin'),(39475,5,2,'line'),(104464,5,2,'lithoonline'),(39923,5,2,'louise'),(40286,5,2,'love'),(39021,5,2,'map'),(36961,5,2,'mariee'),(38973,5,2,'mariposa'),(37596,5,2,'maroufle'),(38347,5,2,'mcqueen'),(38767,5,2,'mdf'),(38057,5,2,'media'),(38764,5,2,'medium'),(39862,5,2,'melancolie'),(38307,5,2,'melo'),(37723,5,2,'ment'),(38196,5,2,'mesure'),(37767,5,2,'metal'),(104462,5,2,'midtown'),(38054,5,2,'minded'),(4573,5,2,'mine'),(37463,5,2,'miss'),(38056,5,2,'mixed'),(37036,5,2,'mixte'),(37487,5,2,'moi'),(38386,5,2,'monkeys'),(38805,5,2,'monroe'),(39924,5,2,'montage'),(39828,5,2,'morceaux'),(37394,5,2,'multi'),(37783,5,2,'never'),(37081,5,2,'news'),(39697,5,2,'nocturama'),(38283,5,2,'nos'),(38539,5,2,'nostalgie'),(39020,5,2,'nyc'),(36966,5,2,'oeuvre'),(38567,5,2,'oiseau'),(38053,5,2,'open'),(38407,5,2,'organisees'),(5914,5,2,'original'),(4546,5,2,'originale'),(40285,5,2,'oru'),(37245,5,2,'owls'),(37953,5,2,'panneau'),(38058,5,2,'paper'),(37084,5,2,'papier'),(38002,5,2,'parts'),(37486,5,2,'passe'),(39496,5,2,'patriarch'),(38097,5,2,'peau'),(39897,5,2,'peint'),(39725,5,2,'peinte'),(37765,5,2,'peinture'),(38542,5,2,'perdue'),(38498,5,2,'phagotrophie'),(37437,5,2,'philippe'),(6041,5,2,'physical'),(38284,5,2,'pinceaux'),(38030,5,2,'pinto'),(37040,5,2,'platre'),(37041,5,2,'plexiglass'),(4574,5,2,'plomb'),(37766,5,2,'pochoir'),(38933,5,2,'points'),(38994,5,2,'ponce'),(38633,5,2,'pop'),(4549,5,2,'preparatoire'),(36978,5,2,'pussy'),(38565,5,2,'quand'),(39019,5,2,'quik'),(38804,5,2,'real'),(40203,5,2,'regard'),(37722,5,2,'regime'),(36979,5,2,'riot'),(38700,5,2,'romain'),(38590,5,2,'romance'),(37368,5,2,'roots'),(4576,5,2,'rouge'),(38741,5,2,'royal'),(4543,5,2,'rustin'),(39607,5,2,'sac'),(38326,5,2,'sad'),(104461,5,2,'salzmann'),(37055,5,2,'sans'),(37392,5,2,'seen'),(37488,5,2,'sel'),(39829,5,2,'serie'),(37926,5,2,'seve'),(37975,5,2,'shy'),(38241,5,2,'signes'),(38848,5,2,'skin'),(37949,5,2,'softly'),(40102,5,2,'souliers'),(38153,5,2,'sous'),(39895,5,2,'souza'),(39339,5,2,'sparkling'),(37397,5,2,'spray'),(38634,5,2,'star'),(38762,5,2,'station'),(38346,5,2,'steve'),(40284,5,2,'stoul'),(37155,5,2,'street'),(38766,5,2,'streetartstore'),(36964,5,2,'sur'),(40054,5,2,'suzanne'),(37395,5,2,'tag'),(37466,5,2,'taire'),(37763,5,2,'take'),(38783,5,2,'tango'),(36960,5,2,'tattu'),(37347,5,2,'tear'),(37158,5,2,'tech'),(37035,5,2,'technique'),(104463,5,2,'test'),(39564,5,2,'thing'),(37464,5,2,'tic'),(38828,5,2,'tiger'),(37056,5,2,'titre'),(37440,5,2,'titres'),(36965,5,2,'toile'),(37469,5,2,'tole'),(37285,5,2,'transition'),(38327,5,2,'true'),(38540,5,2,'une'),(36967,5,2,'unique'),(37522,5,2,'utero'),(4545,5,2,'uvre'),(38306,5,2,'venus'),(38519,5,2,'vernis'),(37489,5,2,'vie'),(39722,5,2,'vii'),(38027,5,2,'viola'),(38154,5,2,'vitrine'),(37415,5,2,'weight'),(39563,5,2,'wild'),(37762,5,2,'will'),(37684,5,2,'young');

--
-- Table structure for table `pre3305_sekeyword`
--

CREATE TABLE `pre3305_sekeyword` (
  `id_sekeyword` int(10) unsigned NOT NULL AUTO_INCREMENT,
  `id_shop` int(10) unsigned NOT NULL DEFAULT '1',
  `id_shop_group` int(10) unsigned NOT NULL DEFAULT '1',
  `keyword` varchar(256) NOT NULL,
  `date_add` datetime NOT NULL,
  PRIMARY KEY (`id_sekeyword`)
) ENGINE=InnoDB DEFAULT CHARSET=utf8;

--
-- Dumping data for table `pre3305_sekeyword`
--


--
-- Table structure for table `pre3305_sendcloud_service_points`
--

CREATE TABLE `pre3305_sendcloud_service_points` (
  `id_service_point` int(10) NOT NULL AUTO_INCREMENT,
  `id_cart` int(10) unsigned NOT NULL,
  `id_address_delivery` int(11) unsigned DEFAULT NULL,
  `details` text,
  `date_add` datetime NOT NULL,
  `date_upd` datetime DEFAULT NULL,
  PRIMARY KEY (`id_service_point`)
) ENGINE=InnoDB DEFAULT CHARSET=utf8;

--
-- Dumping data for table `pre3305_sendcloud_service_points`
--


--
-- Table structure for table `pre3305_sendin_newsletter`
--

CREATE TABLE `pre3305_sendin_newsletter` (
  `id` int(6) NOT NULL AUTO_INCREMENT,
  `id_shop` int(10) unsigned NOT NULL DEFAULT '1',
  `id_shop_group` int(10) unsigned NOT NULL DEFAULT '1',
  `email` varchar(255) NOT NULL,
  `newsletter_date_add` datetime DEFAULT NULL,
  `ip_registration_newsletter` varchar(15) NOT NULL,
  `http_referer` varchar(255) DEFAULT NULL,
  `active` tinyint(1) NOT NULL DEFAULT '1',
  PRIMARY KEY (`id`)
) ENGINE=InnoDB DEFAULT CHARSET=utf8;

--
-- Dumping data for table `pre3305_sendin_newsletter`
--


--
-- Table structure for table `pre3305_shop`
--

CREATE TABLE `pre3305_shop` (
  `id_shop` int(11) NOT NULL AUTO_INCREMENT,
  `id_shop_group` int(11) NOT NULL,
  `name` varchar(64) COLLATE utf8_unicode_ci NOT NULL,
  `id_category` int(11) NOT NULL,
  `theme_name` varchar(255) COLLATE utf8_unicode_ci NOT NULL,
  `active` tinyint(1) NOT NULL,
  `deleted` tinyint(1) NOT NULL,
  PRIMARY KEY (`id_shop`),
  KEY `IDX_195833FCF5C9E40` (`id_shop_group`)
) ENGINE=InnoDB AUTO_INCREMENT=6 DEFAULT CHARSET=utf8 COLLATE=utf8_unicode_ci;

--
-- Dumping data for table `pre3305_shop`
--

INSERT INTO `pre3305_shop` VALUES (2,1,'JoelKnafo',61,'child_classic_jk',1,0),(4,1,'LithoOnline',61,'classic',1,0),(5,1,'StreetArtStore',61,'classic',1,0);

--
-- Table structure for table `pre3305_shop_group`
--

CREATE TABLE `pre3305_shop_group` (
  `id_shop_group` int(11) NOT NULL AUTO_INCREMENT,
  `name` varchar(64) COLLATE utf8_unicode_ci NOT NULL,
  `share_customer` tinyint(1) NOT NULL,
  `share_order` tinyint(1) NOT NULL,
  `share_stock` tinyint(1) NOT NULL,
  `active` tinyint(1) NOT NULL,
  `deleted` tinyint(1) NOT NULL,
  PRIMARY KEY (`id_shop_group`)
) ENGINE=InnoDB AUTO_INCREMENT=2 DEFAULT CHARSET=utf8 COLLATE=utf8_unicode_ci;

--
-- Dumping data for table `pre3305_shop_group`
--

INSERT INTO `pre3305_shop_group` VALUES (1,'Default',1,1,1,1,0);

--
-- Table structure for table `pre3305_shop_url`
--

CREATE TABLE `pre3305_shop_url` (
  `id_shop_url` int(11) unsigned NOT NULL AUTO_INCREMENT,
  `id_shop` int(11) unsigned NOT NULL,
  `domain` varchar(150) NOT NULL,
  `domain_ssl` varchar(150) NOT NULL,
  `physical_uri` varchar(64) NOT NULL,
  `virtual_uri` varchar(64) NOT NULL,
  `main` tinyint(1) NOT NULL,
  `active` tinyint(1) NOT NULL,
  PRIMARY KEY (`id_shop_url`),
  UNIQUE KEY `full_shop_url` (`domain`,`physical_uri`,`virtual_uri`),
  UNIQUE KEY `full_shop_url_ssl` (`domain_ssl`,`physical_uri`,`virtual_uri`),
  KEY `id_shop` (`id_shop`,`main`)
) ENGINE=InnoDB AUTO_INCREMENT=7 DEFAULT CHARSET=utf8;

--
-- Dumping data for table `pre3305_shop_url`
--

INSERT INTO `pre3305_shop_url` VALUES (2,2,'storetest.joelknafo-art.com','storetest.joelknafo-art.com','/','',1,1),(4,4,'storetest2.joelknafo-art.com','storetest2.joelknafo-art.com','/','',1,1),(6,5,'streetart-store.com','streetart-store.com','/','',1,0);

--
-- Table structure for table `pre3305_smarty_cache`
--

CREATE TABLE `pre3305_smarty_cache` (
  `id_smarty_cache` char(40) NOT NULL,
  `name` char(40) NOT NULL,
  `cache_id` varchar(254) DEFAULT NULL,
  `modified` timestamp NOT NULL DEFAULT CURRENT_TIMESTAMP,
  `content` longtext NOT NULL,
  PRIMARY KEY (`id_smarty_cache`),
  KEY `name` (`name`),
  KEY `cache_id` (`cache_id`),
  KEY `modified` (`modified`)
) ENGINE=InnoDB DEFAULT CHARSET=utf8;

--
-- Dumping data for table `pre3305_smarty_cache`
--


--
-- Table structure for table `pre3305_smarty_last_flush`
--

CREATE TABLE `pre3305_smarty_last_flush` (
  `type` enum('compile','template') NOT NULL DEFAULT 'compile',
  `last_flush` datetime NOT NULL DEFAULT '0000-00-00 00:00:00',
  PRIMARY KEY (`type`)
) ENGINE=InnoDB DEFAULT CHARSET=utf8;

--
-- Dumping data for table `pre3305_smarty_last_flush`
--


--
-- Table structure for table `pre3305_smarty_lazy_cache`
--

CREATE TABLE `pre3305_smarty_lazy_cache` (
  `template_hash` varchar(32) NOT NULL DEFAULT '',
  `cache_id` varchar(255) NOT NULL DEFAULT '',
  `compile_id` varchar(32) NOT NULL DEFAULT '',
  `filepath` varchar(255) NOT NULL DEFAULT '',
  `last_update` datetime NOT NULL DEFAULT '0000-00-00 00:00:00',
  PRIMARY KEY (`template_hash`,`cache_id`,`compile_id`)
) ENGINE=InnoDB DEFAULT CHARSET=utf8;

--
-- Dumping data for table `pre3305_smarty_lazy_cache`
--


--
-- Table structure for table `pre3305_specific_price`
--

CREATE TABLE `pre3305_specific_price` (
  `id_specific_price` int(10) unsigned NOT NULL AUTO_INCREMENT,
  `id_specific_price_rule` int(11) unsigned NOT NULL,
  `id_cart` int(11) unsigned NOT NULL,
  `id_product` int(10) unsigned NOT NULL,
  `id_shop` int(11) unsigned NOT NULL DEFAULT '1',
  `id_shop_group` int(11) unsigned NOT NULL,
  `id_currency` int(10) unsigned NOT NULL,
  `id_country` int(10) unsigned NOT NULL,
  `id_group` int(10) unsigned NOT NULL,
  `id_customer` int(10) unsigned NOT NULL,
  `id_product_attribute` int(10) unsigned NOT NULL,
  `price` decimal(20,6) NOT NULL,
  `from_quantity` mediumint(8) unsigned NOT NULL,
  `reduction` decimal(20,6) NOT NULL,
  `reduction_tax` tinyint(1) NOT NULL DEFAULT '1',
  `reduction_type` enum('amount','percentage') NOT NULL,
  `from` datetime NOT NULL,
  `to` datetime NOT NULL,
  PRIMARY KEY (`id_specific_price`),
  UNIQUE KEY `id_product_2` (`id_product`,`id_product_attribute`,`id_customer`,`id_cart`,`from`,`to`,`id_shop`,`id_shop_group`,`id_currency`,`id_country`,`id_group`,`from_quantity`,`id_specific_price_rule`),
  KEY `id_product` (`id_product`,`id_shop`,`id_currency`,`id_country`,`id_group`,`id_customer`,`from_quantity`,`from`,`to`),
  KEY `from_quantity` (`from_quantity`),
  KEY `id_specific_price_rule` (`id_specific_price_rule`),
  KEY `id_cart` (`id_cart`),
  KEY `id_product_attribute` (`id_product_attribute`),
  KEY `id_shop` (`id_shop`),
  KEY `id_customer` (`id_customer`),
  KEY `from` (`from`),
  KEY `to` (`to`)
) ENGINE=InnoDB AUTO_INCREMENT=39 DEFAULT CHARSET=utf8;

--
-- Dumping data for table `pre3305_specific_price`
--

INSERT INTO `pre3305_specific_price` VALUES (4,0,0,2578,4,0,0,0,0,0,0,-1.000000,1,70.000000,1,'amount','0000-00-00 00:00:00','2018-11-25 00:00:00'),(5,0,0,2574,4,0,0,0,0,0,0,-1.000000,1,75.000000,1,'amount','0000-00-00 00:00:00','2018-11-25 00:00:00'),(6,0,0,2577,4,0,0,0,0,0,0,-1.000000,1,80.000000,1,'amount','0000-00-00 00:00:00','2018-11-25 00:00:00'),(7,0,0,2547,4,0,0,0,0,0,0,-1.000000,1,50.000000,1,'amount','0000-00-00 00:00:00','2018-11-25 00:00:00'),(8,0,0,2589,4,0,0,0,0,0,0,-1.000000,1,50.000000,1,'amount','0000-00-00 00:00:00','2018-11-25 00:00:00'),(10,0,0,5142,4,0,0,0,0,0,0,-1.000000,1,20.000000,1,'amount','0000-00-00 00:00:00','2018-11-25 00:00:00'),(11,0,0,5140,4,0,0,0,0,0,0,-1.000000,1,20.000000,1,'amount','0000-00-00 00:00:00','2018-11-25 00:00:00'),(12,0,0,2844,4,0,0,0,0,0,0,-1.000000,1,20.000000,1,'amount','0000-00-00 00:00:00','2019-01-31 00:00:00'),(13,0,0,5146,4,0,0,0,0,0,0,-1.000000,1,10.000000,1,'amount','0000-00-00 00:00:00','2018-12-31 00:00:00'),(14,0,0,5145,4,0,0,0,0,0,0,-1.000000,1,10.000000,1,'amount','0000-00-00 00:00:00','2018-12-31 00:00:00'),(15,0,0,5144,4,0,0,0,0,0,0,-1.000000,1,10.000000,1,'amount','0000-00-00 00:00:00','2018-12-31 00:00:00'),(17,0,0,4925,2,0,0,0,0,0,0,-1.000000,1,300.000000,1,'amount','0000-00-00 00:00:00','2018-11-27 00:00:00'),(20,0,270,4896,0,0,0,0,0,6249,0,2100.000000,1,0.000000,1,'amount','0000-00-00 00:00:00','0000-00-00 00:00:00'),(22,0,304,5744,0,0,0,0,0,6272,0,0.000000,1,0.000000,1,'amount','0000-00-00 00:00:00','0000-00-00 00:00:00'),(23,0,305,5744,0,0,0,0,0,6272,0,41.670000,1,0.000000,1,'amount','0000-00-00 00:00:00','0000-00-00 00:00:00'),(26,0,0,6422,4,0,0,0,0,0,0,-1.000000,1,20.000000,1,'amount','0000-00-00 00:00:00','2018-11-25 00:00:00');

--
-- Table structure for table `pre3305_specific_price_priority`
--

CREATE TABLE `pre3305_specific_price_priority` (
  `id_specific_price_priority` int(11) NOT NULL AUTO_INCREMENT,
  `id_product` int(11) NOT NULL,
  `priority` varchar(80) NOT NULL,
  PRIMARY KEY (`id_specific_price_priority`,`id_product`),
  UNIQUE KEY `id_product` (`id_product`)
) ENGINE=InnoDB AUTO_INCREMENT=2939 DEFAULT CHARSET=utf8;

--
-- Dumping data for table `pre3305_specific_price_priority`
--

INSERT INTO `pre3305_specific_price_priority` VALUES (1,3096,'id_shop;id_currency;id_country;id_group'),(7,2588,'id_shop;id_currency;id_country;id_group'),(8,4298,'id_shop;id_currency;id_country;id_group'),(9,5722,'id_shop;id_currency;id_country;id_group'),(10,6028,'id_shop;id_currency;id_country;id_group'),(12,5595,'id_shop;id_currency;id_country;id_group'),(14,6030,'id_shop;id_currency;id_country;id_group'),(17,6019,'id_shop;id_currency;id_country;id_group'),(19,6031,'id_shop;id_currency;id_country;id_group'),(35,5524,'id_shop;id_currency;id_country;id_group'),(40,5164,'id_shop;id_currency;id_country;id_group'),(41,4987,'id_shop;id_currency;id_country;id_group'),(44,5876,'id_shop;id_currency;id_country;id_group'),(45,4462,'id_shop;id_currency;id_country;id_group'),(51,6017,'id_shop;id_currency;id_country;id_group'),(59,4074,'id_shop;id_currency;id_country;id_group'),(62,4072,'id_shop;id_currency;id_country;id_group'),(65,4070,'id_shop;id_currency;id_country;id_group'),(67,5113,'id_shop;id_currency;id_country;id_group'),(69,4547,'id_shop;id_currency;id_country;id_group'),(72,4482,'id_shop;id_currency;id_country;id_group'),(76,3329,'id_shop;id_currency;id_country;id_group'),(78,3325,'id_shop;id_currency;id_country;id_group'),(80,3535,'id_shop;id_currency;id_country;id_group'),(82,3650,'id_shop;id_currency;id_country;id_group'),(84,4220,'id_shop;id_currency;id_country;id_group'),(86,6032,'id_shop;id_currency;id_country;id_group'),(93,2546,'id_shop;id_currency;id_country;id_group'),(94,5163,'id_shop;id_currency;id_country;id_group'),(96,5776,'id_shop;id_currency;id_country;id_group'),(98,5165,'id_shop;id_currency;id_country;id_group'),(113,6012,'id_shop;id_currency;id_country;id_group'),(114,5960,'id_shop;id_currency;id_country;id_group'),(116,5935,'id_shop;id_currency;id_country;id_group'),(117,5899,'id_shop;id_currency;id_country;id_group'),(118,5777,'id_shop;id_currency;id_country;id_group'),(119,5885,'id_shop;id_currency;id_country;id_group'),(120,5884,'id_shop;id_currency;id_country;id_group'),(121,5881,'id_shop;id_currency;id_country;id_group'),(122,5879,'id_shop;id_currency;id_country;id_group'),(123,5878,'id_shop;id_currency;id_country;id_group'),(124,5877,'id_shop;id_currency;id_country;id_group'),(126,5875,'id_shop;id_currency;id_country;id_group'),(127,5867,'id_shop;id_currency;id_country;id_group'),(128,5865,'id_shop;id_currency;id_country;id_group'),(129,5864,'id_shop;id_currency;id_country;id_group'),(130,5824,'id_shop;id_currency;id_country;id_group'),(132,5779,'id_shop;id_currency;id_country;id_group'),(134,5778,'id_shop;id_currency;id_country;id_group'),(142,5763,'id_shop;id_currency;id_country;id_group'),(143,5759,'id_shop;id_currency;id_country;id_group'),(144,5758,'id_shop;id_currency;id_country;id_group'),(145,5757,'id_shop;id_currency;id_country;id_group'),(147,5756,'id_shop;id_currency;id_country;id_group'),(148,5744,'id_shop;id_currency;id_country;id_group'),(149,5740,'id_shop;id_currency;id_country;id_group'),(153,5562,'id_shop;id_currency;id_country;id_group'),(155,5501,'id_shop;id_currency;id_country;id_group'),(157,5703,'id_shop;id_currency;id_country;id_group'),(158,5683,'id_shop;id_currency;id_country;id_group'),(161,2580,'id_shop;id_currency;id_country;id_group'),(162,5589,'id_shop;id_currency;id_country;id_group'),(163,5568,'id_shop;id_currency;id_country;id_group'),(165,5566,'id_shop;id_currency;id_country;id_group'),(166,5564,'id_shop;id_currency;id_country;id_group'),(167,5560,'id_shop;id_currency;id_country;id_group'),(173,5530,'id_shop;id_currency;id_country;id_group'),(174,5498,'id_shop;id_currency;id_country;id_group'),(176,5503,'id_shop;id_currency;id_country;id_group'),(177,5502,'id_shop;id_currency;id_country;id_group'),(179,5500,'id_shop;id_currency;id_country;id_group'),(180,5499,'id_shop;id_currency;id_country;id_group'),(181,5497,'id_shop;id_currency;id_country;id_group'),(182,5487,'id_shop;id_currency;id_country;id_group'),(184,5464,'id_shop;id_currency;id_country;id_group'),(185,5462,'id_shop;id_currency;id_country;id_group'),(186,5459,'id_shop;id_currency;id_country;id_group'),(187,5455,'id_shop;id_currency;id_country;id_group'),(188,5453,'id_shop;id_currency;id_country;id_group'),(189,5445,'id_shop;id_currency;id_country;id_group'),(190,5338,'id_shop;id_currency;id_country;id_group'),(194,5170,'id_shop;id_currency;id_country;id_group'),(196,5169,'id_shop;id_currency;id_country;id_group'),(198,5166,'id_shop;id_currency;id_country;id_group'),(205,5162,'id_shop;id_currency;id_country;id_group'),(208,5146,'id_shop;id_currency;id_country;id_group'),(210,5145,'id_shop;id_currency;id_country;id_group'),(211,5144,'id_shop;id_currency;id_country;id_group'),(213,5142,'id_shop;id_currency;id_country;id_group'),(214,5141,'id_shop;id_currency;id_country;id_group'),(216,5140,'id_shop;id_currency;id_country;id_group'),(220,4860,'id_shop;id_currency;id_country;id_group'),(221,4858,'id_shop;id_currency;id_country;id_group'),(223,4016,'id_shop;id_currency;id_country;id_group'),(225,4010,'id_shop;id_currency;id_country;id_group'),(227,4008,'id_shop;id_currency;id_country;id_group'),(228,4000,'id_shop;id_currency;id_country;id_group'),(229,3996,'id_shop;id_currency;id_country;id_group'),(230,3982,'id_shop;id_currency;id_country;id_group'),(232,3980,'id_shop;id_currency;id_country;id_group'),(233,3974,'id_shop;id_currency;id_country;id_group'),(234,3966,'id_shop;id_currency;id_country;id_group'),(235,3097,'id_shop;id_currency;id_country;id_group'),(243,5058,'id_shop;id_currency;id_country;id_group'),(245,5057,'id_shop;id_currency;id_country;id_group'),(246,5049,'id_shop;id_currency;id_country;id_group'),(250,3662,'id_shop;id_currency;id_country;id_group'),(254,4320,'id_shop;id_currency;id_country;id_group'),(255,3310,'id_shop;id_currency;id_country;id_group'),(257,2977,'id_shop;id_currency;id_country;id_group'),(258,2547,'id_shop;id_currency;id_country;id_group'),(260,5031,'id_shop;id_currency;id_country;id_group'),(262,4983,'id_shop;id_currency;id_country;id_group'),(263,4950,'id_shop;id_currency;id_country;id_group'),(264,4947,'id_shop;id_currency;id_country;id_group'),(265,4944,'id_shop;id_currency;id_country;id_group'),(266,4475,'id_shop;id_currency;id_country;id_group'),(268,4474,'id_shop;id_currency;id_country;id_group'),(273,4885,'id_shop;id_currency;id_country;id_group'),(274,4883,'id_shop;id_currency;id_country;id_group'),(276,4878,'id_shop;id_currency;id_country;id_group'),(277,4874,'id_shop;id_currency;id_country;id_group'),(278,4872,'id_shop;id_currency;id_country;id_group'),(279,2763,'id_shop;id_currency;id_country;id_group'),(280,2579,'id_shop;id_currency;id_country;id_group'),(281,2705,'id_shop;id_currency;id_country;id_group'),(282,2703,'id_shop;id_currency;id_country;id_group'),(283,2578,'id_shop;id_currency;id_country;id_group'),(284,4795,'id_shop;id_currency;id_country;id_group'),(285,4793,'id_shop;id_currency;id_country;id_group'),(286,4748,'id_shop;id_currency;id_country;id_group'),(287,4746,'id_shop;id_currency;id_country;id_group'),(288,4744,'id_shop;id_currency;id_country;id_group'),(289,4742,'id_shop;id_currency;id_country;id_group'),(290,4082,'id_shop;id_currency;id_country;id_group'),(291,4081,'id_shop;id_currency;id_country;id_group'),(294,3661,'id_shop;id_currency;id_country;id_group'),(295,2589,'id_shop;id_currency;id_country;id_group'),(297,2844,'id_shop;id_currency;id_country;id_group'),(303,2590,'id_shop;id_currency;id_country;id_group'),(306,2582,'id_shop;id_currency;id_country;id_group'),(307,2577,'id_shop;id_currency;id_country;id_group'),(308,2576,'id_shop;id_currency;id_country;id_group'),(310,2574,'id_shop;id_currency;id_country;id_group'),(311,2583,'id_shop;id_currency;id_country;id_group'),(318,5522,'id_shop;id_currency;id_country;id_group'),(329,5523,'id_shop;id_currency;id_country;id_group'),(332,6033,'id_shop;id_currency;id_country;id_group'),(343,2585,'id_shop;id_currency;id_country;id_group'),(344,2586,'id_shop;id_currency;id_country;id_group'),(345,2587,'id_shop;id_currency;id_country;id_group'),(346,6034,'id_shop;id_currency;id_country;id_group'),(351,6035,'id_shop;id_currency;id_country;id_group'),(356,6036,'id_shop;id_currency;id_country;id_group'),(359,6037,'id_shop;id_currency;id_country;id_group'),(360,6038,'id_shop;id_currency;id_country;id_group'),(365,6040,'id_shop;id_currency;id_country;id_group'),(368,6042,'id_shop;id_currency;id_country;id_group'),(371,6043,'id_shop;id_currency;id_country;id_group'),(384,5028,'id_shop;id_currency;id_country;id_group'),(385,5020,'id_shop;id_currency;id_country;id_group'),(386,5018,'id_shop;id_currency;id_country;id_group'),(387,5016,'id_shop;id_currency;id_country;id_group'),(393,6044,'id_shop;id_currency;id_country;id_group'),(395,6045,'id_shop;id_currency;id_country;id_group'),(400,6046,'id_shop;id_currency;id_country;id_group'),(401,6047,'id_shop;id_currency;id_country;id_group'),(405,6048,'id_shop;id_currency;id_country;id_group'),(410,6050,'id_shop;id_currency;id_country;id_group'),(412,6051,'id_shop;id_currency;id_country;id_group'),(418,6052,'id_shop;id_currency;id_country;id_group'),(421,6053,'id_shop;id_currency;id_country;id_group'),(430,6054,'id_shop;id_currency;id_country;id_group'),(442,6056,'id_shop;id_currency;id_country;id_group'),(445,6057,'id_shop;id_currency;id_country;id_group'),(447,6058,'id_shop;id_currency;id_country;id_group'),(459,5526,'id_shop;id_currency;id_country;id_group'),(463,6059,'id_shop;id_currency;id_country;id_group'),(464,6061,'id_shop;id_currency;id_country;id_group'),(500,4118,'id_shop;id_currency;id_country;id_group'),(503,4841,'id_shop;id_currency;id_country;id_group'),(504,4839,'id_shop;id_currency;id_country;id_group'),(505,3556,'id_shop;id_currency;id_country;id_group'),(506,4953,'id_shop;id_currency;id_country;id_group'),(507,4965,'id_shop;id_currency;id_country;id_group'),(509,3364,'id_shop;id_currency;id_country;id_group'),(510,5525,'id_shop;id_currency;id_country;id_group'),(511,5527,'id_shop;id_currency;id_country;id_group'),(514,6063,'id_shop;id_currency;id_country;id_group'),(521,6064,'id_shop;id_currency;id_country;id_group'),(525,6065,'id_shop;id_currency;id_country;id_group'),(528,6066,'id_shop;id_currency;id_country;id_group'),(531,6067,'id_shop;id_currency;id_country;id_group'),(533,6068,'id_shop;id_currency;id_country;id_group'),(536,6069,'id_shop;id_currency;id_country;id_group'),(537,6070,'id_shop;id_currency;id_country;id_group'),(539,6071,'id_shop;id_currency;id_country;id_group'),(541,6072,'id_shop;id_currency;id_country;id_group'),(545,6074,'id_shop;id_currency;id_country;id_group'),(583,6077,'id_shop;id_currency;id_country;id_group'),(617,6079,'id_shop;id_currency;id_country;id_group'),(618,6080,'id_shop;id_currency;id_country;id_group'),(627,6081,'id_shop;id_currency;id_country;id_group'),(631,6082,'id_shop;id_currency;id_country;id_group'),(639,6083,'id_shop;id_currency;id_country;id_group'),(654,6084,'id_shop;id_currency;id_country;id_group'),(670,6089,'id_shop;id_currency;id_country;id_group'),(671,6090,'id_shop;id_currency;id_country;id_group'),(679,6092,'id_shop;id_currency;id_country;id_group'),(682,6093,'id_shop;id_currency;id_country;id_group'),(711,6094,'id_shop;id_currency;id_country;id_group'),(712,6095,'id_shop;id_currency;id_country;id_group'),(720,6096,'id_shop;id_currency;id_country;id_group'),(722,6097,'id_shop;id_currency;id_country;id_group'),(725,6098,'id_shop;id_currency;id_country;id_group'),(728,6099,'id_shop;id_currency;id_country;id_group'),(731,6100,'id_shop;id_currency;id_country;id_group'),(735,6101,'id_shop;id_currency;id_country;id_group'),(736,6102,'id_shop;id_currency;id_country;id_group'),(737,6103,'id_shop;id_currency;id_country;id_group'),(738,6104,'id_shop;id_currency;id_country;id_group'),(746,6106,'id_shop;id_currency;id_country;id_group'),(761,6107,'id_shop;id_currency;id_country;id_group'),(770,6109,'id_shop;id_currency;id_country;id_group'),(771,6110,'id_shop;id_currency;id_country;id_group'),(807,6111,'id_shop;id_currency;id_country;id_group'),(818,6112,'id_shop;id_currency;id_country;id_group'),(819,6113,'id_shop;id_currency;id_country;id_group'),(821,6114,'id_shop;id_currency;id_country;id_group'),(822,6115,'id_shop;id_currency;id_country;id_group'),(823,6116,'id_shop;id_currency;id_country;id_group'),(829,6117,'id_shop;id_currency;id_country;id_group'),(835,6118,'id_shop;id_currency;id_country;id_group'),(840,6119,'id_shop;id_currency;id_country;id_group'),(841,6120,'id_shop;id_currency;id_country;id_group'),(844,6121,'id_shop;id_currency;id_country;id_group'),(846,6123,'id_shop;id_currency;id_country;id_group'),(847,6124,'id_shop;id_currency;id_country;id_group'),(849,6125,'id_shop;id_currency;id_country;id_group'),(851,6126,'id_shop;id_currency;id_country;id_group'),(853,6127,'id_shop;id_currency;id_country;id_group'),(860,5909,'id_shop;id_currency;id_country;id_group'),(863,5977,'id_shop;id_currency;id_country;id_group'),(864,2617,'id_shop;id_currency;id_country;id_group'),(865,2619,'id_shop;id_currency;id_country;id_group'),(866,2621,'id_shop;id_currency;id_country;id_group'),(868,2624,'id_shop;id_currency;id_country;id_group'),(869,2753,'id_shop;id_currency;id_country;id_group'),(870,2754,'id_shop;id_currency;id_country;id_group'),(871,2756,'id_shop;id_currency;id_country;id_group'),(872,2757,'id_shop;id_currency;id_country;id_group'),(874,2758,'id_shop;id_currency;id_country;id_group'),(875,2759,'id_shop;id_currency;id_country;id_group'),(876,2760,'id_shop;id_currency;id_country;id_group'),(877,4851,'id_shop;id_currency;id_country;id_group'),(878,5436,'id_shop;id_currency;id_country;id_group'),(879,5440,'id_shop;id_currency;id_country;id_group'),(880,5442,'id_shop;id_currency;id_country;id_group'),(881,2694,'id_shop;id_currency;id_country;id_group'),(882,2695,'id_shop;id_currency;id_country;id_group'),(883,2696,'id_shop;id_currency;id_country;id_group'),(884,2697,'id_shop;id_currency;id_country;id_group'),(885,2702,'id_shop;id_currency;id_country;id_group'),(886,2706,'id_shop;id_currency;id_country;id_group'),(887,2746,'id_shop;id_currency;id_country;id_group'),(888,2747,'id_shop;id_currency;id_country;id_group'),(889,2748,'id_shop;id_currency;id_country;id_group'),(890,2749,'id_shop;id_currency;id_country;id_group'),(891,2750,'id_shop;id_currency;id_country;id_group'),(892,4737,'id_shop;id_currency;id_country;id_group'),(893,4739,'id_shop;id_currency;id_country;id_group'),(894,3052,'id_shop;id_currency;id_country;id_group'),(896,4837,'id_shop;id_currency;id_country;id_group'),(897,4890,'id_shop;id_currency;id_country;id_group'),(898,4847,'id_shop;id_currency;id_country;id_group'),(899,4898,'id_shop;id_currency;id_country;id_group'),(900,5154,'id_shop;id_currency;id_country;id_group'),(901,5578,'id_shop;id_currency;id_country;id_group'),(902,5580,'id_shop;id_currency;id_country;id_group'),(903,3836,'id_shop;id_currency;id_country;id_group'),(904,3846,'id_shop;id_currency;id_country;id_group'),(905,4059,'id_shop;id_currency;id_country;id_group'),(906,4214,'id_shop;id_currency;id_country;id_group'),(907,4216,'id_shop;id_currency;id_country;id_group'),(908,4892,'id_shop;id_currency;id_country;id_group'),(909,5149,'id_shop;id_currency;id_country;id_group'),(910,5151,'id_shop;id_currency;id_country;id_group'),(911,4896,'id_shop;id_currency;id_country;id_group'),(912,5155,'id_shop;id_currency;id_country;id_group'),(913,5582,'id_shop;id_currency;id_country;id_group'),(916,5943,'id_shop;id_currency;id_country;id_group'),(917,5956,'id_shop;id_currency;id_country;id_group'),(918,5975,'id_shop;id_currency;id_country;id_group'),(919,5980,'id_shop;id_currency;id_country;id_group'),(920,5982,'id_shop;id_currency;id_country;id_group'),(921,5983,'id_shop;id_currency;id_country;id_group'),(922,5988,'id_shop;id_currency;id_country;id_group'),(923,5993,'id_shop;id_currency;id_country;id_group'),(924,5994,'id_shop;id_currency;id_country;id_group'),(925,5995,'id_shop;id_currency;id_country;id_group'),(926,2937,'id_shop;id_currency;id_country;id_group'),(927,5286,'id_shop;id_currency;id_country;id_group'),(928,5299,'id_shop;id_currency;id_country;id_group'),(929,5301,'id_shop;id_currency;id_country;id_group'),(930,5302,'id_shop;id_currency;id_country;id_group'),(931,5303,'id_shop;id_currency;id_country;id_group'),(932,4026,'id_shop;id_currency;id_country;id_group'),(934,4910,'id_shop;id_currency;id_country;id_group'),(935,4917,'id_shop;id_currency;id_country;id_group'),(936,4919,'id_shop;id_currency;id_country;id_group'),(937,4921,'id_shop;id_currency;id_country;id_group'),(938,4923,'id_shop;id_currency;id_country;id_group'),(939,4925,'id_shop;id_currency;id_country;id_group'),(940,4927,'id_shop;id_currency;id_country;id_group'),(941,4929,'id_shop;id_currency;id_country;id_group'),(942,4931,'id_shop;id_currency;id_country;id_group'),(943,4933,'id_shop;id_currency;id_country;id_group'),(944,5432,'id_shop;id_currency;id_country;id_group'),(945,5945,'id_shop;id_currency;id_country;id_group'),(946,4979,'id_shop;id_currency;id_country;id_group'),(948,4963,'id_shop;id_currency;id_country;id_group'),(949,4959,'id_shop;id_currency;id_country;id_group'),(950,4487,'id_shop;id_currency;id_country;id_group'),(951,3820,'id_shop;id_currency;id_country;id_group'),(952,3818,'id_shop;id_currency;id_country;id_group'),(953,5903,'id_shop;id_currency;id_country;id_group'),(954,5902,'id_shop;id_currency;id_country;id_group'),(955,4843,'id_shop;id_currency;id_country;id_group'),(956,4832,'id_shop;id_currency;id_country;id_group'),(957,4830,'id_shop;id_currency;id_country;id_group'),(958,4588,'id_shop;id_currency;id_country;id_group'),(959,4039,'id_shop;id_currency;id_country;id_group'),(960,4034,'id_shop;id_currency;id_country;id_group'),(961,4030,'id_shop;id_currency;id_country;id_group'),(962,4028,'id_shop;id_currency;id_country;id_group'),(963,3957,'id_shop;id_currency;id_country;id_group'),(964,3955,'id_shop;id_currency;id_country;id_group'),(965,3071,'id_shop;id_currency;id_country;id_group'),(969,5911,'id_shop;id_currency;id_country;id_group'),(970,5905,'id_shop;id_currency;id_country;id_group'),(971,4853,'id_shop;id_currency;id_country;id_group'),(972,5520,'id_shop;id_currency;id_country;id_group'),(974,5521,'id_shop;id_currency;id_country;id_group'),(1012,6128,'id_shop;id_currency;id_country;id_group'),(1015,6129,'id_shop;id_currency;id_country;id_group'),(1017,6130,'id_shop;id_currency;id_country;id_group'),(1019,6131,'id_shop;id_currency;id_country;id_group'),(1021,6132,'id_shop;id_currency;id_country;id_group'),(1042,6133,'id_shop;id_currency;id_country;id_group'),(1044,6134,'id_shop;id_currency;id_country;id_group'),(1046,6135,'id_shop;id_currency;id_country;id_group'),(1049,6136,'id_shop;id_currency;id_country;id_group'),(1050,6137,'id_shop;id_currency;id_country;id_group'),(1053,6138,'id_shop;id_currency;id_country;id_group'),(1055,6139,'id_shop;id_currency;id_country;id_group'),(1058,6140,'id_shop;id_currency;id_country;id_group'),(1069,5944,'id_shop;id_currency;id_country;id_group'),(1108,6141,'id_shop;id_currency;id_country;id_group'),(1114,6142,'id_shop;id_currency;id_country;id_group'),(1118,6143,'id_shop;id_currency;id_country;id_group'),(1121,6144,'id_shop;id_currency;id_country;id_group'),(1122,6145,'id_shop;id_currency;id_country;id_group'),(1125,6146,'id_shop;id_currency;id_country;id_group'),(1127,6147,'id_shop;id_currency;id_country;id_group'),(1130,6148,'id_shop;id_currency;id_country;id_group'),(1132,6149,'id_shop;id_currency;id_country;id_group'),(1135,6150,'id_shop;id_currency;id_country;id_group'),(1139,6151,'id_shop;id_currency;id_country;id_group'),(1143,6152,'id_shop;id_currency;id_country;id_group'),(1144,6153,'id_shop;id_currency;id_country;id_group'),(1146,6154,'id_shop;id_currency;id_country;id_group'),(1149,6155,'id_shop;id_currency;id_country;id_group'),(1155,6156,'id_shop;id_currency;id_country;id_group'),(1167,6157,'id_shop;id_currency;id_country;id_group'),(1175,6158,'id_shop;id_currency;id_country;id_group'),(1184,6162,'id_shop;id_currency;id_country;id_group'),(1190,6163,'id_shop;id_currency;id_country;id_group'),(1196,6164,'id_shop;id_currency;id_country;id_group'),(1199,6165,'id_shop;id_currency;id_country;id_group'),(1201,6166,'id_shop;id_currency;id_country;id_group'),(1206,6167,'id_shop;id_currency;id_country;id_group'),(1212,6168,'id_shop;id_currency;id_country;id_group'),(1217,6169,'id_shop;id_currency;id_country;id_group'),(1221,6170,'id_shop;id_currency;id_country;id_group'),(1228,6171,'id_shop;id_currency;id_country;id_group'),(1231,6172,'id_shop;id_currency;id_country;id_group'),(1234,6173,'id_shop;id_currency;id_country;id_group'),(1239,6174,'id_shop;id_currency;id_country;id_group'),(1244,6175,'id_shop;id_currency;id_country;id_group'),(1249,6176,'id_shop;id_currency;id_country;id_group'),(1251,6177,'id_shop;id_currency;id_country;id_group'),(1258,6178,'id_shop;id_currency;id_country;id_group'),(1269,6179,'id_shop;id_currency;id_country;id_group'),(1274,6180,'id_shop;id_currency;id_country;id_group'),(1277,6181,'id_shop;id_currency;id_country;id_group'),(1286,6182,'id_shop;id_currency;id_country;id_group'),(1291,6183,'id_shop;id_currency;id_country;id_group'),(1294,6184,'id_shop;id_currency;id_country;id_group'),(1321,6187,'id_shop;id_currency;id_country;id_group'),(1330,6189,'id_shop;id_currency;id_country;id_group'),(1342,6190,'id_shop;id_currency;id_country;id_group'),(1345,6191,'id_shop;id_currency;id_country;id_group'),(1350,6192,'id_shop;id_currency;id_country;id_group'),(1364,6193,'id_shop;id_currency;id_country;id_group'),(1368,6194,'id_shop;id_currency;id_country;id_group'),(1372,6195,'id_shop;id_currency;id_country;id_group'),(1376,6196,'id_shop;id_currency;id_country;id_group'),(1380,6197,'id_shop;id_currency;id_country;id_group'),(1395,6198,'id_shop;id_currency;id_country;id_group'),(1400,6199,'id_shop;id_currency;id_country;id_group'),(1409,6200,'id_shop;id_currency;id_country;id_group'),(1412,6201,'id_shop;id_currency;id_country;id_group'),(1416,6202,'id_shop;id_currency;id_country;id_group'),(1438,6203,'id_shop;id_currency;id_country;id_group'),(1442,6204,'id_shop;id_currency;id_country;id_group'),(1445,6205,'id_shop;id_currency;id_country;id_group'),(1448,6206,'id_shop;id_currency;id_country;id_group'),(1452,6207,'id_shop;id_currency;id_country;id_group'),(1458,6208,'id_shop;id_currency;id_country;id_group'),(1461,6209,'id_shop;id_currency;id_country;id_group'),(1466,6210,'id_shop;id_currency;id_country;id_group'),(1479,6213,'id_shop;id_currency;id_country;id_group'),(1485,6214,'id_shop;id_currency;id_country;id_group'),(1493,6215,'id_shop;id_currency;id_country;id_group'),(1499,6216,'id_shop;id_currency;id_country;id_group'),(1502,6218,'id_shop;id_currency;id_country;id_group'),(1510,6219,'id_shop;id_currency;id_country;id_group'),(1513,6220,'id_shop;id_currency;id_country;id_group'),(1516,6221,'id_shop;id_currency;id_country;id_group'),(1519,6222,'id_shop;id_currency;id_country;id_group'),(1523,6223,'id_shop;id_currency;id_country;id_group'),(1526,6224,'id_shop;id_currency;id_country;id_group'),(1529,6225,'id_shop;id_currency;id_country;id_group'),(1532,6226,'id_shop;id_currency;id_country;id_group'),(1536,6227,'id_shop;id_currency;id_country;id_group'),(1539,6228,'id_shop;id_currency;id_country;id_group'),(1542,6229,'id_shop;id_currency;id_country;id_group'),(1545,6230,'id_shop;id_currency;id_country;id_group'),(1549,6231,'id_shop;id_currency;id_country;id_group'),(1587,6232,'id_shop;id_currency;id_country;id_group'),(1591,6233,'id_shop;id_currency;id_country;id_group'),(1595,6234,'id_shop;id_currency;id_country;id_group'),(1598,6235,'id_shop;id_currency;id_country;id_group'),(1601,6236,'id_shop;id_currency;id_country;id_group'),(1604,6237,'id_shop;id_currency;id_country;id_group'),(1608,6238,'id_shop;id_currency;id_country;id_group'),(1612,6239,'id_shop;id_currency;id_country;id_group'),(1617,6241,'id_shop;id_currency;id_country;id_group'),(1620,6242,'id_shop;id_currency;id_country;id_group'),(1623,6243,'id_shop;id_currency;id_country;id_group'),(1625,6244,'id_shop;id_currency;id_country;id_group'),(1627,6245,'id_shop;id_currency;id_country;id_group'),(1630,6246,'id_shop;id_currency;id_country;id_group'),(1633,6248,'id_shop;id_currency;id_country;id_group'),(1636,6249,'id_shop;id_currency;id_country;id_group'),(1644,6250,'id_shop;id_currency;id_country;id_group'),(1649,6251,'id_shop;id_currency;id_country;id_group'),(1652,6252,'id_shop;id_currency;id_country;id_group'),(1655,6253,'id_shop;id_currency;id_country;id_group'),(1659,6254,'id_shop;id_currency;id_country;id_group'),(1664,6255,'id_shop;id_currency;id_country;id_group'),(1679,6256,'id_shop;id_currency;id_country;id_group'),(1680,6257,'id_shop;id_currency;id_country;id_group'),(1682,6258,'id_shop;id_currency;id_country;id_group'),(1686,6259,'id_shop;id_currency;id_country;id_group'),(1687,6260,'id_shop;id_currency;id_country;id_group'),(1724,6261,'id_shop;id_currency;id_country;id_group'),(1731,6262,'id_shop;id_currency;id_country;id_group'),(1735,6263,'id_shop;id_currency;id_country;id_group'),(1738,6264,'id_shop;id_currency;id_country;id_group'),(1740,6265,'id_shop;id_currency;id_country;id_group'),(1744,6266,'id_shop;id_currency;id_country;id_group'),(1752,6267,'id_shop;id_currency;id_country;id_group'),(1757,6268,'id_shop;id_currency;id_country;id_group'),(1759,6269,'id_shop;id_currency;id_country;id_group'),(1761,6270,'id_shop;id_currency;id_country;id_group'),(1763,6271,'id_shop;id_currency;id_country;id_group'),(1769,6272,'id_shop;id_currency;id_country;id_group'),(1771,6273,'id_shop;id_currency;id_country;id_group'),(1773,6274,'id_shop;id_currency;id_country;id_group'),(1779,6275,'id_shop;id_currency;id_country;id_group'),(1781,6276,'id_shop;id_currency;id_country;id_group'),(1783,6277,'id_shop;id_currency;id_country;id_group'),(1785,6278,'id_shop;id_currency;id_country;id_group'),(1787,6279,'id_shop;id_currency;id_country;id_group'),(1789,6280,'id_shop;id_currency;id_country;id_group'),(1791,6281,'id_shop;id_currency;id_country;id_group'),(1793,6282,'id_shop;id_currency;id_country;id_group'),(1795,6283,'id_shop;id_currency;id_country;id_group'),(1800,6284,'id_shop;id_currency;id_country;id_group'),(1970,6288,'id_shop;id_currency;id_country;id_group'),(1979,6289,'id_shop;id_currency;id_country;id_group'),(1982,6290,'id_shop;id_currency;id_country;id_group'),(1985,6291,'id_shop;id_currency;id_country;id_group'),(1988,6292,'id_shop;id_currency;id_country;id_group'),(1991,6293,'id_shop;id_currency;id_country;id_group'),(1994,6294,'id_shop;id_currency;id_country;id_group'),(1996,6295,'id_shop;id_currency;id_country;id_group'),(2000,6296,'id_shop;id_currency;id_country;id_group'),(2018,6297,'id_shop;id_currency;id_country;id_group'),(2021,6298,'id_shop;id_currency;id_country;id_group'),(2025,6299,'id_shop;id_currency;id_country;id_group'),(2032,6300,'id_shop;id_currency;id_country;id_group'),(2034,6301,'id_shop;id_currency;id_country;id_group'),(2040,6302,'id_shop;id_currency;id_country;id_group'),(2043,6303,'id_shop;id_currency;id_country;id_group'),(2054,6304,'id_shop;id_currency;id_country;id_group'),(2075,6305,'id_shop;id_currency;id_country;id_group'),(2098,6306,'id_shop;id_currency;id_country;id_group'),(2102,6307,'id_shop;id_currency;id_country;id_group'),(2105,6308,'id_shop;id_currency;id_country;id_group'),(2113,6309,'id_shop;id_currency;id_country;id_group'),(2122,6310,'id_shop;id_currency;id_country;id_group'),(2127,6311,'id_shop;id_currency;id_country;id_group'),(2134,6312,'id_shop;id_currency;id_country;id_group'),(2142,6315,'id_shop;id_currency;id_country;id_group'),(2149,6317,'id_shop;id_currency;id_country;id_group'),(2154,6318,'id_shop;id_currency;id_country;id_group'),(2157,6319,'id_shop;id_currency;id_country;id_group'),(2165,6320,'id_shop;id_currency;id_country;id_group'),(2166,6321,'id_shop;id_currency;id_country;id_group'),(2168,6322,'id_shop;id_currency;id_country;id_group'),(2170,6323,'id_shop;id_currency;id_country;id_group'),(2175,6324,'id_shop;id_currency;id_country;id_group'),(2178,6325,'id_shop;id_currency;id_country;id_group'),(2186,6326,'id_shop;id_currency;id_country;id_group'),(2190,6327,'id_shop;id_currency;id_country;id_group'),(2198,6328,'id_shop;id_currency;id_country;id_group'),(2205,6329,'id_shop;id_currency;id_country;id_group'),(2207,6330,'id_shop;id_currency;id_country;id_group'),(2209,6331,'id_shop;id_currency;id_country;id_group'),(2211,6332,'id_shop;id_currency;id_country;id_group'),(2243,6334,'id_shop;id_currency;id_country;id_group'),(2250,6335,'id_shop;id_currency;id_country;id_group'),(2251,6336,'id_shop;id_currency;id_country;id_group'),(2253,6337,'id_shop;id_currency;id_country;id_group'),(2255,6338,'id_shop;id_currency;id_country;id_group'),(2257,6339,'id_shop;id_currency;id_country;id_group'),(2271,6340,'id_shop;id_currency;id_country;id_group'),(2276,6341,'id_shop;id_currency;id_country;id_group'),(2278,6342,'id_shop;id_currency;id_country;id_group'),(2495,6344,'id_shop;id_currency;id_country;id_group'),(2529,6350,'id_shop;id_currency;id_country;id_group'),(2558,6353,'id_shop;id_currency;id_country;id_group'),(2577,6354,'id_shop;id_currency;id_country;id_group'),(2580,6356,'id_shop;id_currency;id_country;id_group'),(2582,6357,'id_shop;id_currency;id_country;id_group'),(2587,6358,'id_shop;id_currency;id_country;id_group'),(2589,6359,'id_shop;id_currency;id_country;id_group'),(2590,6360,'id_shop;id_currency;id_country;id_group'),(2591,6361,'id_shop;id_currency;id_country;id_group'),(2599,6362,'id_shop;id_currency;id_country;id_group'),(2602,6363,'id_shop;id_currency;id_country;id_group'),(2604,6364,'id_shop;id_currency;id_country;id_group'),(2605,6365,'id_shop;id_currency;id_country;id_group'),(2607,6366,'id_shop;id_currency;id_country;id_group'),(2609,6367,'id_shop;id_currency;id_country;id_group'),(2610,6368,'id_shop;id_currency;id_country;id_group'),(2614,6369,'id_shop;id_currency;id_country;id_group'),(2615,6370,'id_shop;id_currency;id_country;id_group'),(2616,6371,'id_shop;id_currency;id_country;id_group'),(2617,6372,'id_shop;id_currency;id_country;id_group'),(2618,6373,'id_shop;id_currency;id_country;id_group'),(2619,6374,'id_shop;id_currency;id_country;id_group'),(2620,6375,'id_shop;id_currency;id_country;id_group'),(2621,6377,'id_shop;id_currency;id_country;id_group'),(2623,6378,'id_shop;id_currency;id_country;id_group'),(2624,6379,'id_shop;id_currency;id_country;id_group'),(2647,6380,'id_shop;id_currency;id_country;id_group'),(2651,6381,'id_shop;id_currency;id_country;id_group'),(2653,6382,'id_shop;id_currency;id_country;id_group'),(2673,6383,'id_shop;id_currency;id_country;id_group'),(2676,6385,'id_shop;id_currency;id_country;id_group'),(2678,6386,'id_shop;id_currency;id_country;id_group'),(2680,6387,'id_shop;id_currency;id_country;id_group'),(2685,6388,'id_shop;id_currency;id_country;id_group'),(2686,6389,'id_shop;id_currency;id_country;id_group'),(2689,6390,'id_shop;id_currency;id_country;id_group'),(2690,6391,'id_shop;id_currency;id_country;id_group'),(2710,6392,'id_shop;id_currency;id_country;id_group'),(2731,6393,'id_shop;id_currency;id_country;id_group'),(2732,6394,'id_shop;id_currency;id_country;id_group'),(2744,6395,'id_shop;id_currency;id_country;id_group'),(2746,6396,'id_shop;id_currency;id_country;id_group'),(2748,6398,'id_shop;id_currency;id_country;id_group'),(2750,6399,'id_shop;id_currency;id_country;id_group'),(2762,6400,'id_shop;id_currency;id_country;id_group'),(2767,6401,'id_shop;id_currency;id_country;id_group'),(2770,6402,'id_shop;id_currency;id_country;id_group'),(2780,6403,'id_shop;id_currency;id_country;id_group'),(2785,6405,'id_shop;id_currency;id_country;id_group'),(2790,6407,'id_shop;id_currency;id_country;id_group'),(2791,6409,'id_shop;id_currency;id_country;id_group'),(2795,6410,'id_shop;id_currency;id_country;id_group'),(2799,6411,'id_shop;id_currency;id_country;id_group'),(2812,6412,'id_shop;id_currency;id_country;id_group'),(2814,6413,'id_shop;id_currency;id_country;id_group'),(2817,6414,'id_shop;id_currency;id_country;id_group'),(2823,6415,'id_shop;id_currency;id_country;id_group'),(2845,6416,'id_shop;id_currency;id_country;id_group'),(2846,6417,'id_shop;id_currency;id_country;id_group'),(2847,6419,'id_shop;id_currency;id_country;id_group'),(2848,6420,'id_shop;id_currency;id_country;id_group'),(2851,6421,'id_shop;id_currency;id_country;id_group'),(2852,6422,'id_shop;id_currency;id_country;id_group'),(2854,6423,'id_shop;id_currency;id_country;id_group'),(2855,6424,'id_shop;id_currency;id_country;id_group'),(2858,6425,'id_shop;id_currency;id_country;id_group'),(2906,6426,'id_shop;id_currency;id_country;id_group'),(2909,6427,'id_shop;id_currency;id_country;id_group'),(2931,6428,'id_shop;id_currency;id_country;id_group');

--
-- Table structure for table `pre3305_specific_price_rule`
--

CREATE TABLE `pre3305_specific_price_rule` (
  `id_specific_price_rule` int(10) unsigned NOT NULL AUTO_INCREMENT,
  `name` varchar(255) NOT NULL,
  `id_shop` int(11) unsigned NOT NULL DEFAULT '1',
  `id_currency` int(10) unsigned NOT NULL,
  `id_country` int(10) unsigned NOT NULL,
  `id_group` int(10) unsigned NOT NULL,
  `from_quantity` mediumint(8) unsigned NOT NULL,
  `price` decimal(20,6) DEFAULT NULL,
  `reduction` decimal(20,6) NOT NULL,
  `reduction_tax` tinyint(1) NOT NULL DEFAULT '1',
  `reduction_type` enum('amount','percentage') NOT NULL,
  `from` datetime NOT NULL,
  `to` datetime NOT NULL,
  PRIMARY KEY (`id_specific_price_rule`),
  KEY `id_product` (`id_shop`,`id_currency`,`id_country`,`id_group`,`from_quantity`,`from`,`to`)
) ENGINE=InnoDB DEFAULT CHARSET=utf8;

--
-- Dumping data for table `pre3305_specific_price_rule`
--


--
-- Table structure for table `pre3305_specific_price_rule_condition`
--

CREATE TABLE `pre3305_specific_price_rule_condition` (
  `id_specific_price_rule_condition` int(11) unsigned NOT NULL AUTO_INCREMENT,
  `id_specific_price_rule_condition_group` int(11) unsigned NOT NULL,
  `type` varchar(255) NOT NULL,
  `value` varchar(255) NOT NULL,
  PRIMARY KEY (`id_specific_price_rule_condition`),
  KEY `id_specific_price_rule_condition_group` (`id_specific_price_rule_condition_group`)
) ENGINE=InnoDB DEFAULT CHARSET=utf8;

--
-- Dumping data for table `pre3305_specific_price_rule_condition`
--


--
-- Table structure for table `pre3305_specific_price_rule_condition_group`
--

CREATE TABLE `pre3305_specific_price_rule_condition_group` (
  `id_specific_price_rule_condition_group` int(11) unsigned NOT NULL AUTO_INCREMENT,
  `id_specific_price_rule` int(11) unsigned NOT NULL,
  PRIMARY KEY (`id_specific_price_rule_condition_group`,`id_specific_price_rule`)
) ENGINE=InnoDB DEFAULT CHARSET=utf8;

--
-- Dumping data for table `pre3305_specific_price_rule_condition_group`
--


--
-- Table structure for table `pre3305_state`
--

CREATE TABLE `pre3305_state` (
  `id_state` int(10) unsigned NOT NULL AUTO_INCREMENT,
  `id_country` int(11) unsigned NOT NULL,
  `id_zone` int(11) unsigned NOT NULL,
  `name` varchar(64) NOT NULL,
  `iso_code` varchar(7) NOT NULL,
  `tax_behavior` smallint(1) NOT NULL DEFAULT '0',
  `active` tinyint(1) NOT NULL DEFAULT '0',
  PRIMARY KEY (`id_state`),
  KEY `id_country` (`id_country`),
  KEY `name` (`name`),
  KEY `id_zone` (`id_zone`)
) ENGINE=InnoDB AUTO_INCREMENT=325 DEFAULT CHARSET=utf8;

--
-- Dumping data for table `pre3305_state`
--

INSERT INTO `pre3305_state` VALUES (1,21,2,'AA','AA',0,1),(2,21,2,'AE','AE',0,1),(3,21,2,'AP','AP',0,1),(4,21,2,'Alabama','AL',0,1),(5,21,2,'Alaska','AK',0,1),(6,21,2,'Arizona','AZ',0,1),(7,21,2,'Arkansas','AR',0,1),(8,21,2,'California','CA',0,1),(9,21,2,'Colorado','CO',0,1),(10,21,2,'Connecticut','CT',0,1),(11,21,2,'Delaware','DE',0,1),(12,21,2,'Florida','FL',0,1),(13,21,2,'Georgia','GA',0,1),(14,21,2,'Hawaii','HI',0,1),(15,21,2,'Idaho','ID',0,1),(16,21,2,'Illinois','IL',0,1),(17,21,2,'Indiana','IN',0,1),(18,21,2,'Iowa','IA',0,1),(19,21,2,'Kansas','KS',0,1),(20,21,2,'Kentucky','KY',0,1),(21,21,2,'Louisiana','LA',0,1),(22,21,2,'Maine','ME',0,1),(23,21,2,'Maryland','MD',0,1),(24,21,2,'Massachusetts','MA',0,1),(25,21,2,'Michigan','MI',0,1),(26,21,2,'Minnesota','MN',0,1),(27,21,2,'Mississippi','MS',0,1),(28,21,2,'Missouri','MO',0,1),(29,21,2,'Montana','MT',0,1),(30,21,2,'Nebraska','NE',0,1),(31,21,2,'Nevada','NV',0,1),(32,21,2,'New Hampshire','NH',0,1),(33,21,2,'New Jersey','NJ',0,1),(34,21,2,'New Mexico','NM',0,1),(35,21,2,'New York','NY',0,1),(36,21,2,'North Carolina','NC',0,1),(37,21,2,'North Dakota','ND',0,1),(38,21,2,'Ohio','OH',0,1),(39,21,2,'Oklahoma','OK',0,1),(40,21,2,'Oregon','OR',0,1),(41,21,2,'Pennsylvania','PA',0,1),(42,21,2,'Rhode Island','RI',0,1),(43,21,2,'South Carolina','SC',0,1),(44,21,2,'South Dakota','SD',0,1),(45,21,2,'Tennessee','TN',0,1),(46,21,2,'Texas','TX',0,1),(47,21,2,'Utah','UT',0,1),(48,21,2,'Vermont','VT',0,1),(49,21,2,'Virginia','VA',0,1),(50,21,2,'Washington','WA',0,1),(51,21,2,'West Virginia','WV',0,1),(52,21,2,'Wisconsin','WI',0,1),(53,21,2,'Wyoming','WY',0,1),(54,21,2,'Puerto Rico','PR',0,1),(55,21,2,'US Virgin Islands','VI',0,1),(56,21,2,'District of Columbia','DC',0,1),(57,145,2,'Aguascalientes','AGS',0,1),(58,145,2,'Baja California','BCN',0,1),(59,145,2,'Baja California Sur','BCS',0,1),(60,145,2,'Campeche','CAM',0,1),(61,145,2,'Chiapas','CHP',0,1),(62,145,2,'Chihuahua','CHH',0,1),(63,145,2,'Coahuila','COA',0,1),(64,145,2,'Colima','COL',0,1),(65,145,2,'Distrito Federal','DIF',0,1),(66,145,2,'Durango','DUR',0,1),(67,145,2,'Guanajuato','GUA',0,1),(68,145,2,'Guerrero','GRO',0,1),(69,145,2,'Hidalgo','HID',0,1),(70,145,2,'Jalisco','JAL',0,1),(71,145,2,'Estado de México','MEX',0,1),(72,145,2,'Michoacán','MIC',0,1),(73,145,2,'Morelos','MOR',0,1),(74,145,2,'Nayarit','NAY',0,1),(75,145,2,'Nuevo León','NLE',0,1),(76,145,2,'Oaxaca','OAX',0,1),(77,145,2,'Puebla','PUE',0,1),(78,145,2,'Querétaro','QUE',0,1),(79,145,2,'Quintana Roo','ROO',0,1),(80,145,2,'San Luis Potosí','SLP',0,1),(81,145,2,'Sinaloa','SIN',0,1),(82,145,2,'Sonora','SON',0,1),(83,145,2,'Tabasco','TAB',0,1),(84,145,2,'Tamaulipas','TAM',0,1),(85,145,2,'Tlaxcala','TLA',0,1),(86,145,2,'Veracruz','VER',0,1),(87,145,2,'Yucatán','YUC',0,1),(88,145,2,'Zacatecas','ZAC',0,1),(89,4,2,'Ontario','ON',0,1),(90,4,2,'Quebec','QC',0,1),(91,4,2,'British Columbia','BC',0,1),(92,4,2,'Alberta','AB',0,1),(93,4,2,'Manitoba','MB',0,1),(94,4,2,'Saskatchewan','SK',0,1),(95,4,2,'Nova Scotia','NS',0,1),(96,4,2,'New Brunswick','NB',0,1),(97,4,2,'Newfoundland and Labrador','NL',0,1),(98,4,2,'Prince Edward Island','PE',0,1),(99,4,2,'Northwest Territories','NT',0,1),(100,4,2,'Yukon','YT',0,1),(101,4,2,'Nunavut','NU',0,1),(102,44,6,'Buenos Aires','B',0,1),(103,44,6,'Catamarca','K',0,1),(104,44,6,'Chaco','H',0,1),(105,44,6,'Chubut','U',0,1),(106,44,6,'Ciudad de Buenos Aires','C',0,1),(107,44,6,'Córdoba','X',0,1),(108,44,6,'Corrientes','W',0,1),(109,44,6,'Entre Ríos','E',0,1),(110,44,6,'Formosa','P',0,1),(111,44,6,'Jujuy','Y',0,1),(112,44,6,'La Pampa','L',0,1),(113,44,6,'La Rioja','F',0,1),(114,44,6,'Mendoza','M',0,1),(115,44,6,'Misiones','N',0,1),(116,44,6,'Neuquén','Q',0,1),(117,44,6,'Río Negro','R',0,1),(118,44,6,'Salta','A',0,1),(119,44,6,'San Juan','J',0,1),(120,44,6,'San Luis','D',0,1),(121,44,6,'Santa Cruz','Z',0,1),(122,44,6,'Santa Fe','S',0,1),(123,44,6,'Santiago del Estero','G',0,1),(124,44,6,'Tierra del Fuego','V',0,1),(125,44,6,'Tucumán','T',0,1),(126,10,1,'Agrigento','AG',0,1),(127,10,1,'Alessandria','AL',0,1),(128,10,1,'Ancona','AN',0,1),(129,10,1,'Aosta','AO',0,1),(130,10,1,'Arezzo','AR',0,1),(131,10,1,'Ascoli Piceno','AP',0,1),(132,10,1,'Asti','AT',0,1),(133,10,1,'Avellino','AV',0,1),(134,10,1,'Bari','BA',0,1),(135,10,1,'Barletta-Andria-Trani','BT',0,1),(136,10,1,'Belluno','BL',0,1),(137,10,1,'Benevento','BN',0,1),(138,10,1,'Bergamo','BG',0,1),(139,10,1,'Biella','BI',0,1),(140,10,1,'Bologna','BO',0,1),(141,10,1,'Bolzano','BZ',0,1),(142,10,1,'Brescia','BS',0,1),(143,10,1,'Brindisi','BR',0,1),(144,10,1,'Cagliari','CA',0,1),(145,10,1,'Caltanissetta','CL',0,1),(146,10,1,'Campobasso','CB',0,1),(147,10,1,'Carbonia-Iglesias','CI',0,1),(148,10,1,'Caserta','CE',0,1),(149,10,1,'Catania','CT',0,1),(150,10,1,'Catanzaro','CZ',0,1),(151,10,1,'Chieti','CH',0,1),(152,10,1,'Como','CO',0,1),(153,10,1,'Cosenza','CS',0,1),(154,10,1,'Cremona','CR',0,1),(155,10,1,'Crotone','KR',0,1),(156,10,1,'Cuneo','CN',0,1),(157,10,1,'Enna','EN',0,1),(158,10,1,'Fermo','FM',0,1),(159,10,1,'Ferrara','FE',0,1),(160,10,1,'Firenze','FI',0,1),(161,10,1,'Foggia','FG',0,1),(162,10,1,'Forlì-Cesena','FC',0,1),(163,10,1,'Frosinone','FR',0,1),(164,10,1,'Genova','GE',0,1),(165,10,1,'Gorizia','GO',0,1),(166,10,1,'Grosseto','GR',0,1),(167,10,1,'Imperia','IM',0,1),(168,10,1,'Isernia','IS',0,1),(169,10,1,'L\'Aquila','AQ',0,1),(170,10,1,'La Spezia','SP',0,1),(171,10,1,'Latina','LT',0,1),(172,10,1,'Lecce','LE',0,1),(173,10,1,'Lecco','LC',0,1),(174,10,1,'Livorno','LI',0,1),(175,10,1,'Lodi','LO',0,1),(176,10,1,'Lucca','LU',0,1),(177,10,1,'Macerata','MC',0,1),(178,10,1,'Mantova','MN',0,1),(179,10,1,'Massa','MS',0,1),(180,10,1,'Matera','MT',0,1),(181,10,1,'Medio Campidano','VS',0,1),(182,10,1,'Messina','ME',0,1),(183,10,1,'Milano','MI',0,1),(184,10,1,'Modena','MO',0,1),(185,10,1,'Monza e della Brianza','MB',0,1),(186,10,1,'Napoli','NA',0,1),(187,10,1,'Novara','NO',0,1),(188,10,1,'Nuoro','NU',0,1),(189,10,1,'Ogliastra','OG',0,1),(190,10,1,'Olbia-Tempio','OT',0,1),(191,10,1,'Oristano','OR',0,1),(192,10,1,'Padova','PD',0,1),(193,10,1,'Palermo','PA',0,1),(194,10,1,'Parma','PR',0,1),(195,10,1,'Pavia','PV',0,1),(196,10,1,'Perugia','PG',0,1),(197,10,1,'Pesaro-Urbino','PU',0,1),(198,10,1,'Pescara','PE',0,1),(199,10,1,'Piacenza','PC',0,1),(200,10,1,'Pisa','PI',0,1),(201,10,1,'Pistoia','PT',0,1),(202,10,1,'Pordenone','PN',0,1),(203,10,1,'Potenza','PZ',0,1),(204,10,1,'Prato','PO',0,1),(205,10,1,'Ragusa','RG',0,1),(206,10,1,'Ravenna','RA',0,1),(207,10,1,'Reggio Calabria','RC',0,1),(208,10,1,'Reggio Emilia','RE',0,1),(209,10,1,'Rieti','RI',0,1),(210,10,1,'Rimini','RN',0,1),(211,10,1,'Roma','RM',0,1),(212,10,1,'Rovigo','RO',0,1),(213,10,1,'Salerno','SA',0,1),(214,10,1,'Sassari','SS',0,1),(215,10,1,'Savona','SV',0,1),(216,10,1,'Siena','SI',0,1),(217,10,1,'Siracusa','SR',0,1),(218,10,1,'Sondrio','SO',0,1),(219,10,1,'Taranto','TA',0,1),(220,10,1,'Teramo','TE',0,1),(221,10,1,'Terni','TR',0,1),(222,10,1,'Torino','TO',0,1),(223,10,1,'Trapani','TP',0,1),(224,10,1,'Trento','TN',0,1),(225,10,1,'Treviso','TV',0,1),(226,10,1,'Trieste','TS',0,1),(227,10,1,'Udine','UD',0,1),(228,10,1,'Varese','VA',0,1),(229,10,1,'Venezia','VE',0,1),(230,10,1,'Verbano-Cusio-Ossola','VB',0,1),(231,10,1,'Vercelli','VC',0,1),(232,10,1,'Verona','VR',0,1),(233,10,1,'Vibo Valentia','VV',0,1),(234,10,1,'Vicenza','VI',0,1),(235,10,1,'Viterbo','VT',0,1),(236,111,3,'Aceh','ID-AC',0,1),(237,111,3,'Bali','ID-BA',0,1),(238,111,3,'Banten','ID-BT',0,1),(239,111,3,'Bengkulu','ID-BE',0,1),(240,111,3,'Gorontalo','ID-GO',0,1),(241,111,3,'Jakarta','ID-JK',0,1),(242,111,3,'Jambi','ID-JA',0,1),(243,111,3,'Jawa Barat','ID-JB',0,1),(244,111,3,'Jawa Tengah','ID-JT',0,1),(245,111,3,'Jawa Timur','ID-JI',0,1),(246,111,3,'Kalimantan Barat','ID-KB',0,1),(247,111,3,'Kalimantan Selatan','ID-KS',0,1),(248,111,3,'Kalimantan Tengah','ID-KT',0,1),(249,111,3,'Kalimantan Timur','ID-KI',0,1),(250,111,3,'Kalimantan Utara','ID-KU',0,1),(251,111,3,'Kepulauan Bangka Belitug','ID-BB',0,1),(252,111,3,'Kepulauan Riau','ID-KR',0,1),(253,111,3,'Lampung','ID-LA',0,1),(254,111,3,'Maluku','ID-MA',0,1),(255,111,3,'Maluku Utara','ID-MU',0,1),(256,111,3,'Nusa Tengara Barat','ID-NB',0,1),(257,111,3,'Nusa Tenggara Timur','ID-NT',0,1),(258,111,3,'Papua','ID-PA',0,1),(259,111,3,'Papua Barat','ID-PB',0,1),(260,111,3,'Riau','ID-RI',0,1),(261,111,3,'Sulawesi Barat','ID-SR',0,1),(262,111,3,'Sulawesi Selatan','ID-SN',0,1),(263,111,3,'Sulawesi Tengah','ID-ST',0,1),(264,111,3,'Sulawesi Tenggara','ID-SG',0,1),(265,111,3,'Sulawesi Utara','ID-SA',0,1),(266,111,3,'Sumatera Barat','ID-SB',0,1),(267,111,3,'Sumatera Selatan','ID-SS',0,1),(268,111,3,'Sumatera Utara','ID-SU',0,1),(269,111,3,'Yogyakarta','ID-YO',0,1),(270,11,3,'Aichi','23',0,1),(271,11,3,'Akita','05',0,1),(272,11,3,'Aomori','02',0,1),(273,11,3,'Chiba','12',0,1),(274,11,3,'Ehime','38',0,1),(275,11,3,'Fukui','18',0,1),(276,11,3,'Fukuoka','40',0,1),(277,11,3,'Fukushima','07',0,1),(278,11,3,'Gifu','21',0,1),(279,11,3,'Gunma','10',0,1),(280,11,3,'Hiroshima','34',0,1),(281,11,3,'Hokkaido','01',0,1),(282,11,3,'Hyogo','28',0,1),(283,11,3,'Ibaraki','08',0,1),(284,11,3,'Ishikawa','17',0,1),(285,11,3,'Iwate','03',0,1),(286,11,3,'Kagawa','37',0,1),(287,11,3,'Kagoshima','46',0,1),(288,11,3,'Kanagawa','14',0,1),(289,11,3,'Kochi','39',0,1),(290,11,3,'Kumamoto','43',0,1),(291,11,3,'Kyoto','26',0,1),(292,11,3,'Mie','24',0,1),(293,11,3,'Miyagi','04',0,1),(294,11,3,'Miyazaki','45',0,1),(295,11,3,'Nagano','20',0,1),(296,11,3,'Nagasaki','42',0,1),(297,11,3,'Nara','29',0,1),(298,11,3,'Niigata','15',0,1),(299,11,3,'Oita','44',0,1),(300,11,3,'Okayama','33',0,1),(301,11,3,'Okinawa','47',0,1),(302,11,3,'Osaka','27',0,1),(303,11,3,'Saga','41',0,1),(304,11,3,'Saitama','11',0,1),(305,11,3,'Shiga','25',0,1),(306,11,3,'Shimane','32',0,1),(307,11,3,'Shizuoka','22',0,1),(308,11,3,'Tochigi','09',0,1),(309,11,3,'Tokushima','36',0,1),(310,11,3,'Tokyo','13',0,1),(311,11,3,'Tottori','31',0,1),(312,11,3,'Toyama','16',0,1),(313,11,3,'Wakayama','30',0,1),(314,11,3,'Yamagata','06',0,1),(315,11,3,'Yamaguchi','35',0,1),(316,11,3,'Yamanashi','19',0,1),(317,24,5,'Australian Capital Territory','ACT',0,1),(318,24,5,'New South Wales','NSW',0,1),(319,24,5,'Northern Territory','NT',0,1),(320,24,5,'Queensland','QLD',0,1),(321,24,5,'South Australia','SA',0,1),(322,24,5,'Tasmania','TAS',0,1),(323,24,5,'Victoria','VIC',0,1),(324,24,5,'Western Australia','WA',0,1);

--
-- Table structure for table `pre3305_statssearch`
--

CREATE TABLE `pre3305_statssearch` (
  `id_statssearch` int(10) unsigned NOT NULL AUTO_INCREMENT,
  `id_shop` int(10) unsigned NOT NULL DEFAULT '1',
  `id_shop_group` int(10) unsigned NOT NULL DEFAULT '1',
  `keywords` varchar(255) NOT NULL,
  `results` int(6) NOT NULL DEFAULT '0',
  `date_add` datetime NOT NULL,
  PRIMARY KEY (`id_statssearch`)
) ENGINE=InnoDB DEFAULT CHARSET=utf8;

--
-- Dumping data for table `pre3305_statssearch`
--


--
-- Table structure for table `pre3305_stock`
--

CREATE TABLE `pre3305_stock` (
  `id_stock` int(11) unsigned NOT NULL AUTO_INCREMENT,
  `id_warehouse` int(11) unsigned NOT NULL,
  `id_product` int(11) unsigned NOT NULL,
  `id_product_attribute` int(11) unsigned NOT NULL,
  `reference` varchar(32) NOT NULL,
  `ean13` varchar(13) DEFAULT NULL,
  `isbn` varchar(32) DEFAULT NULL,
  `upc` varchar(12) DEFAULT NULL,
  `physical_quantity` int(11) unsigned NOT NULL,
  `usable_quantity` int(11) unsigned NOT NULL,
  `price_te` decimal(20,6) DEFAULT '0.000000',
  PRIMARY KEY (`id_stock`),
  KEY `id_warehouse` (`id_warehouse`),
  KEY `id_product` (`id_product`),
  KEY `id_product_attribute` (`id_product_attribute`)
) ENGINE=InnoDB DEFAULT CHARSET=utf8;

--
-- Dumping data for table `pre3305_stock`
--


--
-- Table structure for table `pre3305_stock_available`
--

CREATE TABLE `pre3305_stock_available` (
  `id_stock_available` int(11) unsigned NOT NULL AUTO_INCREMENT,
  `id_product` int(11) unsigned NOT NULL,
  `id_product_attribute` int(11) unsigned NOT NULL,
  `id_shop` int(11) unsigned NOT NULL,
  `id_shop_group` int(11) unsigned NOT NULL,
  `quantity` int(10) NOT NULL DEFAULT '0',
  `physical_quantity` int(11) NOT NULL DEFAULT '0',
  `reserved_quantity` int(11) NOT NULL DEFAULT '0',
  `depends_on_stock` tinyint(1) unsigned NOT NULL DEFAULT '0',
  `out_of_stock` tinyint(1) unsigned NOT NULL DEFAULT '0',
  PRIMARY KEY (`id_stock_available`),
  UNIQUE KEY `product_sqlstock` (`id_product`,`id_product_attribute`,`id_shop`,`id_shop_group`),
  KEY `id_shop` (`id_shop`),
  KEY `id_shop_group` (`id_shop_group`),
  KEY `id_product` (`id_product`),
  KEY `id_product_attribute` (`id_product_attribute`)
) ENGINE=InnoDB AUTO_INCREMENT=762 DEFAULT CHARSET=utf8;

--
-- Dumping data for table `pre3305_stock_available`
--

INSERT INTO `pre3305_stock_available` VALUES (1,2546,0,0,1,34,0,0,0,0),(2,2547,0,0,1,4,0,0,0,0),(3,2574,0,0,1,27,0,0,0,0),(4,2576,0,0,1,23,0,0,0,0),(5,2577,0,0,1,20,0,0,0,0),(6,2578,0,0,1,5,0,0,0,0),(7,2579,0,0,1,1,0,0,0,0),(8,2580,0,0,1,3,0,0,0,0),(9,2582,0,0,1,11,0,0,0,0),(10,2583,0,0,1,6,0,0,0,0),(11,2585,0,0,1,37,0,0,0,0),(12,2586,0,0,1,38,0,0,0,0),(13,2587,0,0,1,1,0,0,0,0),(14,2588,0,0,1,8,0,0,0,0),(15,2589,0,0,1,55,0,0,0,0),(16,2590,0,0,1,4,0,0,0,0),(17,2617,0,0,1,1,0,0,0,0),(18,2619,0,0,1,1,0,0,0,0),(19,2621,0,0,1,1,0,0,0,0),(20,2624,0,0,1,1,0,0,0,0),(21,2694,0,0,1,1,0,0,0,0),(22,2695,0,0,1,1,0,0,0,0),(23,2696,0,0,1,1,0,0,0,0),(24,2697,0,0,1,1,0,0,0,0),(25,2702,0,0,1,1,0,0,0,0),(26,2703,0,0,1,1,0,0,0,0),(27,2705,0,0,1,1,0,0,0,0),(28,2706,0,0,1,1,0,0,0,0),(29,2746,0,0,1,1,0,0,0,0),(30,2747,0,0,1,1,0,0,0,0),(31,2748,0,0,1,1,0,0,0,0),(32,2749,0,0,1,1,0,0,0,0),(33,2750,0,0,1,1,0,0,0,0),(34,2753,0,0,1,1,0,0,0,0),(35,2754,0,0,1,1,0,0,0,0),(36,2756,0,0,1,1,0,0,0,0),(37,2757,0,0,1,1,0,0,0,0),(38,2758,0,0,1,1,0,0,0,0),(39,2759,0,0,1,1,0,0,0,0),(40,2760,0,0,1,1,0,0,0,0),(41,2763,0,0,1,16,0,0,0,0),(42,2844,0,0,1,29,0,0,0,0),(43,2937,0,0,1,1,0,0,0,0),(44,2977,0,0,1,9,0,0,0,0),(45,3052,0,0,1,1,0,0,0,0),(46,3071,0,0,1,1,0,0,0,0),(47,3096,0,0,1,0,0,0,0,0),(48,3097,0,0,1,3,0,0,0,0),(49,3310,0,0,1,1,0,0,0,0),(50,3325,0,0,1,6,0,0,0,0),(51,3329,0,0,1,0,0,0,0,0),(52,3364,0,0,1,0,0,0,0,0),(53,3535,0,0,1,0,0,0,0,0),(54,3556,0,0,1,0,0,0,0,0),(55,3650,0,0,1,45,0,0,0,0),(56,3661,0,0,1,9,0,0,0,0),(57,3662,0,0,1,19,0,0,0,0),(58,3818,0,0,1,1,0,0,0,0),(59,3820,0,0,1,0,0,0,0,0),(60,3836,0,0,1,0,0,0,0,0),(61,3846,0,0,1,0,0,0,0,0),(62,3955,0,0,1,1,0,0,0,0),(63,3957,0,0,1,1,0,0,0,0),(64,3966,0,0,1,1,0,0,0,0),(65,3974,0,0,1,1,0,0,0,0),(66,3980,0,0,1,1,0,0,0,0),(67,3982,0,0,1,2,0,0,0,0),(68,3996,0,0,1,1,0,0,0,0),(69,4000,0,0,1,1,0,0,0,0),(70,4008,0,0,1,1,0,0,0,0),(71,4010,0,0,1,0,0,0,0,0),(72,4016,0,0,1,2,0,0,0,0),(73,4026,0,0,1,1,0,0,0,0),(74,4028,0,0,1,0,0,0,0,0),(75,4030,0,0,1,0,0,0,0,0),(76,4034,0,0,1,1,0,0,0,0),(77,4039,0,0,1,1,0,0,0,0),(78,4059,0,0,1,0,0,0,0,0),(79,4070,0,0,1,1,0,0,0,0),(80,4072,0,0,1,1,0,0,0,0),(81,4074,0,0,1,1,0,0,0,0),(82,4081,0,0,1,0,0,0,0,0),(83,4082,0,0,1,1,0,0,0,0),(84,4118,0,0,1,1,0,0,0,0),(85,4214,0,0,1,0,0,0,0,0),(86,4216,0,0,1,0,0,0,0,0),(87,4220,0,0,1,0,0,0,0,0),(88,4287,0,0,1,0,0,0,0,0),(89,4298,0,0,1,1,0,0,0,0),(90,4320,0,0,1,14,0,0,0,0),(92,4462,0,0,1,0,0,0,0,0),(93,4475,0,0,1,1,0,0,0,0),(94,4474,0,0,1,1,0,0,0,0),(95,4482,0,0,1,2,0,0,0,0),(96,4487,0,0,1,1,0,0,0,0),(97,4547,0,0,1,18,0,0,0,0),(98,4588,0,0,1,1,0,0,0,0),(99,4737,0,0,1,1,0,0,0,0),(100,4739,0,0,1,0,0,0,0,0),(101,4742,0,0,1,1,0,0,0,0),(102,4744,0,0,1,1,0,0,0,0),(103,4746,0,0,1,1,0,0,0,0),(104,4748,0,0,1,1,0,0,0,0),(105,4793,0,0,1,4,0,0,0,0),(106,4795,0,0,1,2,0,0,0,0),(107,4830,0,0,1,0,0,0,0,0),(108,4832,0,0,1,1,0,0,0,0),(110,4837,0,0,1,1,0,0,0,0),(111,4839,0,0,1,1,0,0,0,0),(112,4841,0,0,1,1,0,0,0,0),(113,4843,0,0,1,1,0,0,0,0),(114,4847,0,0,1,1,0,0,0,0),(115,4851,0,0,1,1,0,0,0,0),(116,4853,0,0,1,1,0,0,0,0),(117,4858,0,0,1,1,0,0,0,0),(118,4860,0,0,1,1,0,0,0,0),(119,4872,0,0,1,1,0,0,0,0),(120,4874,0,0,1,1,0,0,0,0),(121,4878,0,0,1,1,0,0,0,0),(122,4883,0,0,1,0,0,0,0,0),(123,4885,0,0,1,1,0,0,0,0),(124,4890,0,0,1,1,0,0,0,0),(125,4892,0,0,1,1,0,0,0,0),(126,4896,0,0,1,1,0,0,0,0),(127,4898,0,0,1,0,0,0,0,0),(128,4910,0,0,1,0,0,0,0,0),(129,4917,0,0,1,1,0,0,0,0),(130,4919,0,0,1,1,0,0,0,0),(131,4921,0,0,1,1,0,0,0,0),(132,4923,0,0,1,1,0,0,0,0),(133,4925,0,0,1,0,0,0,0,0),(134,4927,0,0,1,1,0,0,0,0),(135,4929,0,0,1,1,0,0,0,0),(136,4931,0,0,1,1,0,0,0,0),(137,4933,0,0,1,1,0,0,0,0),(138,4944,0,0,1,1,0,0,0,0),(139,4947,0,0,1,0,0,0,0,0),(140,4950,0,0,1,1,0,0,0,0),(141,4953,0,0,1,0,0,0,0,0),(142,4959,0,0,1,1,0,0,0,0),(143,4963,0,0,1,1,0,0,0,0),(144,4965,0,0,1,1,0,0,0,0),(145,4979,0,0,1,1,0,0,0,0),(146,4983,0,0,1,0,0,0,0,0),(147,4987,0,0,1,2,0,0,0,0),(148,5016,0,0,1,1,0,0,0,0),(149,5018,0,0,1,1,0,0,0,0),(150,5020,0,0,1,2,0,0,0,0),(151,5028,0,0,1,1,0,0,0,0),(152,5031,0,0,1,6,0,0,0,0),(153,5049,0,0,1,3,0,0,0,0),(154,5057,0,0,1,4,0,0,0,0),(155,5058,0,0,1,1,0,0,0,0),(157,5113,0,0,1,20,0,0,0,0),(158,5140,0,0,1,3,0,0,0,0),(159,5141,0,0,1,5,0,0,0,0),(160,5142,0,0,1,3,0,0,0,0),(161,5144,0,0,1,9,0,0,0,0),(162,5145,0,0,1,9,0,0,0,0),(163,5146,0,0,1,7,0,0,0,0),(164,5149,0,0,1,0,0,0,0,0),(165,5151,0,0,1,0,0,0,0,0),(166,5154,0,0,1,0,0,0,0,0),(167,5155,0,0,1,0,0,0,0,0),(169,5162,0,0,1,30,0,0,0,0),(170,5163,0,0,1,12,0,0,0,0),(171,5164,0,0,1,12,0,0,0,0),(172,5165,0,0,1,17,0,0,0,0),(173,5166,0,0,1,6,0,0,0,0),(175,5169,0,0,1,16,0,0,0,0),(176,5170,0,0,1,16,0,0,0,0),(177,5286,0,0,1,1,0,0,0,0),(178,5299,0,0,1,1,0,0,0,0),(179,5301,0,0,1,1,0,0,0,0),(180,5302,0,0,1,1,0,0,0,0),(181,5303,0,0,1,0,0,0,0,0),(182,5338,0,0,1,0,0,0,0,0),(183,5432,0,0,1,1,0,0,0,0),(184,5436,0,0,1,0,0,0,0,0),(185,5440,0,0,1,1,0,0,0,0),(186,5442,0,0,1,1,0,0,0,0),(187,5445,0,0,1,1,0,0,0,0),(188,5453,0,0,1,1,0,0,0,0),(189,5455,0,0,1,1,0,0,0,0),(190,5459,0,0,1,2,0,0,0,0),(191,5462,0,0,1,1,0,0,0,0),(192,5464,0,0,1,1,0,0,0,0),(193,5487,0,0,1,1,0,0,0,0),(194,5497,0,0,1,1,0,0,0,0),(195,5498,0,0,1,0,0,0,0,0),(196,5499,0,0,1,1,0,0,0,0),(197,5500,0,0,1,1,0,0,0,0),(198,5501,0,0,1,0,0,0,0,0),(199,5502,0,0,1,1,0,0,0,0),(200,5503,0,0,1,1,0,0,0,0),(201,5524,0,0,1,3,0,0,0,0),(202,5530,0,0,1,22,0,0,0,0),(205,5560,0,0,1,1,0,0,0,0),(206,5566,0,0,1,1,0,0,0,0),(207,5568,0,0,1,1,0,0,0,0),(208,5564,0,0,1,2,0,0,0,0),(209,5562,0,0,1,0,0,0,0,0),(210,5578,0,0,1,1,0,0,0,0),(211,5580,0,0,1,1,0,0,0,0),(212,5582,0,0,1,1,0,0,0,0),(215,5589,0,0,1,2,0,0,0,0),(216,5595,0,0,1,2,0,0,0,0),(217,5683,0,0,1,29,0,0,0,0),(218,5703,0,0,1,21,0,0,0,0),(219,5722,0,0,1,3,0,0,0,0),(220,5740,0,0,1,4,0,0,0,0),(221,5744,0,0,1,11,0,0,0,0),(222,5756,0,0,1,3,0,0,0,0),(223,5759,0,0,1,3,0,0,0,0),(224,5758,0,0,1,3,0,0,0,0),(225,5757,0,0,1,4,0,0,0,0),(226,5763,0,0,1,13,0,0,0,0),(227,5776,0,0,1,14,0,0,0,0),(228,5777,0,0,1,8,0,0,0,0),(229,5778,0,0,1,11,0,0,0,0),(230,5779,0,0,1,8,0,0,0,0),(231,5824,0,0,1,3,0,0,0,0),(232,5864,0,0,1,1,0,0,0,0),(233,5865,0,0,1,2,0,0,0,0),(234,5867,0,0,1,2,0,0,0,0),(235,5875,0,0,1,2,0,0,0,0),(236,5876,0,0,1,2,0,0,0,0),(237,5877,0,0,1,2,0,0,0,0),(238,5878,0,0,1,1,0,0,0,0),(239,5879,0,0,1,1,0,0,0,0),(240,5881,0,0,1,2,0,0,0,0),(241,5884,0,0,1,1,0,0,0,0),(242,5885,0,0,1,1,0,0,0,0),(243,5899,0,0,1,0,0,0,0,0),(244,5902,0,0,1,1,0,0,0,0),(245,5903,0,0,1,1,0,0,0,0),(246,5905,0,0,1,0,0,0,0,0),(247,5909,0,0,1,0,0,0,0,0),(248,5911,0,0,1,0,0,0,0,0),(249,5935,0,0,1,16,0,0,0,0),(250,5943,0,0,1,0,0,0,0,0),(251,5944,0,0,1,0,0,0,0,0),(252,5945,0,0,1,0,0,0,0,0),(253,5956,0,0,1,1,0,0,0,0),(254,5960,0,0,1,16,0,0,0,0),(255,5975,0,0,1,0,0,0,0,2),(256,5977,0,0,1,0,0,0,0,0),(257,5980,0,0,1,1,0,0,0,0),(258,5982,0,0,1,1,0,0,0,0),(259,5983,0,0,1,1,0,0,0,0),(260,5988,0,0,1,1,0,0,0,0),(261,5993,0,0,1,1,0,0,0,0),(262,5994,0,0,1,1,0,0,0,0),(263,5995,0,0,1,1,0,0,0,0),(264,6012,0,0,1,2,0,0,0,0),(265,6017,0,0,1,2,0,0,0,0),(266,6019,0,0,1,1,0,0,0,0),(270,6028,0,0,1,1,0,0,0,2),(272,6030,0,0,1,0,0,0,0,2),(273,6031,0,0,1,1,0,0,0,2),(276,5520,0,0,1,1,0,0,0,0),(277,5521,0,0,1,1,0,0,0,0),(278,5522,0,0,1,2,0,0,0,0),(279,5523,0,0,1,5,0,0,0,0),(280,5525,0,0,1,1,0,0,0,0),(281,5526,0,0,1,3,0,0,0,0),(282,5527,0,0,1,1,0,0,0,0),(283,6032,0,0,1,20,0,0,0,2),(284,6032,1,0,1,3,0,0,0,2),(285,6032,2,0,1,9,0,0,0,2),(286,6032,3,0,1,5,0,0,0,2),(287,6032,4,0,1,2,0,0,0,2),(288,6032,5,0,1,1,0,0,0,2),(289,5524,6,0,1,1,0,0,0,0),(290,5524,7,0,1,1,0,0,0,0),(291,5524,8,0,1,1,0,0,0,0),(292,5522,9,0,1,1,0,0,0,0),(293,5522,10,0,1,1,0,0,0,0),(294,6033,0,0,1,3,0,0,0,2),(295,6034,0,0,1,1,0,0,0,2),(296,6035,0,0,1,1,0,0,0,2),(297,6036,0,0,1,9,0,0,0,2),(298,6037,0,0,1,1,0,0,0,2),(299,6038,0,0,1,1,0,0,0,2),(301,6040,0,0,1,1,0,0,0,2),(303,6042,0,0,1,1,0,0,0,2),(304,6043,0,0,1,2,0,0,0,2),(305,6044,0,0,1,1,0,0,0,2),(306,6045,0,0,1,1,0,0,0,2),(307,6046,0,0,1,1,0,0,0,2),(308,6047,0,0,1,2,0,0,0,2),(309,6048,0,0,1,2,0,0,0,2),(310,6048,11,0,1,1,0,0,0,2),(311,6048,12,0,1,1,0,0,0,2),(313,6050,0,0,1,3,0,0,0,2),(314,6051,0,0,1,2,0,0,0,2),(317,6051,15,0,1,1,0,0,0,2),(318,6051,16,0,1,1,0,0,0,2),(319,6052,0,0,1,3,0,0,0,2),(322,6053,0,0,1,3,0,0,0,2),(323,6053,19,0,1,2,0,0,0,2),(324,6053,20,0,1,1,0,0,0,2),(325,6054,0,0,1,1,0,0,0,2),(327,6056,0,0,1,4,0,0,0,2),(328,6057,0,0,1,4,0,0,0,2),(329,6057,21,0,1,1,0,0,0,2),(330,6057,22,0,1,1,0,0,0,2),(331,6057,23,0,1,1,0,0,0,2),(332,6057,24,0,1,1,0,0,0,2),(333,6058,0,0,1,2,0,0,0,2),(338,6059,0,0,1,1,0,0,0,2),(340,6061,0,0,1,2,0,0,0,2),(341,6061,29,0,1,1,0,0,0,2),(342,6061,30,0,1,1,0,0,0,2),(343,6058,31,0,1,1,0,0,0,2),(344,6058,32,0,1,1,0,0,0,2),(346,6063,0,0,1,1,0,0,0,2),(347,6064,0,0,1,1,0,0,0,2),(348,6065,0,0,1,1,0,0,0,2),(349,6066,0,0,1,1,0,0,0,2),(350,6067,0,0,1,1,0,0,0,2),(351,6068,0,0,1,1,0,0,0,2),(352,6069,0,0,1,1,0,0,0,2),(353,6070,0,0,1,1,0,0,0,2),(354,6071,0,0,1,1,0,0,0,2),(355,6072,0,0,1,1,0,0,0,2),(357,6074,0,0,1,1,0,0,0,2),(360,6077,0,0,1,1,0,0,0,2),(362,5530,33,0,1,1,0,0,0,0),(363,5530,34,0,1,1,0,0,0,0),(364,5530,35,0,1,1,0,0,0,0),(365,5530,36,0,1,1,0,0,0,0),(366,5530,37,0,1,1,0,0,0,0),(367,5530,38,0,1,1,0,0,0,0),(368,5530,39,0,1,1,0,0,0,0),(369,5530,40,0,1,1,0,0,0,0),(370,5530,41,0,1,1,0,0,0,0),(371,5530,42,0,1,1,0,0,0,0),(372,5530,43,0,1,1,0,0,0,0),(373,5530,44,0,1,1,0,0,0,0),(374,5530,45,0,1,1,0,0,0,0),(375,5530,46,0,1,1,0,0,0,0),(376,5530,47,0,1,1,0,0,0,0),(377,5530,48,0,1,1,0,0,0,0),(378,5530,49,0,1,1,0,0,0,0),(379,5530,50,0,1,1,0,0,0,0),(380,5530,51,0,1,1,0,0,0,0),(381,5530,52,0,1,1,0,0,0,0),(382,5530,53,0,1,1,0,0,0,0),(383,5530,54,0,1,1,0,0,0,0),(384,6079,0,0,1,30,0,0,0,2),(385,6080,0,0,1,30,0,0,0,2),(386,6080,55,0,1,13,0,0,0,2),(387,6080,56,0,1,13,0,0,0,2),(388,6080,57,0,1,4,0,0,0,2),(389,6079,58,0,1,13,0,0,0,2),(390,6079,59,0,1,13,0,0,0,2),(391,6079,60,0,1,4,0,0,0,2),(392,6081,0,0,1,30,0,0,0,2),(394,6081,62,0,1,13,0,0,0,2),(395,6081,63,0,1,13,0,0,0,2),(396,6081,64,0,1,4,0,0,0,2),(397,6082,0,0,1,30,0,0,0,2),(398,6082,65,0,1,13,0,0,0,2),(399,6082,66,0,1,13,0,0,0,2),(400,6082,67,0,1,4,0,0,0,2),(401,6083,0,0,1,30,0,0,0,2),(405,6083,71,0,1,13,0,0,0,2),(406,6083,72,0,1,13,0,0,0,2),(407,6083,73,0,1,4,0,0,0,2),(408,6084,0,0,1,2,0,0,0,2),(415,6089,0,0,1,2,0,0,0,2),(416,6090,0,0,1,1,0,0,0,2),(418,6092,0,0,1,1,0,0,0,2),(419,6093,0,0,1,2,0,0,0,2),(420,6093,76,0,1,1,0,0,0,2),(421,6093,77,0,1,1,0,0,0,2),(422,6094,0,0,1,1,0,0,0,2),(423,6095,0,0,1,1,0,0,0,2),(424,6096,0,0,1,1,0,0,0,2),(425,6097,0,0,1,1,0,0,0,2),(426,6098,0,0,1,2,0,0,0,2),(427,6099,0,0,1,1,0,0,0,2),(428,6100,0,0,1,1,0,0,0,2),(429,6101,0,0,1,1,0,0,0,2),(430,6102,0,0,1,2,0,0,0,2),(431,6103,0,0,1,2,0,0,0,2),(432,6104,0,0,1,2,0,0,0,2),(434,6106,0,0,1,1,0,0,0,2),(435,6107,0,0,1,1,0,0,0,2),(437,6109,0,0,1,1,0,0,0,2),(438,6110,0,0,1,1,0,0,0,2),(439,6111,0,0,1,1,0,0,0,2),(440,6112,0,0,1,1,0,0,0,2),(441,6113,0,0,1,1,0,0,0,2),(442,6114,0,0,1,1,0,0,0,2),(443,6115,0,0,1,1,0,0,0,2),(444,6116,0,0,1,1,0,0,0,2),(445,6117,0,0,1,1,0,0,0,2),(446,6118,0,0,1,1,0,0,0,2),(447,6089,78,0,1,1,0,0,0,2),(448,6089,79,0,1,1,0,0,0,2),(449,6119,0,0,1,1,0,0,0,2),(450,6120,0,0,1,1,0,0,0,2),(451,6121,0,0,1,2,0,0,0,2),(453,6123,0,0,1,1,0,0,0,2),(454,6124,0,0,1,1,0,0,0,2),(455,6125,0,0,1,1,0,0,0,2),(456,6126,0,0,1,2,0,0,0,2),(457,6127,0,0,1,1,0,0,0,2),(458,6128,0,0,1,1,0,0,0,2),(459,6129,0,0,1,0,0,0,0,2),(460,6130,0,0,1,1,0,0,0,2),(461,6131,0,0,1,0,0,0,0,2),(462,6132,0,0,1,0,0,0,0,2),(463,6133,0,0,1,1,0,0,0,2),(464,6134,0,0,1,1,0,0,0,2),(465,6135,0,0,1,1,0,0,0,2),(466,6136,0,0,1,1,0,0,0,2),(467,6137,0,0,1,1,0,0,0,2),(468,6138,0,0,1,1,0,0,0,2),(469,6139,0,0,1,1,0,0,0,2),(470,6140,0,0,1,1,0,0,0,2),(471,6141,0,0,1,1,0,0,0,2),(472,6142,0,0,1,1,0,0,0,2),(473,6143,0,0,1,1,0,0,0,2),(474,6144,0,0,1,1,0,0,0,2),(475,6145,0,0,1,1,0,0,0,2),(476,6146,0,0,1,1,0,0,0,2),(477,6147,0,0,1,1,0,0,0,2),(478,6148,0,0,1,1,0,0,0,2),(479,6149,0,0,1,0,0,0,0,2),(480,6150,0,0,1,1,0,0,0,2),(481,6151,0,0,1,1,0,0,0,2),(482,6152,0,0,1,0,0,0,0,2),(483,6153,0,0,1,1,0,0,0,2),(484,6154,0,0,1,1,0,0,0,2),(485,6155,0,0,1,1,0,0,0,2),(486,6156,0,0,1,1,0,0,0,2),(487,6157,0,0,1,1,0,0,0,2),(488,6158,0,0,1,1,0,0,0,2),(492,6162,0,0,1,1,0,0,0,2),(493,6163,0,0,1,0,0,0,0,2),(494,6164,0,0,1,1,0,0,0,2),(495,6165,0,0,1,1,0,0,0,2),(496,6166,0,0,1,0,0,0,0,0),(497,6167,0,0,1,0,0,0,0,2),(498,6168,0,0,1,0,0,0,0,2),(499,6169,0,0,1,0,0,0,0,2),(500,6170,0,0,1,1,0,0,0,2),(501,6171,0,0,1,0,0,0,0,2),(502,6172,0,0,1,1,0,0,0,2),(503,6173,0,0,1,0,0,0,0,2),(504,6174,0,0,1,1,0,0,0,2),(505,6175,0,0,1,1,0,0,0,2),(506,6176,0,0,1,0,0,0,0,2),(507,6177,0,0,1,1,0,0,0,2),(508,6178,0,0,1,0,0,0,0,2),(509,6179,0,0,1,0,0,0,0,2),(510,6180,0,0,1,1,0,0,0,2),(511,6181,0,0,1,49,0,0,0,2),(512,6182,0,0,1,48,0,0,0,2),(513,6183,0,0,1,48,0,0,0,2),(514,6184,0,0,1,48,0,0,0,2),(517,6187,0,0,1,1,0,0,0,2),(519,6189,0,0,1,1,0,0,0,2),(520,6190,0,0,1,1,0,0,0,2),(521,6191,0,0,1,1,0,0,0,2),(522,6192,0,0,1,1,0,0,0,2),(523,6193,0,0,1,1,0,0,0,2),(524,6194,0,0,1,1,0,0,0,2),(525,6195,0,0,1,0,0,0,0,2),(526,6196,0,0,1,1,0,0,0,2),(527,6197,0,0,1,0,0,0,0,2),(529,6196,81,0,1,1,0,0,0,2),(530,6196,82,0,1,0,0,0,0,2),(531,6198,0,0,1,0,0,0,0,2),(532,6199,0,0,1,1,0,0,0,2),(533,6200,0,0,1,1,0,0,0,2),(534,6201,0,0,1,0,0,0,0,2),(535,6202,0,0,1,0,0,0,0,2),(536,6203,0,0,1,1,0,0,0,2),(537,6204,0,0,1,1,0,0,0,2),(538,6205,0,0,1,0,0,0,0,2),(539,6206,0,0,1,1,0,0,0,2),(540,6207,0,0,1,1,0,0,0,2),(541,6208,0,0,1,1,0,0,0,2),(542,6209,0,0,1,0,0,0,0,0),(543,6210,0,0,1,1,0,0,0,2),(546,6213,0,0,1,1,0,0,0,2),(547,6214,0,0,1,1,0,0,0,2),(548,6215,0,0,1,1,0,0,0,2),(549,6216,0,0,1,1,0,0,0,2),(551,6218,0,0,1,1,0,0,0,2),(552,6219,0,0,1,1,0,0,0,2),(553,6220,0,0,1,1,0,0,0,2),(554,6221,0,0,1,0,0,0,0,2),(555,6222,0,0,1,0,0,0,0,2),(556,6223,0,0,1,1,0,0,0,2),(557,6224,0,0,1,1,0,0,0,2),(558,6225,0,0,1,1,0,0,0,2),(559,6226,0,0,1,1,0,0,0,2),(560,6227,0,0,1,1,0,0,0,2),(561,6228,0,0,1,0,0,0,0,2),(562,6229,0,0,1,1,0,0,0,2),(563,6230,0,0,1,1,0,0,0,2),(564,6231,0,0,1,1,0,0,0,2),(565,6232,0,0,1,0,0,0,0,2),(566,6233,0,0,1,0,0,0,0,2),(567,6234,0,0,1,1,0,0,0,2),(568,6235,0,0,1,1,0,0,0,2),(569,6236,0,0,1,1,0,0,0,2),(570,6237,0,0,1,1,0,0,0,2),(571,6238,0,0,1,1,0,0,0,2),(572,6239,0,0,1,0,0,0,0,2),(574,6241,0,0,1,0,0,0,0,2),(575,6242,0,0,1,1,0,0,0,2),(576,6243,0,0,1,1,0,0,0,2),(577,6244,0,0,1,1,0,0,0,2),(578,6245,0,0,1,1,0,0,0,2),(579,6246,0,0,1,1,0,0,0,2),(581,6248,0,0,1,1,0,0,0,2),(582,6249,0,0,1,0,0,0,0,2),(583,6250,0,0,1,1,0,0,0,2),(584,6251,0,0,1,1,0,0,0,2),(585,6252,0,0,1,1,0,0,0,2),(586,6253,0,0,1,0,0,0,0,2),(587,6254,0,0,1,1,0,0,0,2),(588,6255,0,0,1,0,0,0,0,2),(589,6256,0,0,1,1,0,0,0,2),(590,6257,0,0,1,1,0,0,0,2),(591,6258,0,0,1,1,0,0,0,2),(592,6259,0,0,1,1,0,0,0,2),(593,6260,0,0,1,1,0,0,0,2),(594,6261,0,0,1,0,0,0,0,2),(595,6262,0,0,1,1,0,0,0,2),(596,6263,0,0,1,1,0,0,0,2),(597,6264,0,0,1,0,0,0,0,2),(598,6265,0,0,1,0,0,0,0,2),(599,6266,0,0,1,1,0,0,0,2),(600,6267,0,0,1,1,0,0,0,2),(601,6268,0,0,1,1,0,0,0,2),(602,6269,0,0,1,1,0,0,0,2),(603,6270,0,0,1,0,0,0,0,2),(604,6271,0,0,1,1,0,0,0,2),(605,6272,0,0,1,1,0,0,0,2),(606,6273,0,0,1,1,0,0,0,2),(607,6274,0,0,1,0,0,0,0,2),(608,6275,0,0,1,0,0,0,0,2),(609,6276,0,0,1,1,0,0,0,2),(610,6277,0,0,1,1,0,0,0,2),(611,6278,0,0,1,0,0,0,0,2),(612,6279,0,0,1,1,0,0,0,2),(613,6280,0,0,1,1,0,0,0,2),(614,6281,0,0,1,1,0,0,0,2),(615,6282,0,0,1,1,0,0,0,2),(616,6283,0,0,1,0,0,0,0,2),(617,6284,0,0,1,0,0,0,0,2),(621,6288,0,0,1,1,0,0,0,2),(622,6289,0,0,1,1,0,0,0,2),(623,6290,0,0,1,1,0,0,0,2),(624,6291,0,0,1,1,0,0,0,2),(625,6292,0,0,1,1,0,0,0,2),(626,6293,0,0,1,1,0,0,0,2),(627,6294,0,0,1,2,0,0,0,2),(628,6295,0,0,1,1,0,0,0,2),(629,6296,0,0,1,1,0,0,0,2),(630,6297,0,0,1,0,0,0,0,2),(631,6298,0,0,1,1,0,0,0,2),(632,6299,0,0,1,1,0,0,0,2),(633,6300,0,0,1,1,0,0,0,2),(634,6301,0,0,1,38,0,0,0,2),(635,6302,0,0,1,1,0,0,0,2),(636,6303,0,0,1,1,0,0,0,2),(637,6304,0,0,1,1,0,0,0,2),(638,6305,0,0,1,4,0,0,0,2),(639,6306,0,0,1,1,0,0,0,2),(640,6307,0,0,1,1,0,0,0,2),(641,6308,0,0,1,1,0,0,0,2),(642,6309,0,0,1,1,0,0,0,2),(643,6310,0,0,1,1,0,0,0,2),(644,6311,0,0,1,1,0,0,0,2),(645,6312,0,0,1,0,0,0,0,2),(648,6315,0,0,1,0,0,0,0,2),(650,6317,0,0,1,0,0,0,0,2),(651,6318,0,0,1,1,0,0,0,2),(652,6319,0,0,1,1,0,0,0,2),(653,6320,0,0,1,1,0,0,0,2),(654,6321,0,0,1,1,0,0,0,2),(655,6322,0,0,1,1,0,0,0,2),(656,6323,0,0,1,1,0,0,0,2),(657,6324,0,0,1,1,0,0,0,2),(658,6325,0,0,1,0,0,0,0,2),(659,6326,0,0,1,1,0,0,0,2),(660,6327,0,0,1,1,0,0,0,2),(661,6328,0,0,1,1,0,0,0,2),(662,6329,0,0,1,1,0,0,0,2),(663,6330,0,0,1,0,0,0,0,2),(664,6331,0,0,1,0,0,0,0,2),(665,6332,0,0,1,0,0,0,0,2),(667,6334,0,0,1,0,0,0,0,2),(668,6335,0,0,1,1,0,0,0,2),(669,6336,0,0,1,1,0,0,0,2),(670,6337,0,0,1,0,0,0,0,2),(671,6338,0,0,1,0,0,0,0,2),(672,6339,0,0,1,0,0,0,0,2),(673,6340,0,0,1,0,0,0,0,2),(674,6341,0,0,1,1,0,0,0,2),(675,6342,0,0,1,1,0,0,0,2),(677,6344,0,0,1,1,0,0,0,2),(683,6350,0,0,1,43,0,0,0,2),(686,6353,0,0,1,5,0,0,0,2),(687,6354,0,0,1,0,0,0,0,2),(689,6356,0,0,1,0,0,0,0,2),(690,6357,0,0,1,1,0,0,0,2),(691,6358,0,0,1,1,0,0,0,2),(692,6359,0,0,1,1,0,0,0,2),(693,6360,0,0,1,1,0,0,0,2),(694,6361,0,0,1,1,0,0,0,2),(695,6362,0,0,1,1,0,0,0,2),(696,6363,0,0,1,0,0,0,0,2),(697,6364,0,0,1,1,0,0,0,2),(698,6365,0,0,1,1,0,0,0,2),(699,6366,0,0,1,0,0,0,0,2),(700,6367,0,0,1,1,0,0,0,2),(701,6368,0,0,1,1,0,0,0,2),(702,6369,0,0,1,1,0,0,0,2),(703,6370,0,0,1,1,0,0,0,2),(704,6371,0,0,1,0,0,0,0,2),(705,6372,0,0,1,1,0,0,0,2),(706,6373,0,0,1,1,0,0,0,2),(707,6374,0,0,1,1,0,0,0,2),(708,6375,0,0,1,1,0,0,0,2),(710,6377,0,0,1,1,0,0,0,2),(711,6378,0,0,1,1,0,0,0,2),(712,6379,0,0,1,1,0,0,0,2),(713,6380,0,0,1,0,0,0,0,2),(714,6381,0,0,1,0,0,0,0,2),(715,6382,0,0,1,1,0,0,0,2),(716,6383,0,0,1,1,0,0,0,2),(718,6385,0,0,1,1,0,0,0,2),(719,6386,0,0,1,0,0,0,0,2),(720,6387,0,0,1,1,0,0,0,2),(721,6388,0,0,1,1,0,0,0,2),(722,6389,0,0,1,1,0,0,0,2),(723,6390,0,0,1,1,0,0,0,2),(724,6391,0,0,1,1,0,0,0,2),(725,6392,0,0,1,0,0,0,0,2),(726,6393,0,0,1,1,0,0,0,2),(727,6394,0,0,1,1,0,0,0,2),(728,6395,0,0,1,4,0,0,0,2),(729,6396,0,0,1,12,0,0,0,2),(731,6398,0,0,1,15,0,0,0,2),(732,6399,0,0,1,14,0,0,0,2),(733,6400,0,0,1,11,0,0,0,2),(734,6401,0,0,1,0,0,0,0,2),(735,6402,0,0,1,0,0,0,0,2),(736,6403,0,0,1,0,0,0,0,2),(738,6405,0,0,1,1,0,0,0,2),(740,6407,0,0,1,13,0,0,0,2),(742,6409,0,0,1,3,0,0,0,2),(743,6410,0,0,1,3,0,0,0,2),(744,6411,0,0,1,1,0,0,0,2),(745,6412,0,0,1,33,0,0,0,2),(746,6413,0,0,1,32,0,0,0,2),(747,6414,0,0,1,1,0,0,0,2),(748,6415,0,0,1,3,0,0,0,2),(749,6416,0,0,1,1,0,0,0,2),(750,6417,0,0,1,0,0,0,0,2),(752,6419,0,0,1,1,0,0,0,2),(753,6420,0,0,1,2,0,0,0,2),(754,6421,0,0,1,1,0,0,0,2),(755,6422,0,0,1,1,0,0,0,2),(756,6423,0,0,1,1,0,0,0,2),(757,6424,0,0,1,1,0,0,0,2),(758,6425,0,0,1,1,0,0,0,2),(759,6426,0,0,1,0,0,0,0,2),(760,6427,0,0,1,0,0,0,0,2),(761,6428,0,0,1,0,0,0,0,2);

--
-- Table structure for table `pre3305_stock_mvt`
--

CREATE TABLE `pre3305_stock_mvt` (
  `id_stock_mvt` bigint(20) NOT NULL AUTO_INCREMENT,
  `id_stock` int(11) NOT NULL,
  `id_order` int(11) DEFAULT NULL,
  `id_supply_order` int(11) DEFAULT NULL,
  `id_stock_mvt_reason` int(11) NOT NULL,
  `id_employee` int(11) NOT NULL,
  `employee_lastname` varchar(32) DEFAULT '',
  `employee_firstname` varchar(32) DEFAULT '',
  `physical_quantity` int(11) NOT NULL,
  `date_add` datetime NOT NULL,
  `sign` smallint(6) DEFAULT '1',
  `price_te` decimal(20,6) DEFAULT '0.000000',
  `last_wa` decimal(20,6) DEFAULT '0.000000',
  `current_wa` decimal(20,6) DEFAULT '0.000000',
  `referer` bigint(20) DEFAULT NULL,
  PRIMARY KEY (`id_stock_mvt`),
  KEY `id_stock` (`id_stock`),
  KEY `id_stock_mvt_reason` (`id_stock_mvt_reason`)
) ENGINE=InnoDB AUTO_INCREMENT=968 DEFAULT CHARSET=utf8;

--
-- Dumping data for table `pre3305_stock_mvt`
--


--
-- Table structure for table `pre3305_stock_mvt_reason`
--

CREATE TABLE `pre3305_stock_mvt_reason` (
  `id_stock_mvt_reason` int(11) unsigned NOT NULL AUTO_INCREMENT,
  `sign` tinyint(1) NOT NULL DEFAULT '1',
  `date_add` datetime NOT NULL,
  `date_upd` datetime NOT NULL,
  `deleted` tinyint(1) unsigned NOT NULL DEFAULT '0',
  PRIMARY KEY (`id_stock_mvt_reason`)
) ENGINE=InnoDB AUTO_INCREMENT=13 DEFAULT CHARSET=utf8;

--
-- Dumping data for table `pre3305_stock_mvt_reason`
--

INSERT INTO `pre3305_stock_mvt_reason` VALUES (1,1,'2018-05-23 18:48:11','2018-05-23 18:48:11',0),(2,-1,'2018-05-23 18:48:11','2018-05-23 18:48:11',0),(3,-1,'2018-05-23 18:48:11','2018-05-23 18:48:11',0),(4,-1,'2018-05-23 18:48:11','2018-05-23 18:48:11',0),(5,1,'2018-05-23 18:48:11','2018-05-23 18:48:11',0),(6,-1,'2018-05-23 18:48:11','2018-05-23 18:48:11',0),(7,1,'2018-05-23 18:48:11','2018-05-23 18:48:11',0),(8,1,'2018-05-23 18:48:11','2018-05-23 18:48:11',0),(9,1,'2018-07-09 18:39:26','2018-07-09 18:39:26',0),(10,1,'2018-07-09 18:39:26','2018-07-09 18:39:26',0),(11,1,'2018-07-09 18:39:26','2018-07-09 18:39:26',0),(12,-1,'2018-07-09 18:39:26','2018-07-09 18:39:26',0);

--
-- Table structure for table `pre3305_stock_mvt_reason_lang`
--

CREATE TABLE `pre3305_stock_mvt_reason_lang` (
  `id_stock_mvt_reason` int(11) unsigned NOT NULL,
  `id_lang` int(11) unsigned NOT NULL,
  `name` varchar(255) NOT NULL,
  PRIMARY KEY (`id_stock_mvt_reason`,`id_lang`)
) ENGINE=InnoDB DEFAULT CHARSET=utf8;

--
-- Dumping data for table `pre3305_stock_mvt_reason_lang`
--

INSERT INTO `pre3305_stock_mvt_reason_lang` VALUES (1,1,'Augmentation'),(1,2,'Increase'),(2,1,'Baisse'),(2,2,'Baisse'),(3,1,'Commande client'),(3,2,'Customer Order'),(4,1,'Régularisation suite à inventaire'),(4,2,'Adjustment following an inventory of stock'),(5,1,'Régularisation suite à inventaire'),(5,2,'Adjustment following an inventory of stock'),(6,1,'Transfert vers un autre entrepôt'),(6,2,'Transfer to another warehouse'),(7,1,'Transfert depuis un autre entrepôt'),(7,2,'Transfer from another warehouse'),(8,1,'Commande fournisseur'),(8,2,'Supply Order'),(9,1,'Commande client'),(9,2,'Customer Order'),(10,1,'Retour produit'),(10,2,'Product return'),(11,1,'Employee Edition'),(11,2,'Employee Edition'),(12,1,'Employee Edition'),(12,2,'Employee Edition');

--
-- Table structure for table `pre3305_store`
--

CREATE TABLE `pre3305_store` (
  `id_store` int(10) unsigned NOT NULL AUTO_INCREMENT,
  `id_country` int(10) unsigned NOT NULL,
  `id_state` int(10) unsigned DEFAULT NULL,
  `city` varchar(64) NOT NULL,
  `postcode` varchar(12) NOT NULL,
  `latitude` decimal(13,8) DEFAULT NULL,
  `longitude` decimal(13,8) DEFAULT NULL,
  `phone` varchar(16) DEFAULT NULL,
  `fax` varchar(16) DEFAULT NULL,
  `email` varchar(128) DEFAULT NULL,
  `active` tinyint(1) unsigned NOT NULL DEFAULT '0',
  `date_add` datetime NOT NULL,
  `date_upd` datetime NOT NULL,
  PRIMARY KEY (`id_store`)
) ENGINE=InnoDB AUTO_INCREMENT=9 DEFAULT CHARSET=utf8;

--
-- Dumping data for table `pre3305_store`
--

INSERT INTO `pre3305_store` VALUES (6,8,0,'Paris','75018',48.88482140,2.33551570,'+33 (0)781612157','','galerie@litho.online',1,'2018-07-11 16:31:35','2018-09-06 14:51:15'),(7,8,0,'Paris','75018',48.88482140,2.33551570,'+33 (0)781612157','','galerie@streetart-store.com',1,'2018-07-11 16:35:39','2018-09-21 16:38:23'),(8,8,0,'Paris','75008',48.86272500,2.28759200,'+33 (0)781612157','','',1,'2018-07-16 12:41:28','2018-09-27 13:53:33');

--
-- Table structure for table `pre3305_store_lang`
--

CREATE TABLE `pre3305_store_lang` (
  `id_store` int(11) unsigned NOT NULL,
  `id_lang` int(11) unsigned NOT NULL,
  `name` varchar(255) NOT NULL,
  `address1` varchar(255) NOT NULL,
  `address2` varchar(255) DEFAULT NULL,
  `hours` text,
  `note` text,
  PRIMARY KEY (`id_store`,`id_lang`)
) ENGINE=InnoDB DEFAULT CHARSET=utf8;

--
-- Dumping data for table `pre3305_store_lang`
--

INSERT INTO `pre3305_store_lang` VALUES (6,1,'Litho.Online','21 rue Véron','','[[\"Ferm\\u00e9\"],[\"14:00-19:30\"],[\"14:00-19:30\"],[\"14:00-19:30\"],[\"14:00-19:30\"],[\"11:00-20:00\"],[\"Ferm\\u00e9\"]]',''),(6,2,'Litho.Online','21 rue Véron','','[[\"Closed\"],[\"14:00-19:30\"],[\"14:00-19:30\"],[\"14:00-19:30\"],[\"14:00-19:30\"],[\"11:00-20:00\"],[\"Closed\"]]',''),(7,1,'Streetart-store.com','21 rue Véron','','[[\"Ferm\\u00e9\"],[\"14:00-19:30\"],[\"14:00-19:30\"],[\"14:00-19:30\"],[\"14:00-19:30\"],[\"11:00-20:00\"],[\"Ferm\\u00e9\"]]',''),(7,2,'Streetart-store.com','21 rue Véron','','[[\"Closed\"],[\"14:00-19:30\"],[\"14:00-19:30\"],[\"14:00-19:30\"],[\"14:00-19:30\"],[\"11:00-20:00\"],[\"Closed\"]]',''),(8,1,'Galerie Joël Knafo','182 rue du Faubourg Saint-Honoré','','[[\"sur rendez-vous\"],[\"14:00-19:30\"],[\"14:00-19:30\"],[\"14:00-19:30\"],[\"14:00-19:30\"],[\"11:00-20:00\"],[\"sur rendez-vous\"]]',''),(8,2,'Galerie Joël Knafo','182 rue du Faubourg Saint-Honoré','','[[\"with appointment\"],[\"11:00-19:00\"],[\"11:00-19:00\"],[\"11:00-19:00\"],[\"11:00-19:00\"],[\"11:00-19:00\"],[\"with appointment\"]]','');

--
-- Table structure for table `pre3305_store_shop`
--

CREATE TABLE `pre3305_store_shop` (
  `id_store` int(11) unsigned NOT NULL,
  `id_shop` int(11) unsigned NOT NULL,
  PRIMARY KEY (`id_store`,`id_shop`),
  KEY `id_shop` (`id_shop`)
) ENGINE=InnoDB DEFAULT CHARSET=utf8;

--
-- Dumping data for table `pre3305_store_shop`
--

INSERT INTO `pre3305_store_shop` VALUES (8,2),(6,4),(7,5);

--
-- Table structure for table `pre3305_supplier`
--

CREATE TABLE `pre3305_supplier` (
  `id_supplier` int(10) unsigned NOT NULL AUTO_INCREMENT,
  `name` varchar(64) NOT NULL,
  `date_add` datetime NOT NULL,
  `date_upd` datetime NOT NULL,
  `active` tinyint(1) NOT NULL DEFAULT '0',
  PRIMARY KEY (`id_supplier`)
) ENGINE=InnoDB AUTO_INCREMENT=39 DEFAULT CHARSET=utf8;

--
-- Dumping data for table `pre3305_supplier`
--

INSERT INTO `pre3305_supplier` VALUES (4,'Miss Tic','2018-07-12 00:49:14','2018-07-12 00:49:14',1),(5,'Jo Di Bona','2018-07-12 00:49:14','2018-07-12 00:49:14',1),(6,'Philippe Hérard','2018-07-12 00:49:14','2018-07-12 00:49:14',1),(7,'Hush','2018-07-12 00:49:14','2018-07-12 00:49:14',1),(8,'Stoul','2018-07-12 00:49:14','2018-07-12 00:49:14',1),(9,'Jérôme Mesnager','2018-07-12 00:49:14','2018-07-12 00:49:14',1),(11,'Gottfried Salzmann','2018-07-12 00:49:14','2018-07-12 00:49:14',1),(12,'Levalet','2018-07-12 00:49:14','2018-07-12 00:49:14',1),(13,'Romain Froquet','2018-07-12 00:49:14','2018-07-12 00:49:14',1),(14,'Lek','2018-07-12 00:49:14','2018-07-12 00:49:14',1),(15,'EvazéSir','2018-07-12 00:49:15','2018-07-12 00:49:15',1),(16,'Jana & JS','2018-07-12 00:49:15','2018-07-12 00:49:15',1),(17,'Speedy Graphito','2018-07-12 00:49:15','2018-07-12 00:49:15',1),(18,'Guy Denning','2018-07-12 00:49:15','2018-07-12 00:49:15',1),(19,'Jacques Villeglé','2018-07-12 00:49:15','2018-07-12 00:49:15',1),(20,'Annabelle Tattu','2018-07-12 00:49:15','2018-07-12 00:49:15',1),(21,'Zenoy','2018-07-12 00:49:15','2018-07-12 00:49:15',1),(22,'René Botti','2018-07-12 00:49:15','2018-07-12 00:49:15',1),(23,'Gregos','2018-07-12 00:49:15','2018-07-12 00:49:15',1),(24,'JonOne','2018-07-12 00:49:15','2018-07-12 00:49:15',1),(25,'Hervé Di Rosa','2018-07-12 00:49:15','2018-07-12 00:49:15',1),(26,'Bault','2018-07-12 00:49:15','2018-07-12 00:49:15',1),(27,'FKDL','2018-07-12 01:54:39','2018-07-12 01:54:39',1),(28,'Galerie Joel Knafo Art','2018-07-12 01:54:44','2018-07-12 01:54:44',1),(29,'Artiste Ouvrier','2018-07-12 01:54:46','2018-07-12 01:54:46',1),(30,'Collaboration','2018-07-12 01:55:00','2018-07-12 01:55:00',1),(31,'Seen','2018-07-12 01:55:02','2018-07-12 01:55:02',1),(32,'Cleon Peterson','2018-07-12 01:55:28','2018-07-12 01:55:28',1),(33,'C215','2018-07-12 01:55:43','2018-07-12 01:55:43',1),(34,'Shepard Fairey','2018-07-12 19:34:25','2018-07-12 19:34:25',1),(35,'Cornette de Saint Cyr','2018-07-18 12:37:49','2018-07-18 12:37:49',0),(36,'Galeries autres','2018-07-18 12:57:23','2018-07-18 12:57:23',1),(37,'César','2018-07-18 12:57:25','2018-07-18 12:57:25',1),(38,'Barthelemy Toguo','2018-07-28 16:05:22','2018-07-28 16:05:22',0);

--
-- Table structure for table `pre3305_supplier_lang`
--

CREATE TABLE `pre3305_supplier_lang` (
  `id_supplier` int(10) unsigned NOT NULL,
  `id_lang` int(10) unsigned NOT NULL,
  `description` text,
  `meta_title` varchar(128) DEFAULT NULL,
  `meta_keywords` varchar(255) DEFAULT NULL,
  `meta_description` varchar(255) DEFAULT NULL,
  PRIMARY KEY (`id_supplier`,`id_lang`)
) ENGINE=InnoDB DEFAULT CHARSET=utf8;

--
-- Dumping data for table `pre3305_supplier_lang`
--

INSERT INTO `pre3305_supplier_lang` VALUES (4,1,'','Miss Tic','Miss Tic, uvres originales, Multiples','Miss Tic'),(4,2,'','Miss Tic','Miss Tic, uvres originales, Multiples','Miss Tic'),(5,1,'','Jo Di Bona','Jo Di Bona, uvres originales, Multiples','Jo Di Bona'),(5,2,'','Jo Di Bona','Jo Di Bona, uvres originales, Multiples','Jo Di Bona'),(6,1,'Poésies Urbaines\nUne rencontre avec Philippe Hérard provoque toujours une émotion forte, de leffet de surprise à la jubilation.\nDevant ses personnages au regard effacé, le flâneur sarrête pour observer lhistoire qui se joue devant lui. Un rictus le gagne en même temps que des interrogations sur la nature humaine. Souvent simples. Parfois existentielles.\nLe travail de Philippe Hérard est tout en contraste, à limage dun artiste qui livre beaucoup de lui et un peu de nous aussi. Il est de ceux qui puisent leur énergie de vie dans la création, celle qui vient des profondeurs de soi, qui na pas besoin dêtre commentée car tout est déjà dit.\nSes uvres touchent par leur sensibilité, leur humour, leur poésie et la justesse de situations qui pointent les nombreux paradoxes dun Homme en perpétuel questionnement. . Tantôt minimaliste, tantôt saturé par des accumulations improbables, entre équilibre et instabilité, liberté et enfermement, douceur et angoisse, dérision et profondeur, luvre de Philippe Hérard nous promène dans son univers au gré dintentions spontanées.','Philippe Hérard','Philippe Hérard, uvres originales, Multiples','Philippe Hérard'),(6,2,'Poésies Urbaines\nUne rencontre avec Philippe Hérard provoque toujours une émotion forte, de leffet de surprise à la jubilation.\nDevant ses personnages au regard effacé, le flâneur sarrête pour observer lhistoire qui se joue devant lui. Un rictus le gagne en même temps que des interrogations sur la nature humaine. Souvent simples. Parfois existentielles.\nLe travail de Philippe Hérard est tout en contraste, à limage dun artiste qui livre beaucoup de lui et un peu de nous aussi. Il est de ceux qui puisent leur énergie de vie dans la création, celle qui vient des profondeurs de soi, qui na pas besoin dêtre commentée car tout est déjà dit.\nSes uvres touchent par leur sensibilité, leur humour, leur poésie et la justesse de situations qui pointent les nombreux paradoxes dun Homme en perpétuel questionnement. . Tantôt minimaliste, tantôt saturé par des accumulations improbables, entre équilibre et instabilité, liberté et enfermement, douceur et angoisse, dérision et profondeur, luvre de Philippe Hérard nous promène dans son univers au gré dintentions spontanées.','Philippe Hérard','Philippe Hérard, uvres originales, Multiples','Philippe Hérard'),(7,1,'','Hush','Hush, uvres originales, Multiples','Hush'),(7,2,'','Hush','Hush, uvres originales, Multiples','Hush'),(8,1,'','Stoul','Stoul, uvres originales, Multiples','Stoul'),(8,2,'','Stoul','Stoul, uvres originales, Multiples','Stoul'),(9,1,'','Jérôme Mesnager','Jérôme Mesnager, uvres originales, Multiples','Jérôme Mesnager'),(9,2,'','Jérôme Mesnager','Jérôme Mesnager, uvres originales, Multiples','Jérôme Mesnager'),(11,1,'Gottfried Salzmann est un plasticien autrichien qui associe la peinture à la photo et au collage. Depuis son atelier parisien, il développe un univers artistique où laquarelle apporte élégance et fluidité à son uvre.\nNe connaissant aucune limite, ni esthétique ni technologique, son regard photographique traduit des émotions avec une grande intelligence esthétique.\nEn se concentrant actuellement sur des vues urbaines, Salzmann redéfinit lespace et fait surgir des perspectives verticales qui dominent son uvre.\nIl transforme ainsi le papier vierge en un support expressif aussi important que la couleur et devient un élément stabilisateur des compositions. Les éclaboussures deau et de couleurs sont à la fois délicatesse et agressivité venant perturber léquilibre des uvres.\nGottfried Salzmann est un des rares virtuoses de laquarelle de notre temps.','Gottfried Salzmann','Gottfried Salzmann, uvres originales, Multiples','Gottfried Salzmann'),(11,2,'Gottfried Salzmann est un plasticien autrichien qui associe la peinture à la photo et au collage. Depuis son atelier parisien, il développe un univers artistique où laquarelle apporte élégance et fluidité à son uvre.\nNe connaissant aucune limite, ni esthétique ni technologique, son regard photographique traduit des émotions avec une grande intelligence esthétique.\nEn se concentrant actuellement sur des vues urbaines, Salzmann redéfinit lespace et fait surgir des perspectives verticales qui dominent son uvre.\nIl transforme ainsi le papier vierge en un support expressif aussi important que la couleur et devient un élément stabilisateur des compositions. Les éclaboussures deau et de couleurs sont à la fois délicatesse et agressivité venant perturber léquilibre des uvres.\nGottfried Salzmann est un des rares virtuoses de laquarelle de notre temps.','Gottfried Salzmann','Gottfried Salzmann, uvres originales, Multiples','Gottfried Salzmann'),(12,1,'','Levalet','Levalet, uvres originales, Multiples','Levalet'),(12,2,'','Levalet','Levalet, uvres originales, Multiples','Levalet'),(13,1,'','Romain Froquet','Romain Froquet, uvres originales, Multiples','Romain Froquet'),(13,2,'','Romain Froquet','Romain Froquet, uvres originales, Multiples','Romain Froquet'),(14,1,'','Lek','Lek, uvres originales, Multiples','Lek'),(14,2,'','Lek','Lek, uvres originales, Multiples','Lek'),(15,1,'','EvazéSir','EvazéSir, uvres originales, Multiples','EvazéSir'),(15,2,'','EvazéSir','EvazéSir, uvres originales, Multiples','EvazéSir'),(16,1,'','Jana & JS','Jana & JS, uvres originales, Multiples','Jana & JS'),(16,2,'','Jana & JS','Jana & JS, uvres originales, Multiples','Jana & JS'),(17,1,'','Speedy Graphito','Speedy Graphito, uvres originales, Multiples','Speedy Graphito'),(17,2,'','Speedy Graphito','Speedy Graphito, uvres originales, Multiples','Speedy Graphito'),(18,1,'','Guy Denning','Guy Denning, uvres originales, Multiples','Guy Denning'),(18,2,'','Guy Denning','Guy Denning, uvres originales, Multiples','Guy Denning'),(19,1,'','Jacques Villeglé','Jacques Villeglé, uvres originales, Multiples','Jacques Villeglé'),(19,2,'','Jacques Villeglé','Jacques Villeglé, uvres originales, Multiples','Jacques Villeglé'),(20,1,'','Annabelle Tattu','Annabelle Tattu, uvres originales, Multiples','Annabelle Tattu'),(20,2,'','Annabelle Tattu','Annabelle Tattu, uvres originales, Multiples','Annabelle Tattu'),(21,1,'','Zenoy','Zenoy, uvres originales, Multiples','Zenoy'),(21,2,'','Zenoy','Zenoy, uvres originales, Multiples','Zenoy'),(22,1,'','René Botti','René Botti, uvres originales, Multiples','René Botti'),(22,2,'','René Botti','René Botti, uvres originales, Multiples','René Botti'),(23,1,'','Gregos','Gregos, uvres originales, Multiples','Gregos'),(23,2,'','Gregos','Gregos, uvres originales, Multiples','Gregos'),(24,1,'','JonOne','JonOne, uvres originales, Multiples','JonOne'),(24,2,'','JonOne','JonOne, uvres originales, Multiples','JonOne'),(25,1,'','Hervé Di Rosa','Hervé Di Rosa, uvres originales, Multiples','Hervé Di Rosa'),(25,2,'','Hervé Di Rosa','Hervé Di Rosa, uvres originales, Multiples','Hervé Di Rosa'),(26,1,'','Bault','Bault, uvres originales, Multiples','Bault'),(26,2,'','Bault','Bault, uvres originales, Multiples','Bault'),(27,1,'','','',''),(27,2,'','','',''),(28,1,'','','',''),(28,2,'','','',''),(29,1,'','','',''),(29,2,'','','',''),(30,1,'','','',''),(30,2,'','','',''),(31,1,'','','',''),(31,2,'','','',''),(32,1,'','','',''),(32,2,'','','',''),(33,1,'','','',''),(33,2,'','','',''),(34,1,'','','',''),(34,2,'','','',''),(35,1,'<p>Maisons de vente</p>\n<p><span class=\"footertexteCp\">Agrément 2002-379 / 2002-364 <br /> Tél : 33 (0)1 47 27 11 24<br /><a href=\"mailto:info@cornette-saintcyr.com\">info@cornette-saintcyr.com</a></span></p>','','',''),(35,2,'','','',''),(36,1,'','','',''),(36,2,'','','',''),(37,1,'','','',''),(37,2,'','','',''),(38,1,'','','',''),(38,2,'','','','');

--
-- Table structure for table `pre3305_supplier_shop`
--

CREATE TABLE `pre3305_supplier_shop` (
  `id_supplier` int(11) unsigned NOT NULL,
  `id_shop` int(11) unsigned NOT NULL,
  PRIMARY KEY (`id_supplier`,`id_shop`),
  KEY `id_shop` (`id_shop`)
) ENGINE=InnoDB DEFAULT CHARSET=utf8;

--
-- Dumping data for table `pre3305_supplier_shop`
--

INSERT INTO `pre3305_supplier_shop` VALUES (4,2),(5,2),(6,2),(7,2),(8,2),(9,2),(11,2),(12,2),(13,2),(14,2),(15,2),(16,2),(17,2),(18,2),(19,2),(20,2),(21,2),(22,2),(23,2),(24,2),(25,2),(26,2),(31,2),(35,2),(38,2),(4,4),(5,4),(6,4),(7,4),(8,4),(9,4),(11,4),(12,4),(13,4),(14,4),(15,4),(16,4),(17,4),(18,4),(19,4),(20,4),(21,4),(22,4),(23,4),(24,4),(25,4),(26,4),(27,4),(28,4),(29,4),(30,4),(31,4),(32,4),(33,4),(34,4),(35,4),(36,4),(37,4),(38,4),(4,5),(5,5),(6,5),(7,5),(8,5),(9,5),(11,5),(12,5),(13,5),(14,5),(15,5),(16,5),(17,5),(18,5),(19,5),(20,5),(21,5),(22,5),(23,5),(24,5),(25,5),(26,5),(31,5),(34,5),(35,5),(38,5);

--
-- Table structure for table `pre3305_supply_order`
--

CREATE TABLE `pre3305_supply_order` (
  `id_supply_order` int(11) unsigned NOT NULL AUTO_INCREMENT,
  `id_supplier` int(11) unsigned NOT NULL,
  `supplier_name` varchar(64) NOT NULL,
  `id_lang` int(11) unsigned NOT NULL,
  `id_warehouse` int(11) unsigned NOT NULL,
  `id_supply_order_state` int(11) unsigned NOT NULL,
  `id_currency` int(11) unsigned NOT NULL,
  `id_ref_currency` int(11) unsigned NOT NULL,
  `reference` varchar(64) NOT NULL,
  `date_add` datetime NOT NULL,
  `date_upd` datetime NOT NULL,
  `date_delivery_expected` datetime DEFAULT NULL,
  `total_te` decimal(20,6) DEFAULT '0.000000',
  `total_with_discount_te` decimal(20,6) DEFAULT '0.000000',
  `total_tax` decimal(20,6) DEFAULT '0.000000',
  `total_ti` decimal(20,6) DEFAULT '0.000000',
  `discount_rate` decimal(20,6) DEFAULT '0.000000',
  `discount_value_te` decimal(20,6) DEFAULT '0.000000',
  `is_template` tinyint(1) DEFAULT '0',
  PRIMARY KEY (`id_supply_order`),
  KEY `id_supplier` (`id_supplier`),
  KEY `id_warehouse` (`id_warehouse`),
  KEY `reference` (`reference`)
) ENGINE=InnoDB DEFAULT CHARSET=utf8;

--
-- Dumping data for table `pre3305_supply_order`
--


--
-- Table structure for table `pre3305_supply_order_detail`
--

CREATE TABLE `pre3305_supply_order_detail` (
  `id_supply_order_detail` int(11) unsigned NOT NULL AUTO_INCREMENT,
  `id_supply_order` int(11) unsigned NOT NULL,
  `id_currency` int(11) unsigned NOT NULL,
  `id_product` int(11) unsigned NOT NULL,
  `id_product_attribute` int(11) unsigned NOT NULL,
  `reference` varchar(32) NOT NULL,
  `supplier_reference` varchar(32) NOT NULL,
  `name` varchar(128) NOT NULL,
  `ean13` varchar(13) DEFAULT NULL,
  `isbn` varchar(32) DEFAULT NULL,
  `upc` varchar(12) DEFAULT NULL,
  `exchange_rate` decimal(20,6) DEFAULT '0.000000',
  `unit_price_te` decimal(20,6) DEFAULT '0.000000',
  `quantity_expected` int(11) unsigned NOT NULL,
  `quantity_received` int(11) unsigned NOT NULL,
  `price_te` decimal(20,6) DEFAULT '0.000000',
  `discount_rate` decimal(20,6) DEFAULT '0.000000',
  `discount_value_te` decimal(20,6) DEFAULT '0.000000',
  `price_with_discount_te` decimal(20,6) DEFAULT '0.000000',
  `tax_rate` decimal(20,6) DEFAULT '0.000000',
  `tax_value` decimal(20,6) DEFAULT '0.000000',
  `price_ti` decimal(20,6) DEFAULT '0.000000',
  `tax_value_with_order_discount` decimal(20,6) DEFAULT '0.000000',
  `price_with_order_discount_te` decimal(20,6) DEFAULT '0.000000',
  PRIMARY KEY (`id_supply_order_detail`),
  KEY `id_supply_order` (`id_supply_order`,`id_product`),
  KEY `id_product_attribute` (`id_product_attribute`),
  KEY `id_product_product_attribute` (`id_product`,`id_product_attribute`)
) ENGINE=InnoDB DEFAULT CHARSET=utf8;

--
-- Dumping data for table `pre3305_supply_order_detail`
--


--
-- Table structure for table `pre3305_supply_order_history`
--

CREATE TABLE `pre3305_supply_order_history` (
  `id_supply_order_history` int(11) unsigned NOT NULL AUTO_INCREMENT,
  `id_supply_order` int(11) unsigned NOT NULL,
  `id_employee` int(11) unsigned NOT NULL,
  `employee_lastname` varchar(32) DEFAULT '',
  `employee_firstname` varchar(32) DEFAULT '',
  `id_state` int(11) unsigned NOT NULL,
  `date_add` datetime NOT NULL,
  PRIMARY KEY (`id_supply_order_history`),
  KEY `id_supply_order` (`id_supply_order`),
  KEY `id_employee` (`id_employee`),
  KEY `id_state` (`id_state`)
) ENGINE=InnoDB DEFAULT CHARSET=utf8;

--
-- Dumping data for table `pre3305_supply_order_history`
--


--
-- Table structure for table `pre3305_supply_order_receipt_history`
--

CREATE TABLE `pre3305_supply_order_receipt_history` (
  `id_supply_order_receipt_history` int(11) unsigned NOT NULL AUTO_INCREMENT,
  `id_supply_order_detail` int(11) unsigned NOT NULL,
  `id_employee` int(11) unsigned NOT NULL,
  `employee_lastname` varchar(32) DEFAULT '',
  `employee_firstname` varchar(32) DEFAULT '',
  `id_supply_order_state` int(11) unsigned NOT NULL,
  `quantity` int(11) unsigned NOT NULL,
  `date_add` datetime NOT NULL,
  PRIMARY KEY (`id_supply_order_receipt_history`),
  KEY `id_supply_order_detail` (`id_supply_order_detail`),
  KEY `id_supply_order_state` (`id_supply_order_state`)
) ENGINE=InnoDB DEFAULT CHARSET=utf8;

--
-- Dumping data for table `pre3305_supply_order_receipt_history`
--


--
-- Table structure for table `pre3305_supply_order_state`
--

CREATE TABLE `pre3305_supply_order_state` (
  `id_supply_order_state` int(11) unsigned NOT NULL AUTO_INCREMENT,
  `delivery_note` tinyint(1) NOT NULL DEFAULT '0',
  `editable` tinyint(1) NOT NULL DEFAULT '0',
  `receipt_state` tinyint(1) NOT NULL DEFAULT '0',
  `pending_receipt` tinyint(1) NOT NULL DEFAULT '0',
  `enclosed` tinyint(1) NOT NULL DEFAULT '0',
  `color` varchar(32) DEFAULT NULL,
  PRIMARY KEY (`id_supply_order_state`)
) ENGINE=InnoDB AUTO_INCREMENT=7 DEFAULT CHARSET=utf8;

--
-- Dumping data for table `pre3305_supply_order_state`
--

INSERT INTO `pre3305_supply_order_state` VALUES (1,0,1,0,0,0,'#faab00'),(2,1,0,0,0,0,'#273cff'),(3,0,0,0,1,0,'#ff37f5'),(4,0,0,1,1,0,'#ff3e33'),(5,0,0,1,0,1,'#00d60c'),(6,0,0,0,0,1,'#666666');

--
-- Table structure for table `pre3305_supply_order_state_lang`
--

CREATE TABLE `pre3305_supply_order_state_lang` (
  `id_supply_order_state` int(11) unsigned NOT NULL,
  `id_lang` int(11) unsigned NOT NULL,
  `name` varchar(128) DEFAULT NULL,
  PRIMARY KEY (`id_supply_order_state`,`id_lang`)
) ENGINE=InnoDB DEFAULT CHARSET=utf8;

--
-- Dumping data for table `pre3305_supply_order_state_lang`
--

INSERT INTO `pre3305_supply_order_state_lang` VALUES (1,1,'1 - En cours de création'),(1,2,'1 - Creation in progress'),(2,1,'2 - Commande validée'),(2,2,'2 - Order validated'),(3,1,'3 - En attente de réception'),(3,2,'3 - Pending receipt'),(4,1,'4 - Commande reçue partiellement'),(4,2,'4 - Order received in part'),(5,1,'5 - Commande reçue intégralement'),(5,2,'5 - Order received completely'),(6,1,'6 - Commande annulée'),(6,2,'6 - Order canceled');

--
-- Table structure for table `pre3305_tab`
--

CREATE TABLE `pre3305_tab` (
  `id_tab` int(11) NOT NULL AUTO_INCREMENT,
  `id_parent` int(11) NOT NULL,
  `position` int(11) NOT NULL,
  `module` varchar(64) COLLATE utf8_unicode_ci DEFAULT NULL,
  `class_name` varchar(64) COLLATE utf8_unicode_ci DEFAULT NULL,
  `active` tinyint(1) NOT NULL,
  `hide_host_mode` tinyint(1) NOT NULL,
  `icon` varchar(32) COLLATE utf8_unicode_ci DEFAULT NULL,
  PRIMARY KEY (`id_tab`)
) ENGINE=InnoDB AUTO_INCREMENT=189 DEFAULT CHARSET=utf8 COLLATE=utf8_unicode_ci;

--
-- Dumping data for table `pre3305_tab`
--

INSERT INTO `pre3305_tab` VALUES (1,0,1,NULL,'AdminDashboard',1,0,'trending_up'),(2,0,2,NULL,'SELL',1,0,''),(3,2,1,NULL,'AdminParentOrders',1,0,'shopping_basket'),(4,3,1,NULL,'AdminOrders',1,0,''),(5,3,2,NULL,'AdminInvoices',1,0,''),(6,3,3,NULL,'AdminSlip',1,0,''),(7,3,4,NULL,'AdminDeliverySlip',1,0,''),(8,3,5,NULL,'AdminCarts',1,0,''),(9,2,2,NULL,'AdminCatalog',1,0,'store'),(10,9,1,NULL,'AdminProducts',1,0,''),(11,9,2,NULL,'AdminCategories',1,0,''),(12,9,3,NULL,'AdminTracking',1,0,''),(13,9,4,NULL,'AdminParentAttributesGroups',1,0,''),(14,13,1,NULL,'AdminAttributesGroups',1,0,''),(15,13,2,NULL,'AdminFeatures',1,0,''),(16,9,5,NULL,'AdminParentManufacturers',1,0,''),(17,16,1,NULL,'AdminManufacturers',1,0,''),(18,16,2,NULL,'AdminSuppliers',1,0,''),(19,9,6,NULL,'AdminAttachments',1,0,''),(20,9,7,NULL,'AdminParentCartRules',1,0,''),(21,20,1,NULL,'AdminCartRules',1,0,''),(22,20,2,NULL,'AdminSpecificPriceRule',1,0,''),(23,2,3,NULL,'AdminParentCustomer',1,0,'account_circle'),(24,23,1,NULL,'AdminCustomers',1,0,''),(25,23,2,NULL,'AdminAddresses',1,0,''),(26,23,3,'','AdminOutstanding',0,0,''),(27,2,4,NULL,'AdminParentCustomerThreads',1,0,'chat'),(28,27,1,NULL,'AdminCustomerThreads',1,0,''),(29,27,2,NULL,'AdminOrderMessage',1,0,''),(30,27,3,NULL,'AdminReturn',1,0,''),(31,2,5,NULL,'AdminStats',1,0,'assessment'),(32,2,6,NULL,'AdminStock',1,0,'store'),(33,32,1,NULL,'AdminWarehouses',1,0,''),(34,32,2,NULL,'AdminParentStockManagement',1,0,''),(35,34,1,NULL,'AdminStockManagement',1,0,''),(36,35,1,NULL,'AdminStockMvt',1,0,''),(37,35,2,NULL,'AdminStockInstantState',1,0,''),(38,35,3,NULL,'AdminStockCover',1,0,''),(39,32,3,NULL,'AdminSupplyOrders',1,0,''),(40,32,4,NULL,'AdminStockConfiguration',1,0,''),(41,0,3,NULL,'IMPROVE',1,0,''),(42,41,1,NULL,'AdminParentModulesSf',1,0,'extension'),(43,42,1,NULL,'AdminModulesSf',1,0,''),(44,42,2,NULL,'AdminModules',0,0,''),(45,42,3,NULL,'AdminAddonsCatalog',1,0,''),(46,41,2,NULL,'AdminParentThemes',1,0,'desktop_mac'),(47,46,1,NULL,'AdminThemes',1,0,''),(48,46,2,NULL,'AdminThemesCatalog',1,0,''),(49,46,3,NULL,'AdminCmsContent',1,0,''),(50,46,4,NULL,'AdminModulesPositions',1,0,''),(51,46,5,NULL,'AdminImages',1,0,''),(52,41,3,NULL,'AdminParentShipping',1,0,'local_shipping'),(53,52,1,NULL,'AdminCarriers',1,0,''),(54,52,2,NULL,'AdminShipping',1,0,''),(55,41,4,NULL,'AdminParentPayment',1,0,'payment'),(56,55,1,NULL,'AdminPayment',1,0,''),(57,55,2,NULL,'AdminPaymentPreferences',1,0,''),(58,41,5,NULL,'AdminInternational',1,0,'language'),(59,58,1,NULL,'AdminParentLocalization',1,0,''),(60,59,1,NULL,'AdminLocalization',1,0,''),(61,59,2,NULL,'AdminLanguages',1,0,''),(62,59,3,NULL,'AdminCurrencies',1,0,''),(63,59,4,NULL,'AdminGeolocation',1,0,''),(64,58,2,NULL,'AdminParentCountries',1,0,''),(65,64,2,NULL,'AdminCountries',1,0,''),(66,64,1,NULL,'AdminZones',1,0,''),(67,64,3,NULL,'AdminStates',1,0,''),(68,58,3,NULL,'AdminParentTaxes',1,0,''),(69,68,1,NULL,'AdminTaxes',1,0,''),(70,68,2,NULL,'AdminTaxRulesGroup',1,0,''),(71,58,4,NULL,'AdminTranslations',1,0,''),(72,0,4,NULL,'CONFIGURE',1,0,''),(73,72,1,NULL,'ShopParameters',1,0,'settings'),(74,73,1,NULL,'AdminParentPreferences',1,0,''),(75,74,1,NULL,'AdminPreferences',1,0,''),(76,74,2,NULL,'AdminMaintenance',1,0,''),(77,73,2,NULL,'AdminParentOrderPreferences',1,0,''),(78,77,1,NULL,'AdminOrderPreferences',1,0,''),(79,77,2,NULL,'AdminStatuses',1,0,''),(80,73,3,NULL,'AdminPPreferences',1,0,''),(81,73,4,NULL,'AdminParentCustomerPreferences',1,0,''),(82,81,1,NULL,'AdminCustomerPreferences',1,0,''),(83,81,2,NULL,'AdminGroups',1,0,''),(84,81,3,NULL,'AdminGenders',1,0,''),(85,73,5,NULL,'AdminParentStores',1,0,''),(86,85,1,NULL,'AdminContacts',1,0,''),(87,85,2,NULL,'AdminStores',1,0,''),(88,73,6,NULL,'AdminParentMeta',1,0,''),(89,88,1,NULL,'AdminMeta',1,0,''),(90,88,2,NULL,'AdminSearchEngines',1,0,''),(91,88,3,NULL,'AdminReferrers',1,0,''),(92,73,7,NULL,'AdminParentSearchConf',1,0,''),(93,92,1,NULL,'AdminSearchConf',1,0,''),(94,92,2,NULL,'AdminTags',1,0,''),(95,72,2,NULL,'AdminAdvancedParameters',1,0,'settings_applications'),(96,95,1,NULL,'AdminInformation',1,0,''),(97,95,2,NULL,'AdminPerformance',1,0,''),(98,95,3,NULL,'AdminAdminPreferences',1,0,''),(99,95,4,NULL,'AdminEmails',1,0,''),(100,95,5,NULL,'AdminImport',1,0,''),(101,95,6,NULL,'AdminParentEmployees',1,0,''),(102,101,1,NULL,'AdminEmployees',1,0,''),(103,101,2,NULL,'AdminProfiles',1,0,''),(104,101,3,NULL,'AdminAccess',1,0,''),(105,95,7,NULL,'AdminParentRequestSql',1,0,''),(106,105,1,NULL,'AdminRequestSql',1,0,''),(107,105,2,NULL,'AdminBackup',1,0,''),(108,95,8,NULL,'AdminLogs',1,0,''),(109,95,9,NULL,'AdminWebservice',1,0,''),(110,95,10,'','AdminShopGroup',1,0,''),(111,95,11,NULL,'AdminShopUrl',0,0,''),(112,-1,1,NULL,'AdminQuickAccesses',1,0,''),(113,0,5,NULL,'DEFAULT',1,0,''),(114,-1,2,NULL,'AdminPatterns',1,0,''),(115,-1,3,'dashgoals','AdminDashgoals',1,0,''),(116,46,6,'ps_linklist','AdminLinkWidget',1,0,''),(117,73,8,'gamification','AdminGamification',1,0,''),(118,-1,4,'cronjobs','AdminCronJobs',1,0,''),(119,113,1,'autoupgrade','AdminSelfUpgrade',1,0,''),(120,9,8,NULL,'AdminStockManagement',1,0,''),(151,52,3,'sendcloud','AdminSendcloud',1,0,''),(152,-1,5,'seoimg','AdminSeoimg',1,0,''),(153,-1,6,'seoexpert','AdminSeohelping',1,0,''),(158,41,6,'appagebuilder','AdminApPageBuilder',1,0,'tab'),(159,158,1,'appagebuilder','AdminApPageBuilderProfiles',1,0,''),(160,158,2,'appagebuilder','AdminApPageBuilderPositions',1,0,''),(161,158,3,'appagebuilder','AdminApPageBuilderShortcode',1,0,''),(162,-1,7,'appagebuilder','AdminApPageBuilderHome',1,0,''),(163,158,4,'appagebuilder','AdminApPageBuilderProducts',1,0,''),(164,158,5,'appagebuilder','AdminApPageBuilderDetails',1,0,''),(165,158,6,'appagebuilder','AdminApPageBuilderHook',1,0,''),(166,158,7,'appagebuilder','AdminApPageBuilderThemeEditor',1,0,''),(167,158,8,'appagebuilder','AdminApPageBuilderModule',1,0,''),(168,158,9,'appagebuilder','AdminApPageBuilderThemeConfiguration',1,0,''),(169,-1,8,'appagebuilder','AdminApPageBuilderImages',1,0,''),(170,-1,9,'appagebuilder','AdminApPageBuilderShortcodes',1,0,''),(171,41,7,'leoblog','AdminLeoblogManagement',1,0,'create'),(172,171,1,'leoblog','AdminLeoblogDashboard',1,0,''),(173,171,2,'leoblog','AdminLeoblogCategories',1,0,''),(174,171,3,'leoblog','AdminLeoblogBlogs',1,0,''),(175,171,4,'leoblog','AdminLeoblogComments',1,0,''),(176,171,5,'leoblog','AdminLeoblogModule',1,0,''),(177,42,4,'leobootstrapmenu','AdminLeoBootstrapMenuModule',1,0,''),(178,-1,10,'leobootstrapmenu','AdminLeoWidgets',1,0,''),(179,-1,11,'leoslideshow','AdminLeoSlideshow',1,0,''),(180,42,5,'leoslideshow','AdminLeoSlideshowMenuModule',1,0,''),(181,41,8,'leofeature','AdminLeofeatureManagement',1,0,'star'),(182,181,1,'leofeature','AdminLeofeatureModule',1,0,''),(183,181,2,'leofeature','AdminLeofeatureReviews',1,0,''),(184,-1,12,'psgdpr','AdminAjaxPsgdpr',1,0,''),(185,-1,13,'psgdpr','AdminDownloadInvoicesPsgdpr',1,0,''),(186,43,1,'','AdminModulesManage',1,0,NULL),(187,43,2,'','AdminModulesCatalog',1,0,NULL),(188,43,3,'','AdminModulesNotifications',1,0,NULL);

--
-- Table structure for table `pre3305_tab_advice`
--

CREATE TABLE `pre3305_tab_advice` (
  `id_tab` int(11) NOT NULL,
  `id_advice` int(11) NOT NULL,
  PRIMARY KEY (`id_tab`,`id_advice`)
) ENGINE=InnoDB DEFAULT CHARSET=utf8;

--
-- Dumping data for table `pre3305_tab_advice`
--

INSERT INTO `pre3305_tab_advice` VALUES (0,14),(0,78),(0,142),(1,10),(1,18),(1,20),(1,21),(1,22),(1,23),(1,24),(1,25),(1,26),(1,27),(1,28),(1,29),(1,30),(1,31),(1,32),(1,33),(1,34),(1,35),(1,36),(1,37),(1,38),(1,39),(1,40),(1,41),(1,42),(1,43),(1,44),(1,45),(1,46),(1,47),(1,48),(1,49),(1,50),(1,51),(1,52),(1,53),(1,54),(1,55),(1,56),(1,57),(1,58),(1,59),(1,60),(1,61),(1,62),(1,63),(1,64),(1,74),(1,82),(1,84),(1,85),(1,86),(1,87),(1,88),(1,89),(1,90),(1,91),(1,92),(1,93),(1,94),(1,95),(1,96),(1,97),(1,98),(1,99),(1,100),(1,101),(1,102),(1,103),(1,104),(1,105),(1,106),(1,107),(1,108),(1,109),(1,110),(1,111),(1,112),(1,113),(1,114),(1,115),(1,116),(1,117),(1,118),(1,119),(1,120),(1,121),(1,122),(1,123),(1,124),(1,125),(1,126),(1,127),(1,128),(1,138),(1,146),(1,148),(1,149),(1,150),(1,151),(1,152),(1,153),(1,154),(1,155),(1,156),(1,157),(1,158),(1,159),(1,160),(1,161),(1,162),(1,163),(1,164),(1,165),(1,166),(1,167),(1,168),(1,169),(1,170),(1,171),(1,172),(1,173),(1,174),(1,175),(1,176),(1,177),(1,178),(1,179),(1,180),(1,181),(1,182),(1,183),(1,184),(1,185),(1,186),(1,187),(1,188),(1,189),(1,190),(1,200),(1,208),(1,210),(1,211),(1,212),(1,213),(1,214),(1,215),(1,216),(1,217),(1,218),(1,219),(1,220),(1,221),(1,222),(1,223),(1,224),(1,225),(1,226),(1,227),(1,228),(1,229),(1,230),(1,231),(1,232),(1,233),(1,234),(1,235),(1,236),(1,237),(1,238),(1,239),(1,240),(1,241),(1,242),(1,243),(1,244),(1,245),(1,246),(1,247),(1,248),(1,249),(1,250),(1,251),(1,252),(1,262),(1,270),(1,272),(1,273),(1,274),(1,275),(1,276),(1,277),(1,278),(1,279),(1,280),(1,281),(1,282),(1,283),(1,284),(1,285),(1,286),(1,287),(1,288),(1,289),(1,290),(1,291),(1,292),(1,293),(1,294),(1,295),(1,296),(1,297),(1,298),(1,299),(1,300),(1,301),(1,302),(1,303),(1,304),(1,305),(1,306),(1,307),(1,308),(1,309),(1,310),(1,311),(1,312),(1,313),(1,314),(1,324),(1,332),(1,334),(1,335),(1,336),(1,337),(1,338),(1,339),(1,340),(1,341),(1,342),(1,343),(1,344),(1,345),(1,346),(1,347),(1,348),(1,349),(1,350),(1,351),(1,352),(1,353),(1,354),(1,355),(1,356),(1,357),(1,358),(1,359),(1,360),(1,361),(1,362),(1,363),(1,364),(1,365),(1,366),(1,367),(1,368),(1,369),(1,370),(1,371),(1,372),(1,373),(1,374),(1,375),(1,376),(1,386),(1,394),(1,396),(1,397),(1,398),(1,399),(1,400),(1,401),(1,402),(1,403),(1,404),(1,405),(1,406),(1,407),(1,408),(1,409),(1,410),(1,411),(1,412),(1,413),(1,414),(1,415),(1,416),(1,417),(1,418),(1,419),(1,420),(1,421),(1,422),(1,423),(1,424),(1,425),(1,426),(1,427),(1,428),(1,429),(1,430),(1,431),(1,432),(1,433),(1,434),(1,435),(1,436),(1,437),(1,438),(1,448),(1,456),(1,458),(1,459),(1,460),(1,461),(1,462),(1,463),(1,464),(1,465),(1,466),(1,467),(1,468),(1,469),(1,470),(1,471),(1,472),(1,473),(1,474),(1,475),(1,476),(1,477),(1,478),(1,479),(1,480),(1,481),(1,482),(1,483),(1,484),(1,485),(1,486),(1,487),(1,488),(1,489),(1,490),(1,491),(1,492),(1,493),(1,494),(1,495),(1,496),(1,497),(1,498),(1,499),(1,500),(1,510),(1,518),(1,520),(1,521),(1,522),(1,523),(1,524),(1,525),(1,526),(1,527),(1,528),(1,529),(1,530),(1,531),(1,532),(1,533),(1,534),(1,535),(1,536),(1,537),(1,538),(1,539),(1,540),(1,541),(1,542),(1,543),(1,544),(1,545),(1,546),(1,547),(1,548),(1,549),(1,550),(1,551),(1,552),(1,553),(1,554),(1,555),(1,556),(1,557),(1,558),(1,559),(1,560),(1,561),(1,562),(1,572),(1,580),(1,582),(1,583),(1,584),(1,585),(1,586),(1,587),(1,588),(1,589),(1,590),(1,591),(1,592),(1,593),(1,594),(1,595),(1,596),(1,597),(1,598),(1,599),(1,600),(1,601),(1,602),(1,603),(1,604),(1,605),(1,606),(1,607),(1,608),(1,609),(1,610),(1,611),(1,612),(1,613),(1,614),(1,615),(1,616),(1,617),(1,618),(1,619),(1,620),(1,621),(1,622),(1,623),(1,624),(1,634),(1,642),(1,644),(1,645),(1,646),(1,647),(1,648),(1,649),(1,650),(1,651),(1,652),(1,653),(1,654),(1,655),(1,656),(1,657),(1,658),(1,659),(1,660),(1,661),(1,662),(1,663),(1,664),(1,665),(1,666),(1,667),(1,668),(1,669),(1,670),(1,671),(1,672),(1,673),(1,674),(1,675),(1,676),(1,677),(1,678),(1,679),(1,680),(1,681),(1,682),(1,683),(1,684),(1,685),(1,686),(1,691),(1,697),(1,698),(1,699),(1,700),(1,701),(1,702),(1,703),(1,704),(1,705),(1,706),(1,707),(1,708),(1,709),(1,710),(1,711),(1,712),(1,713),(1,714),(1,715),(1,716),(1,717),(1,718),(1,719),(1,720),(1,721),(1,722),(1,723),(1,724),(1,725),(1,726),(1,727),(1,728),(1,729),(1,730),(1,731),(1,732),(1,733),(1,734),(1,735),(1,736),(1,737),(1,738),(1,739),(1,748),(1,758),(1,766),(1,768),(1,769),(1,770),(1,771),(1,772),(1,773),(1,774),(1,775),(1,776),(1,777),(1,778),(1,779),(1,780),(1,781),(1,782),(1,783),(1,784),(1,785),(1,786),(1,787),(1,788),(1,789),(1,790),(1,791),(1,792),(1,793),(1,794),(1,795),(1,796),(1,797),(1,798),(1,799),(1,800),(1,801),(1,802),(1,803),(1,804),(1,805),(1,806),(1,807),(1,808),(1,809),(1,810),(1,820),(1,828),(1,830),(1,831),(1,832),(1,833),(1,834),(1,835),(1,836),(1,837),(1,838),(1,839),(1,840),(1,841),(1,842),(1,843),(1,844),(1,845),(1,846),(1,847),(1,848),(1,849),(1,850),(1,851),(1,852),(1,853),(1,854),(1,855),(1,856),(1,857),(1,858),(1,859),(1,860),(1,861),(1,862),(1,863),(1,864),(1,865),(1,866),(1,867),(1,868),(1,869),(1,870),(1,871),(1,872),(1,882),(1,890),(1,892),(1,893),(1,894),(1,895),(1,896),(1,897),(1,898),(1,899),(1,900),(1,901),(1,902),(1,903),(1,904),(1,905),(1,906),(1,907),(1,908),(1,909),(1,910),(1,911),(1,912),(1,913),(1,914),(1,915),(1,916),(1,917),(1,918),(1,919),(1,920),(1,921),(1,922),(1,923),(1,924),(1,925),(1,926),(1,927),(1,928),(1,929),(1,930),(1,931),(1,932),(1,933),(1,934),(1,944),(1,952),(1,954),(1,955),(1,956),(1,957),(1,958),(1,959),(1,960),(1,961),(1,962),(1,963),(1,964),(1,965),(1,966),(1,967),(1,968),(1,969),(1,970),(1,971),(1,972),(1,973),(1,974),(1,975),(1,976),(1,977),(1,978),(1,979),(1,980),(1,981),(1,982),(1,983),(1,984),(1,985),(1,986),(1,987),(1,988),(1,989),(1,990),(1,991),(1,992),(1,993),(1,994),(1,995),(1,996),(1,1006),(1,1014),(1,1016),(1,1017),(1,1018),(1,1019),(1,1020),(1,1021),(1,1022),(1,1023),(1,1024),(1,1025),(1,1026),(1,1027),(1,1028),(1,1029),(1,1030),(1,1031),(1,1032),(1,1033),(1,1034),(1,1035),(1,1036),(1,1037),(1,1038),(1,1039),(1,1040),(1,1041),(1,1042),(1,1043),(1,1044),(1,1045),(1,1046),(1,1047),(1,1048),(1,1049),(1,1050),(1,1051),(1,1052),(1,1053),(1,1054),(1,1055),(1,1056),(1,1057),(1,1058),(1,1068),(1,1076),(1,1078),(1,1079),(1,1080),(1,1081),(1,1082),(1,1083),(1,1084),(1,1085),(1,1086),(1,1087),(1,1088),(1,1089),(1,1090),(1,1091),(1,1092),(1,1093),(1,1094),(1,1095),(1,1096),(1,1097),(1,1098),(1,1099),(1,1100),(1,1101),(1,1102),(1,1103),(1,1104),(1,1105),(1,1106),(1,1107),(1,1108),(1,1109),(1,1110),(1,1111),(1,1112),(1,1113),(1,1114),(1,1115),(1,1116),(1,1117),(1,1118),(1,1119),(1,1120),(1,1130),(1,1138),(1,1140),(1,1141),(1,1142),(1,1143),(1,1144),(1,1145),(1,1146),(1,1147),(1,1148),(1,1149),(1,1150),(1,1151),(1,1152),(1,1153),(1,1154),(1,1155),(1,1156),(1,1157),(1,1158),(1,1159),(1,1160),(1,1161),(1,1162),(1,1163),(1,1164),(1,1165),(1,1166),(1,1167),(1,1168),(1,1169),(1,1170),(1,1171),(1,1172),(1,1173),(1,1174),(1,1175),(1,1176),(1,1177),(1,1178),(1,1179),(1,1180),(1,1181),(1,1182),(1,1192),(1,1200),(1,1202),(1,1203),(1,1204),(1,1205),(1,1206),(1,1207),(1,1208),(1,1209),(1,1210),(1,1211),(1,1212),(1,1213),(1,1214),(1,1215),(1,1216),(1,1217),(1,1218),(1,1219),(1,1220),(1,1221),(1,1222),(1,1223),(1,1224),(1,1225),(1,1226),(1,1227),(1,1228),(1,1229),(1,1230),(1,1231),(1,1232),(1,1233),(1,1234),(1,1235),(1,1236),(1,1237),(1,1238),(1,1239),(1,1240),(1,1241),(1,1242),(1,1243),(1,1244),(1,1254),(1,1262),(1,1264),(1,1265),(1,1266),(1,1267),(1,1268),(1,1269),(1,1270),(1,1271),(1,1272),(1,1273),(1,1274),(1,1275),(1,1276),(1,1277),(1,1278),(1,1279),(1,1280),(1,1281),(1,1282),(1,1283),(1,1284),(1,1285),(1,1286),(1,1287),(1,1288),(1,1289),(1,1290),(1,1291),(1,1292),(1,1293),(1,1294),(1,1295),(1,1296),(1,1297),(1,1298),(1,1299),(1,1300),(1,1301),(1,1302),(1,1303),(1,1304),(1,1305),(1,1306),(1,1311),(1,1317),(1,1318),(1,1319),(1,1320),(1,1321),(1,1322),(1,1323),(1,1324),(1,1325),(1,1326),(1,1327),(1,1328),(1,1329),(1,1330),(1,1331),(1,1332),(1,1333),(1,1334),(1,1335),(1,1336),(1,1337),(1,1338),(1,1339),(1,1340),(1,1341),(1,1342),(1,1343),(1,1344),(1,1345),(1,1346),(1,1347),(1,1348),(1,1349),(1,1350),(1,1351),(1,1352),(1,1353),(1,1354),(1,1355),(1,1356),(1,1357),(1,1358),(1,1359),(1,1368),(1,1373),(1,1379),(1,1380),(1,1381),(1,1382),(1,1383),(1,1384),(1,1385),(1,1386),(1,1387),(1,1388),(1,1389),(1,1390),(1,1391),(1,1392),(1,1393),(1,1394),(1,1395),(1,1396),(1,1397),(1,1398),(1,1399),(1,1400),(1,1401),(1,1402),(1,1403),(1,1404),(1,1405),(1,1406),(1,1407),(1,1408),(1,1409),(1,1410),(1,1411),(1,1412),(1,1413),(1,1414),(1,1415),(1,1416),(1,1417),(1,1418),(1,1419),(1,1420),(1,1421),(1,1431),(1,1439),(1,1441),(1,1442),(1,1443),(1,1444),(1,1445),(1,1446),(1,1447),(1,1448),(1,1449),(1,1450),(1,1451),(1,1452),(1,1453),(1,1454),(1,1455),(1,1456),(1,1457),(1,1458),(1,1459),(1,1460),(1,1461),(1,1462),(1,1463),(1,1464),(1,1465),(1,1466),(1,1467),(1,1468),(1,1469),(1,1470),(1,1471),(1,1472),(1,1473),(1,1474),(1,1475),(1,1476),(1,1477),(1,1478),(1,1479),(1,1480),(1,1481),(1,1482),(1,1483),(1,1493),(1,1501),(1,1503),(1,1504),(1,1505),(1,1506),(1,1507),(1,1508),(1,1509),(1,1510),(1,1511),(1,1512),(1,1513),(1,1514),(1,1515),(1,1516),(1,1517),(1,1518),(1,1519),(1,1520),(1,1521),(1,1522),(1,1523),(1,1524),(1,1525),(1,1526),(1,1527),(1,1528),(1,1529),(1,1530),(1,1531),(1,1532),(1,1533),(1,1534),(1,1535),(1,1536),(1,1537),(1,1538),(1,1539),(1,1540),(1,1541),(1,1542),(1,1543),(1,1544),(1,1545),(1,1550),(1,1556),(1,1557),(1,1558),(1,1559),(1,1560),(1,1561),(1,1562),(1,1563),(1,1564),(1,1565),(1,1566),(1,1567),(1,1568),(1,1569),(1,1570),(1,1571),(1,1572),(1,1573),(1,1574),(1,1575),(1,1576),(1,1577),(1,1578),(1,1579),(1,1580),(1,1581),(1,1582),(1,1583),(1,1584),(1,1585),(1,1586),(1,1587),(1,1588),(1,1589),(1,1590),(1,1591),(1,1592),(1,1593),(1,1594),(1,1595),(1,1596),(1,1597),(1,1598),(1,1607),(1,1617),(1,1625),(1,1627),(1,1628),(1,1629),(1,1630),(1,1631),(1,1632),(1,1633),(1,1634),(1,1635),(1,1636),(1,1637),(1,1638),(1,1639),(1,1640),(1,1641),(1,1642),(1,1643),(1,1644),(1,1645),(1,1646),(1,1647),(1,1648),(1,1649),(1,1650),(1,1651),(1,1652),(1,1653),(1,1654),(1,1655),(1,1656),(1,1657),(1,1658),(1,1659),(1,1660),(1,1661),(1,1662),(1,1663),(1,1664),(1,1665),(1,1666),(1,1667),(1,1668),(1,1669),(1,1679),(1,1687),(1,1689),(1,1690),(1,1691),(1,1692),(1,1693),(1,1694),(1,1695),(1,1696),(1,1697),(1,1698),(1,1699),(1,1700),(1,1701),(1,1702),(1,1703),(1,1704),(1,1705),(1,1706),(1,1707),(1,1708),(1,1709),(1,1710),(1,1711),(1,1712),(1,1713),(1,1714),(1,1715),(1,1716),(1,1717),(1,1718),(1,1719),(1,1720),(1,1721),(1,1722),(1,1723),(1,1724),(1,1725),(1,1726),(1,1727),(1,1728),(1,1729),(1,1730),(1,1731),(1,1736),(1,1742),(1,1743),(1,1744),(1,1745),(1,1746),(1,1747),(1,1748),(1,1749),(1,1750),(1,1751),(1,1752),(1,1753),(1,1754),(1,1755),(1,1756),(1,1757),(1,1758),(1,1759),(1,1760),(1,1761),(1,1762),(1,1763),(1,1764),(1,1765),(1,1766),(1,1767),(1,1768),(1,1769),(1,1770),(1,1771),(1,1772),(1,1773),(1,1774),(1,1775),(1,1776),(1,1777),(1,1778),(1,1779),(1,1780),(1,1781),(1,1782),(1,1783),(1,1784),(1,1793),(1,1798),(1,1804),(1,1805),(1,1806),(1,1807),(1,1808),(1,1809),(1,1810),(1,1811),(1,1812),(1,1813),(1,1814),(1,1815),(1,1816),(1,1817),(1,1818),(1,1819),(1,1820),(1,1821),(1,1822),(1,1823),(1,1824),(1,1825),(1,1826),(1,1827),(1,1828),(1,1829),(1,1830),(1,1831),(1,1832),(1,1833),(1,1834),(1,1835),(1,1836),(1,1837),(1,1838),(1,1839),(1,1840),(1,1841),(1,1842),(1,1843),(1,1844),(1,1845),(1,1846),(1,1856),(1,1864),(1,1866),(1,1867),(1,1868),(1,1869),(1,1870),(1,1871),(1,1872),(1,1873),(1,1874),(1,1875),(1,1876),(1,1877),(1,1878),(1,1879),(1,1880),(1,1881),(1,1882),(1,1883),(1,1884),(1,1885),(1,1886),(1,1887),(1,1888),(1,1889),(1,1890),(1,1891),(1,1892),(1,1893),(1,1894),(1,1895),(1,1896),(1,1897),(1,1898),(1,1899),(1,1900),(1,1901),(1,1902),(1,1903),(1,1904),(1,1905),(1,1906),(1,1907),(1,1908),(1,1918),(1,1926),(1,1928),(1,1929),(1,1930),(1,1931),(1,1932),(1,1933),(1,1934),(1,1935),(1,1936),(1,1937),(1,1938),(1,1939),(1,1940),(1,1941),(1,1942),(1,1943),(1,1944),(1,1945),(1,1946),(1,1947),(1,1948),(1,1949),(1,1950),(1,1951),(1,1952),(1,1953),(1,1954),(1,1955),(1,1956),(1,1957),(1,1958),(1,1959),(1,1960),(1,1961),(1,1962),(1,1963),(1,1964),(1,1965),(1,1966),(1,1967),(1,1968),(1,1969),(1,1970),(1,1980),(1,1988),(1,1990),(1,1991),(1,1992),(1,1993),(1,1994),(1,1995),(1,1996),(1,1997),(1,1998),(1,1999),(1,2000),(1,2001),(1,2002),(1,2003),(1,2004),(1,2005),(1,2006),(1,2007),(1,2008),(1,2009),(1,2010),(1,2011),(1,2012),(1,2013),(1,2014),(1,2015),(1,2016),(1,2017),(1,2018),(1,2019),(1,2020),(1,2021),(1,2022),(1,2023),(1,2024),(1,2025),(1,2026),(1,2027),(1,2028),(1,2029),(1,2030),(1,2031),(1,2032),(1,2042),(1,2050),(1,2052),(1,2053),(1,2054),(1,2055),(1,2056),(1,2057),(1,2058),(1,2059),(1,2060),(1,2061),(1,2062),(1,2063),(1,2064),(1,2065),(1,2066),(1,2067),(1,2068),(1,2069),(1,2070),(1,2071),(1,2072),(1,2073),(1,2074),(1,2075),(1,2076),(1,2077),(1,2078),(1,2079),(1,2080),(1,2081),(1,2082),(1,2083),(1,2084),(1,2085),(1,2086),(1,2087),(1,2088),(1,2089),(1,2090),(1,2091),(1,2092),(1,2093),(1,2094),(1,2104),(1,2112),(1,2114),(1,2115),(1,2116),(1,2117),(1,2118),(1,2119),(1,2120),(1,2121),(1,2122),(1,2123),(1,2124),(1,2125),(1,2126),(1,2127),(1,2128),(1,2129),(1,2130),(1,2131),(1,2132),(1,2133),(1,2134),(1,2135),(1,2136),(1,2137),(1,2138),(1,2139),(1,2140),(1,2141),(1,2142),(1,2143),(1,2144),(1,2145),(1,2146),(1,2147),(1,2148),(1,2149),(1,2150),(1,2151),(1,2152),(1,2153),(1,2154),(1,2155),(1,2156),(1,2166),(1,2174),(1,2176),(1,2177),(1,2178),(1,2179),(1,2180),(1,2181),(1,2182),(1,2183),(1,2184),(1,2185),(1,2186),(1,2187),(1,2188),(1,2189),(1,2190),(1,2191),(1,2192),(1,2193),(1,2194),(1,2195),(1,2196),(1,2197),(1,2198),(1,2199),(1,2200),(1,2201),(1,2202),(1,2203),(1,2204),(1,2205),(1,2206),(1,2207),(1,2208),(1,2209),(1,2210),(1,2211),(1,2212),(1,2213),(1,2214),(1,2215),(1,2216),(1,2217),(1,2218),(1,2228),(1,2236),(1,2238),(1,2239),(1,2240),(1,2241),(1,2242),(1,2243),(1,2244),(1,2245),(1,2246),(1,2247),(1,2248),(1,2249),(1,2250),(1,2251),(1,2252),(1,2253),(1,2254),(1,2255),(1,2256),(1,2257),(1,2258),(1,2259),(1,2260),(1,2261),(1,2262),(1,2263),(1,2264),(1,2265),(1,2266),(1,2267),(1,2268),(1,2269),(1,2270),(1,2271),(1,2272),(1,2273),(1,2274),(1,2275),(1,2276),(1,2277),(1,2278),(1,2279),(1,2280),(1,2290),(1,2298),(1,2300),(1,2301),(1,2302),(1,2303),(1,2304),(1,2305),(1,2306),(1,2307),(1,2308),(1,2309),(1,2310),(1,2311),(1,2312),(1,2313),(1,2314),(1,2315),(1,2316),(1,2317),(1,2318),(1,2319),(1,2320),(1,2321),(1,2322),(1,2323),(1,2324),(1,2325),(1,2326),(1,2327),(1,2328),(1,2329),(1,2330),(1,2331),(1,2332),(1,2333),(1,2334),(1,2335),(1,2336),(1,2337),(1,2338),(1,2339),(1,2340),(1,2341),(1,2342),(1,2352),(1,2360),(1,2362),(1,2363),(1,2364),(1,2365),(1,2366),(1,2367),(1,2368),(1,2369),(1,2370),(1,2371),(1,2372),(1,2373),(1,2374),(1,2375),(1,2376),(1,2377),(1,2378),(1,2379),(1,2380),(1,2381),(1,2382),(1,2383),(1,2384),(1,2385),(1,2386),(1,2387),(1,2388),(1,2389),(1,2390),(1,2391),(1,2392),(1,2393),(1,2394),(1,2395),(1,2396),(1,2397),(1,2398),(1,2399),(1,2400),(1,2401),(1,2402),(1,2403),(1,2404),(1,2414),(1,2422),(1,2424),(1,2425),(1,2426),(1,2427),(1,2428),(1,2429),(1,2430),(1,2431),(1,2432),(1,2433),(1,2434),(1,2435),(1,2436),(1,2437),(1,2438),(1,2439),(1,2440),(1,2441),(1,2442),(1,2443),(1,2444),(1,2445),(1,2446),(1,2447),(1,2448),(1,2449),(1,2450),(1,2451),(1,2452),(1,2453),(1,2454),(1,2455),(1,2456),(1,2457),(1,2458),(1,2459),(1,2460),(1,2461),(1,2462),(1,2463),(1,2464),(1,2465),(1,2466),(1,2476),(1,2484),(1,2486),(1,2487),(1,2488),(1,2489),(1,2490),(1,2491),(1,2492),(1,2493),(1,2494),(1,2495),(1,2496),(1,2497),(1,2498),(1,2499),(1,2500),(1,2501),(1,2502),(1,2503),(1,2504),(1,2505),(1,2506),(1,2507),(1,2508),(1,2509),(1,2510),(1,2511),(1,2512),(1,2513),(1,2514),(1,2515),(1,2516),(1,2517),(1,2518),(1,2519),(1,2520),(1,2521),(1,2522),(1,2523),(1,2524),(1,2525),(1,2526),(1,2527),(1,2528),(1,2538),(1,2546),(1,2548),(1,2549),(1,2550),(1,2551),(1,2552),(1,2553),(1,2554),(1,2555),(1,2556),(1,2557),(1,2558),(1,2559),(1,2560),(1,2561),(1,2562),(1,2563),(1,2564),(1,2565),(1,2566),(1,2567),(1,2568),(1,2569),(1,2570),(1,2571),(1,2572),(1,2573),(1,2574),(1,2575),(1,2576),(1,2577),(1,2578),(1,2579),(1,2580),(1,2581),(1,2582),(1,2583),(1,2584),(1,2585),(1,2586),(1,2587),(1,2588),(1,2589),(1,2590),(1,2600),(1,2608),(1,2610),(1,2611),(1,2612),(1,2613),(1,2614),(1,2615),(1,2616),(1,2617),(1,2618),(1,2619),(1,2620),(1,2621),(1,2622),(1,2623),(1,2624),(1,2625),(1,2626),(1,2627),(1,2628),(1,2629),(1,2630),(1,2631),(1,2632),(1,2633),(1,2634),(1,2635),(1,2636),(1,2637),(1,2638),(1,2639),(1,2640),(1,2641),(1,2642),(1,2643),(1,2644),(1,2645),(1,2646),(1,2647),(1,2648),(1,2649),(1,2650),(1,2651),(1,2652),(1,2662),(1,2670),(1,2672),(1,2673),(1,2674),(1,2675),(1,2676),(1,2677),(1,2678),(1,2679),(1,2680),(1,2681),(1,2682),(1,2683),(1,2684),(1,2685),(1,2686),(1,2687),(1,2688),(1,2689),(1,2690),(1,2691),(1,2692),(1,2693),(1,2694),(1,2695),(1,2696),(1,2697),(1,2698),(1,2699),(1,2700),(1,2701),(1,2702),(1,2703),(1,2704),(1,2705),(1,2706),(1,2707),(1,2708),(1,2709),(1,2710),(1,2711),(1,2712),(1,2713),(1,2714),(1,2724),(1,2732),(1,2734),(1,2735),(1,2736),(1,2737),(1,2738),(1,2739),(1,2740),(1,2741),(1,2742),(1,2743),(1,2744),(1,2745),(1,2746),(1,2747),(1,2748),(1,2749),(1,2750),(1,2751),(1,2752),(1,2753),(1,2754),(1,2755),(1,2756),(1,2757),(1,2758),(1,2759),(1,2760),(1,2761),(1,2762),(1,2763),(1,2764),(1,2765),(1,2766),(1,2767),(1,2768),(1,2769),(1,2770),(1,2771),(1,2772),(1,2773),(1,2774),(1,2775),(1,2776),(1,2786),(1,2794),(1,2796),(1,2797),(1,2798),(1,2799),(1,2800),(1,2801),(1,2802),(1,2803),(1,2804),(1,2805),(1,2806),(1,2807),(1,2808),(1,2809),(1,2810),(1,2811),(1,2812),(1,2813),(1,2814),(1,2815),(1,2816),(1,2817),(1,2818),(1,2819),(1,2820),(1,2821),(1,2822),(1,2823),(1,2824),(1,2825),(1,2826),(1,2827),(1,2828),(1,2829),(1,2830),(1,2831),(1,2832),(1,2833),(1,2834),(1,2835),(1,2836),(1,2837),(1,2838),(1,2848),(1,2856),(1,2858),(1,2859),(1,2860),(1,2861),(1,2862),(1,2863),(1,2864),(1,2865),(1,2866),(1,2867),(1,2868),(1,2869),(1,2870),(1,2871),(1,2872),(1,2873),(1,2874),(1,2875),(1,2876),(1,2877),(1,2878),(1,2879),(1,2880),(1,2881),(1,2882),(1,2883),(1,2884),(1,2885),(1,2886),(1,2887),(1,2888),(1,2889),(1,2890),(1,2891),(1,2892),(1,2893),(1,2894),(1,2895),(1,2896),(1,2897),(1,2898),(1,2899),(1,2900),(1,2910),(1,2918),(1,2920),(1,2921),(1,2922),(1,2923),(1,2924),(1,2925),(1,2926),(1,2927),(1,2928),(1,2929),(1,2930),(1,2931),(1,2932),(1,2933),(1,2934),(1,2935),(1,2936),(1,2937),(1,2938),(1,2939),(1,2940),(1,2941),(1,2942),(1,2943),(1,2944),(1,2945),(1,2946),(1,2947),(1,2948),(1,2949),(1,2950),(1,2951),(1,2952),(1,2953),(1,2954),(1,2955),(1,2956),(1,2957),(1,2958),(1,2959),(1,2960),(1,2961),(1,2962),(1,2972),(1,2980),(1,2982),(1,2983),(1,2984),(1,2985),(1,2986),(1,2987),(1,2988),(1,2989),(1,2990),(1,2991),(1,2992),(1,2993),(1,2994),(1,2995),(1,2996),(1,2997),(1,2998),(1,2999),(1,3000),(1,3001),(1,3002),(1,3003),(1,3004),(1,3005),(1,3006),(1,3007),(1,3008),(1,3009),(1,3010),(1,3011),(1,3012),(1,3013),(1,3014),(1,3015),(1,3016),(1,3017),(1,3018),(1,3019),(1,3020),(1,3021),(1,3022),(1,3023),(1,3024),(1,3034),(1,3042),(1,3044),(1,3045),(1,3046),(1,3047),(1,3048),(1,3049),(1,3050),(1,3051),(1,3052),(1,3053),(1,3054),(1,3055),(1,3056),(1,3057),(1,3058),(1,3059),(1,3060),(1,3061),(1,3062),(1,3063),(1,3064),(1,3065),(1,3066),(1,3067),(1,3068),(1,3069),(1,3070),(1,3071),(1,3072),(1,3073),(1,3074),(1,3075),(1,3076),(1,3077),(1,3078),(1,3079),(1,3080),(1,3081),(1,3082),(1,3083),(1,3084),(1,3085),(1,3086),(1,3096),(1,3104),(1,3106),(1,3107),(1,3108),(1,3109),(1,3110),(1,3111),(1,3112),(1,3113),(1,3114),(1,3115),(1,3116),(1,3117),(1,3118),(1,3119),(1,3120),(1,3121),(1,3122),(1,3123),(1,3124),(1,3125),(1,3126),(1,3127),(1,3128),(1,3129),(1,3130),(1,3131),(1,3132),(1,3133),(1,3134),(1,3135),(1,3136),(1,3137),(1,3138),(1,3139),(1,3140),(1,3141),(1,3142),(1,3143),(1,3144),(1,3145),(1,3146),(1,3147),(1,3148),(1,3158),(1,3166),(1,3168),(1,3169),(1,3170),(1,3171),(1,3172),(1,3173),(1,3174),(1,3175),(1,3176),(1,3177),(1,3178),(1,3179),(1,3180),(1,3181),(1,3182),(1,3183),(1,3184),(1,3185),(1,3186),(1,3187),(1,3188),(1,3189),(1,3190),(1,3191),(1,3192),(1,3193),(1,3194),(1,3195),(1,3196),(1,3197),(1,3198),(1,3199),(1,3200),(1,3201),(1,3202),(1,3203),(1,3204),(1,3205),(1,3206),(1,3207),(1,3208),(1,3218),(1,3226),(1,3228),(1,3229),(1,3230),(1,3231),(1,3232),(1,3233),(1,3234),(1,3235),(1,3236),(1,3237),(1,3238),(1,3239),(1,3240),(1,3241),(1,3242),(1,3243),(1,3244),(1,3245),(1,3246),(1,3247),(1,3248),(1,3249),(1,3250),(1,3251),(1,3252),(1,3253),(1,3254),(1,3255),(1,3256),(1,3257),(1,3258),(1,3259),(1,3260),(1,3261),(1,3262),(1,3263),(1,3264),(1,3265),(1,3266),(1,3267),(1,3268),(1,3278),(1,3286),(1,3288),(1,3289),(1,3290),(1,3291),(1,3292),(1,3293),(1,3294),(1,3295),(1,3296),(1,3297),(1,3298),(1,3299),(1,3300),(1,3301),(1,3302),(1,3303),(1,3304),(1,3305),(1,3306),(1,3307),(1,3308),(1,3309),(1,3310),(1,3311),(1,3312),(1,3313),(1,3314),(1,3315),(1,3316),(1,3317),(1,3318),(1,3319),(1,3320),(1,3321),(1,3322),(1,3323),(1,3324),(1,3325),(1,3326),(1,3327),(1,3328),(1,3338),(1,3346),(1,3348),(1,3349),(1,3350),(1,3351),(1,3352),(1,3353),(1,3354),(1,3355),(1,3356),(1,3357),(1,3358),(1,3359),(1,3360),(1,3361),(1,3362),(1,3363),(1,3364),(1,3365),(1,3366),(1,3367),(1,3368),(1,3369),(1,3370),(1,3371),(1,3372),(1,3373),(1,3374),(1,3375),(1,3376),(1,3377),(1,3378),(1,3379),(1,3380),(1,3381),(1,3382),(1,3383),(1,3384),(1,3385),(1,3386),(1,3387),(1,3388),(1,3398),(1,3406),(1,3408),(1,3409),(1,3410),(1,3411),(1,3412),(1,3413),(1,3414),(1,3415),(1,3416),(1,3417),(1,3418),(1,3419),(1,3420),(1,3421),(1,3422),(1,3423),(1,3424),(1,3425),(1,3426),(1,3427),(1,3428),(1,3429),(1,3430),(1,3431),(1,3432),(1,3433),(1,3434),(1,3435),(1,3436),(1,3437),(1,3438),(1,3439),(1,3440),(1,3441),(1,3442),(1,3443),(1,3444),(1,3445),(1,3446),(1,3447),(1,3448),(1,3458),(1,3466),(1,3468),(1,3469),(1,3470),(1,3471),(1,3472),(1,3473),(1,3474),(1,3475),(1,3476),(1,3477),(1,3478),(1,3479),(1,3480),(1,3481),(1,3482),(1,3483),(1,3484),(1,3485),(1,3486),(1,3487),(1,3488),(1,3489),(1,3490),(1,3491),(1,3492),(1,3493),(1,3494),(1,3495),(1,3496),(1,3497),(1,3498),(1,3499),(1,3500),(1,3501),(1,3502),(1,3503),(1,3504),(1,3505),(1,3506),(1,3507),(1,3508),(1,3518),(1,3526),(1,3528),(1,3529),(1,3530),(1,3531),(1,3532),(1,3533),(1,3534),(1,3535),(1,3536),(1,3537),(1,3538),(1,3539),(1,3540),(1,3541),(1,3542),(1,3543),(1,3544),(1,3545),(1,3546),(1,3547),(1,3548),(1,3549),(1,3550),(1,3551),(1,3552),(1,3553),(1,3554),(1,3555),(1,3556),(1,3557),(1,3558),(1,3559),(1,3560),(1,3561),(1,3562),(1,3563),(1,3564),(1,3565),(1,3566),(1,3567),(1,3568),(1,3578),(1,3586),(1,3588),(1,3589),(1,3590),(1,3591),(1,3592),(1,3593),(1,3594),(1,3595),(1,3596),(1,3597),(1,3598),(1,3599),(1,3600),(1,3601),(1,3602),(1,3603),(1,3604),(1,3605),(1,3606),(1,3607),(1,3608),(1,3609),(1,3610),(1,3611),(1,3612),(1,3613),(1,3614),(1,3615),(1,3616),(1,3617),(1,3618),(1,3619),(1,3620),(1,3621),(1,3622),(1,3623),(1,3624),(1,3625),(1,3626),(1,3627),(1,3637),(1,3645),(1,3647),(1,3648),(1,3649),(1,3650),(1,3651),(1,3652),(1,3653),(1,3654),(1,3655),(1,3656),(1,3657),(1,3658),(1,3659),(1,3660),(1,3661),(1,3662),(1,3663),(1,3664),(1,3665),(1,3666),(1,3667),(1,3668),(1,3669),(1,3670),(1,3671),(1,3672),(1,3673),(1,3674),(1,3675),(1,3676),(1,3677),(1,3678),(1,3679),(1,3680),(1,3681),(1,3682),(1,3683),(1,3684),(1,3685),(1,3686),(1,3696),(1,3704),(1,3706),(1,3707),(1,3708),(1,3709),(1,3710),(1,3711),(1,3712),(1,3713),(1,3714),(1,3715),(1,3716),(1,3717),(1,3718),(1,3719),(1,3720),(1,3721),(1,3722),(1,3723),(1,3724),(1,3725),(1,3726),(1,3727),(1,3728),(1,3729),(1,3730),(1,3731),(1,3732),(1,3733),(1,3734),(1,3735),(1,3736),(1,3737),(1,3738),(1,3739),(1,3740),(1,3741),(1,3742),(1,3743),(1,3744),(1,3745),(1,3755),(1,3763),(1,3765),(1,3766),(1,3767),(1,3768),(1,3769),(1,3770),(1,3771),(1,3772),(1,3773),(1,3774),(1,3775),(1,3776),(1,3777),(1,3778),(1,3779),(1,3780),(1,3781),(1,3782),(1,3783),(1,3784),(1,3785),(1,3786),(1,3787),(1,3788),(1,3789),(1,3790),(1,3791),(1,3792),(1,3793),(1,3794),(1,3795),(1,3796),(1,3797),(1,3798),(1,3799),(1,3800),(1,3801),(1,3802),(1,3803),(1,3804),(1,3814),(1,3822),(1,3824),(1,3825),(1,3826),(1,3827),(1,3828),(1,3829),(1,3830),(1,3831),(1,3832),(1,3833),(1,3834),(1,3835),(1,3836),(1,3837),(1,3838),(1,3839),(1,3840),(1,3841),(1,3842),(1,3843),(1,3844),(1,3845),(1,3846),(1,3847),(1,3848),(1,3849),(1,3850),(1,3851),(1,3852),(1,3853),(1,3854),(1,3855),(1,3856),(1,3857),(1,3858),(1,3859),(1,3860),(1,3861),(1,3862),(1,3863),(1,3873),(1,3881),(1,3883),(1,3884),(1,3885),(1,3886),(1,3887),(1,3888),(1,3889),(1,3890),(1,3891),(1,3892),(1,3893),(1,3894),(1,3895),(1,3896),(1,3897),(1,3898),(1,3899),(1,3900),(1,3901),(1,3902),(1,3903),(1,3904),(1,3905),(1,3906),(1,3907),(1,3908),(1,3909),(1,3910),(1,3911),(1,3912),(1,3913),(1,3914),(1,3915),(1,3916),(1,3917),(1,3918),(1,3919),(1,3920),(1,3921),(1,3922),(1,3932),(1,3940),(1,3942),(1,3943),(1,3944),(1,3945),(1,3946),(1,3947),(1,3948),(1,3949),(1,3950),(1,3951),(1,3952),(1,3953),(1,3954),(1,3955),(1,3956),(1,3957),(1,3958),(1,3959),(1,3960),(1,3961),(1,3962),(1,3963),(1,3964),(1,3965),(1,3966),(1,3967),(1,3968),(1,3969),(1,3970),(1,3971),(1,3972),(1,3973),(1,3974),(1,3975),(1,3976),(1,3977),(1,3978),(1,3979),(1,3980),(1,3981),(1,3991),(1,3999),(1,4001),(1,4002),(1,4003),(1,4004),(1,4005),(1,4006),(1,4007),(1,4008),(1,4009),(1,4010),(1,4011),(1,4012),(1,4013),(1,4014),(1,4015),(1,4016),(1,4017),(1,4018),(1,4019),(1,4020),(1,4021),(1,4022),(1,4023),(1,4024),(1,4025),(1,4026),(1,4027),(1,4028),(1,4029),(1,4030),(1,4031),(1,4032),(1,4033),(1,4034),(1,4035),(1,4036),(1,4037),(1,4038),(1,4039),(1,4040),(1,4050),(1,4058),(1,4060),(1,4061),(1,4062),(1,4063),(1,4064),(1,4065),(1,4066),(1,4067),(1,4068),(1,4069),(1,4070),(1,4071),(1,4072),(1,4073),(1,4074),(1,4075),(1,4076),(1,4077),(1,4078),(1,4079),(1,4080),(1,4081),(1,4082),(1,4083),(1,4084),(1,4085),(1,4086),(1,4087),(1,4088),(1,4089),(1,4090),(1,4091),(1,4092),(1,4093),(1,4094),(1,4095),(1,4096),(1,4097),(1,4098),(1,4099),(1,4109),(1,4117),(1,4119),(1,4120),(1,4121),(1,4122),(1,4123),(1,4124),(1,4125),(1,4126),(1,4127),(1,4128),(1,4129),(1,4130),(1,4131),(1,4132),(1,4133),(1,4134),(1,4135),(1,4136),(1,4137),(1,4138),(1,4139),(1,4140),(1,4141),(1,4142),(1,4143),(1,4144),(1,4145),(1,4146),(1,4147),(1,4148),(1,4149),(1,4150),(1,4151),(1,4152),(1,4153),(1,4154),(1,4155),(1,4156),(1,4157),(1,4158),(1,4168),(1,4176),(1,4178),(1,4179),(1,4180),(1,4181),(1,4182),(1,4183),(1,4184),(1,4185),(1,4186),(1,4187),(1,4188),(1,4189),(1,4190),(1,4191),(1,4192),(1,4193),(1,4194),(1,4195),(1,4196),(1,4197),(1,4198),(1,4199),(1,4200),(1,4201),(1,4202),(1,4203),(1,4204),(1,4205),(1,4206),(1,4207),(1,4208),(1,4209),(1,4210),(1,4211),(1,4212),(1,4213),(1,4214),(1,4215),(1,4216),(1,4217),(1,4227),(1,4235),(1,4237),(1,4238),(1,4239),(1,4240),(1,4241),(1,4242),(1,4243),(1,4244),(1,4245),(1,4246),(1,4247),(1,4248),(1,4249),(1,4250),(1,4251),(1,4252),(1,4253),(1,4254),(1,4255),(1,4256),(1,4257),(1,4258),(1,4259),(1,4260),(1,4261),(1,4262),(1,4263),(1,4264),(1,4265),(1,4266),(1,4267),(1,4268),(1,4269),(1,4270),(1,4271),(1,4272),(1,4273),(1,4274),(1,4275),(1,4276),(1,4286),(1,4294),(1,4296),(1,4297),(1,4298),(1,4299),(1,4300),(1,4301),(1,4302),(1,4303),(1,4304),(1,4305),(1,4306),(1,4307),(1,4308),(1,4309),(1,4310),(1,4311),(1,4312),(1,4313),(1,4314),(1,4315),(1,4316),(1,4317),(1,4318),(1,4319),(1,4320),(1,4321),(1,4322),(1,4323),(1,4324),(1,4325),(1,4326),(1,4327),(1,4328),(1,4329),(1,4330),(1,4331),(1,4332),(1,4333),(1,4334),(1,4335),(1,4345),(1,4353),(1,4355),(1,4356),(1,4357),(1,4358),(1,4359),(1,4360),(1,4361),(1,4362),(1,4363),(1,4364),(1,4365),(1,4366),(1,4367),(1,4368),(1,4369),(1,4370),(1,4371),(1,4372),(1,4373),(1,4374),(1,4375),(1,4376),(1,4377),(1,4378),(1,4379),(1,4380),(1,4381),(1,4382),(1,4383),(1,4384),(1,4385),(1,4386),(1,4387),(1,4388),(1,4389),(1,4390),(1,4391),(1,4392),(1,4402),(1,4410),(1,4412),(1,4413),(1,4414),(1,4415),(1,4416),(1,4417),(1,4418),(1,4419),(1,4420),(1,4421),(1,4422),(1,4423),(1,4424),(1,4425),(1,4426),(1,4427),(1,4428),(1,4429),(1,4430),(1,4431),(1,4432),(1,4433),(1,4434),(1,4435),(1,4436),(1,4437),(1,4438),(1,4439),(1,4440),(1,4441),(1,4442),(1,4443),(1,4444),(1,4445),(1,4446),(1,4447),(1,4448),(1,4449),(1,4459),(1,4467),(1,4469),(1,4470),(1,4471),(1,4472),(1,4473),(1,4474),(1,4475),(1,4476),(1,4477),(1,4478),(1,4479),(1,4480),(1,4481),(1,4482),(1,4483),(1,4484),(1,4485),(1,4486),(1,4487),(1,4488),(1,4489),(1,4490),(1,4491),(1,4492),(1,4493),(1,4494),(1,4495),(1,4496),(1,4497),(1,4498),(1,4499),(1,4500),(1,4501),(1,4502),(1,4503),(1,4504),(1,4505),(1,4506),(1,4516),(1,4524),(1,4526),(1,4527),(1,4528),(1,4529),(1,4530),(1,4531),(1,4532),(1,4533),(1,4534),(1,4535),(1,4536),(1,4537),(1,4538),(1,4539),(1,4540),(1,4541),(1,4542),(1,4543),(1,4544),(1,4545),(1,4546),(1,4547),(1,4548),(1,4549),(1,4550),(1,4551),(1,4552),(1,4553),(1,4554),(1,4555),(1,4556),(1,4557),(1,4558),(1,4559),(1,4560),(1,4561),(1,4562),(1,4563),(1,4573),(1,4581),(1,4583),(1,4584),(1,4585),(1,4586),(1,4587),(1,4588),(1,4589),(1,4590),(1,4591),(1,4592),(1,4593),(1,4594),(1,4595),(1,4596),(1,4597),(1,4598),(1,4599),(1,4600),(1,4601),(1,4602),(1,4603),(1,4604),(1,4605),(1,4606),(1,4607),(1,4608),(1,4609),(1,4610),(1,4611),(1,4612),(1,4613),(1,4614),(1,4615),(1,4616),(1,4617),(1,4618),(1,4619),(1,4620),(1,4630),(1,4638),(1,4640),(1,4641),(1,4642),(1,4643),(1,4644),(1,4645),(1,4646),(1,4647),(1,4648),(1,4649),(1,4650),(1,4651),(1,4652),(1,4653),(1,4654),(1,4655),(1,4656),(1,4657),(1,4658),(1,4659),(1,4660),(1,4661),(1,4662),(1,4663),(1,4664),(1,4665),(1,4666),(1,4667),(1,4668),(1,4669),(1,4670),(1,4671),(1,4672),(1,4673),(1,4674),(1,4675),(1,4676),(1,4677),(1,4687),(1,4695),(1,4697),(1,4698),(1,4699),(1,4700),(1,4701),(1,4702),(1,4703),(1,4704),(1,4705),(1,4706),(1,4707),(1,4708),(1,4709),(1,4710),(1,4711),(1,4712),(1,4713),(1,4714),(1,4715),(1,4716),(1,4717),(1,4718),(1,4719),(1,4720),(1,4721),(1,4722),(1,4723),(1,4724),(1,4725),(1,4726),(1,4727),(1,4728),(1,4729),(1,4730),(1,4731),(1,4732),(1,4733),(1,4734),(1,4744),(1,4752),(1,4754),(1,4755),(1,4756),(1,4757),(1,4758),(1,4759),(1,4760),(1,4761),(1,4762),(1,4763),(1,4764),(1,4765),(1,4766),(1,4767),(1,4768),(1,4769),(1,4770),(1,4771),(1,4772),(1,4773),(1,4774),(1,4775),(1,4776),(1,4777),(1,4778),(1,4779),(1,4780),(1,4781),(1,4782),(1,4783),(1,4784),(1,4785),(1,4786),(1,4787),(1,4788),(1,4789),(1,4790),(1,4791),(1,4801),(1,4809),(1,4811),(1,4812),(1,4813),(1,4814),(1,4815),(1,4816),(1,4817),(1,4818),(1,4819),(1,4820),(1,4821),(1,4822),(1,4823),(1,4824),(1,4825),(1,4826),(1,4827),(1,4828),(1,4829),(1,4830),(1,4831),(1,4832),(1,4833),(1,4834),(1,4835),(1,4836),(1,4837),(1,4838),(1,4839),(1,4840),(1,4841),(1,4842),(1,4843),(1,4844),(1,4845),(1,4846),(1,4847),(1,4848),(1,4858),(1,4866),(1,4868),(1,4869),(1,4870),(1,4871),(1,4872),(1,4873),(1,4874),(1,4875),(1,4876),(1,4877),(1,4878),(1,4879),(1,4880),(1,4881),(1,4882),(1,4883),(1,4884),(1,4885),(1,4886),(1,4887),(1,4888),(1,4889),(1,4890),(1,4891),(1,4892),(1,4893),(1,4894),(1,4895),(1,4896),(1,4897),(1,4898),(1,4899),(1,4900),(1,4901),(1,4902),(1,4903),(1,4904),(1,4905),(1,4915),(1,4923),(1,4925),(1,4926),(1,4927),(1,4928),(1,4929),(1,4930),(1,4931),(1,4932),(1,4933),(1,4934),(1,4935),(1,4936),(1,4937),(1,4938),(1,4939),(1,4940),(1,4941),(1,4942),(1,4943),(1,4944),(1,4945),(1,4946),(1,4947),(1,4948),(1,4949),(1,4950),(1,4951),(1,4952),(1,4953),(1,4954),(1,4955),(1,4956),(1,4957),(1,4958),(1,4959),(1,4960),(1,4961),(1,4962),(1,4972),(1,4980),(1,4982),(1,4983),(1,4984),(1,4985),(1,4986),(1,4987),(1,4988),(1,4989),(1,4990),(1,4991),(1,4992),(1,4993),(1,4994),(1,4995),(1,4996),(1,4997),(1,4998),(1,4999),(1,5000),(1,5001),(1,5002),(1,5003),(1,5004),(1,5005),(1,5006),(1,5007),(1,5008),(1,5009),(1,5010),(1,5011),(1,5012),(1,5013),(1,5014),(1,5015),(1,5016),(1,5017),(1,5018),(1,5019),(1,5029),(1,5037),(1,5039),(1,5040),(1,5041),(1,5042),(1,5043),(1,5044),(1,5045),(1,5046),(1,5047),(1,5048),(1,5049),(1,5050),(1,5051),(1,5052),(1,5053),(1,5054),(1,5055),(1,5056),(1,5057),(1,5058),(1,5059),(1,5060),(1,5061),(1,5062),(1,5063),(1,5064),(1,5065),(1,5066),(1,5067),(1,5068),(1,5069),(1,5070),(1,5071),(1,5072),(1,5073),(1,5074),(1,5075),(1,5076),(1,5086),(1,5094),(1,5096),(1,5097),(1,5098),(1,5099),(1,5100),(1,5101),(1,5102),(1,5103),(1,5104),(1,5105),(1,5106),(1,5107),(1,5108),(1,5109),(1,5110),(1,5111),(1,5112),(1,5113),(1,5114),(1,5115),(1,5116),(1,5117),(1,5118),(1,5119),(1,5120),(1,5121),(1,5122),(1,5123),(1,5124),(1,5125),(1,5126),(1,5127),(1,5128),(1,5129),(1,5130),(1,5131),(1,5132),(1,5133),(1,5143),(1,5151),(1,5153),(1,5154),(1,5155),(1,5156),(1,5157),(1,5158),(1,5159),(1,5160),(1,5161),(1,5162),(1,5163),(1,5164),(1,5165),(1,5166),(1,5167),(1,5168),(1,5169),(1,5170),(1,5171),(1,5172),(1,5173),(1,5174),(1,5175),(1,5176),(1,5177),(1,5178),(1,5179),(1,5180),(1,5181),(1,5182),(1,5183),(1,5184),(1,5185),(1,5186),(1,5187),(1,5188),(1,5189),(1,5190),(1,5200),(1,5208),(1,5210),(1,5211),(1,5212),(1,5213),(1,5214),(1,5215),(1,5216),(1,5217),(1,5218),(1,5219),(1,5220),(1,5221),(1,5222),(1,5223),(1,5224),(1,5225),(1,5226),(1,5227),(1,5228),(1,5229),(1,5230),(1,5231),(1,5232),(1,5233),(1,5234),(1,5235),(1,5236),(1,5237),(1,5238),(1,5239),(1,5240),(1,5241),(1,5242),(1,5243),(1,5244),(1,5245),(1,5246),(1,5247),(1,5257),(1,5265),(1,5267),(1,5268),(1,5269),(1,5270),(1,5271),(1,5272),(1,5273),(1,5274),(1,5275),(1,5276),(1,5277),(1,5278),(1,5279),(1,5280),(1,5281),(1,5282),(1,5283),(1,5284),(1,5285),(1,5286),(1,5287),(1,5288),(1,5289),(1,5290),(1,5291),(1,5292),(1,5293),(1,5294),(1,5295),(1,5296),(1,5297),(1,5298),(1,5299),(1,5300),(1,5301),(1,5302),(1,5303),(1,5304),(1,5314),(1,5322),(1,5324),(1,5325),(1,5326),(1,5327),(1,5328),(1,5329),(1,5330),(1,5331),(1,5332),(1,5333),(1,5334),(1,5335),(1,5336),(1,5337),(1,5338),(1,5339),(1,5340),(1,5341),(1,5342),(1,5343),(1,5344),(1,5345),(1,5346),(1,5347),(1,5348),(1,5349),(1,5350),(1,5351),(1,5352),(1,5353),(1,5354),(1,5355),(1,5356),(1,5357),(1,5358),(1,5359),(1,5360),(1,5361),(1,5371),(1,5379),(1,5381),(1,5382),(1,5383),(1,5384),(1,5385),(1,5386),(1,5387),(1,5388),(1,5389),(1,5390),(1,5391),(1,5392),(1,5393),(1,5394),(1,5395),(1,5396),(1,5397),(1,5398),(1,5399),(1,5400),(1,5401),(1,5402),(1,5403),(1,5404),(1,5405),(1,5406),(1,5407),(1,5408),(1,5409),(1,5410),(1,5411),(1,5412),(1,5413),(1,5414),(1,5415),(1,5416),(1,5417),(1,5418),(1,5428),(1,5436),(1,5438),(1,5439),(1,5440),(1,5441),(1,5442),(1,5443),(1,5444),(1,5445),(1,5446),(1,5447),(1,5448),(1,5449),(1,5450),(1,5451),(1,5452),(1,5453),(1,5454),(1,5455),(1,5456),(1,5457),(1,5458),(1,5459),(1,5460),(1,5461),(1,5462),(1,5463),(1,5464),(1,5465),(1,5466),(1,5467),(1,5468),(1,5469),(1,5470),(1,5471),(1,5472),(1,5473),(1,5474),(1,5475),(1,5485),(1,5493),(1,5495),(1,5496),(1,5497),(1,5498),(1,5499),(1,5500),(1,5501),(1,5502),(1,5503),(1,5504),(1,5505),(1,5506),(1,5507),(1,5508),(1,5509),(1,5510),(1,5511),(1,5512),(1,5513),(1,5514),(1,5515),(1,5516),(1,5517),(1,5518),(1,5519),(1,5520),(1,5521),(1,5522),(1,5523),(1,5524),(1,5525),(1,5526),(1,5527),(1,5528),(1,5529),(1,5530),(1,5531),(1,5532),(1,5542),(1,5550),(1,5552),(1,5553),(1,5554),(1,5555),(1,5556),(1,5557),(1,5558),(1,5559),(1,5560),(1,5561),(1,5562),(1,5563),(1,5564),(1,5565),(1,5566),(1,5567),(1,5568),(1,5569),(1,5570),(1,5571),(1,5572),(1,5573),(1,5574),(1,5575),(1,5576),(1,5577),(1,5578),(1,5579),(1,5580),(1,5581),(1,5582),(1,5583),(1,5584),(1,5585),(1,5586),(1,5587),(1,5588),(1,5589),(1,5599),(1,5607),(1,5609),(1,5610),(1,5611),(1,5612),(1,5613),(1,5614),(1,5615),(1,5616),(1,5617),(1,5618),(1,5619),(1,5620),(1,5621),(1,5622),(1,5623),(1,5624),(1,5625),(1,5626),(1,5627),(1,5628),(1,5629),(1,5630),(1,5631),(1,5632),(1,5633),(1,5634),(1,5635),(1,5636),(1,5637),(1,5638),(1,5639),(1,5640),(1,5641),(1,5642),(1,5643),(1,5644),(1,5645),(1,5646),(1,5656),(1,5664),(1,5666),(1,5667),(1,5668),(1,5669),(1,5670),(1,5671),(1,5672),(1,5673),(1,5674),(1,5675),(1,5676),(1,5677),(1,5678),(1,5679),(1,5680),(1,5681),(1,5682),(1,5683),(1,5684),(1,5685),(1,5686),(1,5687),(1,5688),(1,5689),(1,5690),(1,5691),(1,5692),(1,5693),(1,5694),(1,5695),(1,5696),(1,5697),(1,5698),(1,5699),(1,5700),(1,5701),(1,5702),(1,5703),(1,5713),(1,5721),(1,5723),(1,5724),(1,5725),(1,5726),(1,5727),(1,5728),(1,5729),(1,5730),(1,5731),(1,5732),(1,5733),(1,5734),(1,5735),(1,5736),(1,5737),(1,5738),(1,5739),(1,5740),(1,5741),(1,5742),(1,5743),(1,5744),(1,5745),(1,5746),(1,5747),(1,5748),(1,5749),(1,5750),(1,5751),(1,5752),(1,5753),(1,5754),(1,5755),(1,5756),(1,5757),(1,5758),(1,5759),(1,5760),(1,5770),(1,5778),(1,5780),(1,5781),(1,5782),(1,5783),(1,5784),(1,5785),(1,5786),(1,5787),(1,5788),(1,5789),(1,5790),(1,5791),(1,5792),(1,5793),(1,5794),(1,5795),(1,5796),(1,5797),(1,5798),(1,5799),(1,5800),(1,5801),(1,5802),(1,5803),(1,5804),(1,5805),(1,5806),(1,5807),(1,5808),(1,5809),(1,5810),(1,5811),(1,5812),(1,5813),(1,5814),(1,5815),(1,5816),(1,5817),(1,5827),(1,5835),(1,5837),(1,5838),(1,5839),(1,5840),(1,5841),(1,5842),(1,5843),(1,5844),(1,5845),(1,5846),(1,5847),(1,5848),(1,5849),(1,5850),(1,5851),(1,5852),(1,5853),(1,5854),(1,5855),(1,5856),(1,5857),(1,5858),(1,5859),(1,5860),(1,5861),(1,5862),(1,5863),(1,5864),(1,5865),(1,5866),(1,5867),(1,5868),(1,5869),(1,5870),(1,5871),(1,5872),(1,5873),(1,5874),(1,5884),(1,5892),(1,5894),(1,5895),(1,5896),(1,5897),(1,5898),(1,5899),(1,5900),(1,5901),(1,5902),(1,5903),(1,5904),(1,5905),(1,5906),(1,5907),(1,5908),(1,5909),(1,5910),(1,5911),(1,5912),(1,5913),(1,5914),(1,5915),(1,5916),(1,5917),(1,5918),(1,5919),(1,5920),(1,5921),(1,5922),(1,5923),(1,5924),(1,5925),(1,5926),(1,5927),(1,5928),(1,5929),(1,5930),(1,5931),(1,5941),(1,5949),(1,5951),(1,5952),(1,5953),(1,5954),(1,5955),(1,5956),(1,5957),(1,5958),(1,5959),(1,5960),(1,5961),(1,5962),(1,5963),(1,5964),(1,5965),(1,5966),(1,5967),(1,5968),(1,5969),(1,5970),(1,5971),(1,5972),(1,5973),(1,5974),(1,5975),(1,5976),(1,5977),(1,5978),(1,5979),(1,5980),(1,5981),(1,5982),(1,5983),(1,5984),(1,5985),(1,5986),(1,5987),(1,5988),(1,5998),(1,6006),(1,6008),(1,6009),(1,6010),(1,6011),(1,6012),(1,6013),(1,6014),(1,6015),(1,6016),(1,6017),(1,6018),(1,6019),(1,6020),(1,6021),(1,6022),(1,6023),(1,6024),(1,6025),(1,6026),(1,6027),(1,6028),(1,6029),(1,6030),(1,6031),(1,6032),(1,6033),(1,6034),(1,6035),(1,6036),(1,6037),(1,6038),(1,6039),(1,6040),(1,6041),(1,6042),(1,6043),(1,6044),(1,6045),(1,6055),(1,6063),(1,6065),(1,6066),(1,6067),(1,6068),(1,6069),(1,6070),(1,6071),(1,6072),(1,6073),(1,6074),(1,6075),(1,6076),(1,6077),(1,6078),(1,6079),(1,6080),(1,6081),(1,6082),(1,6083),(1,6084),(1,6085),(1,6086),(1,6087),(1,6088),(1,6089),(1,6090),(1,6091),(1,6092),(1,6093),(1,6094),(1,6095),(1,6096),(1,6097),(1,6098),(1,6099),(1,6100),(1,6101),(1,6102),(1,6105),(1,6110),(1,6112),(1,6113),(1,6114),(1,6115),(1,6116),(1,6117),(1,6118),(1,6119),(1,6120),(1,6121),(1,6122),(1,6123),(1,6124),(1,6125),(1,6126),(1,6127),(1,6128),(1,6129),(1,6130),(1,6131),(1,6132),(1,6133),(1,6134),(1,6135),(1,6136),(1,6137),(1,6138),(1,6139),(1,6140),(1,6141),(1,6142),(1,6143),(1,6144),(1,6145),(1,6146),(1,6147),(1,6148),(1,6149),(1,6152),(1,6157),(1,6159),(1,6160),(1,6161),(1,6162),(1,6163),(1,6164),(1,6165),(1,6166),(1,6167),(1,6168),(1,6169),(1,6170),(1,6171),(1,6172),(1,6173),(1,6174),(1,6175),(1,6176),(1,6177),(1,6178),(1,6179),(1,6180),(1,6181),(1,6182),(1,6183),(1,6184),(1,6185),(1,6186),(1,6187),(1,6188),(1,6189),(1,6190),(1,6191),(1,6192),(1,6193),(1,6194),(1,6195),(1,6196),(1,6199),(1,6204),(1,6206),(1,6207),(1,6208),(1,6209),(1,6210),(1,6211),(1,6212),(1,6213),(1,6214),(1,6215),(1,6216),(1,6217),(1,6218),(1,6219),(1,6220),(1,6221),(1,6222),(1,6223),(1,6224),(1,6225),(1,6226),(1,6227),(1,6228),(1,6229),(1,6230),(1,6231),(1,6232),(1,6233),(1,6234),(1,6235),(1,6236),(1,6237),(1,6238),(1,6239),(1,6240),(1,6241),(1,6242),(1,6243),(1,6246),(1,6251),(1,6253),(1,6254),(1,6255),(1,6256),(1,6257),(1,6258),(1,6259),(1,6260),(1,6261),(1,6262),(1,6263),(1,6264),(1,6265),(1,6266),(1,6267),(1,6268),(1,6269),(1,6270),(1,6271),(1,6272),(1,6273),(1,6274),(1,6275),(1,6276),(1,6277),(1,6278),(1,6279),(1,6280),(1,6281),(1,6282),(1,6283),(1,6284),(1,6285),(1,6286),(1,6287),(1,6288),(1,6289),(1,6290),(1,6293),(1,6298),(1,6300),(1,6301),(1,6302),(1,6303),(1,6304),(1,6305),(1,6306),(1,6307),(1,6308),(1,6309),(1,6310),(1,6311),(1,6312),(1,6313),(1,6314),(1,6315),(1,6316),(1,6317),(1,6318),(1,6319),(1,6320),(1,6321),(1,6322),(1,6323),(1,6324),(1,6325),(1,6326),(1,6327),(1,6328),(1,6329),(1,6330),(1,6331),(1,6332),(1,6333),(1,6334),(1,6335),(1,6336),(1,6337),(1,6340),(1,6345),(1,6347),(1,6348),(1,6349),(1,6350),(1,6351),(1,6352),(1,6353),(1,6354),(1,6355),(1,6356),(1,6357),(1,6358),(1,6359),(1,6360),(1,6361),(1,6362),(1,6363),(1,6364),(1,6365),(1,6366),(1,6367),(1,6368),(1,6369),(1,6370),(1,6371),(1,6372),(1,6373),(1,6374),(1,6375),(1,6376),(1,6377),(1,6378),(1,6379),(1,6380),(1,6381),(1,6382),(1,6383),(1,6384),(1,6387),(1,6392),(1,6394),(1,6395),(1,6396),(1,6397),(1,6398),(1,6399),(1,6400),(1,6401),(1,6402),(1,6403),(1,6404),(1,6405),(1,6406),(1,6407),(1,6408),(1,6409),(1,6410),(1,6411),(1,6412),(1,6413),(1,6414),(1,6415),(1,6416),(1,6417),(1,6418),(1,6419),(1,6420),(1,6421),(1,6422),(1,6423),(1,6424),(1,6425),(1,6426),(1,6427),(1,6428),(1,6429),(1,6430),(1,6431),(1,6434),(1,6439),(1,6441),(1,6442),(1,6443),(1,6444),(1,6445),(1,6446),(1,6447),(1,6448),(1,6449),(1,6450),(1,6451),(1,6452),(1,6453),(1,6454),(1,6455),(1,6456),(1,6457),(1,6458),(1,6459),(1,6460),(1,6461),(1,6462),(1,6463),(1,6464),(1,6465),(1,6466),(1,6467),(1,6468),(1,6469),(1,6470),(1,6471),(1,6472),(1,6473),(1,6474),(1,6475),(1,6476),(1,6477),(1,6478),(1,6481),(1,6486),(1,6488),(1,6489),(1,6490),(1,6491),(1,6492),(1,6493),(1,6494),(1,6495),(1,6496),(1,6497),(1,6498),(1,6499),(1,6500),(1,6501),(1,6502),(1,6503),(1,6504),(1,6505),(1,6506),(1,6507),(1,6508),(1,6509),(1,6510),(1,6511),(1,6512),(1,6513),(1,6514),(1,6515),(1,6516),(1,6517),(1,6518),(1,6519),(1,6520),(1,6521),(1,6522),(1,6523),(1,6524),(1,6525),(1,6528),(1,6533),(1,6535),(1,6536),(1,6537),(1,6538),(1,6539),(1,6540),(1,6541),(1,6542),(1,6543),(1,6544),(1,6545),(1,6546),(1,6547),(1,6548),(1,6549),(1,6550),(1,6551),(1,6552),(1,6553),(1,6554),(1,6555),(1,6556),(1,6557),(1,6558),(1,6559),(1,6560),(1,6561),(1,6562),(1,6563),(1,6564),(1,6565),(1,6566),(1,6567),(1,6568),(1,6569),(1,6570),(1,6571),(1,6572),(1,6575),(1,6580),(1,6582),(1,6583),(1,6584),(1,6585),(1,6586),(1,6587),(1,6588),(1,6589),(1,6590),(1,6591),(1,6592),(1,6593),(1,6594),(1,6595),(1,6596),(1,6597),(1,6598),(1,6599),(1,6600),(1,6601),(1,6602),(1,6603),(1,6604),(1,6605),(1,6606),(1,6607),(1,6608),(1,6609),(1,6610),(1,6611),(1,6612),(1,6613),(1,6614),(1,6615),(1,6616),(1,6617),(1,6618),(1,6619),(1,6622),(1,6627),(1,6629),(1,6630),(1,6631),(1,6632),(1,6633),(1,6634),(1,6635),(1,6636),(1,6637),(1,6638),(1,6639),(1,6640),(1,6641),(1,6642),(1,6643),(1,6644),(1,6645),(1,6646),(1,6647),(1,6648),(1,6649),(1,6650),(1,6651),(1,6652),(1,6653),(1,6654),(1,6655),(1,6656),(1,6657),(1,6658),(1,6659),(1,6660),(1,6661),(1,6662),(1,6663),(1,6664),(1,6665),(1,6666),(1,6669),(1,6674),(1,6676),(1,6677),(1,6678),(1,6679),(1,6680),(1,6681),(1,6682),(1,6683),(1,6684),(1,6685),(1,6686),(1,6687),(1,6688),(1,6689),(1,6690),(1,6691),(1,6692),(1,6693),(1,6694),(1,6695),(1,6696),(1,6697),(1,6698),(1,6699),(1,6700),(1,6701),(1,6702),(1,6703),(1,6704),(1,6705),(1,6706),(1,6707),(1,6708),(1,6709),(1,6710),(1,6711),(1,6712),(1,6713),(1,6716),(1,6721),(1,6723),(1,6724),(1,6725),(1,6726),(1,6727),(1,6728),(1,6729),(1,6730),(1,6731),(1,6732),(1,6733),(1,6734),(1,6735),(1,6736),(1,6737),(1,6738),(1,6739),(1,6740),(1,6741),(1,6742),(1,6743),(1,6744),(1,6745),(1,6746),(1,6747),(1,6748),(1,6749),(1,6750),(1,6751),(1,6752),(1,6753),(1,6754),(1,6755),(1,6756),(1,6757),(1,6758),(1,6759),(1,6760),(1,6763),(1,6768),(1,6770),(1,6771),(1,6772),(1,6773),(1,6774),(1,6775),(1,6776),(1,6777),(1,6778),(1,6779),(1,6780),(1,6781),(1,6782),(1,6783),(1,6784),(1,6785),(1,6786),(1,6787),(1,6788),(1,6789),(1,6790),(1,6791),(1,6792),(1,6793),(1,6794),(1,6795),(1,6796),(1,6797),(1,6798),(1,6799),(1,6800),(1,6801),(1,6802),(1,6803),(1,6804),(1,6805),(1,6806),(1,6807),(1,6810),(1,6815),(1,6817),(1,6818),(1,6819),(1,6820),(1,6821),(1,6822),(1,6823),(1,6824),(1,6825),(1,6826),(1,6827),(1,6828),(1,6829),(1,6830),(1,6831),(1,6832),(1,6833),(1,6834),(1,6835),(1,6836),(1,6837),(1,6838),(1,6839),(1,6840),(1,6841),(1,6842),(1,6843),(1,6844),(1,6845),(1,6846),(1,6847),(1,6848),(1,6849),(1,6850),(1,6851),(1,6852),(1,6853),(1,6854),(1,6857),(1,6862),(1,6864),(1,6865),(1,6866),(1,6867),(1,6868),(1,6869),(1,6870),(1,6871),(1,6872),(1,6873),(1,6874),(1,6875),(1,6876),(1,6877),(1,6878),(1,6879),(1,6880),(1,6881),(1,6882),(1,6883),(1,6884),(1,6885),(1,6886),(1,6887),(1,6888),(1,6889),(1,6890),(1,6891),(1,6892),(1,6893),(1,6894),(1,6895),(1,6896),(1,6897),(1,6898),(1,6899),(1,6900),(1,6901),(1,6904),(1,6909),(1,6911),(1,6912),(1,6913),(1,6914),(1,6915),(1,6916),(1,6917),(1,6918),(1,6919),(1,6920),(1,6921),(1,6922),(1,6923),(1,6924),(1,6925),(1,6926),(1,6927),(1,6928),(1,6929),(1,6930),(1,6931),(1,6932),(1,6933),(1,6934),(1,6935),(1,6936),(1,6937),(1,6938),(1,6939),(1,6940),(1,6941),(1,6942),(1,6943),(1,6944),(1,6945),(1,6946),(1,6947),(1,6948),(1,6951),(1,6956),(1,6958),(1,6959),(1,6960),(1,6961),(1,6962),(1,6963),(1,6964),(1,6965),(1,6966),(1,6967),(1,6968),(1,6969),(1,6970),(1,6971),(1,6972),(1,6973),(1,6974),(1,6975),(1,6976),(1,6977),(1,6978),(1,6979),(1,6980),(1,6981),(1,6982),(1,6983),(1,6984),(1,6985),(1,6986),(1,6987),(1,6988),(1,6989),(1,6990),(1,6991),(1,6992),(1,6993),(1,6994),(1,6995),(1,6998),(1,7003),(1,7005),(1,7006),(1,7007),(1,7008),(1,7009),(1,7010),(1,7011),(1,7012),(1,7013),(1,7014),(1,7015),(1,7016),(1,7017),(1,7018),(1,7019),(1,7020),(1,7021),(1,7022),(1,7023),(1,7024),(1,7025),(1,7026),(1,7027),(1,7028),(1,7029),(1,7030),(1,7031),(1,7032),(1,7033),(1,7034),(1,7035),(1,7036),(1,7037),(1,7038),(1,7039),(1,7040),(1,7041),(1,7042),(1,7045),(1,7050),(1,7052),(1,7053),(1,7054),(1,7055),(1,7056),(1,7057),(1,7058),(1,7059),(1,7060),(1,7061),(1,7062),(1,7063),(1,7064),(1,7065),(1,7066),(1,7067),(1,7068),(1,7069),(1,7070),(1,7071),(1,7072),(1,7073),(1,7074),(1,7075),(1,7076),(1,7077),(1,7078),(1,7079),(1,7080),(1,7081),(1,7082),(1,7083),(1,7084),(1,7085),(1,7086),(1,7087),(1,7088),(1,7089),(4,2),(4,3),(4,4),(4,66),(4,67),(4,68),(4,130),(4,131),(4,132),(4,192),(4,193),(4,194),(4,254),(4,255),(4,256),(4,316),(4,317),(4,318),(4,378),(4,379),(4,380),(4,440),(4,441),(4,442),(4,502),(4,503),(4,504),(4,564),(4,565),(4,566),(4,626),(4,627),(4,628),(4,688),(4,740),(4,741),(4,750),(4,751),(4,752),(4,812),(4,813),(4,814),(4,874),(4,875),(4,876),(4,936),(4,937),(4,938),(4,998),(4,999),(4,1000),(4,1060),(4,1061),(4,1062),(4,1122),(4,1123),(4,1124),(4,1184),(4,1185),(4,1186),(4,1246),(4,1247),(4,1248),(4,1308),(4,1360),(4,1361),(4,1370),(4,1423),(4,1424),(4,1425),(4,1485),(4,1486),(4,1487),(4,1547),(4,1599),(4,1600),(4,1609),(4,1610),(4,1611),(4,1671),(4,1672),(4,1673),(4,1733),(4,1785),(4,1786),(4,1795),(4,1848),(4,1849),(4,1850),(4,1910),(4,1911),(4,1912),(4,1972),(4,1973),(4,1974),(4,2034),(4,2035),(4,2036),(4,2096),(4,2097),(4,2098),(4,2158),(4,2159),(4,2160),(4,2220),(4,2221),(4,2222),(4,2282),(4,2283),(4,2284),(4,2344),(4,2345),(4,2346),(4,2406),(4,2407),(4,2408),(4,2468),(4,2469),(4,2470),(4,2530),(4,2531),(4,2532),(4,2592),(4,2593),(4,2594),(4,2654),(4,2655),(4,2656),(4,2716),(4,2717),(4,2718),(4,2778),(4,2779),(4,2780),(4,2840),(4,2841),(4,2842),(4,2902),(4,2903),(4,2904),(4,2964),(4,2965),(4,2966),(4,3026),(4,3027),(4,3028),(4,3088),(4,3089),(4,3090),(4,3150),(4,3151),(4,3152),(4,3210),(4,3211),(4,3212),(4,3270),(4,3271),(4,3272),(4,3330),(4,3331),(4,3332),(4,3390),(4,3391),(4,3392),(4,3450),(4,3451),(4,3452),(4,3510),(4,3511),(4,3512),(4,3570),(4,3571),(4,3572),(4,3629),(4,3630),(4,3631),(4,3688),(4,3689),(4,3690),(4,3747),(4,3748),(4,3749),(4,3806),(4,3807),(4,3808),(4,3865),(4,3866),(4,3867),(4,3924),(4,3925),(4,3926),(4,3983),(4,3984),(4,3985),(4,4042),(4,4043),(4,4044),(4,4101),(4,4102),(4,4103),(4,4160),(4,4161),(4,4162),(4,4219),(4,4220),(4,4221),(4,4278),(4,4279),(4,4280),(4,4337),(4,4338),(4,4339),(4,4394),(4,4395),(4,4396),(4,4451),(4,4452),(4,4453),(4,4508),(4,4509),(4,4510),(4,4565),(4,4566),(4,4567),(4,4622),(4,4623),(4,4624),(4,4679),(4,4680),(4,4681),(4,4736),(4,4737),(4,4738),(4,4793),(4,4794),(4,4795),(4,4850),(4,4851),(4,4852),(4,4907),(4,4908),(4,4909),(4,4964),(4,4965),(4,4966),(4,5021),(4,5022),(4,5023),(4,5078),(4,5079),(4,5080),(4,5135),(4,5136),(4,5137),(4,5192),(4,5193),(4,5194),(4,5249),(4,5250),(4,5251),(4,5306),(4,5307),(4,5308),(4,5363),(4,5364),(4,5365),(4,5420),(4,5421),(4,5422),(4,5477),(4,5478),(4,5479),(4,5534),(4,5535),(4,5536),(4,5591),(4,5592),(4,5593),(4,5648),(4,5649),(4,5650),(4,5705),(4,5706),(4,5707),(4,5762),(4,5763),(4,5764),(4,5819),(4,5820),(4,5821),(4,5876),(4,5877),(4,5878),(4,5933),(4,5934),(4,5935),(4,5990),(4,5991),(4,5992),(4,6047),(4,6048),(4,6049),(5,4),(5,68),(5,132),(5,194),(5,256),(5,318),(5,380),(5,442),(5,504),(5,566),(5,628),(5,688),(5,752),(5,814),(5,876),(5,938),(5,1000),(5,1062),(5,1124),(5,1186),(5,1248),(5,1308),(5,1370),(5,1425),(5,1487),(5,1547),(5,1611),(5,1673),(5,1733),(5,1795),(5,1850),(5,1912),(5,1974),(5,2036),(5,2098),(5,2160),(5,2222),(5,2284),(5,2346),(5,2408),(5,2470),(5,2532),(5,2594),(5,2656),(5,2718),(5,2780),(5,2842),(5,2904),(5,2966),(5,3028),(5,3090),(5,3152),(5,3212),(5,3272),(5,3332),(5,3392),(5,3452),(5,3512),(5,3572),(5,3631),(5,3690),(5,3749),(5,3808),(5,3867),(5,3926),(5,3985),(5,4044),(5,4103),(5,4162),(5,4221),(5,4280),(5,4339),(5,4396),(5,4453),(5,4510),(5,4567),(5,4624),(5,4681),(5,4738),(5,4795),(5,4852),(5,4909),(5,4966),(5,5023),(5,5080),(5,5137),(5,5194),(5,5251),(5,5308),(5,5365),(5,5422),(5,5479),(5,5536),(5,5593),(5,5650),(5,5707),(5,5764),(5,5821),(5,5878),(5,5935),(5,5992),(5,6049),(5,6103),(5,6150),(5,6197),(5,6244),(5,6291),(5,6338),(5,6385),(5,6432),(5,6479),(5,6526),(5,6573),(5,6620),(5,6667),(5,6714),(5,6761),(5,6808),(5,6855),(5,6902),(5,6949),(5,6996),(5,7043),(9,6),(9,70),(9,134),(9,196),(9,258),(9,320),(9,382),(9,444),(9,506),(9,568),(9,630),(9,743),(9,754),(9,816),(9,878),(9,940),(9,1002),(9,1064),(9,1126),(9,1188),(9,1250),(9,1363),(9,1427),(9,1489),(9,1602),(9,1613),(9,1675),(9,1788),(9,1852),(9,1914),(9,1976),(9,2038),(9,2100),(9,2162),(9,2224),(9,2286),(9,2348),(9,2410),(9,2472),(9,2534),(9,2596),(9,2658),(9,2720),(9,2782),(9,2844),(9,2906),(9,2968),(9,3030),(9,3092),(9,3154),(9,3214),(9,3274),(9,3334),(9,3394),(9,3454),(9,3514),(9,3574),(9,3633),(9,3692),(9,3751),(9,3810),(9,3869),(9,3928),(9,3987),(9,4046),(9,4105),(9,4164),(9,4223),(9,4282),(9,4341),(9,4398),(9,4455),(9,4512),(9,4569),(9,4626),(9,4683),(9,4740),(9,4797),(9,4854),(9,4911),(9,4968),(9,5025),(9,5082),(9,5139),(9,5196),(9,5253),(9,5310),(9,5367),(9,5424),(9,5481),(9,5538),(9,5595),(9,5652),(9,5709),(9,5766),(9,5823),(9,5880),(9,5937),(9,5994),(9,6051),(10,4),(10,6),(10,7),(10,8),(10,15),(10,17),(10,68),(10,70),(10,71),(10,72),(10,79),(10,81),(10,132),(10,134),(10,135),(10,136),(10,143),(10,145),(10,194),(10,196),(10,197),(10,198),(10,205),(10,207),(10,256),(10,258),(10,259),(10,260),(10,267),(10,269),(10,318),(10,320),(10,321),(10,322),(10,329),(10,331),(10,380),(10,382),(10,383),(10,384),(10,391),(10,393),(10,442),(10,444),(10,445),(10,446),(10,453),(10,455),(10,504),(10,506),(10,507),(10,508),(10,515),(10,517),(10,566),(10,568),(10,569),(10,570),(10,577),(10,579),(10,628),(10,630),(10,631),(10,632),(10,639),(10,641),(10,688),(10,689),(10,695),(10,743),(10,744),(10,747),(10,752),(10,754),(10,755),(10,756),(10,763),(10,765),(10,814),(10,816),(10,817),(10,818),(10,825),(10,827),(10,876),(10,878),(10,879),(10,880),(10,887),(10,889),(10,938),(10,940),(10,941),(10,942),(10,949),(10,951),(10,1000),(10,1002),(10,1003),(10,1004),(10,1011),(10,1013),(10,1062),(10,1064),(10,1065),(10,1066),(10,1073),(10,1075),(10,1124),(10,1126),(10,1127),(10,1128),(10,1135),(10,1137),(10,1186),(10,1188),(10,1189),(10,1190),(10,1197),(10,1199),(10,1248),(10,1250),(10,1251),(10,1252),(10,1259),(10,1261),(10,1308),(10,1309),(10,1315),(10,1363),(10,1364),(10,1367),(10,1370),(10,1371),(10,1377),(10,1425),(10,1427),(10,1428),(10,1429),(10,1436),(10,1438),(10,1487),(10,1489),(10,1490),(10,1491),(10,1498),(10,1500),(10,1547),(10,1548),(10,1554),(10,1602),(10,1603),(10,1606),(10,1611),(10,1613),(10,1614),(10,1615),(10,1622),(10,1624),(10,1673),(10,1675),(10,1676),(10,1677),(10,1684),(10,1686),(10,1733),(10,1734),(10,1740),(10,1788),(10,1789),(10,1792),(10,1795),(10,1796),(10,1802),(10,1850),(10,1852),(10,1853),(10,1854),(10,1861),(10,1863),(10,1912),(10,1914),(10,1915),(10,1916),(10,1923),(10,1925),(10,1974),(10,1976),(10,1977),(10,1978),(10,1985),(10,1987),(10,2036),(10,2038),(10,2039),(10,2040),(10,2047),(10,2049),(10,2098),(10,2100),(10,2101),(10,2102),(10,2109),(10,2111),(10,2160),(10,2162),(10,2163),(10,2164),(10,2171),(10,2173),(10,2222),(10,2224),(10,2225),(10,2226),(10,2233),(10,2235),(10,2284),(10,2286),(10,2287),(10,2288),(10,2295),(10,2297),(10,2346),(10,2348),(10,2349),(10,2350),(10,2357),(10,2359),(10,2408),(10,2410),(10,2411),(10,2412),(10,2419),(10,2421),(10,2470),(10,2472),(10,2473),(10,2474),(10,2481),(10,2483),(10,2532),(10,2534),(10,2535),(10,2536),(10,2543),(10,2545),(10,2594),(10,2596),(10,2597),(10,2598),(10,2605),(10,2607),(10,2656),(10,2658),(10,2659),(10,2660),(10,2667),(10,2669),(10,2718),(10,2720),(10,2721),(10,2722),(10,2729),(10,2731),(10,2780),(10,2782),(10,2783),(10,2784),(10,2791),(10,2793),(10,2842),(10,2844),(10,2845),(10,2846),(10,2853),(10,2855),(10,2904),(10,2906),(10,2907),(10,2908),(10,2915),(10,2917),(10,2966),(10,2968),(10,2969),(10,2970),(10,2977),(10,2979),(10,3028),(10,3030),(10,3031),(10,3032),(10,3039),(10,3041),(10,3090),(10,3092),(10,3093),(10,3094),(10,3101),(10,3103),(10,3152),(10,3154),(10,3155),(10,3156),(10,3163),(10,3165),(10,3212),(10,3214),(10,3215),(10,3216),(10,3223),(10,3225),(10,3272),(10,3274),(10,3275),(10,3276),(10,3283),(10,3285),(10,3332),(10,3334),(10,3335),(10,3336),(10,3343),(10,3345),(10,3392),(10,3394),(10,3395),(10,3396),(10,3403),(10,3405),(10,3452),(10,3454),(10,3455),(10,3456),(10,3463),(10,3465),(10,3512),(10,3514),(10,3515),(10,3516),(10,3523),(10,3525),(10,3572),(10,3574),(10,3575),(10,3576),(10,3583),(10,3585),(10,3631),(10,3633),(10,3634),(10,3635),(10,3642),(10,3644),(10,3690),(10,3692),(10,3693),(10,3694),(10,3701),(10,3703),(10,3749),(10,3751),(10,3752),(10,3753),(10,3760),(10,3762),(10,3808),(10,3810),(10,3811),(10,3812),(10,3819),(10,3821),(10,3867),(10,3869),(10,3870),(10,3871),(10,3878),(10,3880),(10,3926),(10,3928),(10,3929),(10,3930),(10,3937),(10,3939),(10,3985),(10,3987),(10,3988),(10,3989),(10,3996),(10,3998),(10,4044),(10,4046),(10,4047),(10,4048),(10,4055),(10,4057),(10,4103),(10,4105),(10,4106),(10,4107),(10,4114),(10,4116),(10,4162),(10,4164),(10,4165),(10,4166),(10,4173),(10,4175),(10,4221),(10,4223),(10,4224),(10,4225),(10,4232),(10,4234),(10,4280),(10,4282),(10,4283),(10,4284),(10,4291),(10,4293),(10,4339),(10,4341),(10,4342),(10,4343),(10,4350),(10,4352),(10,4396),(10,4398),(10,4399),(10,4400),(10,4407),(10,4409),(10,4453),(10,4455),(10,4456),(10,4457),(10,4464),(10,4466),(10,4510),(10,4512),(10,4513),(10,4514),(10,4521),(10,4523),(10,4567),(10,4569),(10,4570),(10,4571),(10,4578),(10,4580),(10,4624),(10,4626),(10,4627),(10,4628),(10,4635),(10,4637),(10,4681),(10,4683),(10,4684),(10,4685),(10,4692),(10,4694),(10,4738),(10,4740),(10,4741),(10,4742),(10,4749),(10,4751),(10,4795),(10,4797),(10,4798),(10,4799),(10,4806),(10,4808),(10,4852),(10,4854),(10,4855),(10,4856),(10,4863),(10,4865),(10,4909),(10,4911),(10,4912),(10,4913),(10,4920),(10,4922),(10,4966),(10,4968),(10,4969),(10,4970),(10,4977),(10,4979),(10,5023),(10,5025),(10,5026),(10,5027),(10,5034),(10,5036),(10,5080),(10,5082),(10,5083),(10,5084),(10,5091),(10,5093),(10,5137),(10,5139),(10,5140),(10,5141),(10,5148),(10,5150),(10,5194),(10,5196),(10,5197),(10,5198),(10,5205),(10,5207),(10,5251),(10,5253),(10,5254),(10,5255),(10,5262),(10,5264),(10,5308),(10,5310),(10,5311),(10,5312),(10,5319),(10,5321),(10,5365),(10,5367),(10,5368),(10,5369),(10,5376),(10,5378),(10,5422),(10,5424),(10,5425),(10,5426),(10,5433),(10,5435),(10,5479),(10,5481),(10,5482),(10,5483),(10,5490),(10,5492),(10,5536),(10,5538),(10,5539),(10,5540),(10,5547),(10,5549),(10,5593),(10,5595),(10,5596),(10,5597),(10,5604),(10,5606),(10,5650),(10,5652),(10,5653),(10,5654),(10,5661),(10,5663),(10,5707),(10,5709),(10,5710),(10,5711),(10,5718),(10,5720),(10,5764),(10,5766),(10,5767),(10,5768),(10,5775),(10,5777),(10,5821),(10,5823),(10,5824),(10,5825),(10,5832),(10,5834),(10,5878),(10,5880),(10,5881),(10,5882),(10,5889),(10,5891),(10,5935),(10,5937),(10,5938),(10,5939),(10,5946),(10,5948),(10,5992),(10,5994),(10,5995),(10,5996),(10,6003),(10,6005),(10,6049),(10,6051),(10,6052),(10,6053),(10,6060),(10,6062),(10,6103),(10,6107),(10,6108),(10,6110),(10,6150),(10,6154),(10,6155),(10,6157),(10,6197),(10,6201),(10,6202),(10,6204),(10,6244),(10,6248),(10,6249),(10,6251),(10,6291),(10,6295),(10,6296),(10,6298),(10,6338),(10,6342),(10,6343),(10,6345),(10,6385),(10,6389),(10,6390),(10,6392),(10,6432),(10,6436),(10,6437),(10,6439),(10,6479),(10,6483),(10,6484),(10,6486),(10,6526),(10,6530),(10,6531),(10,6533),(10,6573),(10,6577),(10,6578),(10,6580),(10,6620),(10,6624),(10,6625),(10,6627),(10,6667),(10,6671),(10,6672),(10,6674),(10,6714),(10,6718),(10,6719),(10,6721),(10,6761),(10,6765),(10,6766),(10,6768),(10,6808),(10,6812),(10,6813),(10,6815),(10,6855),(10,6859),(10,6860),(10,6862),(10,6902),(10,6906),(10,6907),(10,6909),(10,6949),(10,6953),(10,6954),(10,6956),(10,6996),(10,7000),(10,7001),(10,7003),(10,7043),(10,7047),(10,7048),(10,7050),(11,4),(11,19),(11,68),(11,83),(11,132),(11,147),(11,194),(11,209),(11,256),(11,271),(11,318),(11,333),(11,380),(11,395),(11,442),(11,457),(11,504),(11,519),(11,566),(11,581),(11,628),(11,643),(11,688),(11,696),(11,752),(11,767),(11,814),(11,829),(11,876),(11,891),(11,938),(11,953),(11,1000),(11,1015),(11,1062),(11,1077),(11,1124),(11,1139),(11,1186),(11,1201),(11,1248),(11,1263),(11,1308),(11,1316),(11,1370),(11,1378),(11,1425),(11,1440),(11,1487),(11,1502),(11,1547),(11,1555),(11,1611),(11,1626),(11,1673),(11,1688),(11,1733),(11,1741),(11,1795),(11,1803),(11,1850),(11,1865),(11,1912),(11,1927),(11,1974),(11,1989),(11,2036),(11,2051),(11,2098),(11,2113),(11,2160),(11,2175),(11,2222),(11,2237),(11,2284),(11,2299),(11,2346),(11,2361),(11,2408),(11,2423),(11,2470),(11,2485),(11,2532),(11,2547),(11,2594),(11,2609),(11,2656),(11,2671),(11,2718),(11,2733),(11,2780),(11,2795),(11,2842),(11,2857),(11,2904),(11,2919),(11,2966),(11,2981),(11,3028),(11,3043),(11,3090),(11,3105),(11,3152),(11,3167),(11,3212),(11,3227),(11,3272),(11,3287),(11,3332),(11,3347),(11,3392),(11,3407),(11,3452),(11,3467),(11,3512),(11,3527),(11,3572),(11,3587),(11,3631),(11,3646),(11,3690),(11,3705),(11,3749),(11,3764),(11,3808),(11,3823),(11,3867),(11,3882),(11,3926),(11,3941),(11,3985),(11,4000),(11,4044),(11,4059),(11,4103),(11,4118),(11,4162),(11,4177),(11,4221),(11,4236),(11,4280),(11,4295),(11,4339),(11,4354),(11,4396),(11,4411),(11,4453),(11,4468),(11,4510),(11,4525),(11,4567),(11,4582),(11,4624),(11,4639),(11,4681),(11,4696),(11,4738),(11,4753),(11,4795),(11,4810),(11,4852),(11,4867),(11,4909),(11,4924),(11,4966),(11,4981),(11,5023),(11,5038),(11,5080),(11,5095),(11,5137),(11,5152),(11,5194),(11,5209),(11,5251),(11,5266),(11,5308),(11,5323),(11,5365),(11,5380),(11,5422),(11,5437),(11,5479),(11,5494),(11,5536),(11,5551),(11,5593),(11,5608),(11,5650),(11,5665),(11,5707),(11,5722),(11,5764),(11,5779),(11,5821),(11,5836),(11,5878),(11,5893),(11,5935),(11,5950),(11,5992),(11,6007),(11,6049),(11,6064),(11,6103),(11,6110),(11,6111),(11,6150),(11,6157),(11,6158),(11,6197),(11,6204),(11,6205),(11,6244),(11,6251),(11,6252),(11,6291),(11,6298),(11,6299),(11,6338),(11,6345),(11,6346),(11,6385),(11,6392),(11,6393),(11,6432),(11,6439),(11,6440),(11,6479),(11,6486),(11,6487),(11,6526),(11,6533),(11,6534),(11,6573),(11,6580),(11,6581),(11,6620),(11,6627),(11,6628),(11,6667),(11,6674),(11,6675),(11,6714),(11,6721),(11,6722),(11,6761),(11,6768),(11,6769),(11,6808),(11,6815),(11,6816),(11,6855),(11,6862),(11,6863),(11,6902),(11,6909),(11,6910),(11,6949),(11,6956),(11,6957),(11,6996),(11,7003),(11,7004),(11,7043),(11,7050),(11,7051),(24,4),(24,16),(24,68),(24,80),(24,132),(24,144),(24,194),(24,206),(24,256),(24,268),(24,318),(24,330),(24,380),(24,392),(24,442),(24,454),(24,504),(24,516),(24,566),(24,578),(24,628),(24,640),(24,688),(24,694),(24,752),(24,764),(24,814),(24,826),(24,876),(24,888),(24,938),(24,950),(24,1000),(24,1012),(24,1062),(24,1074),(24,1124),(24,1136),(24,1186),(24,1198),(24,1248),(24,1260),(24,1308),(24,1314),(24,1370),(24,1376),(24,1425),(24,1437),(24,1487),(24,1499),(24,1547),(24,1553),(24,1611),(24,1623),(24,1673),(24,1685),(24,1733),(24,1739),(24,1795),(24,1801),(24,1850),(24,1862),(24,1912),(24,1924),(24,1974),(24,1986),(24,2036),(24,2048),(24,2098),(24,2110),(24,2160),(24,2172),(24,2222),(24,2234),(24,2284),(24,2296),(24,2346),(24,2358),(24,2408),(24,2420),(24,2470),(24,2482),(24,2532),(24,2544),(24,2594),(24,2606),(24,2656),(24,2668),(24,2718),(24,2730),(24,2780),(24,2792),(24,2842),(24,2854),(24,2904),(24,2916),(24,2966),(24,2978),(24,3028),(24,3040),(24,3090),(24,3102),(24,3152),(24,3164),(24,3212),(24,3224),(24,3272),(24,3284),(24,3332),(24,3344),(24,3392),(24,3404),(24,3452),(24,3464),(24,3512),(24,3524),(24,3572),(24,3584),(24,3631),(24,3643),(24,3690),(24,3702),(24,3749),(24,3761),(24,3808),(24,3820),(24,3867),(24,3879),(24,3926),(24,3938),(24,3985),(24,3997),(24,4044),(24,4056),(24,4103),(24,4115),(24,4162),(24,4174),(24,4221),(24,4233),(24,4280),(24,4292),(24,4339),(24,4351),(24,4396),(24,4408),(24,4453),(24,4465),(24,4510),(24,4522),(24,4567),(24,4579),(24,4624),(24,4636),(24,4681),(24,4693),(24,4738),(24,4750),(24,4795),(24,4807),(24,4852),(24,4864),(24,4909),(24,4921),(24,4966),(24,4978),(24,5023),(24,5035),(24,5080),(24,5092),(24,5137),(24,5149),(24,5194),(24,5206),(24,5251),(24,5263),(24,5308),(24,5320),(24,5365),(24,5377),(24,5422),(24,5434),(24,5479),(24,5491),(24,5536),(24,5548),(24,5593),(24,5605),(24,5650),(24,5662),(24,5707),(24,5719),(24,5764),(24,5776),(24,5821),(24,5833),(24,5878),(24,5890),(24,5935),(24,5947),(24,5992),(24,6004),(24,6049),(24,6061),(24,6109),(24,6156),(24,6203),(24,6250),(24,6297),(24,6344),(24,6391),(24,6438),(24,6485),(24,6532),(24,6579),(24,6626),(24,6673),(24,6720),(24,6767),(24,6814),(24,6861),(24,6908),(24,6955),(24,7002),(24,7049),(28,16),(28,80),(28,144),(28,206),(28,268),(28,330),(28,392),(28,454),(28,516),(28,578),(28,640),(28,694),(28,764),(28,826),(28,888),(28,950),(28,1012),(28,1074),(28,1136),(28,1198),(28,1260),(28,1314),(28,1376),(28,1437),(28,1499),(28,1553),(28,1623),(28,1685),(28,1739),(28,1801),(28,1862),(28,1924),(28,1986),(28,2048),(28,2110),(28,2172),(28,2234),(28,2296),(28,2358),(28,2420),(28,2482),(28,2544),(28,2606),(28,2668),(28,2730),(28,2792),(28,2854),(28,2916),(28,2978),(28,3040),(28,3102),(28,3164),(28,3224),(28,3284),(28,3344),(28,3404),(28,3464),(28,3524),(28,3584),(28,3643),(28,3702),(28,3761),(28,3820),(28,3879),(28,3938),(28,3997),(28,4056),(28,4115),(28,4174),(28,4233),(28,4292),(28,4351),(28,4408),(28,4465),(28,4522),(28,4579),(28,4636),(28,4693),(28,4750),(28,4807),(28,4864),(28,4921),(28,4978),(28,5035),(28,5092),(28,5149),(28,5206),(28,5263),(28,5320),(28,5377),(28,5434),(28,5491),(28,5548),(28,5605),(28,5662),(28,5719),(28,5776),(28,5833),(28,5890),(28,5947),(28,6004),(28,6061),(28,6109),(28,6156),(28,6203),(28,6250),(28,6297),(28,6344),(28,6391),(28,6438),(28,6485),(28,6532),(28,6579),(28,6626),(28,6673),(28,6720),(28,6767),(28,6814),(28,6861),(28,6908),(28,6955),(28,7002),(28,7049),(31,5),(31,8),(31,69),(31,72),(31,133),(31,136),(31,195),(31,198),(31,257),(31,260),(31,319),(31,322),(31,381),(31,384),(31,443),(31,446),(31,505),(31,508),(31,567),(31,570),(31,629),(31,632),(31,689),(31,742),(31,753),(31,756),(31,815),(31,818),(31,877),(31,880),(31,939),(31,942),(31,1001),(31,1004),(31,1063),(31,1066),(31,1125),(31,1128),(31,1187),(31,1190),(31,1249),(31,1252),(31,1309),(31,1362),(31,1371),(31,1426),(31,1429),(31,1488),(31,1491),(31,1548),(31,1601),(31,1612),(31,1615),(31,1674),(31,1677),(31,1734),(31,1787),(31,1796),(31,1851),(31,1854),(31,1913),(31,1916),(31,1975),(31,1978),(31,2037),(31,2040),(31,2099),(31,2102),(31,2161),(31,2164),(31,2223),(31,2226),(31,2285),(31,2288),(31,2347),(31,2350),(31,2409),(31,2412),(31,2471),(31,2474),(31,2533),(31,2536),(31,2595),(31,2598),(31,2657),(31,2660),(31,2719),(31,2722),(31,2781),(31,2784),(31,2843),(31,2846),(31,2905),(31,2908),(31,2967),(31,2970),(31,3029),(31,3032),(31,3091),(31,3094),(31,3153),(31,3156),(31,3213),(31,3216),(31,3273),(31,3276),(31,3333),(31,3336),(31,3393),(31,3396),(31,3453),(31,3456),(31,3513),(31,3516),(31,3573),(31,3576),(31,3632),(31,3635),(31,3691),(31,3694),(31,3750),(31,3753),(31,3809),(31,3812),(31,3868),(31,3871),(31,3927),(31,3930),(31,3986),(31,3989),(31,4045),(31,4048),(31,4104),(31,4107),(31,4163),(31,4166),(31,4222),(31,4225),(31,4281),(31,4284),(31,4340),(31,4343),(31,4397),(31,4400),(31,4454),(31,4457),(31,4511),(31,4514),(31,4568),(31,4571),(31,4625),(31,4628),(31,4682),(31,4685),(31,4739),(31,4742),(31,4796),(31,4799),(31,4853),(31,4856),(31,4910),(31,4913),(31,4967),(31,4970),(31,5024),(31,5027),(31,5081),(31,5084),(31,5138),(31,5141),(31,5195),(31,5198),(31,5252),(31,5255),(31,5309),(31,5312),(31,5366),(31,5369),(31,5423),(31,5426),(31,5480),(31,5483),(31,5537),(31,5540),(31,5594),(31,5597),(31,5651),(31,5654),(31,5708),(31,5711),(31,5765),(31,5768),(31,5822),(31,5825),(31,5879),(31,5882),(31,5936),(31,5939),(31,5993),(31,5996),(31,6050),(31,6053),(44,6110),(44,6157),(44,6204),(44,6251),(44,6298),(44,6345),(44,6392),(44,6439),(44,6486),(44,6533),(44,6580),(44,6627),(44,6674),(44,6721),(44,6768),(44,6815),(44,6862),(44,6909),(44,6956),(44,7003),(44,7050),(47,18),(47,82),(47,146),(47,208),(47,270),(47,332),(47,394),(47,456),(47,518),(47,580),(47,642),(47,748),(47,766),(47,828),(47,890),(47,952),(47,1014),(47,1076),(47,1138),(47,1200),(47,1262),(47,1368),(47,1439),(47,1501),(47,1607),(47,1625),(47,1687),(47,1793),(47,1864),(47,1926),(47,1988),(47,2050),(47,2112),(47,2174),(47,2236),(47,2298),(47,2360),(47,2422),(47,2484),(47,2546),(47,2608),(47,2670),(47,2732),(47,2794),(47,2856),(47,2918),(47,2980),(47,3042),(47,3104),(47,3166),(47,3226),(47,3286),(47,3346),(47,3406),(47,3466),(47,3526),(47,3586),(47,3645),(47,3704),(47,3763),(47,3822),(47,3881),(47,3940),(47,3999),(47,4058),(47,4117),(47,4176),(47,4235),(47,4294),(47,4353),(47,4410),(47,4467),(47,4524),(47,4581),(47,4638),(47,4695),(47,4752),(47,4809),(47,4866),(47,4923),(47,4980),(47,5037),(47,5094),(47,5151),(47,5208),(47,5265),(47,5322),(47,5379),(47,5436),(47,5493),(47,5550),(47,5607),(47,5664),(47,5721),(47,5778),(47,5835),(47,5892),(47,5949),(47,6006),(47,6063),(47,6110),(47,6157),(47,6204),(47,6251),(47,6298),(47,6345),(47,6392),(47,6439),(47,6486),(47,6533),(47,6580),(47,6627),(47,6674),(47,6721),(47,6768),(47,6815),(47,6862),(47,6909),(47,6956),(47,7003),(47,7050),(49,6110),(49,6157),(49,6204),(49,6251),(49,6298),(49,6345),(49,6392),(49,6439),(49,6486),(49,6533),(49,6580),(49,6627),(49,6674),(49,6721),(49,6768),(49,6815),(49,6862),(49,6909),(49,6956),(49,7003),(49,7050),(51,5),(51,69),(51,133),(51,195),(51,257),(51,319),(51,381),(51,443),(51,505),(51,567),(51,629),(51,742),(51,753),(51,815),(51,877),(51,939),(51,1001),(51,1063),(51,1125),(51,1187),(51,1249),(51,1362),(51,1426),(51,1488),(51,1601),(51,1612),(51,1674),(51,1787),(51,1851),(51,1913),(51,1975),(51,2037),(51,2099),(51,2161),(51,2223),(51,2285),(51,2347),(51,2409),(51,2471),(51,2533),(51,2595),(51,2657),(51,2719),(51,2781),(51,2843),(51,2905),(51,2967),(51,3029),(51,3091),(51,3153),(51,3213),(51,3273),(51,3333),(51,3393),(51,3453),(51,3513),(51,3573),(51,3632),(51,3691),(51,3750),(51,3809),(51,3868),(51,3927),(51,3986),(51,4045),(51,4104),(51,4163),(51,4222),(51,4281),(51,4340),(51,4397),(51,4454),(51,4511),(51,4568),(51,4625),(51,4682),(51,4739),(51,4796),(51,4853),(51,4910),(51,4967),(51,5024),(51,5081),(51,5138),(51,5195),(51,5252),(51,5309),(51,5366),(51,5423),(51,5480),(51,5537),(51,5594),(51,5651),(51,5708),(51,5765),(51,5822),(51,5879),(51,5936),(51,5993),(51,6050),(53,1),(53,65),(53,129),(53,191),(53,253),(53,315),(53,377),(53,439),(53,501),(53,563),(53,625),(53,687),(53,749),(53,811),(53,873),(53,935),(53,997),(53,1059),(53,1121),(53,1183),(53,1245),(53,1307),(53,1369),(53,1422),(53,1484),(53,1546),(53,1608),(53,1670),(53,1732),(53,1794),(53,1847),(53,1909),(53,1971),(53,2033),(53,2095),(53,2157),(53,2219),(53,2281),(53,2343),(53,2405),(53,2467),(53,2529),(53,2591),(53,2653),(53,2715),(53,2777),(53,2839),(53,2901),(53,2963),(53,3025),(53,3087),(53,3149),(53,3209),(53,3269),(53,3329),(53,3389),(53,3449),(53,3509),(53,3569),(53,3628),(53,3687),(53,3746),(53,3805),(53,3864),(53,3923),(53,3982),(53,4041),(53,4100),(53,4159),(53,4218),(53,4277),(53,4336),(53,4393),(53,4450),(53,4507),(53,4564),(53,4621),(53,4678),(53,4735),(53,4792),(53,4849),(53,4906),(53,4963),(53,5020),(53,5077),(53,5134),(53,5191),(53,5248),(53,5305),(53,5362),(53,5419),(53,5476),(53,5533),(53,5590),(53,5647),(53,5704),(53,5761),(53,5818),(53,5875),(53,5932),(53,5989),(53,6046),(56,12),(56,76),(56,140),(56,202),(56,264),(56,326),(56,388),(56,450),(56,512),(56,574),(56,636),(56,692),(56,760),(56,822),(56,884),(56,946),(56,1008),(56,1070),(56,1132),(56,1194),(56,1256),(56,1312),(56,1374),(56,1433),(56,1495),(56,1551),(56,1619),(56,1681),(56,1737),(56,1799),(56,1858),(56,1920),(56,1982),(56,2044),(56,2106),(56,2168),(56,2230),(56,2292),(56,2354),(56,2416),(56,2478),(56,2540),(56,2602),(56,2664),(56,2726),(56,2788),(56,2850),(56,2912),(56,2974),(56,3036),(56,3098),(56,3160),(56,3220),(56,3280),(56,3340),(56,3400),(56,3460),(56,3520),(56,3580),(56,3639),(56,3698),(56,3757),(56,3816),(56,3875),(56,3934),(56,3993),(56,4052),(56,4111),(56,4170),(56,4229),(56,4288),(56,4347),(56,4404),(56,4461),(56,4518),(56,4575),(56,4632),(56,4689),(56,4746),(56,4803),(56,4860),(56,4917),(56,4974),(56,5031),(56,5088),(56,5145),(56,5202),(56,5259),(56,5316),(56,5373),(56,5430),(56,5487),(56,5544),(56,5601),(56,5658),(56,5715),(56,5772),(56,5829),(56,5886),(56,5943),(56,6000),(56,6057),(60,18),(60,82),(60,146),(60,208),(60,270),(60,332),(60,394),(60,456),(60,518),(60,580),(60,642),(60,748),(60,766),(60,828),(60,890),(60,952),(60,1014),(60,1076),(60,1138),(60,1200),(60,1262),(60,1368),(60,1439),(60,1501),(60,1607),(60,1625),(60,1687),(60,1793),(60,1864),(60,1926),(60,1988),(60,2050),(60,2112),(60,2174),(60,2236),(60,2298),(60,2360),(60,2422),(60,2484),(60,2546),(60,2608),(60,2670),(60,2732),(60,2794),(60,2856),(60,2918),(60,2980),(60,3042),(60,3104),(60,3166),(60,3226),(60,3286),(60,3346),(60,3406),(60,3466),(60,3526),(60,3586),(60,3645),(60,3704),(60,3763),(60,3822),(60,3881),(60,3940),(60,3999),(60,4058),(60,4117),(60,4176),(60,4235),(60,4294),(60,4353),(60,4410),(60,4467),(60,4524),(60,4581),(60,4638),(60,4695),(60,4752),(60,4809),(60,4866),(60,4923),(60,4980),(60,5037),(60,5094),(60,5151),(60,5208),(60,5265),(60,5322),(60,5379),(60,5436),(60,5493),(60,5550),(60,5607),(60,5664),(60,5721),(60,5778),(60,5835),(60,5892),(60,5949),(60,6006),(60,6063),(66,11),(66,75),(66,139),(66,201),(66,263),(66,325),(66,387),(66,449),(66,511),(66,573),(66,635),(66,745),(66,759),(66,821),(66,883),(66,945),(66,1007),(66,1069),(66,1131),(66,1193),(66,1255),(66,1365),(66,1432),(66,1494),(66,1604),(66,1618),(66,1680),(66,1790),(66,1857),(66,1919),(66,1981),(66,2043),(66,2105),(66,2167),(66,2229),(66,2291),(66,2353),(66,2415),(66,2477),(66,2539),(66,2601),(66,2663),(66,2725),(66,2787),(66,2849),(66,2911),(66,2973),(66,3035),(66,3097),(66,3159),(66,3219),(66,3279),(66,3339),(66,3399),(66,3459),(66,3519),(66,3579),(66,3638),(66,3697),(66,3756),(66,3815),(66,3874),(66,3933),(66,3992),(66,4051),(66,4110),(66,4169),(66,4228),(66,4287),(66,4346),(66,4403),(66,4460),(66,4517),(66,4574),(66,4631),(66,4688),(66,4745),(66,4802),(66,4859),(66,4916),(66,4973),(66,5030),(66,5087),(66,5144),(66,5201),(66,5258),(66,5315),(66,5372),(66,5429),(66,5486),(66,5543),(66,5600),(66,5657),(66,5714),(66,5771),(66,5828),(66,5885),(66,5942),(66,5999),(66,6056),(71,6),(71,9),(71,70),(71,73),(71,134),(71,137),(71,196),(71,199),(71,258),(71,261),(71,320),(71,323),(71,382),(71,385),(71,444),(71,447),(71,506),(71,509),(71,568),(71,571),(71,630),(71,633),(71,690),(71,743),(71,754),(71,757),(71,816),(71,819),(71,878),(71,881),(71,940),(71,943),(71,1002),(71,1005),(71,1064),(71,1067),(71,1126),(71,1129),(71,1188),(71,1191),(71,1250),(71,1253),(71,1310),(71,1363),(71,1372),(71,1427),(71,1430),(71,1489),(71,1492),(71,1549),(71,1602),(71,1613),(71,1616),(71,1675),(71,1678),(71,1735),(71,1788),(71,1797),(71,1852),(71,1855),(71,1914),(71,1917),(71,1976),(71,1979),(71,2038),(71,2041),(71,2100),(71,2103),(71,2162),(71,2165),(71,2224),(71,2227),(71,2286),(71,2289),(71,2348),(71,2351),(71,2410),(71,2413),(71,2472),(71,2475),(71,2534),(71,2537),(71,2596),(71,2599),(71,2658),(71,2661),(71,2720),(71,2723),(71,2782),(71,2785),(71,2844),(71,2847),(71,2906),(71,2909),(71,2968),(71,2971),(71,3030),(71,3033),(71,3092),(71,3095),(71,3154),(71,3157),(71,3214),(71,3217),(71,3274),(71,3277),(71,3334),(71,3337),(71,3394),(71,3397),(71,3454),(71,3457),(71,3514),(71,3517),(71,3574),(71,3577),(71,3633),(71,3636),(71,3692),(71,3695),(71,3751),(71,3754),(71,3810),(71,3813),(71,3869),(71,3872),(71,3928),(71,3931),(71,3987),(71,3990),(71,4046),(71,4049),(71,4105),(71,4108),(71,4164),(71,4167),(71,4223),(71,4226),(71,4282),(71,4285),(71,4341),(71,4344),(71,4398),(71,4401),(71,4455),(71,4458),(71,4512),(71,4515),(71,4569),(71,4572),(71,4626),(71,4629),(71,4683),(71,4686),(71,4740),(71,4743),(71,4797),(71,4800),(71,4854),(71,4857),(71,4911),(71,4914),(71,4968),(71,4971),(71,5025),(71,5028),(71,5082),(71,5085),(71,5139),(71,5142),(71,5196),(71,5199),(71,5253),(71,5256),(71,5310),(71,5313),(71,5367),(71,5370),(71,5424),(71,5427),(71,5481),(71,5484),(71,5538),(71,5541),(71,5595),(71,5598),(71,5652),(71,5655),(71,5709),(71,5712),(71,5766),(71,5769),(71,5823),(71,5826),(71,5880),(71,5883),(71,5937),(71,5940),(71,5994),(71,5997),(71,6051),(71,6054),(71,6104),(71,6151),(71,6198),(71,6245),(71,6292),(71,6339),(71,6386),(71,6433),(71,6480),(71,6527),(71,6574),(71,6621),(71,6668),(71,6715),(71,6762),(71,6809),(71,6856),(71,6903),(71,6950),(71,6997),(71,7044),(78,13),(78,77),(78,141),(78,203),(78,265),(78,327),(78,389),(78,451),(78,513),(78,575),(78,637),(78,746),(78,761),(78,823),(78,885),(78,947),(78,1009),(78,1071),(78,1133),(78,1195),(78,1257),(78,1366),(78,1434),(78,1496),(78,1605),(78,1620),(78,1682),(78,1791),(78,1859),(78,1921),(78,1983),(78,2045),(78,2107),(78,2169),(78,2231),(78,2293),(78,2355),(78,2417),(78,2479),(78,2541),(78,2603),(78,2665),(78,2727),(78,2789),(78,2851),(78,2913),(78,2975),(78,3037),(78,3099),(78,3161),(78,3221),(78,3281),(78,3341),(78,3401),(78,3461),(78,3521),(78,3581),(78,3640),(78,3699),(78,3758),(78,3817),(78,3876),(78,3935),(78,3994),(78,4053),(78,4112),(78,4171),(78,4230),(78,4289),(78,4348),(78,4405),(78,4462),(78,4519),(78,4576),(78,4633),(78,4690),(78,4747),(78,4804),(78,4861),(78,4918),(78,4975),(78,5032),(78,5089),(78,5146),(78,5203),(78,5260),(78,5317),(78,5374),(78,5431),(78,5488),(78,5545),(78,5602),(78,5659),(78,5716),(78,5773),(78,5830),(78,5887),(78,5944),(78,6001),(78,6058),(83,5),(83,69),(83,133),(83,195),(83,257),(83,319),(83,381),(83,443),(83,505),(83,567),(83,629),(83,742),(83,753),(83,815),(83,877),(83,939),(83,1001),(83,1063),(83,1125),(83,1187),(83,1249),(83,1362),(83,1426),(83,1488),(83,1601),(83,1612),(83,1674),(83,1787),(83,1851),(83,1913),(83,1975),(83,2037),(83,2099),(83,2161),(83,2223),(83,2285),(83,2347),(83,2409),(83,2471),(83,2533),(83,2595),(83,2657),(83,2719),(83,2781),(83,2843),(83,2905),(83,2967),(83,3029),(83,3091),(83,3153),(83,3213),(83,3273),(83,3333),(83,3393),(83,3453),(83,3513),(83,3573),(83,3632),(83,3691),(83,3750),(83,3809),(83,3868),(83,3927),(83,3986),(83,4045),(83,4104),(83,4163),(83,4222),(83,4281),(83,4340),(83,4397),(83,4454),(83,4511),(83,4568),(83,4625),(83,4682),(83,4739),(83,4796),(83,4853),(83,4910),(83,4967),(83,5024),(83,5081),(83,5138),(83,5195),(83,5252),(83,5309),(83,5366),(83,5423),(83,5480),(83,5537),(83,5594),(83,5651),(83,5708),(83,5765),(83,5822),(83,5879),(83,5936),(83,5993),(83,6050),(87,6103),(87,6150),(87,6197),(87,6244),(87,6291),(87,6338),(87,6385),(87,6432),(87,6479),(87,6526),(87,6573),(87,6620),(87,6667),(87,6714),(87,6761),(87,6808),(87,6855),(87,6902),(87,6949),(87,6996),(87,7043),(89,7),(89,18),(89,71),(89,82),(89,135),(89,146),(89,197),(89,208),(89,259),(89,270),(89,321),(89,332),(89,383),(89,394),(89,445),(89,456),(89,507),(89,518),(89,569),(89,580),(89,631),(89,642),(89,744),(89,748),(89,755),(89,766),(89,817),(89,828),(89,879),(89,890),(89,941),(89,952),(89,1003),(89,1014),(89,1065),(89,1076),(89,1127),(89,1138),(89,1189),(89,1200),(89,1251),(89,1262),(89,1364),(89,1368),(89,1428),(89,1439),(89,1490),(89,1501),(89,1603),(89,1607),(89,1614),(89,1625),(89,1676),(89,1687),(89,1789),(89,1793),(89,1853),(89,1864),(89,1915),(89,1926),(89,1977),(89,1988),(89,2039),(89,2050),(89,2101),(89,2112),(89,2163),(89,2174),(89,2225),(89,2236),(89,2287),(89,2298),(89,2349),(89,2360),(89,2411),(89,2422),(89,2473),(89,2484),(89,2535),(89,2546),(89,2597),(89,2608),(89,2659),(89,2670),(89,2721),(89,2732),(89,2783),(89,2794),(89,2845),(89,2856),(89,2907),(89,2918),(89,2969),(89,2980),(89,3031),(89,3042),(89,3093),(89,3104),(89,3155),(89,3166),(89,3215),(89,3226),(89,3275),(89,3286),(89,3335),(89,3346),(89,3395),(89,3406),(89,3455),(89,3466),(89,3515),(89,3526),(89,3575),(89,3586),(89,3634),(89,3645),(89,3693),(89,3704),(89,3752),(89,3763),(89,3811),(89,3822),(89,3870),(89,3881),(89,3929),(89,3940),(89,3988),(89,3999),(89,4047),(89,4058),(89,4106),(89,4117),(89,4165),(89,4176),(89,4224),(89,4235),(89,4283),(89,4294),(89,4342),(89,4353),(89,4399),(89,4410),(89,4456),(89,4467),(89,4513),(89,4524),(89,4570),(89,4581),(89,4627),(89,4638),(89,4684),(89,4695),(89,4741),(89,4752),(89,4798),(89,4809),(89,4855),(89,4866),(89,4912),(89,4923),(89,4969),(89,4980),(89,5026),(89,5037),(89,5083),(89,5094),(89,5140),(89,5151),(89,5197),(89,5208),(89,5254),(89,5265),(89,5311),(89,5322),(89,5368),(89,5379),(89,5425),(89,5436),(89,5482),(89,5493),(89,5539),(89,5550),(89,5596),(89,5607),(89,5653),(89,5664),(89,5710),(89,5721),(89,5767),(89,5778),(89,5824),(89,5835),(89,5881),(89,5892),(89,5938),(89,5949),(89,5995),(89,6006),(89,6052),(89,6063),(91,8),(91,72),(91,136),(91,198),(91,260),(91,322),(91,384),(91,446),(91,508),(91,570),(91,632),(91,689),(91,756),(91,818),(91,880),(91,942),(91,1004),(91,1066),(91,1128),(91,1190),(91,1252),(91,1309),(91,1371),(91,1429),(91,1491),(91,1548),(91,1615),(91,1677),(91,1734),(91,1796),(91,1854),(91,1916),(91,1978),(91,2040),(91,2102),(91,2164),(91,2226),(91,2288),(91,2350),(91,2412),(91,2474),(91,2536),(91,2598),(91,2660),(91,2722),(91,2784),(91,2846),(91,2908),(91,2970),(91,3032),(91,3094),(91,3156),(91,3216),(91,3276),(91,3336),(91,3396),(91,3456),(91,3516),(91,3576),(91,3635),(91,3694),(91,3753),(91,3812),(91,3871),(91,3930),(91,3989),(91,4048),(91,4107),(91,4166),(91,4225),(91,4284),(91,4343),(91,4400),(91,4457),(91,4514),(91,4571),(91,4628),(91,4685),(91,4742),(91,4799),(91,4856),(91,4913),(91,4970),(91,5027),(91,5084),(91,5141),(91,5198),(91,5255),(91,5312),(91,5369),(91,5426),(91,5483),(91,5540),(91,5597),(91,5654),(91,5711),(91,5768),(91,5825),(91,5882),(91,5939),(91,5996),(91,6053),(99,5),(99,69),(99,133),(99,195),(99,257),(99,319),(99,381),(99,443),(99,505),(99,567),(99,629),(99,742),(99,753),(99,815),(99,877),(99,939),(99,1001),(99,1063),(99,1125),(99,1187),(99,1249),(99,1362),(99,1426),(99,1488),(99,1601),(99,1612),(99,1674),(99,1787),(99,1851),(99,1913),(99,1975),(99,2037),(99,2099),(99,2161),(99,2223),(99,2285),(99,2347),(99,2409),(99,2471),(99,2533),(99,2595),(99,2657),(99,2719),(99,2781),(99,2843),(99,2905),(99,2967),(99,3029),(99,3091),(99,3153),(99,3213),(99,3273),(99,3333),(99,3393),(99,3453),(99,3513),(99,3573),(99,3632),(99,3691),(99,3750),(99,3809),(99,3868),(99,3927),(99,3986),(99,4045),(99,4104),(99,4163),(99,4222),(99,4281),(99,4340),(99,4397),(99,4454),(99,4511),(99,4568),(99,4625),(99,4682),(99,4739),(99,4796),(99,4853),(99,4910),(99,4967),(99,5024),(99,5081),(99,5138),(99,5195),(99,5252),(99,5309),(99,5366),(99,5423),(99,5480),(99,5537),(99,5594),(99,5651),(99,5708),(99,5765),(99,5822),(99,5879),(99,5936),(99,5993),(99,6050),(100,6110),(100,6157),(100,6204),(100,6251),(100,6298),(100,6345),(100,6392),(100,6439),(100,6486),(100,6533),(100,6580),(100,6627),(100,6674),(100,6721),(100,6768),(100,6815),(100,6862),(100,6909),(100,6956),(100,7003),(100,7050),(107,5),(107,6),(107,69),(107,70),(107,133),(107,134),(107,195),(107,196),(107,257),(107,258),(107,319),(107,320),(107,381),(107,382),(107,443),(107,444),(107,505),(107,506),(107,567),(107,568),(107,629),(107,630),(107,742),(107,743),(107,753),(107,754),(107,815),(107,816),(107,877),(107,878),(107,939),(107,940),(107,1001),(107,1002),(107,1063),(107,1064),(107,1125),(107,1126),(107,1187),(107,1188),(107,1249),(107,1250),(107,1362),(107,1363),(107,1426),(107,1427),(107,1488),(107,1489),(107,1601),(107,1602),(107,1612),(107,1613),(107,1674),(107,1675),(107,1787),(107,1788),(107,1851),(107,1852),(107,1913),(107,1914),(107,1975),(107,1976),(107,2037),(107,2038),(107,2099),(107,2100),(107,2161),(107,2162),(107,2223),(107,2224),(107,2285),(107,2286),(107,2347),(107,2348),(107,2409),(107,2410),(107,2471),(107,2472),(107,2533),(107,2534),(107,2595),(107,2596),(107,2657),(107,2658),(107,2719),(107,2720),(107,2781),(107,2782),(107,2843),(107,2844),(107,2905),(107,2906),(107,2967),(107,2968),(107,3029),(107,3030),(107,3091),(107,3092),(107,3153),(107,3154),(107,3213),(107,3214),(107,3273),(107,3274),(107,3333),(107,3334),(107,3393),(107,3394),(107,3453),(107,3454),(107,3513),(107,3514),(107,3573),(107,3574),(107,3632),(107,3633),(107,3691),(107,3692),(107,3750),(107,3751),(107,3809),(107,3810),(107,3868),(107,3869),(107,3927),(107,3928),(107,3986),(107,3987),(107,4045),(107,4046),(107,4104),(107,4105),(107,4163),(107,4164),(107,4222),(107,4223),(107,4281),(107,4282),(107,4340),(107,4341),(107,4397),(107,4398),(107,4454),(107,4455),(107,4511),(107,4512),(107,4568),(107,4569),(107,4625),(107,4626),(107,4682),(107,4683),(107,4739),(107,4740),(107,4796),(107,4797),(107,4853),(107,4854),(107,4910),(107,4911),(107,4967),(107,4968),(107,5024),(107,5025),(107,5081),(107,5082),(107,5138),(107,5139),(107,5195),(107,5196),(107,5252),(107,5253),(107,5309),(107,5310),(107,5366),(107,5367),(107,5423),(107,5424),(107,5480),(107,5481),(107,5537),(107,5538),(107,5594),(107,5595),(107,5651),(107,5652),(107,5708),(107,5709),(107,5765),(107,5766),(107,5822),(107,5823),(107,5879),(107,5880),(107,5936),(107,5937),(107,5993),(107,5994),(107,6050),(107,6051),(119,204),(119,266),(119,328),(119,390),(119,452),(119,514),(119,576),(119,638),(119,693),(119,762),(119,824),(119,886),(119,948),(119,1010),(119,1072),(119,1134),(119,1196),(119,1258),(119,1313),(119,1375),(119,1435),(119,1497),(119,1552),(119,1621),(119,1683),(119,1738),(119,1800),(119,1860),(119,1922),(119,1984),(119,2046),(119,2108),(119,2170),(119,2232),(119,2294),(119,2356),(119,2418),(119,2480),(119,2542),(119,2604),(119,2666),(119,2728),(119,2790),(119,2852),(119,2914),(119,2976),(119,3038),(119,3100),(119,3162),(119,3222),(119,3282),(119,3342),(119,3402),(119,3462),(119,3522),(119,3582),(119,3641),(119,3700),(119,3759),(119,3818),(119,3877),(119,3936),(119,3995),(119,4054),(119,4113),(119,4172),(119,4231),(119,4290),(119,4349),(119,4406),(119,4463),(119,4520),(119,4577),(119,4634),(119,4691),(119,4748),(119,4805),(119,4862),(119,4919),(119,4976),(119,5033),(119,5090),(119,5147),(119,5204),(119,5261),(119,5318),(119,5375),(119,5432),(119,5489),(119,5546),(119,5603),(119,5660),(119,5717),(119,5774),(119,5831),(119,5888),(119,5945),(119,6002),(119,6059),(119,6106),(119,6153),(119,6200),(119,6247),(119,6294),(119,6341),(119,6388),(119,6435),(119,6482),(119,6529),(119,6576),(119,6623),(119,6670),(119,6717),(119,6764),(119,6811),(119,6858),(119,6905),(119,6952),(119,6999),(119,7046);

--
