-- Table structure for table `pre3305_tab_lang`
--

CREATE TABLE `pre3305_tab_lang` (
  `id_tab` int(11) NOT NULL,
  `id_lang` int(11) NOT NULL,
  `name` varchar(128) COLLATE utf8_unicode_ci NOT NULL,
  PRIMARY KEY (`id_tab`,`id_lang`),
  KEY `IDX_ADCFEEE9ED47AB56` (`id_tab`)
) ENGINE=InnoDB DEFAULT CHARSET=utf8 COLLATE=utf8_unicode_ci;

--
-- Dumping data for table `pre3305_tab_lang`
--

INSERT INTO `pre3305_tab_lang` VALUES (1,1,'Tableau de Bord'),(1,2,'Tableau de Bord'),(2,1,'Vendre'),(2,2,'Sell'),(3,1,'Commandes'),(3,2,'Order Settings'),(4,1,'Commandes'),(4,2,'Order Settings'),(5,1,'Factures'),(5,2,'Invoices'),(6,1,'Avoirs'),(6,2,'Credit Slips'),(7,1,'Bons de livraison'),(7,2,'Delivery Slips'),(8,1,'Paniers'),(8,2,'Shopping Carts'),(9,1,'Catalogue'),(9,2,'Catalog'),(10,1,'Produits'),(10,2,'Product Settings'),(11,1,'Catégories'),(11,2,'Categories'),(12,1,'Suivi'),(12,2,'Monitoring'),(13,1,'Attributs & caractéristiques'),(13,2,'Attributes & Features'),(14,1,'Attributs'),(14,2,'Attributes'),(15,1,'Caractéristiques'),(15,2,'Features'),(16,1,'Marques et fournisseurs'),(16,2,'Brands & Suppliers'),(17,1,'Marques'),(17,2,'Brands'),(18,1,'Fournisseurs'),(18,2,'Suppliers'),(19,1,'Documents joints'),(19,2,'Documents joints'),(20,1,'Promotions'),(20,2,'Promotions'),(21,1,'Règles paniers'),(21,2,'Règles paniers'),(22,1,'Règles de prix catalogue'),(22,2,'Catalog Price Rules'),(23,1,'Clients'),(23,2,'Customer Settings'),(24,1,'Clients'),(24,2,'Customer Settings'),(25,1,'Adresses'),(25,2,'Addresses'),(26,1,'Encours'),(26,2,'Encours'),(27,1,'Service client'),(27,2,'Service client'),(28,1,'Service client'),(28,2,'Service client'),(29,1,'Messages prédéfinis'),(29,2,'Order Messages'),(30,1,'Retours produits'),(30,2,'Merchandise Returns'),(31,1,'Statistiques'),(31,2,'Stats'),(33,1,'Entrepôts'),(33,2,'Warehouses'),(34,1,'Gestion du stock'),(34,2,'Stock Management'),(35,1,'Gestion du stock'),(35,2,'Stock Management'),(36,1,'Mouvements de stock'),(36,2,'Stock Movement'),(37,1,'Etat instantané du stock'),(37,2,'Etat instantané du stock'),(38,1,'Couverture du stock'),(38,2,'Stock Coverage'),(39,1,'Commandes fournisseurs'),(39,2,'Supply orders'),(40,1,'Paramètres'),(40,2,'Configuration'),(41,1,'Personnaliser'),(41,2,'Improve'),(42,1,'Modules'),(42,2,'Modules'),(43,1,'Modules et services'),(43,2,'Modules & Services'),(45,1,'Catalogue de modules'),(45,2,'Modules Catalog'),(46,1,'Apparence'),(46,2,'Design'),(47,1,'Thème et logo'),(47,2,'Theme & Logo'),(48,1,'Catalogue de thèmes'),(48,2,'Theme Catalog'),(49,1,'Pages CMS'),(49,2,'Pages'),(50,1,'Positions'),(50,2,'Positions'),(51,1,'Images'),(51,2,'Image Settings'),(52,1,'Transport'),(52,2,'Transport'),(53,1,'Transporteurs'),(53,2,'Carriers'),(54,1,'Préférences'),(54,2,'Preferences'),(55,1,'Paiement'),(55,2,'Payment'),(56,1,'Modes de paiement'),(56,2,'Payment Methods'),(57,1,'Préférences'),(57,2,'Preferences'),(58,1,'International'),(58,2,'International'),(59,1,'Localisation'),(59,2,'Localization'),(60,1,'Localisation'),(60,2,'Localization'),(61,1,'Langues'),(61,2,'Languages'),(62,1,'Devises'),(62,2,'Currencies'),(63,1,'Géolocalisation'),(63,2,'Geolocation'),(64,1,'Zones géographiques'),(64,2,'Locations'),(65,1,'Pays'),(65,2,'Countries'),(66,1,'Zones'),(66,2,'Zones'),(67,1,'États'),(67,2,'States'),(68,1,'Taxes'),(68,2,'Taxes'),(69,1,'Taxes'),(69,2,'Taxes'),(70,1,'Règles de taxes'),(70,2,'Tax Rules'),(71,1,'Traductions'),(71,2,'Translations'),(72,1,'Configurer'),(72,2,'Configure'),(73,1,'Paramètres de la boutique'),(73,2,'Shop Parameters'),(74,1,'Général'),(74,2,'Général'),(75,1,'Général'),(75,2,'Général'),(76,1,'Maintenance'),(76,2,'Maintenance'),(77,1,'Commandes'),(77,2,'Order Settings'),(78,1,'Commandes'),(78,2,'Order Settings'),(79,1,'États'),(79,2,'States'),(80,1,'Produits'),(80,2,'Product Settings'),(81,1,'Clients'),(81,2,'Customer Settings'),(82,1,'Clients'),(82,2,'Customer Settings'),(83,1,'Groupes'),(83,2,'Groups'),(84,1,'Titres de civilité'),(84,2,'Titles'),(85,1,'Contact'),(85,2,'Contact'),(86,1,'Contacts'),(86,2,'Contacts'),(87,1,'Coordonnées & magasins'),(87,2,'Coordonnées & magasins'),(88,1,'Trafic et SEO'),(88,2,'Traffic & SEO'),(89,1,'SEO & URL'),(89,2,'SEO & URLs'),(90,1,'Moteurs de recherche'),(90,2,'Search Engines'),(91,1,'Affiliation'),(91,2,'Affiliation'),(92,1,'Recherche'),(92,2,'Recherche'),(93,1,'Recherche'),(93,2,'Recherche'),(94,1,'Mots-clés'),(94,2,'Tags'),(95,1,'Paramètres avancés'),(95,2,'Advanced Parameters'),(96,1,'Informations'),(96,2,'Information'),(97,1,'Performances'),(97,2,'Performance'),(98,1,'Administration'),(98,2,'Administration'),(99,1,'Emails'),(99,2,'Emails'),(100,1,'Importer'),(100,2,'Import'),(101,1,'Équipe'),(101,2,'Team'),(102,1,'Employés'),(102,2,'Employees'),(103,1,'Profils'),(103,2,'Profiles'),(104,1,'Autorisations'),(104,2,'Autorisations'),(105,1,'Base de données'),(105,2,'Database'),(106,1,'Gestionnaire SQL'),(106,2,'SQL Manager'),(107,1,'Sauvegarde BDD'),(107,2,'DB Backup'),(108,1,'Log'),(108,2,'Log'),(109,1,'Service web'),(109,2,'Service web'),(110,1,'Multiboutique'),(110,2,'Multistore'),(111,1,'Multiboutique'),(111,2,'Multistore'),(112,1,'Accès rapide'),(112,2,'Quick Access'),(113,1,'Autres'),(113,2,'Autres'),(115,1,'Dashgoals'),(115,2,'Dashgoals'),(116,1,'Link Widget'),(116,2,'Link Widget'),(117,1,'Merchant Expertise'),(117,2,'Merchant Expertise'),(118,1,'Cron Jobs'),(118,2,'Cron Jobs'),(119,1,'1-Click Upgrade'),(119,2,'1-Click Upgrade'),(120,1,'Stock'),(120,2,'Stock'),(151,1,'SendCloud'),(151,2,'SendCloud'),(152,1,'SEO (Search Engine Optimization)'),(152,2,'SEO (Search Engine Optimization)'),(153,1,'SEO (Search Engine Optimization)'),(153,2,'SEO (Search Engine Optimization)'),(158,1,'Ap PageBuilder'),(158,2,'Ap PageBuilder'),(159,1,'Ap Profiles Manage'),(159,2,'Ap Profiles Manage'),(160,1,'Ap Positions Manage'),(160,2,'Ap Positions Manage'),(161,1,'Ap ShortCode Manage'),(161,2,'Ap ShortCode Manage'),(162,1,'Ap Hook Builder'),(162,2,'Ap Hook Builder'),(163,1,'Ap Products List Builder'),(163,2,'Ap Products List Builder'),(164,1,'Ap Products Details Builder'),(164,2,'Ap Products Details Builder'),(165,1,'Ap Hook Control Panel'),(165,2,'Ap Hook Control Panel'),(166,1,'Ap Live Theme Editor'),(166,2,'Ap Live Theme Editor'),(167,1,'Ap Module Configuration'),(167,2,'Ap Module Configuration'),(168,1,'Ap Theme Configuration'),(168,2,'Ap Theme Configuration'),(169,1,'Ap Image Manage'),(169,2,'Ap Image Manage'),(170,1,'Ap Shortcodes Builder'),(170,2,'Ap Shortcodes Builder'),(171,1,'Leo Blog Gestion'),(171,2,'Leo Blog Gestion'),(172,1,'Blog Dashboard'),(172,2,'Blog Dashboard'),(173,1,'Categories Management'),(173,2,'Categories Management'),(174,1,'Blogs Management'),(174,2,'Blogs Management'),(175,1,'Comment Management'),(175,2,'Comment Management'),(176,1,'Leo Blog Configuration'),(176,2,'Leo Blog Configuration'),(177,1,'Leo Megamenu Configuration'),(177,2,'Leo Megamenu Configuration'),(178,1,'Leo Widgets'),(178,2,'Leo Widgets'),(179,1,'LeoSlideShow'),(179,2,'LeoSlideShow'),(180,1,'Leo Slideshow Configuration'),(180,2,'Leo Slideshow Configuration'),(181,1,'Leo Management Feature'),(181,2,'Leo Management Feature'),(182,1,'Leo Feature Configuration'),(182,2,'Leo Feature Configuration'),(183,1,'Product Review Management'),(183,2,'Product Review Management'),(184,1,'psgdpr'),(184,2,'psgdpr'),(185,1,'psgdpr'),(185,2,'psgdpr'),(186,1,'Modules installés'),(186,2,'Installed modules'),(187,1,'Selection'),(187,2,'Selection'),(188,1,'Notifications'),(188,2,'Notifications');

--
-- Table structure for table `pre3305_tab_module_preference`
--

CREATE TABLE `pre3305_tab_module_preference` (
  `id_tab_module_preference` int(11) NOT NULL AUTO_INCREMENT,
  `id_employee` int(11) NOT NULL,
  `id_tab` int(11) NOT NULL,
  `module` varchar(255) NOT NULL,
  PRIMARY KEY (`id_tab_module_preference`),
  UNIQUE KEY `employee_module` (`id_employee`,`id_tab`,`module`)
) ENGINE=InnoDB DEFAULT CHARSET=utf8;

--
-- Dumping data for table `pre3305_tab_module_preference`
--


--
-- Table structure for table `pre3305_tag`
--

CREATE TABLE `pre3305_tag` (
  `id_tag` int(10) unsigned NOT NULL AUTO_INCREMENT,
  `id_lang` int(10) unsigned NOT NULL,
  `name` varchar(32) NOT NULL,
  PRIMARY KEY (`id_tag`),
  KEY `tag_name` (`name`),
  KEY `id_lang` (`id_lang`)
) ENGINE=InnoDB DEFAULT CHARSET=utf8;

--
-- Dumping data for table `pre3305_tag`
--


--
-- Table structure for table `pre3305_tag_count`
--

CREATE TABLE `pre3305_tag_count` (
  `id_group` int(10) unsigned NOT NULL DEFAULT '0',
  `id_tag` int(10) unsigned NOT NULL DEFAULT '0',
  `id_lang` int(10) unsigned NOT NULL DEFAULT '0',
  `id_shop` int(11) unsigned NOT NULL DEFAULT '0',
  `counter` int(10) unsigned NOT NULL DEFAULT '0',
  PRIMARY KEY (`id_group`,`id_tag`),
  KEY `id_group` (`id_group`,`id_lang`,`id_shop`,`counter`)
) ENGINE=InnoDB DEFAULT CHARSET=utf8;

--
-- Dumping data for table `pre3305_tag_count`
--


--
-- Table structure for table `pre3305_tax`
--

CREATE TABLE `pre3305_tax` (
  `id_tax` int(10) unsigned NOT NULL AUTO_INCREMENT,
  `rate` decimal(10,3) NOT NULL,
  `active` tinyint(1) unsigned NOT NULL DEFAULT '1',
  `deleted` tinyint(1) unsigned NOT NULL DEFAULT '0',
  PRIMARY KEY (`id_tax`)
) ENGINE=InnoDB AUTO_INCREMENT=33 DEFAULT CHARSET=utf8;

--
-- Dumping data for table `pre3305_tax`
--

INSERT INTO `pre3305_tax` VALUES (1,20.000,1,0),(2,10.000,1,0),(3,5.500,1,0),(4,2.100,1,0),(5,20.000,1,0),(6,21.000,1,0),(7,20.000,1,0),(8,19.000,1,0),(9,21.000,1,0),(10,19.000,1,0),(11,25.000,1,0),(12,20.000,1,0),(13,21.000,1,0),(14,24.000,1,0),(15,20.000,1,0),(16,23.000,1,0),(17,25.000,1,0),(18,27.000,1,0),(19,23.000,1,0),(20,22.000,1,0),(21,21.000,1,0),(22,17.000,1,0),(23,21.000,1,0),(24,18.000,1,0),(25,21.000,1,0),(26,23.000,1,0),(27,23.000,1,0),(28,20.000,1,0),(29,25.000,1,0),(30,22.000,1,0),(31,20.000,1,0),(32,0.000,1,0);

--
-- Table structure for table `pre3305_tax_lang`
--

CREATE TABLE `pre3305_tax_lang` (
  `id_tax` int(10) unsigned NOT NULL,
  `id_lang` int(10) unsigned NOT NULL,
  `name` varchar(32) NOT NULL,
  PRIMARY KEY (`id_tax`,`id_lang`)
) ENGINE=InnoDB DEFAULT CHARSET=utf8;

--
-- Dumping data for table `pre3305_tax_lang`
--

INSERT INTO `pre3305_tax_lang` VALUES (1,1,'TVA FR 20%'),(1,2,'TVA FR 20%'),(2,1,'TVA FR 10%'),(2,2,'TVA FR 10%'),(3,1,'TVA FR 5.5%'),(3,2,'TVA FR 5.5%'),(4,1,'TVA FR 2.1%'),(4,2,'TVA FR 2.1%'),(5,1,'USt. AT 20%'),(5,2,'USt. AT 20%'),(6,1,'TVA BE 21%'),(6,2,'TVA BE 21%'),(7,1,'ДДС BG 20%'),(7,2,'ДДС BG 20%'),(8,1,'ΦΠΑ CY 19%'),(8,2,'ΦΠΑ CY 19%'),(9,1,'DPH CZ 21%'),(9,2,'DPH CZ 21%'),(10,1,'MwSt. DE 19%'),(10,2,'MwSt. DE 19%'),(11,1,'moms DK 25%'),(11,2,'moms DK 25%'),(12,1,'km EE 20%'),(12,2,'km EE 20%'),(13,1,'IVA ES 21%'),(13,2,'IVA ES 21%'),(14,1,'ALV FI 24%'),(14,2,'ALV FI 24%'),(15,1,'VAT UK 20%'),(15,2,'VAT UK 20%'),(16,1,'ΦΠΑ GR 23%'),(16,2,'ΦΠΑ GR 23%'),(17,1,'Croatia PDV 25%'),(17,2,'Croatia PDV 25%'),(18,1,'ÁFA HU 27%'),(18,2,'ÁFA HU 27%'),(19,1,'VAT IE 23%'),(19,2,'VAT IE 23%'),(20,1,'IVA IT 22%'),(20,2,'IVA IT 22%'),(21,1,'PVM LT 21%'),(21,2,'PVM LT 21%'),(22,1,'TVA LU 17%'),(22,2,'TVA LU 17%'),(23,1,'PVN LV 21%'),(23,2,'PVN LV 21%'),(24,1,'VAT MT 18%'),(24,2,'VAT MT 18%'),(25,1,'BTW NL 21%'),(25,2,'BTW NL 21%'),(26,1,'PTU PL 23%'),(26,2,'PTU PL 23%'),(27,1,'IVA PT 23%'),(27,2,'IVA PT 23%'),(28,1,'TVA RO 20%'),(28,2,'TVA RO 20%'),(29,1,'Moms SE 25%'),(29,2,'Moms SE 25%'),(30,1,'DDV SI 22%'),(30,2,'DDV SI 22%'),(31,1,'DPH SK 20%'),(31,2,'DPH SK 20%'),(32,1,'TVA FR Marge'),(32,2,'TVA FR Marge');

--
-- Table structure for table `pre3305_tax_rule`
--

CREATE TABLE `pre3305_tax_rule` (
  `id_tax_rule` int(11) NOT NULL AUTO_INCREMENT,
  `id_tax_rules_group` int(11) NOT NULL,
  `id_country` int(11) NOT NULL,
  `id_state` int(11) NOT NULL,
  `zipcode_from` varchar(12) NOT NULL,
  `zipcode_to` varchar(12) NOT NULL,
  `id_tax` int(11) NOT NULL,
  `behavior` int(11) NOT NULL,
  `description` varchar(100) NOT NULL,
  PRIMARY KEY (`id_tax_rule`),
  KEY `id_tax_rules_group` (`id_tax_rules_group`),
  KEY `id_tax` (`id_tax`),
  KEY `category_getproducts` (`id_tax_rules_group`,`id_country`,`id_state`,`zipcode_from`)
) ENGINE=InnoDB AUTO_INCREMENT=377 DEFAULT CHARSET=utf8;

--
-- Dumping data for table `pre3305_tax_rule`
--

INSERT INTO `pre3305_tax_rule` VALUES (1,1,3,0,'0','0',1,0,''),(2,1,236,0,'0','0',1,0,''),(3,1,16,0,'0','0',1,0,''),(4,1,20,0,'0','0',1,0,''),(5,1,1,0,'0','0',1,0,''),(6,1,86,0,'0','0',1,0,''),(7,1,9,0,'0','0',1,0,''),(8,1,6,0,'0','0',1,0,''),(9,1,8,0,'0','0',1,0,''),(10,1,26,0,'0','0',1,0,''),(11,1,10,0,'0','0',1,0,''),(12,1,76,0,'0','0',1,0,''),(13,1,125,0,'0','0',1,0,''),(14,1,131,0,'0','0',1,0,''),(15,1,12,0,'0','0',1,0,''),(16,1,143,0,'0','0',1,0,''),(17,1,139,0,'0','0',1,0,''),(18,1,13,0,'0','0',1,0,''),(19,1,2,0,'0','0',1,0,''),(20,1,14,0,'0','0',1,0,''),(21,1,15,0,'0','0',1,0,''),(22,1,36,0,'0','0',1,0,''),(23,1,193,0,'0','0',1,0,''),(24,1,37,0,'0','0',1,0,''),(25,1,7,0,'0','0',1,0,''),(26,1,18,0,'0','0',1,0,''),(27,2,3,0,'0','0',2,0,''),(28,2,236,0,'0','0',2,0,''),(29,2,16,0,'0','0',2,0,''),(30,2,20,0,'0','0',2,0,''),(31,2,1,0,'0','0',2,0,''),(32,2,86,0,'0','0',2,0,''),(33,2,9,0,'0','0',2,0,''),(34,2,6,0,'0','0',2,0,''),(35,2,8,0,'0','0',2,0,''),(36,2,26,0,'0','0',2,0,''),(37,2,10,0,'0','0',2,0,''),(38,2,76,0,'0','0',2,0,''),(39,2,125,0,'0','0',2,0,''),(40,2,131,0,'0','0',2,0,''),(41,2,12,0,'0','0',2,0,''),(42,2,143,0,'0','0',2,0,''),(43,2,139,0,'0','0',2,0,''),(44,2,13,0,'0','0',2,0,''),(45,2,2,0,'0','0',2,0,''),(46,2,14,0,'0','0',2,0,''),(47,2,15,0,'0','0',2,0,''),(48,2,36,0,'0','0',2,0,''),(49,2,193,0,'0','0',2,0,''),(50,2,37,0,'0','0',2,0,''),(51,2,7,0,'0','0',2,0,''),(52,2,18,0,'0','0',2,0,''),(53,3,3,0,'0','0',3,0,''),(54,3,236,0,'0','0',3,0,''),(55,3,16,0,'0','0',3,0,''),(56,3,20,0,'0','0',3,0,''),(57,3,1,0,'0','0',3,0,''),(58,3,86,0,'0','0',3,0,''),(59,3,9,0,'0','0',3,0,''),(60,3,6,0,'0','0',3,0,''),(61,3,8,0,'0','0',3,0,''),(62,3,26,0,'0','0',3,0,''),(63,3,10,0,'0','0',3,0,''),(64,3,76,0,'0','0',3,0,''),(65,3,125,0,'0','0',3,0,''),(66,3,131,0,'0','0',3,0,''),(67,3,12,0,'0','0',3,0,''),(68,3,143,0,'0','0',3,0,''),(69,3,139,0,'0','0',3,0,''),(70,3,13,0,'0','0',3,0,''),(71,3,2,0,'0','0',3,0,''),(72,3,14,0,'0','0',3,0,''),(73,3,15,0,'0','0',3,0,''),(74,3,36,0,'0','0',3,0,''),(75,3,193,0,'0','0',3,0,''),(76,3,37,0,'0','0',3,0,''),(77,3,7,0,'0','0',3,0,''),(78,3,18,0,'0','0',3,0,''),(79,4,3,0,'0','0',4,0,''),(80,4,236,0,'0','0',4,0,''),(81,4,16,0,'0','0',4,0,''),(82,4,20,0,'0','0',4,0,''),(83,4,1,0,'0','0',4,0,''),(84,4,86,0,'0','0',4,0,''),(85,4,9,0,'0','0',4,0,''),(86,4,6,0,'0','0',4,0,''),(87,4,8,0,'0','0',4,0,''),(88,4,26,0,'0','0',4,0,''),(89,4,10,0,'0','0',4,0,''),(90,4,76,0,'0','0',4,0,''),(91,4,125,0,'0','0',4,0,''),(92,4,131,0,'0','0',4,0,''),(93,4,12,0,'0','0',4,0,''),(94,4,143,0,'0','0',4,0,''),(95,4,139,0,'0','0',4,0,''),(96,4,13,0,'0','0',4,0,''),(97,4,2,0,'0','0',4,0,''),(98,4,14,0,'0','0',4,0,''),(99,4,15,0,'0','0',4,0,''),(100,4,36,0,'0','0',4,0,''),(101,4,193,0,'0','0',4,0,''),(102,4,37,0,'0','0',4,0,''),(103,4,7,0,'0','0',4,0,''),(104,4,18,0,'0','0',4,0,''),(105,5,8,0,'0','0',1,0,''),(106,5,2,0,'0','0',5,0,''),(107,5,3,0,'0','0',6,0,''),(108,5,236,0,'0','0',7,0,''),(109,5,76,0,'0','0',8,0,''),(110,5,16,0,'0','0',9,0,''),(111,5,1,0,'0','0',10,0,''),(112,5,20,0,'0','0',11,0,''),(113,5,86,0,'0','0',12,0,''),(114,5,6,0,'0','0',13,0,''),(115,5,7,0,'0','0',14,0,''),(116,5,17,0,'0','0',15,0,''),(117,5,9,0,'0','0',16,0,''),(118,5,74,0,'0','0',17,0,''),(119,5,143,0,'0','0',18,0,''),(120,5,26,0,'0','0',19,0,''),(121,5,10,0,'0','0',20,0,''),(122,5,131,0,'0','0',21,0,''),(123,5,12,0,'0','0',22,0,''),(124,5,125,0,'0','0',23,0,''),(125,5,139,0,'0','0',24,0,''),(126,5,13,0,'0','0',25,0,''),(127,5,14,0,'0','0',26,0,''),(128,5,15,0,'0','0',27,0,''),(129,5,36,0,'0','0',28,0,''),(130,5,18,0,'0','0',29,0,''),(131,5,193,0,'0','0',30,0,''),(132,5,37,0,'0','0',31,0,''),(133,6,231,0,'0','0',32,0,''),(134,6,30,0,'0','0',32,0,''),(135,6,230,0,'0','0',32,0,''),(136,6,38,0,'0','0',32,0,''),(137,6,1,0,'0','0',32,0,''),(138,6,40,0,'0','0',32,0,''),(139,6,41,0,'0','0',32,0,''),(140,6,42,0,'0','0',32,0,''),(141,6,232,0,'0','0',32,0,''),(142,6,43,0,'0','0',32,0,''),(143,6,157,0,'0','0',32,0,''),(144,6,188,0,'0','0',32,0,''),(145,6,44,0,'0','0',32,0,''),(146,6,45,0,'0','0',32,0,''),(147,6,46,0,'0','0',32,0,''),(148,6,24,0,'0','0',32,0,''),(149,6,2,0,'0','0',32,0,''),(150,6,47,0,'0','0',32,0,''),(151,6,48,0,'0','0',32,0,''),(152,6,49,0,'0','0',32,0,''),(153,6,50,0,'0','0',32,0,''),(154,6,51,0,'0','0',32,0,''),(155,6,3,0,'0','0',32,0,''),(156,6,53,0,'0','0',32,0,''),(157,6,54,0,'0','0',32,0,''),(158,6,55,0,'0','0',32,0,''),(159,6,56,0,'0','0',32,0,''),(160,6,52,0,'0','0',32,0,''),(161,6,34,0,'0','0',32,0,''),(162,6,233,0,'0','0',32,0,''),(163,6,57,0,'0','0',32,0,''),(164,6,58,0,'0','0',32,0,''),(165,6,59,0,'0','0',32,0,''),(166,6,236,0,'0','0',32,0,''),(167,6,60,0,'0','0',32,0,''),(168,6,62,0,'0','0',32,0,''),(169,6,63,0,'0','0',32,0,''),(170,6,64,0,'0','0',32,0,''),(171,6,4,0,'0','0',32,0,''),(172,6,65,0,'0','0',32,0,''),(173,6,68,0,'0','0',32,0,''),(174,6,5,0,'0','0',32,0,''),(175,6,76,0,'0','0',32,0,''),(176,6,69,0,'0','0',32,0,''),(177,6,70,0,'0','0',32,0,''),(178,6,72,0,'0','0',32,0,''),(179,6,71,0,'0','0',32,0,''),(180,6,121,0,'0','0',32,0,''),(181,6,28,0,'0','0',32,0,''),(182,6,73,0,'0','0',32,0,''),(183,6,32,0,'0','0',32,0,''),(184,6,74,0,'0','0',32,0,''),(185,6,75,0,'0','0',32,0,''),(186,6,20,0,'0','0',32,0,''),(187,6,77,0,'0','0',32,0,''),(188,6,78,0,'0','0',32,0,''),(189,6,82,0,'0','0',32,0,''),(190,6,83,0,'0','0',32,0,''),(191,6,217,0,'0','0',32,0,''),(192,6,81,0,'0','0',32,0,''),(193,6,85,0,'0','0',32,0,''),(194,6,6,0,'0','0',32,0,''),(195,6,86,0,'0','0',32,0,''),(196,6,107,0,'0','0',32,0,''),(197,6,146,0,'0','0',32,0,''),(198,6,21,0,'0','0',32,0,''),(199,6,87,0,'0','0',32,0,''),(200,6,90,0,'0','0',32,0,''),(201,6,7,0,'0','0',32,0,''),(202,6,8,0,'0','0',32,0,''),(203,6,91,0,'0','0',32,0,''),(204,6,92,0,'0','0',32,0,''),(205,6,93,0,'0','0',32,0,''),(206,6,94,0,'0','0',32,0,''),(207,6,97,0,'0','0',32,0,''),(208,6,9,0,'0','0',32,0,''),(209,6,95,0,'0','0',32,0,''),(210,6,96,0,'0','0',32,0,''),(211,6,98,0,'0','0',32,0,''),(212,6,99,0,'0','0',32,0,''),(213,6,100,0,'0','0',32,0,''),(214,6,101,0,'0','0',32,0,''),(215,6,102,0,'0','0',32,0,''),(216,6,84,0,'0','0',32,0,''),(217,6,103,0,'0','0',32,0,''),(218,6,104,0,'0','0',32,0,''),(219,6,241,0,'0','0',32,0,''),(220,6,105,0,'0','0',32,0,''),(221,6,108,0,'0','0',32,0,''),(222,6,143,0,'0','0',32,0,''),(223,6,234,0,'0','0',32,0,''),(224,6,238,0,'0','0',32,0,''),(225,6,114,0,'0','0',32,0,''),(226,6,162,0,'0','0',32,0,''),(227,6,244,0,'0','0',32,0,''),(228,6,237,0,'0','0',32,0,''),(229,6,239,0,'0','0',32,0,''),(230,6,240,0,'0','0',32,0,''),(231,6,89,0,'0','0',32,0,''),(232,6,196,0,'0','0',32,0,''),(233,6,106,0,'0','0',32,0,''),(234,6,88,0,'0','0',32,0,''),(235,6,163,0,'0','0',32,0,''),(236,6,140,0,'0','0',32,0,''),(237,6,194,0,'0','0',32,0,''),(238,6,213,0,'0','0',32,0,''),(239,6,223,0,'0','0',32,0,''),(240,6,224,0,'0','0',32,0,''),(241,6,110,0,'0','0',32,0,''),(242,6,111,0,'0','0',32,0,''),(243,6,113,0,'0','0',32,0,''),(244,6,112,0,'0','0',32,0,''),(245,6,26,0,'0','0',32,0,''),(246,6,109,0,'0','0',32,0,''),(247,6,29,0,'0','0',32,0,''),(248,6,10,0,'0','0',32,0,''),(249,6,115,0,'0','0',32,0,''),(250,6,11,0,'0','0',32,0,''),(251,6,116,0,'0','0',32,0,''),(252,6,117,0,'0','0',32,0,''),(253,6,118,0,'0','0',32,0,''),(254,6,119,0,'0','0',32,0,''),(255,6,123,0,'0','0',32,0,''),(256,6,120,0,'0','0',32,0,''),(257,6,122,0,'0','0',32,0,''),(258,6,176,0,'0','0',32,0,''),(259,6,124,0,'0','0',32,0,''),(260,6,127,0,'0','0',32,0,''),(261,6,125,0,'0','0',32,0,''),(262,6,126,0,'0','0',32,0,''),(263,6,128,0,'0','0',32,0,''),(264,6,129,0,'0','0',32,0,''),(265,6,130,0,'0','0',32,0,''),(266,6,131,0,'0','0',32,0,''),(267,6,12,0,'0','0',32,0,''),(268,6,133,0,'0','0',32,0,''),(269,6,134,0,'0','0',32,0,''),(270,6,136,0,'0','0',32,0,''),(271,6,135,0,'0','0',32,0,''),(272,6,137,0,'0','0',32,0,''),(273,6,138,0,'0','0',32,0,''),(274,6,139,0,'0','0',32,0,''),(275,6,152,0,'0','0',32,0,''),(276,6,141,0,'0','0',32,0,''),(277,6,35,0,'0','0',32,0,''),(278,6,142,0,'0','0',32,0,''),(279,6,144,0,'0','0',32,0,''),(280,6,145,0,'0','0',32,0,''),(281,6,147,0,'0','0',32,0,''),(282,6,148,0,'0','0',32,0,''),(283,6,149,0,'0','0',32,0,''),(284,6,150,0,'0','0',32,0,''),(285,6,151,0,'0','0',32,0,''),(286,6,153,0,'0','0',32,0,''),(287,6,61,0,'0','0',32,0,''),(288,6,154,0,'0','0',32,0,''),(289,6,155,0,'0','0',32,0,''),(290,6,156,0,'0','0',32,0,''),(291,6,159,0,'0','0',32,0,''),(292,6,160,0,'0','0',32,0,''),(293,6,31,0,'0','0',32,0,''),(294,6,161,0,'0','0',32,0,''),(295,6,23,0,'0','0',32,0,''),(296,6,158,0,'0','0',32,0,''),(297,6,27,0,'0','0',32,0,''),(298,6,164,0,'0','0',32,0,''),(299,6,215,0,'0','0',32,0,''),(300,6,219,0,'0','0',32,0,''),(301,6,165,0,'0','0',32,0,''),(302,6,166,0,'0','0',32,0,''),(303,6,168,0,'0','0',32,0,''),(304,6,169,0,'0','0',32,0,''),(305,6,170,0,'0','0',32,0,''),(306,6,13,0,'0','0',32,0,''),(307,6,171,0,'0','0',32,0,''),(308,6,172,0,'0','0',32,0,''),(309,6,173,0,'0','0',32,0,''),(310,6,14,0,'0','0',32,0,''),(311,6,242,0,'0','0',32,0,''),(312,6,174,0,'0','0',32,0,''),(313,6,15,0,'0','0',32,0,''),(314,6,175,0,'0','0',32,0,''),(315,6,22,0,'0','0',32,0,''),(316,6,132,0,'0','0',32,0,''),(317,6,66,0,'0','0',32,0,''),(318,6,79,0,'0','0',32,0,''),(319,6,16,0,'0','0',32,0,''),(320,6,36,0,'0','0',32,0,''),(321,6,17,0,'0','0',32,0,''),(322,6,177,0,'0','0',32,0,''),(323,6,178,0,'0','0',32,0,''),(324,6,226,0,'0','0',32,0,''),(325,6,179,0,'0','0',32,0,''),(326,6,180,0,'0','0',32,0,''),(327,6,186,0,'0','0',32,0,''),(328,6,182,0,'0','0',32,0,''),(329,6,183,0,'0','0',32,0,''),(330,6,184,0,'0','0',32,0,''),(331,6,181,0,'0','0',32,0,''),(332,6,185,0,'0','0',32,0,''),(333,6,39,0,'0','0',32,0,''),(334,6,187,0,'0','0',32,0,''),(335,6,189,0,'0','0',32,0,''),(336,6,190,0,'0','0',32,0,''),(337,6,191,0,'0','0',32,0,''),(338,6,192,0,'0','0',32,0,''),(339,6,25,0,'0','0',32,0,''),(340,6,37,0,'0','0',32,0,''),(341,6,193,0,'0','0',32,0,''),(342,6,195,0,'0','0',32,0,''),(343,6,198,0,'0','0',32,0,''),(344,6,197,0,'0','0',32,0,''),(345,6,18,0,'0','0',32,0,''),(346,6,19,0,'0','0',32,0,''),(347,6,199,0,'0','0',32,0,''),(348,6,200,0,'0','0',32,0,''),(349,6,201,0,'0','0',32,0,''),(350,6,202,0,'0','0',32,0,''),(351,6,204,0,'0','0',32,0,''),(352,6,203,0,'0','0',32,0,''),(353,6,205,0,'0','0',32,0,''),(354,6,67,0,'0','0',32,0,''),(355,6,243,0,'0','0',32,0,''),(356,6,235,0,'0','0',32,0,''),(357,6,167,0,'0','0',32,0,''),(358,6,206,0,'0','0',32,0,''),(359,6,80,0,'0','0',32,0,''),(360,6,33,0,'0','0',32,0,''),(361,6,207,0,'0','0',32,0,''),(362,6,208,0,'0','0',32,0,''),(363,6,209,0,'0','0',32,0,''),(364,6,210,0,'0','0',32,0,''),(365,6,212,0,'0','0',32,0,''),(366,6,211,0,'0','0',32,0,''),(367,6,214,0,'0','0',32,0,''),(368,6,216,0,'0','0',32,0,''),(369,6,218,0,'0','0',32,0,''),(370,6,220,0,'0','0',32,0,''),(371,6,221,0,'0','0',32,0,''),(372,6,222,0,'0','0',32,0,''),(373,6,225,0,'0','0',32,0,''),(374,6,227,0,'0','0',32,0,''),(375,6,228,0,'0','0',32,0,''),(376,6,229,0,'0','0',32,0,'');

--
-- Table structure for table `pre3305_tax_rules_group`
--

CREATE TABLE `pre3305_tax_rules_group` (
  `id_tax_rules_group` int(11) NOT NULL AUTO_INCREMENT,
  `name` varchar(50) NOT NULL,
  `active` int(11) NOT NULL,
  `deleted` tinyint(1) unsigned NOT NULL,
  `date_add` datetime NOT NULL,
  `date_upd` datetime NOT NULL,
  PRIMARY KEY (`id_tax_rules_group`)
) ENGINE=InnoDB AUTO_INCREMENT=7 DEFAULT CHARSET=utf8;

--
-- Dumping data for table `pre3305_tax_rules_group`
--

INSERT INTO `pre3305_tax_rules_group` VALUES (1,'FR Taux standard (20%)',1,0,'2018-05-23 18:48:12','2018-05-23 18:48:12'),(2,'FR Taux réduit (10%)',1,0,'2018-05-23 18:48:13','2018-05-23 18:48:13'),(3,'FR Taux réduit (5.5%)',1,0,'2018-05-23 18:48:13','2018-05-23 18:48:13'),(4,'FR Taux super réduit (2.1%)',1,0,'2018-05-23 18:48:13','2018-05-23 18:48:13'),(5,'EU VAT For Virtual Products',1,0,'2018-05-23 18:48:13','2018-05-23 18:48:13'),(6,'FR TVA sur Marge',1,0,'2018-08-04 17:04:27','2018-08-04 17:06:31');

--
-- Table structure for table `pre3305_tax_rules_group_shop`
--

CREATE TABLE `pre3305_tax_rules_group_shop` (
  `id_tax_rules_group` int(11) unsigned NOT NULL,
  `id_shop` int(11) unsigned NOT NULL,
  PRIMARY KEY (`id_tax_rules_group`,`id_shop`),
  KEY `id_shop` (`id_shop`)
) ENGINE=InnoDB DEFAULT CHARSET=utf8;

--
-- Dumping data for table `pre3305_tax_rules_group_shop`
--

INSERT INTO `pre3305_tax_rules_group_shop` VALUES (1,2),(2,2),(3,2),(4,2),(5,2),(6,2),(1,4),(2,4),(3,4),(4,4),(5,4),(6,4),(1,5),(2,5),(3,5),(4,5),(5,5),(6,5);

--
-- Table structure for table `pre3305_timezone`
--

CREATE TABLE `pre3305_timezone` (
  `id_timezone` int(10) unsigned NOT NULL AUTO_INCREMENT,
  `name` varchar(32) NOT NULL,
  PRIMARY KEY (`id_timezone`)
) ENGINE=InnoDB AUTO_INCREMENT=561 DEFAULT CHARSET=utf8;

--
-- Dumping data for table `pre3305_timezone`
--

INSERT INTO `pre3305_timezone` VALUES (1,'Africa/Abidjan'),(2,'Africa/Accra'),(3,'Africa/Addis_Ababa'),(4,'Africa/Algiers'),(5,'Africa/Asmara'),(6,'Africa/Asmera'),(7,'Africa/Bamako'),(8,'Africa/Bangui'),(9,'Africa/Banjul'),(10,'Africa/Bissau'),(11,'Africa/Blantyre'),(12,'Africa/Brazzaville'),(13,'Africa/Bujumbura'),(14,'Africa/Cairo'),(15,'Africa/Casablanca'),(16,'Africa/Ceuta'),(17,'Africa/Conakry'),(18,'Africa/Dakar'),(19,'Africa/Dar_es_Salaam'),(20,'Africa/Djibouti'),(21,'Africa/Douala'),(22,'Africa/El_Aaiun'),(23,'Africa/Freetown'),(24,'Africa/Gaborone'),(25,'Africa/Harare'),(26,'Africa/Johannesburg'),(27,'Africa/Kampala'),(28,'Africa/Khartoum'),(29,'Africa/Kigali'),(30,'Africa/Kinshasa'),(31,'Africa/Lagos'),(32,'Africa/Libreville'),(33,'Africa/Lome'),(34,'Africa/Luanda'),(35,'Africa/Lubumbashi'),(36,'Africa/Lusaka'),(37,'Africa/Malabo'),(38,'Africa/Maputo'),(39,'Africa/Maseru'),(40,'Africa/Mbabane'),(41,'Africa/Mogadishu'),(42,'Africa/Monrovia'),(43,'Africa/Nairobi'),(44,'Africa/Ndjamena'),(45,'Africa/Niamey'),(46,'Africa/Nouakchott'),(47,'Africa/Ouagadougou'),(48,'Africa/Porto-Novo'),(49,'Africa/Sao_Tome'),(50,'Africa/Timbuktu'),(51,'Africa/Tripoli'),(52,'Africa/Tunis'),(53,'Africa/Windhoek'),(54,'America/Adak'),(55,'America/Anchorage '),(56,'America/Anguilla'),(57,'America/Antigua'),(58,'America/Araguaina'),(59,'America/Argentina/Buenos_Aires'),(60,'America/Argentina/Catamarca'),(61,'America/Argentina/ComodRivadavia'),(62,'America/Argentina/Cordoba'),(63,'America/Argentina/Jujuy'),(64,'America/Argentina/La_Rioja'),(65,'America/Argentina/Mendoza'),(66,'America/Argentina/Rio_Gallegos'),(67,'America/Argentina/Salta'),(68,'America/Argentina/San_Juan'),(69,'America/Argentina/San_Luis'),(70,'America/Argentina/Tucuman'),(71,'America/Argentina/Ushuaia'),(72,'America/Aruba'),(73,'America/Asuncion'),(74,'America/Atikokan'),(75,'America/Atka'),(76,'America/Bahia'),(77,'America/Barbados'),(78,'America/Belem'),(79,'America/Belize'),(80,'America/Blanc-Sablon'),(81,'America/Boa_Vista'),(82,'America/Bogota'),(83,'America/Boise'),(84,'America/Buenos_Aires'),(85,'America/Cambridge_Bay'),(86,'America/Campo_Grande'),(87,'America/Cancun'),(88,'America/Caracas'),(89,'America/Catamarca'),(90,'America/Cayenne'),(91,'America/Cayman'),(92,'America/Chicago'),(93,'America/Chihuahua'),(94,'America/Coral_Harbour'),(95,'America/Cordoba'),(96,'America/Costa_Rica'),(97,'America/Cuiaba'),(98,'America/Curacao'),(99,'America/Danmarkshavn'),(100,'America/Dawson'),(101,'America/Dawson_Creek'),(102,'America/Denver'),(103,'America/Detroit'),(104,'America/Dominica'),(105,'America/Edmonton'),(106,'America/Eirunepe'),(107,'America/El_Salvador'),(108,'America/Ensenada'),(109,'America/Fort_Wayne'),(110,'America/Fortaleza'),(111,'America/Glace_Bay'),(112,'America/Godthab'),(113,'America/Goose_Bay'),(114,'America/Grand_Turk'),(115,'America/Grenada'),(116,'America/Guadeloupe'),(117,'America/Guatemala'),(118,'America/Guayaquil'),(119,'America/Guyana'),(120,'America/Halifax'),(121,'America/Havana'),(122,'America/Hermosillo'),(123,'America/Indiana/Indianapolis'),(124,'America/Indiana/Knox'),(125,'America/Indiana/Marengo'),(126,'America/Indiana/Petersburg'),(127,'America/Indiana/Tell_City'),(128,'America/Indiana/Vevay'),(129,'America/Indiana/Vincennes'),(130,'America/Indiana/Winamac'),(131,'America/Indianapolis'),(132,'America/Inuvik'),(133,'America/Iqaluit'),(134,'America/Jamaica'),(135,'America/Jujuy'),(136,'America/Juneau'),(137,'America/Kentucky/Louisville'),(138,'America/Kentucky/Monticello'),(139,'America/Knox_IN'),(140,'America/La_Paz'),(141,'America/Lima'),(142,'America/Los_Angeles'),(143,'America/Louisville'),(144,'America/Maceio'),(145,'America/Managua'),(146,'America/Manaus'),(147,'America/Marigot'),(148,'America/Martinique'),(149,'America/Mazatlan'),(150,'America/Mendoza'),(151,'America/Menominee'),(152,'America/Merida'),(153,'America/Mexico_City'),(154,'America/Miquelon'),(155,'America/Moncton'),(156,'America/Monterrey'),(157,'America/Montevideo'),(158,'America/Montreal'),(159,'America/Montserrat'),(160,'America/Nassau'),(161,'America/New_York'),(162,'America/Nipigon'),(163,'America/Nome'),(164,'America/Noronha'),(165,'America/North_Dakota/Center'),(166,'America/North_Dakota/New_Salem'),(167,'America/Panama'),(168,'America/Pangnirtung'),(169,'America/Paramaribo'),(170,'America/Phoenix'),(171,'America/Port-au-Prince'),(172,'America/Port_of_Spain'),(173,'America/Porto_Acre'),(174,'America/Porto_Velho'),(175,'America/Puerto_Rico'),(176,'America/Rainy_River'),(177,'America/Rankin_Inlet'),(178,'America/Recife'),(179,'America/Regina'),(180,'America/Resolute'),(181,'America/Rio_Branco'),(182,'America/Rosario'),(183,'America/Santarem'),(184,'America/Santiago'),(185,'America/Santo_Domingo'),(186,'America/Sao_Paulo'),(187,'America/Scoresbysund'),(188,'America/Shiprock'),(189,'America/St_Barthelemy'),(190,'America/St_Johns'),(191,'America/St_Kitts'),(192,'America/St_Lucia'),(193,'America/St_Thomas'),(194,'America/St_Vincent'),(195,'America/Swift_Current'),(196,'America/Tegucigalpa'),(197,'America/Thule'),(198,'America/Thunder_Bay'),(199,'America/Tijuana'),(200,'America/Toronto'),(201,'America/Tortola'),(202,'America/Vancouver'),(203,'America/Virgin'),(204,'America/Whitehorse'),(205,'America/Winnipeg'),(206,'America/Yakutat'),(207,'America/Yellowknife'),(208,'Antarctica/Casey'),(209,'Antarctica/Davis'),(210,'Antarctica/DumontDUrville'),(211,'Antarctica/Mawson'),(212,'Antarctica/McMurdo'),(213,'Antarctica/Palmer'),(214,'Antarctica/Rothera'),(215,'Antarctica/South_Pole'),(216,'Antarctica/Syowa'),(217,'Antarctica/Vostok'),(218,'Arctic/Longyearbyen'),(219,'Asia/Aden'),(220,'Asia/Almaty'),(221,'Asia/Amman'),(222,'Asia/Anadyr'),(223,'Asia/Aqtau'),(224,'Asia/Aqtobe'),(225,'Asia/Ashgabat'),(226,'Asia/Ashkhabad'),(227,'Asia/Baghdad'),(228,'Asia/Bahrain'),(229,'Asia/Baku'),(230,'Asia/Bangkok'),(231,'Asia/Beirut'),(232,'Asia/Bishkek'),(233,'Asia/Brunei'),(234,'Asia/Calcutta'),(235,'Asia/Choibalsan'),(236,'Asia/Chongqing'),(237,'Asia/Chungking'),(238,'Asia/Colombo'),(239,'Asia/Dacca'),(240,'Asia/Damascus'),(241,'Asia/Dhaka'),(242,'Asia/Dili'),(243,'Asia/Dubai'),(244,'Asia/Dushanbe'),(245,'Asia/Gaza'),(246,'Asia/Harbin'),(247,'Asia/Ho_Chi_Minh'),(248,'Asia/Hong_Kong'),(249,'Asia/Hovd'),(250,'Asia/Irkutsk'),(251,'Asia/Istanbul'),(252,'Asia/Jakarta'),(253,'Asia/Jayapura'),(254,'Asia/Jerusalem'),(255,'Asia/Kabul'),(256,'Asia/Kamchatka'),(257,'Asia/Karachi'),(258,'Asia/Kashgar'),(259,'Asia/Kathmandu'),(260,'Asia/Katmandu'),(261,'Asia/Kolkata'),(262,'Asia/Krasnoyarsk'),(263,'Asia/Kuala_Lumpur'),(264,'Asia/Kuching'),(265,'Asia/Kuwait'),(266,'Asia/Macao'),(267,'Asia/Macau'),(268,'Asia/Magadan'),(269,'Asia/Makassar'),(270,'Asia/Manila'),(271,'Asia/Muscat'),(272,'Asia/Nicosia'),(273,'Asia/Novosibirsk'),(274,'Asia/Omsk'),(275,'Asia/Oral'),(276,'Asia/Phnom_Penh'),(277,'Asia/Pontianak'),(278,'Asia/Pyongyang'),(279,'Asia/Qatar'),(280,'Asia/Qyzylorda'),(281,'Asia/Rangoon'),(282,'Asia/Riyadh'),(283,'Asia/Saigon'),(284,'Asia/Sakhalin'),(285,'Asia/Samarkand'),(286,'Asia/Seoul'),(287,'Asia/Shanghai'),(288,'Asia/Singapore'),(289,'Asia/Taipei'),(290,'Asia/Tashkent'),(291,'Asia/Tbilisi'),(292,'Asia/Tehran'),(293,'Asia/Tel_Aviv'),(294,'Asia/Thimbu'),(295,'Asia/Thimphu'),(296,'Asia/Tokyo'),(297,'Asia/Ujung_Pandang'),(298,'Asia/Ulaanbaatar'),(299,'Asia/Ulan_Bator'),(300,'Asia/Urumqi'),(301,'Asia/Vientiane'),(302,'Asia/Vladivostok'),(303,'Asia/Yakutsk'),(304,'Asia/Yekaterinburg'),(305,'Asia/Yerevan'),(306,'Atlantic/Azores'),(307,'Atlantic/Bermuda'),(308,'Atlantic/Canary'),(309,'Atlantic/Cape_Verde'),(310,'Atlantic/Faeroe'),(311,'Atlantic/Faroe'),(312,'Atlantic/Jan_Mayen'),(313,'Atlantic/Madeira'),(314,'Atlantic/Reykjavik'),(315,'Atlantic/South_Georgia'),(316,'Atlantic/St_Helena'),(317,'Atlantic/Stanley'),(318,'Australia/ACT'),(319,'Australia/Adelaide'),(320,'Australia/Brisbane'),(321,'Australia/Broken_Hill'),(322,'Australia/Canberra'),(323,'Australia/Currie'),(324,'Australia/Darwin'),(325,'Australia/Eucla'),(326,'Australia/Hobart'),(327,'Australia/LHI'),(328,'Australia/Lindeman'),(329,'Australia/Lord_Howe'),(330,'Australia/Melbourne'),(331,'Australia/North'),(332,'Australia/NSW'),(333,'Australia/Perth'),(334,'Australia/Queensland'),(335,'Australia/South'),(336,'Australia/Sydney'),(337,'Australia/Tasmania'),(338,'Australia/Victoria'),(339,'Australia/West'),(340,'Australia/Yancowinna'),(341,'Europe/Amsterdam'),(342,'Europe/Andorra'),(343,'Europe/Athens'),(344,'Europe/Belfast'),(345,'Europe/Belgrade'),(346,'Europe/Berlin'),(347,'Europe/Bratislava'),(348,'Europe/Brussels'),(349,'Europe/Bucharest'),(350,'Europe/Budapest'),(351,'Europe/Chisinau'),(352,'Europe/Copenhagen'),(353,'Europe/Dublin'),(354,'Europe/Gibraltar'),(355,'Europe/Guernsey'),(356,'Europe/Helsinki'),(357,'Europe/Isle_of_Man'),(358,'Europe/Istanbul'),(359,'Europe/Jersey'),(360,'Europe/Kaliningrad'),(361,'Europe/Kiev'),(362,'Europe/Lisbon'),(363,'Europe/Ljubljana'),(364,'Europe/London'),(365,'Europe/Luxembourg'),(366,'Europe/Madrid'),(367,'Europe/Malta'),(368,'Europe/Mariehamn'),(369,'Europe/Minsk'),(370,'Europe/Monaco'),(371,'Europe/Moscow'),(372,'Europe/Nicosia'),(373,'Europe/Oslo'),(374,'Europe/Paris'),(375,'Europe/Podgorica'),(376,'Europe/Prague'),(377,'Europe/Riga'),(378,'Europe/Rome'),(379,'Europe/Samara'),(380,'Europe/San_Marino'),(381,'Europe/Sarajevo'),(382,'Europe/Simferopol'),(383,'Europe/Skopje'),(384,'Europe/Sofia'),(385,'Europe/Stockholm'),(386,'Europe/Tallinn'),(387,'Europe/Tirane'),(388,'Europe/Tiraspol'),(389,'Europe/Uzhgorod'),(390,'Europe/Vaduz'),(391,'Europe/Vatican'),(392,'Europe/Vienna'),(393,'Europe/Vilnius'),(394,'Europe/Volgograd'),(395,'Europe/Warsaw'),(396,'Europe/Zagreb'),(397,'Europe/Zaporozhye'),(398,'Europe/Zurich'),(399,'Indian/Antananarivo'),(400,'Indian/Chagos'),(401,'Indian/Christmas'),(402,'Indian/Cocos'),(403,'Indian/Comoro'),(404,'Indian/Kerguelen'),(405,'Indian/Mahe'),(406,'Indian/Maldives'),(407,'Indian/Mauritius'),(408,'Indian/Mayotte'),(409,'Indian/Reunion'),(410,'Pacific/Apia'),(411,'Pacific/Auckland'),(412,'Pacific/Chatham'),(413,'Pacific/Easter'),(414,'Pacific/Efate'),(415,'Pacific/Enderbury'),(416,'Pacific/Fakaofo'),(417,'Pacific/Fiji'),(418,'Pacific/Funafuti'),(419,'Pacific/Galapagos'),(420,'Pacific/Gambier'),(421,'Pacific/Guadalcanal'),(422,'Pacific/Guam'),(423,'Pacific/Honolulu'),(424,'Pacific/Johnston'),(425,'Pacific/Kiritimati'),(426,'Pacific/Kosrae'),(427,'Pacific/Kwajalein'),(428,'Pacific/Majuro'),(429,'Pacific/Marquesas'),(430,'Pacific/Midway'),(431,'Pacific/Nauru'),(432,'Pacific/Niue'),(433,'Pacific/Norfolk'),(434,'Pacific/Noumea'),(435,'Pacific/Pago_Pago'),(436,'Pacific/Palau'),(437,'Pacific/Pitcairn'),(438,'Pacific/Ponape'),(439,'Pacific/Port_Moresby'),(440,'Pacific/Rarotonga'),(441,'Pacific/Saipan'),(442,'Pacific/Samoa'),(443,'Pacific/Tahiti'),(444,'Pacific/Tarawa'),(445,'Pacific/Tongatapu'),(446,'Pacific/Truk'),(447,'Pacific/Wake'),(448,'Pacific/Wallis'),(449,'Pacific/Yap'),(450,'Brazil/Acre'),(451,'Brazil/DeNoronha'),(452,'Brazil/East'),(453,'Brazil/West'),(454,'Canada/Atlantic'),(455,'Canada/Central'),(456,'Canada/East-Saskatchewan'),(457,'Canada/Eastern'),(458,'Canada/Mountain'),(459,'Canada/Newfoundland'),(460,'Canada/Pacific'),(461,'Canada/Saskatchewan'),(462,'Canada/Yukon'),(463,'CET'),(464,'Chile/Continental'),(465,'Chile/EasterIsland'),(466,'CST6CDT'),(467,'Cuba'),(468,'EET'),(469,'Egypt'),(470,'Eire'),(471,'EST'),(472,'EST5EDT'),(473,'Etc/GMT'),(474,'Etc/GMT+0'),(475,'Etc/GMT+1'),(476,'Etc/GMT+10'),(477,'Etc/GMT+11'),(478,'Etc/GMT+12'),(479,'Etc/GMT+2'),(480,'Etc/GMT+3'),(481,'Etc/GMT+4'),(482,'Etc/GMT+5'),(483,'Etc/GMT+6'),(484,'Etc/GMT+7'),(485,'Etc/GMT+8'),(486,'Etc/GMT+9'),(487,'Etc/GMT-0'),(488,'Etc/GMT-1'),(489,'Etc/GMT-10'),(490,'Etc/GMT-11'),(491,'Etc/GMT-12'),(492,'Etc/GMT-13'),(493,'Etc/GMT-14'),(494,'Etc/GMT-2'),(495,'Etc/GMT-3'),(496,'Etc/GMT-4'),(497,'Etc/GMT-5'),(498,'Etc/GMT-6'),(499,'Etc/GMT-7'),(500,'Etc/GMT-8'),(501,'Etc/GMT-9'),(502,'Etc/GMT0'),(503,'Etc/Greenwich'),(504,'Etc/UCT'),(505,'Etc/Universal'),(506,'Etc/UTC'),(507,'Etc/Zulu'),(508,'Factory'),(509,'GB'),(510,'GB-Eire'),(511,'GMT'),(512,'GMT+0'),(513,'GMT-0'),(514,'GMT0'),(515,'Greenwich'),(516,'Hongkong'),(517,'HST'),(518,'Iceland'),(519,'Iran'),(520,'Israel'),(521,'Jamaica'),(522,'Japan'),(523,'Kwajalein'),(524,'Libya'),(525,'MET'),(526,'Mexico/BajaNorte'),(527,'Mexico/BajaSur'),(528,'Mexico/General'),(529,'MST'),(530,'MST7MDT'),(531,'Navajo'),(532,'NZ'),(533,'NZ-CHAT'),(534,'Poland'),(535,'Portugal'),(536,'PRC'),(537,'PST8PDT'),(538,'ROC'),(539,'ROK'),(540,'Singapore'),(541,'Turkey'),(542,'UCT'),(543,'Universal'),(544,'US/Alaska'),(545,'US/Aleutian'),(546,'US/Arizona'),(547,'US/Central'),(548,'US/East-Indiana'),(549,'US/Eastern'),(550,'US/Hawaii'),(551,'US/Indiana-Starke'),(552,'US/Michigan'),(553,'US/Mountain'),(554,'US/Pacific'),(555,'US/Pacific-New'),(556,'US/Samoa'),(557,'UTC'),(558,'W-SU'),(559,'WET'),(560,'Zulu');

--
-- Table structure for table `pre3305_translation`
--

CREATE TABLE `pre3305_translation` (
  `id_translation` int(11) NOT NULL AUTO_INCREMENT,
  `id_lang` int(11) NOT NULL,
  `key` text COLLATE utf8_unicode_ci NOT NULL,
  `translation` text COLLATE utf8_unicode_ci NOT NULL,
  `domain` varchar(80) COLLATE utf8_unicode_ci NOT NULL,
  `theme` varchar(32) COLLATE utf8_unicode_ci DEFAULT NULL,
  PRIMARY KEY (`id_translation`),
  KEY `key` (`domain`),
  KEY `IDX_CCBA3DDFBA299860` (`id_lang`)
) ENGINE=InnoDB AUTO_INCREMENT=138 DEFAULT CHARSET=utf8 COLLATE=utf8_unicode_ci;

--
-- Dumping data for table `pre3305_translation`
--

INSERT INTO `pre3305_translation` VALUES (1,1,'manufacturers','artistes','ShopNavigation','classic'),(2,1,'All brands','Tous les artistes','ModulesBrandlistShop','classic'),(3,1,'Brands','Artistes','ModulesBrandlistShop','classic'),(4,1,'Brand','Artiste','ModulesFacetedsearchShop','classic'),(5,1,'List of products by brand %brand_name%','Liste des oeuvres de l\'artiste %brand_name%','ShopThemeCatalog','classic'),(6,1,'List of all brands','Liste de tous les artistes','ShopThemeCatalog','classic'),(7,1,'Brands','Artistes','ShopThemeCatalog','classic'),(8,1,'Brand','Artiste','ShopThemeCatalog','classic'),(9,1,'All brands','Tous les artistes','ShopThemeCatalog','classic'),(10,1,'%s other product in the same category:','%s autre oeuvre dans la même catégorie :','ModulesCategoryproductsShop','classic'),(11,1,'%s other products in the same category:','%s autres oeuvres dans la même catégorie :','ModulesCategoryproductsShop','classic'),(12,1,'Customers who bought this product also bought:','Les clients qui ont acheté cette oeuvre ont également acheté...','ModulesCrosssellingShop','classic'),(13,1,'Our Products','Nos oeuvres','ModulesFeaturedproductsShop','classic'),(14,1,'All products','Toutes les oeuvres','ModulesFeaturedproductsShop','classic'),(15,1,'Products','Oeuvres','ModulesLinklistShop','classic'),(16,1,'You already have an alert for this product','Vous avez déjà une alerte pour cette oeuvre','ModulesMailalertsShop','classic'),(17,1,'Notify me when available','Prévenez-moi lorsque l\'oeuvre est disponible','ModulesMailalertsShop','classic'),(18,1,'New products','Nouvelles oeuvres','ModulesNewproductsShop','classic'),(19,1,'All new products','Toutes les nouvelles oeuvres','ModulesNewproductsShop','classic'),(20,1,'All sale products','Toutes les oeuvres en vedette','ModulesSpecialsShop','classic'),(21,1,'Show products details','Afficher le détail des oeuvres','ModulesTrackingfrontShop','classic'),(22,1,'Items','Oeuvres','ShopThemeCatalog','classic'),(23,1,'All sale products','Toutes les oeuvres en vedette','ShopThemeCatalog','classic'),(24,1,'New products','Nouvelles oeuvres','ShopThemeCatalog','classic'),(25,1,'All new products','Toutes les nouvelles oeuvres','ShopThemeCatalog','classic'),(26,1,'List of products by supplier %supplier_name%','Liste des oeuvres de %supplier_name%','ShopThemeCatalog','classic'),(27,1,'New product','Nouvelle oeuvre','ShopThemeCatalog','classic'),(28,1,'Product available with different options','Oeuvre disponible avec d\'autres caractéristiques','ShopThemeCatalog','classic'),(29,1,'There is 1 product.','Il y a 1 oeuvre.','ShopThemeCatalog','classic'),(30,1,'Product','Oeuvre','ShopThemeCatalog','classic'),(31,1,'Product Details','Caractéristiques de l’œuvre','ShopThemeCatalog','classic'),(32,1,'List of products by supplier %s','Liste des œuvres de %s','ShopThemeCatalog','classic'),(33,1,'Customers who bought this product also bought:','Les clients qui ont acheté cette œuvre ont également acheté...','ShopThemeCatalog','classic'),(34,1,'1 person is currently watching this product.','Une personne consulte actuellement cette œuvre.','ShopThemeCatalog','classic'),(35,1,'%nb_people% people are currently watching this product.','%nb_people% personnes consultent actuellement cette œuvre.','ShopThemeCatalog','classic'),(36,1,'Last time this product was bought: %date_last_order%','Dernière fois que cette œuvre a été achetée : %date_last_order%','ShopThemeCatalog','classic'),(37,1,'Last time this product was added to a cart: %date_last_cart%','Dernière fois que cette oeuvre a été ajoutée à un panier : %date_last_cart%','ShopThemeCatalog','classic'),(38,1,'%s other product in the same category:','%s autre oeuvre dans la même catégorie :','ShopThemeCatalog','classic'),(39,1,'%s other products in the same category:','%s autres oeuvres dans la même catégorie :','ShopThemeCatalog','classic'),(40,1,'Popular Products','Oeuvres populaires','ShopThemeCatalog','classic'),(41,1,'All products','Tous les oeuvres','ShopThemeCatalog','classic'),(42,1,'The minimum purchase order quantity for the product is %quantity%.','La quantité minimale pour pouvoir commander cette oeuvre est %quantity%.','ShopThemeCheckout','classic'),(43,1,'Product successfully added to your shopping cart','L\'oeuvre a bien été ajoutée à votre panier','ShopThemeCheckout','classic'),(44,1,'Total products:','Total Oeuvres :','ShopThemeCheckout','classic'),(45,1,'Merchandise returns','Retours Oeuvre','ShopThemeGlobal','classic'),(46,1,'Products ordered:','Oeuvres commandées :','ShopPdf','classic'),(47,1,'Product','Oeuvre','ShopPdf','classic'),(48,1,'Product / Reference','Oeuvre / Référence','ShopPdf','classic'),(49,1,'Products','Oeuvres','ShopPdf','classic'),(50,1,'Product Total (Tax Excl.)','Total Oeuvres HT','ShopPdf','classic'),(51,1,'Product Total (Tax Incl.)','Total Oeuvres TTC','ShopPdf','classic'),(52,1,'Product Total','Total Oeuvres','ShopPdf','classic'),(53,1,'Total Products','Total Oeuvres','ShopPdf','classic'),(54,1,'All products must be returned in their original package and condition, unused and without damage.','Tous les oeuvres doivent nous être retournés dans leur emballage et condition d\'origine, sans avoir été utilisés ou abîmés.','ShopPdf','classic'),(55,1,'remove from cart','retirer du panier','ShopThemeActions','leo_fashion_store'),(56,1,'Checkout','Mon Panier','ShopThemeActions','leo_fashion_store'),(57,1,'Proceed to checkout','Procéder au paiement','ShopThemeActions','leo_fashion_store'),(58,1,'Description','Description','ShopThemeCatalog','leo_fashion_store'),(59,1,'All products','Toutes les œuvres','ShopThemeCatalog','leo_fashion_store'),(60,1,'All sale products','Toutes les œuvres en vente','ShopThemeCatalog','leo_fashion_store'),(61,1,'View products','voir les œuvres','ShopThemeActions','leo_fashion_store'),(62,1,'Follow us on social','Suivez-nous sur les réseaux sociaux','ShopThemeGlobal','leo_fashion_store'),(63,1,'Your account','Votre compte','ShopThemeCustomeraccount','leo_fashion_store'),(64,1,'View my customer account','Voir mon compte client','ShopThemeCustomeraccount','leo_fashion_store'),(65,1,'Log in to your customer account','Se connecter à votre compte client','ShopThemeCustomeraccount','leo_fashion_store'),(66,1,'Cart','Panier','ShopThemeCheckout','leo_fashion_store'),(67,1,'Product','Oeuvre','ShopFormsLabels','leo_fashion_store'),(68,1,'List of products by brand %brand_name%','Liste des œuvres de l\'artiste %brand_name%','ShopThemeCatalog','leo_fashion_store'),(69,1,'List of products by supplier %s','Liste des œuvres de l\'artiste %s','ShopThemeCatalog','leo_fashion_store'),(70,1,'Product Details','Détails de l\'œuvre','ShopThemeCatalog','leo_fashion_store'),(71,1,'Product customization','Personnalisation de l\'œuvre','ShopThemeCatalog','leo_fashion_store'),(72,1,'Product','Oeuvre ','ShopThemeCatalog','leo_fashion_store'),(73,1,'There is 1 product.','Il y a 1 œuvre.','ShopThemeCatalog','leo_fashion_store'),(74,1,'Popular Products','Oeuvres populaires','ShopThemeCatalog','leo_fashion_store'),(75,1,'%s other product in the same category:','%s autre œuvre dans la même catégorie:','ShopThemeCatalog','leo_fashion_store'),(76,1,'%s other products in the same category:','%s autres œuvres de la même catégorie:','ShopThemeCatalog','leo_fashion_store'),(77,1,'Customers who bought this product also bought:','Les clients qui ont acheté cette œuvre ont également acheté:','ShopThemeCatalog','leo_fashion_store'),(78,1,'Viewed products','Oeuvres vues','ShopThemeCatalog','leo_fashion_store'),(79,1,'1 person is currently watching this product.','1 personne regarde actuellement cette œuvre.','ShopThemeCatalog','leo_fashion_store'),(80,1,'%nb_people% people are currently watching this product.','%nb_people% les gens regardent actuellement cette œuvre.','ShopThemeCatalog','leo_fashion_store'),(81,1,'Last time this product was bought: %date_last_order%','La dernière fois que cette œuvre a été achetée: %date_last_order%','ShopThemeCatalog','leo_fashion_store'),(82,1,'Last time this product was added to a cart: %date_last_cart%','La dernière fois que cette œuvre a été ajoutée à un panier: %date_last_cart%','ShopThemeCatalog','leo_fashion_store'),(83,1,'New products','Nouvelles œuvres','ShopThemeCatalog','leo_fashion_store'),(84,1,'All new products','Toutes les nouvelles œuvres ','ShopThemeCatalog','leo_fashion_store'),(85,1,'Product successfully added to your shopping cart','Œuvre ajoutée avec succès à votre panier','ShopThemeCheckout','leo_fashion_store'),(86,1,'Total products:','Total des œuvres:','ShopThemeCheckout','leo_fashion_store'),(87,1,'If you wish to return one or more products, please mark the corresponding boxes and provide an explanation for the return. When complete, click the button below.','Si vous souhaitez renvoyer une ou plusieurs œuvres , marquez les cases correspondantes et expliquez le retour. Une fois terminé, cliquez sur le bouton ci-dessous.','ShopThemeCustomeraccount','leo_fashion_store'),(88,1,'Related Products','Œuvres connexes','ShopThemeGlobal','leo_fashion_store'),(89,1,'No products at this time.','Aucune œuvre pour le moment.','ShopThemeGlobal','leo_fashion_store'),(90,1,'Brands','Artistes','ShopThemeCatalog','leo_fashion_store'),(91,1,'No brand','Non attribué','ShopThemeCatalog','leo_fashion_store'),(92,1,'Previous','Précédent','ShopThemeCatalog','leo_fashion_store'),(93,1,'Next','Suivant','ShopThemeCatalog','leo_fashion_store'),(94,1,'Brand','Artiste','ShopThemeCatalog','leo_fashion_store'),(95,1,'In stock','Disponible','ShopThemeCatalog','leo_fashion_store'),(96,1,'There are %product_count% products.','Il y a %product_count%  œuvres.','ShopThemeCatalog','leo_fashion_store'),(97,1,'Products','Œuvres','messages',NULL),(98,1,'Product','Œuvre','messages',NULL),(99,2,'Brands','Artists','ShopThemeCatalog','leo_fashion_store'),(100,2,'All brands','All artists','ShopThemeCatalog','leo_fashion_store'),(101,2,'List of products by brand %brand_name%','List of artworks by artist %brand_name%','ShopThemeCatalog','leo_fashion_store'),(102,2,'No brand','No artist','ShopThemeCatalog','leo_fashion_store'),(103,2,'Brand','Artist','ShopThemeCatalog','leo_fashion_store'),(104,2,'View products','View artworks','ShopThemeActions','leo_fashion_store'),(105,2,'Related Products','Related artworks','ShopThemeGlobal','leo_fashion_store'),(106,2,'No products at this time.','No artworks at this time.','ShopThemeGlobal','leo_fashion_store'),(107,2,'Product','Artwork','ShopFormsLabels','leo_fashion_store'),(108,2,'List of products by supplier %s','List of artworks by supplier %s','ShopThemeCatalog','leo_fashion_store'),(109,2,'Product Details','Artwork Details','ShopThemeCatalog','leo_fashion_store'),(110,2,'Product customization','Artwork customization','ShopThemeCatalog','leo_fashion_store'),(111,2,'Product','Artwork','ShopThemeCatalog','leo_fashion_store'),(112,2,'There are %product_count% products.','There are %product_count% artworks.','ShopThemeCatalog','leo_fashion_store'),(113,2,'There is 1 product.','There is 1 artwork.','ShopThemeCatalog','leo_fashion_store'),(114,2,'Popular Products','Popular Artworks','ShopThemeCatalog','leo_fashion_store'),(115,2,'All products','All artworks','ShopThemeCatalog','leo_fashion_store'),(116,2,'%s other product in the same category:','%s other artwork in the same category:','ShopThemeCatalog','leo_fashion_store'),(117,2,'%s other products in the same category:','%s other artworks in the same category:','ShopThemeCatalog','leo_fashion_store'),(118,2,'Customers who bought this product also bought:','Customers who bought this artwork also bought:','ShopThemeCatalog','leo_fashion_store'),(119,2,'Viewed products','Viewed artworks','ShopThemeCatalog','leo_fashion_store'),(120,2,'All sale products','All sale artworks','ShopThemeCatalog','leo_fashion_store'),(121,2,'1 person is currently watching this product.','1 person is currently watching this artwork.','ShopThemeCatalog','leo_fashion_store'),(122,2,'%nb_people% people are currently watching this product.','%nb_people% people are currently watching this artwork.','ShopThemeCatalog','leo_fashion_store'),(123,2,'Last time this product was bought: %date_last_order%','Last time this artwork was bought: %date_last_order%','ShopThemeCatalog','leo_fashion_store'),(124,2,'Last time this product was added to a cart: %date_last_cart%','Last time this artwork was added to a cart: %date_last_cart%','ShopThemeCatalog','leo_fashion_store'),(125,2,'New products','New artworks','ShopThemeCatalog','leo_fashion_store'),(126,2,'All new products','All new artworks','ShopThemeCatalog','leo_fashion_store'),(127,1,'View products','voir les produits test','ShopThemeActions','classic'),(128,1,'Product','Œuvre','ShopFormsLabels','classic'),(129,1,'New products','Nouvelles œuvres','ShopNavigation','classic'),(130,1,'Our new products','Nos nouvelles œuvres','ShopNavigation','classic'),(131,1,'new-products','nouvelles-œuvres','ShopNavigation','classic'),(132,1,'%number% products','%number% œuvres','ShopThemeCatalog','classic'),(133,1,'%number% product','%number% œuvre','ShopThemeCatalog','classic'),(134,1,'There are %product_count% products.','Il y a %product_count% œuvres.','ShopThemeCatalog','classic'),(135,1,'All brands','Tous les artistes','ShopThemeCatalog','leo_fashion_store'),(136,1,'There are not enough products in stock','Vendu.','ShopNotificationsError','classic'),(137,1,'An electronic version of this invoice is available in your account. To access it, log in to our website using your e-mail address and password (which you created when placing your first order).',' ','ShopPdf','classic');

--
-- Table structure for table `pre3305_warehouse`
--

CREATE TABLE `pre3305_warehouse` (
  `id_warehouse` int(11) unsigned NOT NULL AUTO_INCREMENT,
  `id_currency` int(11) unsigned NOT NULL,
  `id_address` int(11) unsigned NOT NULL,
  `id_employee` int(11) unsigned NOT NULL,
  `reference` varchar(32) DEFAULT NULL,
  `name` varchar(45) NOT NULL,
  `management_type` enum('WA','FIFO','LIFO') NOT NULL DEFAULT 'WA',
  `deleted` tinyint(1) unsigned NOT NULL DEFAULT '0',
  PRIMARY KEY (`id_warehouse`)
) ENGINE=InnoDB DEFAULT CHARSET=utf8;

--
-- Dumping data for table `pre3305_warehouse`
--


--
-- Table structure for table `pre3305_warehouse_carrier`
--

CREATE TABLE `pre3305_warehouse_carrier` (
  `id_carrier` int(11) unsigned NOT NULL,
  `id_warehouse` int(11) unsigned NOT NULL,
  PRIMARY KEY (`id_warehouse`,`id_carrier`),
  KEY `id_warehouse` (`id_warehouse`),
  KEY `id_carrier` (`id_carrier`)
) ENGINE=InnoDB DEFAULT CHARSET=utf8;

--
-- Dumping data for table `pre3305_warehouse_carrier`
--


--
-- Table structure for table `pre3305_warehouse_product_location`
--

CREATE TABLE `pre3305_warehouse_product_location` (
  `id_warehouse_product_location` int(11) unsigned NOT NULL AUTO_INCREMENT,
  `id_product` int(11) unsigned NOT NULL,
  `id_product_attribute` int(11) unsigned NOT NULL,
  `id_warehouse` int(11) unsigned NOT NULL,
  `location` varchar(64) DEFAULT NULL,
  PRIMARY KEY (`id_warehouse_product_location`),
  UNIQUE KEY `id_product` (`id_product`,`id_product_attribute`,`id_warehouse`)
) ENGINE=InnoDB DEFAULT CHARSET=utf8;

--
-- Dumping data for table `pre3305_warehouse_product_location`
--


--
-- Table structure for table `pre3305_warehouse_shop`
--

CREATE TABLE `pre3305_warehouse_shop` (
  `id_shop` int(11) unsigned NOT NULL,
  `id_warehouse` int(11) unsigned NOT NULL,
  PRIMARY KEY (`id_warehouse`,`id_shop`),
  KEY `id_warehouse` (`id_warehouse`),
  KEY `id_shop` (`id_shop`)
) ENGINE=InnoDB DEFAULT CHARSET=utf8;

--
-- Dumping data for table `pre3305_warehouse_shop`
--


--
-- Table structure for table `pre3305_web_browser`
--

CREATE TABLE `pre3305_web_browser` (
  `id_web_browser` int(10) unsigned NOT NULL AUTO_INCREMENT,
  `name` varchar(64) DEFAULT NULL,
  PRIMARY KEY (`id_web_browser`)
) ENGINE=InnoDB AUTO_INCREMENT=12 DEFAULT CHARSET=utf8;

--
-- Dumping data for table `pre3305_web_browser`
--

INSERT INTO `pre3305_web_browser` VALUES (1,'Safari'),(2,'Safari iPad'),(3,'Firefox'),(4,'Opera'),(5,'IE 6'),(6,'IE 7'),(7,'IE 8'),(8,'IE 9'),(9,'IE 10'),(10,'IE 11'),(11,'Chrome');

--
-- Table structure for table `pre3305_webservice_account`
--

CREATE TABLE `pre3305_webservice_account` (
  `id_webservice_account` int(11) NOT NULL AUTO_INCREMENT,
  `key` varchar(32) NOT NULL,
  `description` text,
  `class_name` varchar(50) NOT NULL DEFAULT 'WebserviceRequest',
  `is_module` tinyint(2) NOT NULL DEFAULT '0',
  `module_name` varchar(50) DEFAULT NULL,
  `active` tinyint(2) NOT NULL,
  PRIMARY KEY (`id_webservice_account`),
  KEY `key` (`key`)
) ENGINE=InnoDB AUTO_INCREMENT=2 DEFAULT CHARSET=utf8;

--
-- Dumping data for table `pre3305_webservice_account`
--

INSERT INTO `pre3305_webservice_account` VALUES (1,'PU3K1K8DS5RG8VBE1ZN3BTWGAGRMDS6G','Clé API SendCloud (22/11/2018 17:11:38)','WebserviceRequest',0,NULL,1);

--
-- Table structure for table `pre3305_webservice_account_shop`
--

CREATE TABLE `pre3305_webservice_account_shop` (
  `id_webservice_account` int(11) unsigned NOT NULL,
  `id_shop` int(11) unsigned NOT NULL,
  PRIMARY KEY (`id_webservice_account`,`id_shop`),
  KEY `id_shop` (`id_shop`)
) ENGINE=InnoDB DEFAULT CHARSET=utf8;

--
-- Dumping data for table `pre3305_webservice_account_shop`
--

INSERT INTO `pre3305_webservice_account_shop` VALUES (1,2),(1,4),(1,5);

--
-- Table structure for table `pre3305_webservice_permission`
--

CREATE TABLE `pre3305_webservice_permission` (
  `id_webservice_permission` int(11) NOT NULL AUTO_INCREMENT,
  `resource` varchar(50) NOT NULL,
  `method` enum('GET','POST','PUT','DELETE','HEAD') NOT NULL,
  `id_webservice_account` int(11) NOT NULL,
  PRIMARY KEY (`id_webservice_permission`),
  UNIQUE KEY `resource_2` (`resource`,`method`,`id_webservice_account`),
  KEY `resource` (`resource`),
  KEY `method` (`method`),
  KEY `id_webservice_account` (`id_webservice_account`)
) ENGINE=InnoDB AUTO_INCREMENT=451 DEFAULT CHARSET=utf8;

--
-- Dumping data for table `pre3305_webservice_permission`
--

INSERT INTO `pre3305_webservice_permission` VALUES (401,'addresses','GET',1),(402,'addresses','POST',1),(403,'addresses','PUT',1),(404,'addresses','DELETE',1),(405,'addresses','HEAD',1),(406,'carriers','GET',1),(407,'carriers','POST',1),(408,'carriers','PUT',1),(409,'carriers','DELETE',1),(410,'carriers','HEAD',1),(411,'configurations','GET',1),(412,'configurations','POST',1),(413,'configurations','PUT',1),(414,'configurations','DELETE',1),(415,'configurations','HEAD',1),(416,'countries','GET',1),(417,'countries','POST',1),(418,'countries','PUT',1),(419,'countries','DELETE',1),(420,'countries','HEAD',1),(421,'customers','GET',1),(422,'customers','POST',1),(423,'customers','PUT',1),(424,'customers','DELETE',1),(425,'customers','HEAD',1),(436,'orders','GET',1),(437,'orders','POST',1),(438,'orders','PUT',1),(439,'orders','DELETE',1),(440,'orders','HEAD',1),(426,'order_details','GET',1),(427,'order_details','POST',1),(428,'order_details','PUT',1),(429,'order_details','DELETE',1),(430,'order_details','HEAD',1),(431,'order_states','GET',1),(432,'order_states','POST',1),(433,'order_states','PUT',1),(434,'order_states','DELETE',1),(435,'order_states','HEAD',1),(441,'products','GET',1),(442,'products','POST',1),(443,'products','PUT',1),(444,'products','DELETE',1),(445,'products','HEAD',1),(446,'states','GET',1),(447,'states','POST',1),(448,'states','PUT',1),(449,'states','DELETE',1),(450,'states','HEAD',1);

--
-- Table structure for table `pre3305_zone`
--

CREATE TABLE `pre3305_zone` (
  `id_zone` int(10) unsigned NOT NULL AUTO_INCREMENT,
  `name` varchar(64) NOT NULL,
  `active` tinyint(1) unsigned NOT NULL DEFAULT '0',
  PRIMARY KEY (`id_zone`)
) ENGINE=InnoDB AUTO_INCREMENT=10 DEFAULT CHARSET=utf8;

--
-- Dumping data for table `pre3305_zone`
--

INSERT INTO `pre3305_zone` VALUES (1,'Europe',1),(2,'North America',1),(3,'Asia',1),(4,'Africa',1),(5,'Oceania',1),(6,'South America',1),(7,'Europe (non-EU)',1),(8,'Central America/Antilla',1),(9,'Zone Domestque Fr',1);

--
-- Table structure for table `pre3305_zone_shop`
--

CREATE TABLE `pre3305_zone_shop` (
  `id_zone` int(11) unsigned NOT NULL,
  `id_shop` int(11) unsigned NOT NULL,
  PRIMARY KEY (`id_zone`,`id_shop`),
  KEY `id_shop` (`id_shop`)
) ENGINE=InnoDB DEFAULT CHARSET=utf8;

--
-- Dumping data for table `pre3305_zone_shop`
--

INSERT INTO `pre3305_zone_shop` VALUES (1,2),(2,2),(3,2),(4,2),(5,2),(6,2),(7,2),(8,2),(9,2),(1,4),(2,4),(3,4),(4,4),(5,4),(6,4),(7,4),(8,4),(9,4),(1,5),(2,5),(3,5),(4,5),(5,5),(6,5),(7,5),(8,5),(9,5);

--
-- Table structure for table `wp_commentmeta`
--

CREATE TABLE `wp_commentmeta` (
  `meta_id` bigint(20) unsigned NOT NULL AUTO_INCREMENT,
  `comment_id` bigint(20) unsigned NOT NULL DEFAULT '0',
  `meta_key` varchar(255) DEFAULT NULL,
  `meta_value` longtext,
  PRIMARY KEY (`meta_id`),
  KEY `comment_id` (`comment_id`),
  KEY `meta_key` (`meta_key`)
) ENGINE=InnoDB DEFAULT CHARSET=utf8;

--
-- Dumping data for table `wp_commentmeta`
--


--
-- Table structure for table `wp_comments`
--

CREATE TABLE `wp_comments` (
  `comment_ID` bigint(20) unsigned NOT NULL AUTO_INCREMENT,
  `comment_post_ID` bigint(20) unsigned NOT NULL DEFAULT '0',
  `comment_author` tinytext NOT NULL,
  `comment_author_email` varchar(100) NOT NULL DEFAULT '',
  `comment_author_url` varchar(200) NOT NULL DEFAULT '',
  `comment_author_IP` varchar(100) NOT NULL DEFAULT '',
  `comment_date` datetime NOT NULL DEFAULT '0000-00-00 00:00:00',
  `comment_date_gmt` datetime NOT NULL DEFAULT '0000-00-00 00:00:00',
  `comment_content` text NOT NULL,
  `comment_karma` int(11) NOT NULL DEFAULT '0',
  `comment_approved` varchar(20) NOT NULL DEFAULT '1',
  `comment_agent` varchar(255) NOT NULL DEFAULT '',
  `comment_type` varchar(20) NOT NULL DEFAULT '',
  `comment_parent` bigint(20) unsigned NOT NULL DEFAULT '0',
  `user_id` bigint(20) unsigned NOT NULL DEFAULT '0',
  PRIMARY KEY (`comment_ID`),
  KEY `comment_post_ID` (`comment_post_ID`),
  KEY `comment_approved_date_gmt` (`comment_approved`,`comment_date_gmt`),
  KEY `comment_date_gmt` (`comment_date_gmt`),
  KEY `comment_parent` (`comment_parent`)
) ENGINE=InnoDB AUTO_INCREMENT=2 DEFAULT CHARSET=utf8;

--
-- Dumping data for table `wp_comments`
--

INSERT INTO `wp_comments` VALUES (1,1111,'mvccxgbxyeh','prugnu@veyagz.com','','188.143.232.211','2014-08-01 08:28:15','2014-08-01 06:28:15','kkHWtr  <a href=\"http://lpytbkdggovp.com/\" rel=\"nofollow\">lpytbkdggovp</a>, [url=http://jkfyjertrpaa.com/]jkfyjertrpaa[/url], [link=http://tdkrmitdmlif.com/]tdkrmitdmlif[/link], http://gvytfxekmoyc.com/',0,'0','Mozilla/4.0 (compatible; MSIE 6.0; Windows NT 5.1; SV1)','',0,0);

--
-- Table structure for table `wp_icl_content_status`
--

CREATE TABLE `wp_icl_content_status` (
  `rid` bigint(20) NOT NULL,
  `nid` bigint(20) NOT NULL,
  `timestamp` datetime NOT NULL,
  `md5` varchar(32) NOT NULL,
  PRIMARY KEY (`rid`),
  KEY `nid` (`nid`)
) ENGINE=MyISAM DEFAULT CHARSET=utf8;

--
-- Dumping data for table `wp_icl_content_status`
--


--
-- Table structure for table `wp_icl_core_status`
--

CREATE TABLE `wp_icl_core_status` (
  `id` bigint(20) NOT NULL AUTO_INCREMENT,
  `rid` bigint(20) NOT NULL,
  `module` varchar(16) NOT NULL,
  `origin` varchar(64) NOT NULL,
  `target` varchar(64) NOT NULL,
  `status` smallint(6) NOT NULL,
  PRIMARY KEY (`id`),
  KEY `rid` (`rid`)
) ENGINE=MyISAM DEFAULT CHARSET=utf8;

--
-- Dumping data for table `wp_icl_core_status`
--


--
-- Table structure for table `wp_icl_flags`
--

CREATE TABLE `wp_icl_flags` (
  `id` int(11) NOT NULL AUTO_INCREMENT,
  `lang_code` varchar(10) NOT NULL,
  `flag` varchar(32) NOT NULL,
  `from_template` tinyint(4) NOT NULL DEFAULT '0',
  PRIMARY KEY (`id`),
  UNIQUE KEY `lang_code` (`lang_code`)
) ENGINE=MyISAM AUTO_INCREMENT=64 DEFAULT CHARSET=utf8;

--
-- Dumping data for table `wp_icl_flags`
--

INSERT INTO `wp_icl_flags` VALUES (1,'ar','ar.png',0),(2,'bg','bg.png',0),(3,'bs','bs.png',0),(4,'ca','ca.png',0),(5,'cs','cs.png',0),(6,'cy','cy.png',0),(7,'da','da.png',0),(8,'de','de.png',0),(9,'el','el.png',0),(10,'en','en.png',0),(11,'eo','eo.png',0),(12,'es','es.png',0),(13,'et','et.png',0),(14,'eu','eu.png',0),(15,'fa','fa.png',0),(16,'fi','fi.png',0),(17,'fr','fr.png',0),(18,'ga','ga.png',0),(19,'he','he.png',0),(20,'hi','hi.png',0),(21,'hr','hr.png',0),(22,'hu','hu.png',0),(23,'hy','hy.png',0),(24,'id','id.png',0),(25,'is','is.png',0),(26,'it','it.png',0),(27,'ja','ja.png',0),(28,'ko','ko.png',0),(29,'ku','ku.png',0),(30,'la','la.png',0),(31,'lt','lt.png',0),(32,'lv','lv.png',0),(33,'mk','mk.png',0),(34,'mn','mn.png',0),(35,'mo','mo.png',0),(36,'mt','mt.png',0),(37,'nb','nb.png',0),(38,'ne','ne.png',0),(39,'nl','nl.png',0),(40,'pa','pa.png',0),(41,'pl','pl.png',0),(42,'pt-br','pt-br.png',0),(43,'pt-pt','pt-pt.png',0),(44,'qu','qu.png',0),(45,'ro','ro.png',0),(46,'ru','ru.png',0),(47,'sk','sk.png',0),(48,'sl','sl.png',0),(49,'so','so.png',0),(50,'sq','sq.png',0),(51,'sr','sr.png',0),(52,'sv','sv.png',0),(53,'ta','ta.png',0),(54,'th','th.png',0),(55,'tr','tr.png',0),(56,'uk','uk.png',0),(57,'ur','ur.png',0),(58,'uz','uz.png',0),(59,'vi','vi.png',0),(60,'yi','yi.png',0),(61,'zh-hans','zh-hans.png',0),(62,'zh-hant','zh-hant.png',0),(63,'zu','zu.png',0);

--
-- Table structure for table `wp_icl_languages`
--

CREATE TABLE `wp_icl_languages` (
  `id` int(11) NOT NULL AUTO_INCREMENT,
  `code` varchar(7) NOT NULL,
  `english_name` varchar(128) NOT NULL,
  `major` tinyint(4) NOT NULL DEFAULT '0',
  `active` tinyint(4) NOT NULL,
  `default_locale` varchar(8) DEFAULT NULL,
  `tag` varchar(8) DEFAULT NULL,
  `encode_url` tinyint(1) NOT NULL DEFAULT '0',
  PRIMARY KEY (`id`),
  UNIQUE KEY `code` (`code`),
  UNIQUE KEY `english_name` (`english_name`)
) ENGINE=MyISAM AUTO_INCREMENT=64 DEFAULT CHARSET=utf8;

--
-- Dumping data for table `wp_icl_languages`
--

INSERT INTO `wp_icl_languages` VALUES (1,'en','English',1,1,'en_US','en-US',0),(2,'es','Spanish',1,0,'es_ES','es-ES',0),(3,'de','German',1,0,'de_DE','de-DE',0),(4,'fr','French',1,1,'fr_FR','fr-FR',0),(5,'ar','Arabic',0,0,'ar','ar',0),(6,'bs','Bosnian',0,0,'','',0),(7,'bg','Bulgarian',0,0,'bg_BG','bg-BG',0),(8,'ca','Catalan',0,0,'ca','ca',0),(9,'cs','Czech',0,0,'cs_CZ','cs-CZ',0),(10,'sk','Slovak',0,0,'sk_SK','sk-SK',0),(11,'cy','Welsh',0,0,'cy','cy',0),(12,'da','Danish',1,0,'da_DK','da-DK',0),(13,'el','Greek',0,0,'el','el',0),(14,'eo','Esperanto',0,0,'eo','eo',0),(15,'et','Estonian',0,0,'et','et',0),(16,'eu','Basque',0,0,'eu','eu',0),(17,'fa','Persian',0,0,'fa_IR','fa-IR',0),(18,'fi','Finnish',0,0,'fi','fi',0),(19,'ga','Irish',0,0,'','',0),(20,'he','Hebrew',0,0,'he_IL','he-IL',0),(21,'hi','Hindi',0,0,'','',0),(22,'hr','Croatian',0,0,'hr','hr',0),(23,'hu','Hungarian',0,0,'hu_HU','hu-HU',0),(24,'hy','Armenian',0,0,'','',0),(25,'id','Indonesian',0,0,'id_ID','id-ID',0),(26,'is','Icelandic',0,0,'is_IS','is-IS',0),(27,'it','Italian',1,0,'it_IT','it-IT',0),(28,'ja','Japanese',1,0,'ja','ja',0),(29,'ko','Korean',0,0,'ko_KR','ko-KR',0),(30,'ku','Kurdish',0,0,'ku','ku',0),(31,'la','Latin',0,0,'','',0),(32,'lv','Latvian',0,0,'lv','lv',0),(33,'lt','Lithuanian',0,0,'lt','lt',0),(34,'mk','Macedonian',0,0,'mk_MK','mk-MK',0),(35,'mt','Maltese',0,0,'','',0),(36,'mo','Moldavian',0,0,'','',0),(37,'mn','Mongolian',0,0,'','',0),(38,'ne','Nepali',0,0,'','',0),(39,'nl','Dutch',1,0,'nl_NL','nl-NL',0),(40,'nb','Norwegian Bokmål',0,0,'nb_NO','nb-NO',0),(41,'pa','Punjabi',0,0,'','',0),(42,'pl','Polish',0,0,'pl_PL','pl-PL',0),(43,'pt-pt','Portuguese, Portugal',0,0,'pt_PT','pt-PT',0),(44,'pt-br','Portuguese, Brazil',0,0,'pt_BR','pt-BR',0),(45,'qu','Quechua',0,0,'','',0),(46,'ro','Romanian',0,0,'ro_RO','ro-RO',0),(47,'ru','Russian',1,0,'ru_RU','ru-RU',0),(48,'sl','Slovenian',0,0,'sl_SI','sl-SI',0),(49,'so','Somali',0,0,'','',0),(50,'sq','Albanian',0,0,'','',0),(51,'sr','Serbian',0,0,'sr_RS','sr-RS',0),(52,'sv','Swedish',0,0,'sv_SE','sv-SE',0),(53,'ta','Tamil',0,0,'','',0),(54,'th','Thai',0,0,'th','th',0),(55,'tr','Turkish',0,0,'tr','tr',0),(56,'uk','Ukrainian',0,0,'uk_UA','uk-UA',0),(57,'ur','Urdu',0,0,'','',0),(58,'uz','Uzbek',0,0,'uz_UZ','uz-UZ',0),(59,'vi','Vietnamese',0,0,'vi','vi',0),(60,'yi','Yiddish',0,0,'','',0),(61,'zh-hans','Chinese (Simplified)',1,0,'zh_CN','zh-CN',0),(62,'zu','Zulu',0,0,'','',0),(63,'zh-hant','Chinese (Traditional)',1,0,'zh_TW','zh-TW',0);

--
-- Table structure for table `wp_icl_languages_translations`
--

CREATE TABLE `wp_icl_languages_translations` (
  `id` int(11) NOT NULL AUTO_INCREMENT,
  `language_code` varchar(7) NOT NULL,
  `display_language_code` varchar(7) NOT NULL,
  `name` varchar(255) NOT NULL,
  PRIMARY KEY (`id`),
  UNIQUE KEY `language_code` (`language_code`,`display_language_code`)
) ENGINE=MyISAM AUTO_INCREMENT=3970 DEFAULT CHARSET=utf8;

--
-- Dumping data for table `wp_icl_languages_translations`
--

INSERT INTO `wp_icl_languages_translations` VALUES (1,'en','en','English'),(2,'en','es','Inglés'),(3,'en','de','Englisch'),(4,'en','fr','Anglais'),(5,'en','ar','الإنجليزية'),(6,'en','bs','English'),(7,'en','bg','English'),(8,'en','ca','English'),(9,'en','cs','English'),(10,'en','sk','Angličtina'),(11,'en','cy','English'),(12,'en','da','English'),(13,'en','el','Αγγλικα'),(14,'en','eo','English'),(15,'en','et','English'),(16,'en','eu','English'),(17,'en','fa','English'),(18,'en','fi','englanti'),(19,'en','ga','English'),(20,'en','he','אנגלית'),(21,'en','hi','English'),(22,'en','hr','English'),(23,'en','hu','angol'),(24,'en','hy','English'),(25,'en','id','English'),(26,'en','is','English'),(27,'en','it','Inglese'),(28,'en','ja','英語'),(29,'en','ko','영어'),(30,'en','ku','English'),(31,'en','la','English'),(32,'en','lv','English'),(33,'en','lt','English'),(34,'en','mk','English'),(35,'en','mt','English'),(36,'en','mo','English'),(37,'en','mn','English'),(38,'en','ne','English'),(39,'en','nl','Engels'),(40,'en','nb','English'),(41,'en','pa','English'),(42,'en','pl','angielski'),(43,'en','pt-pt','Inglês'),(44,'en','pt-br','Inglês'),(45,'en','qu','English'),(46,'en','ro','Engleză'),(47,'en','ru','Английский'),(48,'en','sl','English'),(49,'en','so','English'),(50,'en','sq','English'),(51,'en','sr','English'),(52,'en','sv','Engelska'),(53,'en','ta','English'),(54,'en','th','อังกฤษ'),(55,'en','tr','İngilizce'),(56,'en','uk','English'),(57,'en','ur','English'),(58,'en','uz','English'),(59,'en','vi','English'),(60,'en','yi','English'),(61,'en','zh-hans','英语'),(62,'en','zu','English'),(63,'en','zh-hant','英語'),(64,'es','en','Spanish'),(65,'es','es','Español'),(66,'es','de','Spanisch'),(67,'es','fr','Espagnol'),(68,'es','ar','الأسبانية'),(69,'es','bs','Spanish'),(70,'es','bg','Spanish'),(71,'es','ca','Spanish'),(72,'es','cs','Spanish'),(73,'es','sk','Španielčina'),(74,'es','cy','Spanish'),(75,'es','da','Spanish'),(76,'es','el','Ισπανικα'),(77,'es','eo','Spanish'),(78,'es','et','Spanish'),(79,'es','eu','Spanish'),(80,'es','fa','Spanish'),(81,'es','fi','espanja'),(82,'es','ga','Spanish'),(83,'es','he','ספרדית'),(84,'es','hi','Spanish'),(85,'es','hr','Spanish'),(86,'es','hu','spanyol'),(87,'es','hy','Spanish'),(88,'es','id','Spanish'),(89,'es','is','Spanish'),(90,'es','it','Spagnolo'),(91,'es','ja','スペイン語'),(92,'es','ko','스페인어'),(93,'es','ku','Spanish'),(94,'es','la','Spanish'),(95,'es','lv','Spanish'),(96,'es','lt','Spanish'),(97,'es','mk','Spanish'),(98,'es','mt','Spanish'),(99,'es','mo','Spanish'),(100,'es','mn','Spanish'),(101,'es','ne','Spanish'),(102,'es','nl','Spaans'),(103,'es','nb','Spanish'),(104,'es','pa','Spanish'),(105,'es','pl','hiszpański'),(106,'es','pt-pt','Espanhol'),(107,'es','pt-br','Espanhol'),(108,'es','qu','Spanish'),(109,'es','ro','Spaniolă'),(110,'es','ru','Испанский'),(111,'es','sl','Spanish'),(112,'es','so','Spanish'),(113,'es','sq','Spanish'),(114,'es','sr','Spanish'),(115,'es','sv','Spanska'),(116,'es','ta','Spanish'),(117,'es','th','สเปน'),(118,'es','tr','İspanyolca'),(119,'es','uk','Spanish'),(120,'es','ur','Spanish'),(121,'es','uz','Spanish'),(122,'es','vi','Spanish'),(123,'es','yi','Spanish'),(124,'es','zh-hans','西班牙语'),(125,'es','zu','Spanish'),(126,'es','zh-hant','西班牙語'),(127,'de','en','German'),(128,'de','es','Alemán'),(129,'de','de','Deutsch'),(130,'de','fr','Allemand'),(131,'de','ar','الألمانية'),(132,'de','bs','German'),(133,'de','bg','German'),(134,'de','ca','German'),(135,'de','cs','German'),(136,'de','sk','Nemčina'),(137,'de','cy','German'),(138,'de','da','German'),(139,'de','el','Γερμανικα'),(140,'de','eo','German'),(141,'de','et','German'),(142,'de','eu','German'),(143,'de','fa','German'),(144,'de','fi','saksa'),(145,'de','ga','German'),(146,'de','he','גרמנית'),(147,'de','hi','German'),(148,'de','hr','German'),(149,'de','hu','német'),(150,'de','hy','German'),(151,'de','id','German'),(152,'de','is','German'),(153,'de','it','Tedesco'),(154,'de','ja','ドイツ語'),(155,'de','ko','독어'),(156,'de','ku','German'),(157,'de','la','German'),(158,'de','lv','German'),(159,'de','lt','German'),(160,'de','mk','German'),(161,'de','mt','German'),(162,'de','mo','German'),(163,'de','mn','German'),(164,'de','ne','German'),(165,'de','nl','Duits'),(166,'de','nb','German'),(167,'de','pa','German'),(168,'de','pl','niemiecki'),(169,'de','pt-pt','Alemão'),(170,'de','pt-br','Alemão'),(171,'de','qu','German'),(172,'de','ro','Germană'),(173,'de','ru','Немецкий'),(174,'de','sl','German'),(175,'de','so','German'),(176,'de','sq','German'),(177,'de','sr','German'),(178,'de','sv','Tyska'),(179,'de','ta','German'),(180,'de','th','เยอรมัน'),(181,'de','tr','Almanca'),(182,'de','uk','German'),(183,'de','ur','German'),(184,'de','uz','German'),(185,'de','vi','German'),(186,'de','yi','German'),(187,'de','zh-hans','德语'),(188,'de','zu','German'),(189,'de','zh-hant','德語'),(190,'fr','en','French'),(191,'fr','es','Francés'),(192,'fr','de','Französisch'),(193,'fr','fr','Français'),(194,'fr','ar','الفرنسية'),(195,'fr','bs','French'),(196,'fr','bg','French'),(197,'fr','ca','French'),(198,'fr','cs','French'),(199,'fr','sk','Francúzština'),(200,'fr','cy','French'),(201,'fr','da','French'),(202,'fr','el','Γαλλικα'),(203,'fr','eo','French'),(204,'fr','et','French'),(205,'fr','eu','French'),(206,'fr','fa','French'),(207,'fr','fi','ranska'),(208,'fr','ga','French'),(209,'fr','he','צרפתית'),(210,'fr','hi','French'),(211,'fr','hr','French'),(212,'fr','hu','francia'),(213,'fr','hy','French'),(214,'fr','id','French'),(215,'fr','is','French'),(216,'fr','it','Francese'),(217,'fr','ja','フランス語'),(218,'fr','ko','불어'),(219,'fr','ku','French'),(220,'fr','la','French'),(221,'fr','lv','French'),(222,'fr','lt','French'),(223,'fr','mk','French'),(224,'fr','mt','French'),(225,'fr','mo','French'),(226,'fr','mn','French'),(227,'fr','ne','French'),(228,'fr','nl','Frans'),(229,'fr','nb','French'),(230,'fr','pa','French'),(231,'fr','pl','francuski'),(232,'fr','pt-pt','Francês'),(233,'fr','pt-br','Francês'),(234,'fr','qu','French'),(235,'fr','ro','Franceză'),(236,'fr','ru','Французский'),(237,'fr','sl','French'),(238,'fr','so','French'),(239,'fr','sq','French'),(240,'fr','sr','French'),(241,'fr','sv','Franska'),(242,'fr','ta','French'),(243,'fr','th','ฝรั่งเศส'),(244,'fr','tr','Fransızca'),(245,'fr','uk','French'),(246,'fr','ur','French'),(247,'fr','uz','French'),(248,'fr','vi','French'),(249,'fr','yi','French'),(250,'fr','zh-hans','法语'),(251,'fr','zu','French'),(252,'fr','zh-hant','法語'),(253,'ar','en','Arabic'),(254,'ar','es','Árabe'),(255,'ar','de','Arabisch'),(256,'ar','fr','Arabe'),(257,'ar','ar','العربية'),(258,'ar','bs','Arabic'),(259,'ar','bg','Arabic'),(260,'ar','ca','Arabic'),(261,'ar','cs','Arabic'),(262,'ar','sk','Arabčina'),(263,'ar','cy','Arabic'),(264,'ar','da','Arabic'),(265,'ar','el','Αραβικα'),(266,'ar','eo','Arabic'),(267,'ar','et','Arabic'),(268,'ar','eu','Arabic'),(269,'ar','fa','Arabic'),(270,'ar','fi','arabia'),(271,'ar','ga','Arabic'),(272,'ar','he','ערבית'),(273,'ar','hi','Arabic'),(274,'ar','hr','Arabic'),(275,'ar','hu','arab'),(276,'ar','hy','Arabic'),(277,'ar','id','Arabic'),(278,'ar','is','Arabic'),(279,'ar','it','Arabo'),(280,'ar','ja','アラビア語'),(281,'ar','ko','아랍어'),(282,'ar','ku','Arabic'),(283,'ar','la','Arabic'),(284,'ar','lv','Arabic'),(285,'ar','lt','Arabic'),(286,'ar','mk','Arabic'),(287,'ar','mt','Arabic'),(288,'ar','mo','Arabic'),(289,'ar','mn','Arabic'),(290,'ar','ne','Arabic'),(291,'ar','nl','Arabisch'),(292,'ar','nb','Arabic'),(293,'ar','pa','Arabic'),(294,'ar','pl','arabski'),(295,'ar','pt-pt','Árabe'),(296,'ar','pt-br','Árabe'),(297,'ar','qu','Arabic'),(298,'ar','ro','Arabică'),(299,'ar','ru','Арабский'),(300,'ar','sl','Arabic'),(301,'ar','so','Arabic'),(302,'ar','sq','Arabic'),(303,'ar','sr','Arabic'),(304,'ar','sv','Arabiska'),(305,'ar','ta','Arabic'),(306,'ar','th','อารบิก'),(307,'ar','tr','Arapça'),(308,'ar','uk','Arabic'),(309,'ar','ur','Arabic'),(310,'ar','uz','Arabic'),(311,'ar','vi','Arabic'),(312,'ar','yi','Arabic'),(313,'ar','zh-hans','阿拉伯语'),(314,'ar','zu','Arabic'),(315,'ar','zh-hant','阿拉伯語'),(316,'bs','en','Bosnian'),(317,'bs','es','Bosnio'),(318,'bs','de','Bosnisch'),(319,'bs','fr','Bosnien'),(320,'bs','ar','البوسنية'),(321,'bs','bs','Bosnian'),(322,'bs','bg','Bosnian'),(323,'bs','ca','Bosnian'),(324,'bs','cs','Bosnian'),(325,'bs','sk','Bosniačtina'),(326,'bs','cy','Bosnian'),(327,'bs','da','Bosnian'),(328,'bs','el','Βοσνιακα'),(329,'bs','eo','Bosnian'),(330,'bs','et','Bosnian'),(331,'bs','eu','Bosnian'),(332,'bs','fa','Bosnian'),(333,'bs','fi','bosnia'),(334,'bs','ga','Bosnian'),(335,'bs','he','Bosnian'),(336,'bs','hi','Bosnian'),(337,'bs','hr','Bosnian'),(338,'bs','hu','bosnyák'),(339,'bs','hy','Bosnian'),(340,'bs','id','Bosnian'),(341,'bs','is','Bosnian'),(342,'bs','it','Bosniaco'),(343,'bs','ja','ボスニア語'),(344,'bs','ko','보즈니아어'),(345,'bs','ku','Bosnian'),(346,'bs','la','Bosnian'),(347,'bs','lv','Bosnian'),(348,'bs','lt','Bosnian'),(349,'bs','mk','Bosnian'),(350,'bs','mt','Bosnian'),(351,'bs','mo','Bosnian'),(352,'bs','mn','Bosnian'),(353,'bs','ne','Bosnian'),(354,'bs','nl','Bosnisch'),(355,'bs','nb','Bosnian'),(356,'bs','pa','Bosnian'),(357,'bs','pl','bośniacki'),(358,'bs','pt-pt','Bósnio'),(359,'bs','pt-br','Bósnio'),(360,'bs','qu','Bosnian'),(361,'bs','ro','Bosniacă'),(362,'bs','ru','Боснийский'),(363,'bs','sl','Bosnian'),(364,'bs','so','Bosnian'),(365,'bs','sq','Bosnian'),(366,'bs','sr','Bosnian'),(367,'bs','sv','Bosniska'),(368,'bs','ta','Bosnian'),(369,'bs','th','บอสเนียน'),(370,'bs','tr','Boşnakça'),(371,'bs','uk','Bosnian'),(372,'bs','ur','Bosnian'),(373,'bs','uz','Bosnian'),(374,'bs','vi','Bosnian'),(375,'bs','yi','Bosnian'),(376,'bs','zh-hans','波斯尼亚语'),(377,'bs','zu','Bosnian'),(378,'bs','zh-hant','波士尼亞語'),(379,'bg','en','Bulgarian'),(380,'bg','es','Búlgaro'),(381,'bg','de','Bulgarisch'),(382,'bg','fr','Bulgare'),(383,'bg','ar','البلغارية'),(384,'bg','bs','Bulgarian'),(385,'bg','bg','Bulgarian'),(386,'bg','ca','Bulgarian'),(387,'bg','cs','Bulgarian'),(388,'bg','sk','Bulharčina'),(389,'bg','cy','Bulgarian'),(390,'bg','da','Bulgarian'),(391,'bg','el','Βουλγαρικα'),(392,'bg','eo','Bulgarian'),(393,'bg','et','Bulgarian'),(394,'bg','eu','Bulgarian'),(395,'bg','fa','Bulgarian'),(396,'bg','fi','bulgaria'),(397,'bg','ga','Bulgarian'),(398,'bg','he','Bulgarian'),(399,'bg','hi','Bulgarian'),(400,'bg','hr','Bulgarian'),(401,'bg','hu','bolgár'),(402,'bg','hy','Bulgarian'),(403,'bg','id','Bulgarian'),(404,'bg','is','Bulgarian'),(405,'bg','it','Bulgaro'),(406,'bg','ja','ブルガリア語'),(407,'bg','ko','불가리아어'),(408,'bg','ku','Bulgarian'),(409,'bg','la','Bulgarian'),(410,'bg','lv','Bulgarian'),(411,'bg','lt','Bulgarian'),(412,'bg','mk','Bulgarian'),(413,'bg','mt','Bulgarian'),(414,'bg','mo','Bulgarian'),(415,'bg','mn','Bulgarian'),(416,'bg','ne','Bulgarian'),(417,'bg','nl','Bulgaars'),(418,'bg','nb','Bulgarian'),(419,'bg','pa','Bulgarian'),(420,'bg','pl','bułgarski'),(421,'bg','pt-pt','Búlgaro'),(422,'bg','pt-br','Búlgaro'),(423,'bg','qu','Bulgarian'),(424,'bg','ro','Bulgară'),(425,'bg','ru','Болгарский'),(426,'bg','sl','Bulgarian'),(427,'bg','so','Bulgarian'),(428,'bg','sq','Bulgarian'),(429,'bg','sr','Bulgarian'),(430,'bg','sv','Bulgariska'),(431,'bg','ta','Bulgarian'),(432,'bg','th','บัลแกเรียน'),(433,'bg','tr','Bulgarca'),(434,'bg','uk','Bulgarian'),(435,'bg','ur','Bulgarian'),(436,'bg','uz','Bulgarian'),(437,'bg','vi','Bulgarian'),(438,'bg','yi','Bulgarian'),(439,'bg','zh-hans','保加利亚语'),(440,'bg','zu','Bulgarian'),(441,'bg','zh-hant','保加利亞語'),(442,'ca','en','Catalan'),(443,'ca','es','Catalán'),(444,'ca','de','Katalanisch'),(445,'ca','fr','Catalan'),(446,'ca','ar','الكاتالوينية'),(447,'ca','bs','Catalan'),(448,'ca','bg','Catalan'),(449,'ca','ca','Català'),(450,'ca','cs','Catalan'),(451,'ca','sk','Katalánčina'),(452,'ca','cy','Catalan'),(453,'ca','da','Catalan'),(454,'ca','el','Καταλανικα'),(455,'ca','eo','Catalan'),(456,'ca','et','Catalan'),(457,'ca','eu','Catalan'),(458,'ca','fa','Catalan'),(459,'ca','fi','katalaani'),(460,'ca','ga','Catalan'),(461,'ca','he','Catalan'),(462,'ca','hi','Catalan'),(463,'ca','hr','Catalan'),(464,'ca','hu','katalán'),(465,'ca','hy','Catalan'),(466,'ca','id','Catalan'),(467,'ca','is','Catalan'),(468,'ca','it','Catalano'),(469,'ca','ja','カタルーニャ語'),(470,'ca','ko','카탈로니아어'),(471,'ca','ku','Catalan'),(472,'ca','la','Catalan'),(473,'ca','lv','Catalan'),(474,'ca','lt','Catalan'),(475,'ca','mk','Catalan'),(476,'ca','mt','Catalan'),(477,'ca','mo','Catalan'),(478,'ca','mn','Catalan'),(479,'ca','ne','Catalan'),(480,'ca','nl','Catalaans'),(481,'ca','nb','Catalan'),(482,'ca','pa','Catalan'),(483,'ca','pl','kataloński'),(484,'ca','pt-pt','Catalão'),(485,'ca','pt-br','Catalão'),(486,'ca','qu','Catalan'),(487,'ca','ro','Catalană'),(488,'ca','ru','Каталанский'),(489,'ca','sl','Catalan'),(490,'ca','so','Catalan'),(491,'ca','sq','Catalan'),(492,'ca','sr','Catalan'),(493,'ca','sv','Katalanska'),(494,'ca','ta','Catalan'),(495,'ca','th','คะตะลาน'),(496,'ca','tr','Katalan dili'),(497,'ca','uk','Catalan'),(498,'ca','ur','Catalan'),(499,'ca','uz','Catalan'),(500,'ca','vi','Catalan'),(501,'ca','yi','Catalan'),(502,'ca','zh-hans','加泰罗尼亚语'),(503,'ca','zu','Catalan'),(504,'ca','zh-hant','加泰羅尼亞語'),(505,'cs','en','Czech'),(506,'cs','es','Checo'),(507,'cs','de','Tschechisch'),(508,'cs','fr','Tchèque'),(509,'cs','ar','التشيكية'),(510,'cs','bs','Czech'),(511,'cs','bg','Czech'),(512,'cs','ca','Czech'),(513,'cs','cs','Čeština'),(514,'cs','sk','Čeština'),(515,'cs','cy','Czech'),(516,'cs','da','Czech'),(517,'cs','el','Τσεχικη'),(518,'cs','eo','Czech'),(519,'cs','et','Czech'),(520,'cs','eu','Czech'),(521,'cs','fa','Czech'),(522,'cs','fi','tsekki'),(523,'cs','ga','Czech'),(524,'cs','he','Czech'),(525,'cs','hi','Czech'),(526,'cs','hr','Czech'),(527,'cs','hu','cseh'),(528,'cs','hy','Czech'),(529,'cs','id','Czech'),(530,'cs','is','Czech'),(531,'cs','it','Ceco'),(532,'cs','ja','チェコ語'),(533,'cs','ko','체코슬로바키아어'),(534,'cs','ku','Czech'),(535,'cs','la','Czech'),(536,'cs','lv','Czech'),(537,'cs','lt','Czech'),(538,'cs','mk','Czech'),(539,'cs','mt','Czech'),(540,'cs','mo','Czech'),(541,'cs','mn','Czech'),(542,'cs','ne','Czech'),(543,'cs','nl','Tsjechisch'),(544,'cs','nb','Czech'),(545,'cs','pa','Czech'),(546,'cs','pl','czeski'),(547,'cs','pt-pt','Checa'),(548,'cs','pt-br','Checa'),(549,'cs','qu','Czech'),(550,'cs','ro','Cehă'),(551,'cs','ru','Чешский'),(552,'cs','sl','Czech'),(553,'cs','so','Czech'),(554,'cs','sq','Czech'),(555,'cs','sr','Czech'),(556,'cs','sv','Tjeckiska'),(557,'cs','ta','Czech'),(558,'cs','th','เช็ก'),(559,'cs','tr','Çekçe'),(560,'cs','uk','Czech'),(561,'cs','ur','Czech'),(562,'cs','uz','Czech'),(563,'cs','vi','Czech'),(564,'cs','yi','Czech'),(565,'cs','zh-hans','捷克语'),(566,'cs','zu','Czech'),(567,'cs','zh-hant','捷克語'),(568,'sk','en','Slovak'),(569,'sk','es','Eslavo'),(570,'sk','de','Slawisch'),(571,'sk','fr','Slave'),(572,'sk','ar','السلافية'),(573,'sk','bs','Slovak'),(574,'sk','bg','Slovak'),(575,'sk','ca','Slovak'),(576,'sk','cs','Slovak'),(577,'sk','sk','Slovenčina'),(578,'sk','cy','Slovak'),(579,'sk','da','Slovak'),(580,'sk','el','Σλαβικη'),(581,'sk','eo','Slovak'),(582,'sk','et','Slovak'),(583,'sk','eu','Slovak'),(584,'sk','fa','Slovak'),(585,'sk','fi','slaavi'),(586,'sk','ga','Slovak'),(587,'sk','he','Slavic'),(588,'sk','hi','Slovak'),(589,'sk','hr','Slovak'),(590,'sk','hu','szláv'),(591,'sk','hy','Slovak'),(592,'sk','id','Slovak'),(593,'sk','is','Slovak'),(594,'sk','it','Slavo'),(595,'sk','ja','スラヴ語派'),(596,'sk','ko','슬라브어'),(597,'sk','ku','Slovak'),(598,'sk','la','Slovak'),(599,'sk','lv','Slovak'),(600,'sk','lt','Slovak'),(601,'sk','mk','Slovak'),(602,'sk','mt','Slovak'),(603,'sk','mo','Slovak'),(604,'sk','mn','Slovak'),(605,'sk','ne','Slovak'),(606,'sk','nl','Slavisch'),(607,'sk','nb','Slovak'),(608,'sk','pa','Slovak'),(609,'sk','pl','słowiański'),(610,'sk','pt-pt','Eslava'),(611,'sk','pt-br','Eslava'),(612,'sk','qu','Slovak'),(613,'sk','ro','Slavă'),(614,'sk','ru','Славянский'),(615,'sk','sl','Slovak'),(616,'sk','so','Slovak'),(617,'sk','sq','Slovak'),(618,'sk','sr','Slovak'),(619,'sk','sv','Slavisk'),(620,'sk','ta','Slovak'),(621,'sk','th','สลาวิก'),(622,'sk','tr','Slav dili'),(623,'sk','uk','Slovak'),(624,'sk','ur','Slovak'),(625,'sk','uz','Slovak'),(626,'sk','vi','Slovak'),(627,'sk','yi','Slovak'),(628,'sk','zh-hans','斯拉夫语'),(629,'sk','zu','Slovak'),(630,'sk','zh-hant','斯拉夫語'),(631,'cy','en','Welsh'),(632,'cy','es','Galés'),(633,'cy','de','Walisisch'),(634,'cy','fr','Gallois'),(635,'cy','ar','الولزية'),(636,'cy','bs','Welsh'),(637,'cy','bg','Welsh'),(638,'cy','ca','Welsh'),(639,'cy','cs','Welsh'),(640,'cy','sk','Welština'),(641,'cy','cy','Cymraeg'),(642,'cy','da','Welsh'),(643,'cy','el','Welsh'),(644,'cy','eo','Welsh'),(645,'cy','et','Welsh'),(646,'cy','eu','Welsh'),(647,'cy','fa','Welsh'),(648,'cy','fi','kymri'),(649,'cy','ga','Welsh'),(650,'cy','he','Welsh'),(651,'cy','hi','Welsh'),(652,'cy','hr','Welsh'),(653,'cy','hu','vels'),(654,'cy','hy','Welsh'),(655,'cy','id','Welsh'),(656,'cy','is','Welsh'),(657,'cy','it','Gallese'),(658,'cy','ja','ウェールズ語'),(659,'cy','ko','웨일즈어'),(660,'cy','ku','Welsh'),(661,'cy','la','Welsh'),(662,'cy','lv','Welsh'),(663,'cy','lt','Welsh'),(664,'cy','mk','Welsh'),(665,'cy','mt','Welsh'),(666,'cy','mo','Welsh'),(667,'cy','mn','Welsh'),(668,'cy','ne','Welsh'),(669,'cy','nl','Welsh'),(670,'cy','nb','Welsh'),(671,'cy','pa','Welsh'),(672,'cy','pl','walijski'),(673,'cy','pt-pt','Welsh'),(674,'cy','pt-br','Welsh'),(675,'cy','qu','Welsh'),(676,'cy','ro','Galeză'),(677,'cy','ru','Валлийский'),(678,'cy','sl','Welsh'),(679,'cy','so','Welsh'),(680,'cy','sq','Welsh'),(681,'cy','sr','Welsh'),(682,'cy','sv','Walesiska'),(683,'cy','ta','Welsh'),(684,'cy','th','เวลช์'),(685,'cy','tr','Galce'),(686,'cy','uk','Welsh'),(687,'cy','ur','Welsh'),(688,'cy','uz','Welsh'),(689,'cy','vi','Welsh'),(690,'cy','yi','Welsh'),(691,'cy','zh-hans','威尔士语'),(692,'cy','zu','Welsh'),(693,'cy','zh-hant','威爾士語'),(694,'da','en','Danish'),(695,'da','es','Danés'),(696,'da','de','Dänisch'),(697,'da','fr','Danois'),(698,'da','ar','الدانماركية'),(699,'da','bs','Danish'),(700,'da','bg','Danish'),(701,'da','ca','Danish'),(702,'da','cs','Danish'),(703,'da','sk','Dánčina'),(704,'da','cy','Danish'),(705,'da','da','Dansk'),(706,'da','el','Δανεζικα'),(707,'da','eo','Danish'),(708,'da','et','Danish'),(709,'da','eu','Danish'),(710,'da','fa','Danish'),(711,'da','fi','tanska'),(712,'da','ga','Danish'),(713,'da','he','דנית'),(714,'da','hi','Danish'),(715,'da','hr','Danish'),(716,'da','hu','dán'),(717,'da','hy','Danish'),(718,'da','id','Danish'),(719,'da','is','Danish'),(720,'da','it','Danese'),(721,'da','ja','デンマーク語'),(722,'da','ko','덴마크어'),(723,'da','ku','Danish'),(724,'da','la','Danish'),(725,'da','lv','Danish'),(726,'da','lt','Danish'),(727,'da','mk','Danish'),(728,'da','mt','Danish'),(729,'da','mo','Danish'),(730,'da','mn','Danish'),(731,'da','ne','Danish'),(732,'da','nl','Deens'),(733,'da','nb','Danish'),(734,'da','pa','Danish'),(735,'da','pl','duński'),(736,'da','pt-pt','Dinamarquês'),(737,'da','pt-br','Dinamarquês'),(738,'da','qu','Danish'),(739,'da','ro','Daneză'),(740,'da','ru','Датский'),(741,'da','sl','Danish'),(742,'da','so','Danish'),(743,'da','sq','Danish'),(744,'da','sr','Danish'),(745,'da','sv','Danska'),(746,'da','ta','Danish'),(747,'da','th','เดนมาร์ก'),(748,'da','tr','Danca'),(749,'da','uk','Danish'),(750,'da','ur','Danish'),(751,'da','uz','Danish'),(752,'da','vi','Danish'),(753,'da','yi','Danish'),(754,'da','zh-hans','丹麦语'),(755,'da','zu','Danish'),(756,'da','zh-hant','丹麥語'),(757,'el','en','Greek'),(758,'el','es','Griego'),(759,'el','de','Griechisch'),(760,'el','fr','Grec moderne'),(761,'el','ar','اليونانية'),(762,'el','bs','Greek'),(763,'el','bg','Greek'),(764,'el','ca','Greek'),(765,'el','cs','Greek'),(766,'el','sk','Gréčtina'),(767,'el','cy','Greek'),(768,'el','da','Greek'),(769,'el','el','Ελληνικα'),(770,'el','eo','Greek'),(771,'el','et','Greek'),(772,'el','eu','Greek'),(773,'el','fa','Greek'),(774,'el','fi','kreikka'),(775,'el','ga','Greek'),(776,'el','he','יוונית'),(777,'el','hi','Greek'),(778,'el','hr','Greek'),(779,'el','hu','görög'),(780,'el','hy','Greek'),(781,'el','id','Greek'),(782,'el','is','Greek'),(783,'el','it','Greco'),(784,'el','ja','ギリシア語'),(785,'el','ko','그리스어'),(786,'el','ku','Greek'),(787,'el','la','Greek'),(788,'el','lv','Greek'),(789,'el','lt','Greek'),(790,'el','mk','Greek'),(791,'el','mt','Greek'),(792,'el','mo','Greek'),(793,'el','mn','Greek'),(794,'el','ne','Greek'),(795,'el','nl','Grieks'),(796,'el','nb','Greek'),(797,'el','pa','Greek'),(798,'el','pl','grecki'),(799,'el','pt-pt','Grego'),(800,'el','pt-br','Grego'),(801,'el','qu','Greek'),(802,'el','ro','Greacă'),(803,'el','ru','Греческий'),(804,'el','sl','Greek'),(805,'el','so','Greek'),(806,'el','sq','Greek'),(807,'el','sr','Greek'),(808,'el','sv','Grekiska'),(809,'el','ta','Greek'),(810,'el','th','กรีก'),(811,'el','tr','Yunanca'),(812,'el','uk','Greek'),(813,'el','ur','Greek'),(814,'el','uz','Greek'),(815,'el','vi','Greek'),(816,'el','yi','Greek'),(817,'el','zh-hans','希腊语'),(818,'el','zu','Greek'),(819,'el','zh-hant','希臘語'),(820,'eo','en','Esperanto'),(821,'eo','es','Esperanto'),(822,'eo','de','Esperanto'),(823,'eo','fr','Espéranto'),(824,'eo','ar','الاسبرانتو'),(825,'eo','bs','Esperanto'),(826,'eo','bg','Esperanto'),(827,'eo','ca','Esperanto'),(828,'eo','cs','Esperanto'),(829,'eo','sk','Esperanto'),(830,'eo','cy','Esperanto'),(831,'eo','da','Esperanto'),(832,'eo','el','Εσπεραντο'),(833,'eo','eo','Esperanto'),(834,'eo','et','Esperanto'),(835,'eo','eu','Esperanto'),(836,'eo','fa','Esperanto'),(837,'eo','fi','esperanto'),(838,'eo','ga','Esperanto'),(839,'eo','he','Esperanto'),(840,'eo','hi','Esperanto'),(841,'eo','hr','Esperanto'),(842,'eo','hu','eszperantó'),(843,'eo','hy','Esperanto'),(844,'eo','id','Esperanto'),(845,'eo','is','Esperanto'),(846,'eo','it','Esperanto'),(847,'eo','ja','エスペラント語'),(848,'eo','ko','에스페란토어'),(849,'eo','ku','Esperanto'),(850,'eo','la','Esperanto'),(851,'eo','lv','Esperanto'),(852,'eo','lt','Esperanto'),(853,'eo','mk','Esperanto'),(854,'eo','mt','Esperanto'),(855,'eo','mo','Esperanto'),(856,'eo','mn','Esperanto'),(857,'eo','ne','Esperanto'),(858,'eo','nl','Esperanto'),(859,'eo','nb','Esperanto'),(860,'eo','pa','Esperanto'),(861,'eo','pl','esperanto'),(862,'eo','pt-pt','Esperanto'),(863,'eo','pt-br','Esperanto'),(864,'eo','qu','Esperanto'),(865,'eo','ro','Esperanto'),(866,'eo','ru','Эсперанто'),(867,'eo','sl','Esperanto'),(868,'eo','so','Esperanto'),(869,'eo','sq','Esperanto'),(870,'eo','sr','Esperanto'),(871,'eo','sv','Esperanto'),(872,'eo','ta','Esperanto'),(873,'eo','th','เอสเปอรันโต'),(874,'eo','tr','Esperanto'),(875,'eo','uk','Esperanto'),(876,'eo','ur','Esperanto'),(877,'eo','uz','Esperanto'),(878,'eo','vi','Esperanto'),(879,'eo','yi','Esperanto'),(880,'eo','zh-hans','世界语'),(881,'eo','zu','Esperanto'),(882,'eo','zh-hant','世界語'),(883,'et','en','Estonian'),(884,'et','es','Estonio'),(885,'et','de','Estnisch'),(886,'et','fr','Estonien'),(887,'et','ar','الأستونية'),(888,'et','bs','Estonian'),(889,'et','bg','Estonian'),(890,'et','ca','Estonian'),(891,'et','cs','Estonian'),(892,'et','sk','Estónčina'),(893,'et','cy','Estonian'),(894,'et','da','Estonian'),(895,'et','el','Εσθονικα'),(896,'et','eo','Estonian'),(897,'et','et','Eesti'),(898,'et','eu','Estonian'),(899,'et','fa','Estonian'),(900,'et','fi','eesti'),(901,'et','ga','Estonian'),(902,'et','he','Estonian'),(903,'et','hi','Estonian'),(904,'et','hr','Estonian'),(905,'et','hu','észt'),(906,'et','hy','Estonian'),(907,'et','id','Estonian'),(908,'et','is','Estonian'),(909,'et','it','Estone'),(910,'et','ja','エストニア語'),(911,'et','ko','에스토니아어'),(912,'et','ku','Estonian'),(913,'et','la','Estonian'),(914,'et','lv','Estonian'),(915,'et','lt','Estonian'),(916,'et','mk','Estonian'),(917,'et','mt','Estonian'),(918,'et','mo','Estonian'),(919,'et','mn','Estonian'),(920,'et','ne','Estonian'),(921,'et','nl','Ests'),(922,'et','nb','Estonian'),(923,'et','pa','Estonian'),(924,'et','pl','estoński'),(925,'et','pt-pt','Estoniano'),(926,'et','pt-br','Estoniano'),(927,'et','qu','Estonian'),(928,'et','ro','Estoniană'),(929,'et','ru','Эстонский'),(930,'et','sl','Estonian'),(931,'et','so','Estonian'),(932,'et','sq','Estonian'),(933,'et','sr','Estonian'),(934,'et','sv','Estniska'),(935,'et','ta','Estonian'),(936,'et','th','เอสโตเนียน'),(937,'et','tr','Estonya dili'),(938,'et','uk','Estonian'),(939,'et','ur','Estonian'),(940,'et','uz','Estonian'),(941,'et','vi','Estonian'),(942,'et','yi','Estonian'),(943,'et','zh-hans','爱沙尼亚语'),(944,'et','zu','Estonian'),(945,'et','zh-hant','愛沙尼亞語'),(946,'eu','en','Basque'),(947,'eu','es','Euskera'),(948,'eu','de','Baskisch'),(949,'eu','fr','Basque'),(950,'eu','ar','لغة الباسك'),(951,'eu','bs','Basque'),(952,'eu','bg','Basque'),(953,'eu','ca','Basque'),(954,'eu','cs','Basque'),(955,'eu','sk','Baskičtina'),(956,'eu','cy','Basque'),(957,'eu','da','Basque'),(958,'eu','el','Βασκικα'),(959,'eu','eo','Basque'),(960,'eu','et','Basque'),(961,'eu','eu','Euskara'),(962,'eu','fa','Basque'),(963,'eu','fi','baski'),(964,'eu','ga','Basque'),(965,'eu','he','Basque'),(966,'eu','hi','Basque'),(967,'eu','hr','Basque'),(968,'eu','hu','baszk'),(969,'eu','hy','Basque'),(970,'eu','id','Basque'),(971,'eu','is','Basque'),(972,'eu','it','Basco'),(973,'eu','ja','バスク語'),(974,'eu','ko','바스크어'),(975,'eu','ku','Basque'),(976,'eu','la','Basque'),(977,'eu','lv','Basque'),(978,'eu','lt','Basque'),(979,'eu','mk','Basque'),(980,'eu','mt','Basque'),(981,'eu','mo','Basque'),(982,'eu','mn','Basque'),(983,'eu','ne','Basque'),(984,'eu','nl','Baskisch'),(985,'eu','nb','Basque'),(986,'eu','pa','Basque'),(987,'eu','pl','baskijski'),(988,'eu','pt-pt','Basco'),(989,'eu','pt-br','Basco'),(990,'eu','qu','Basque'),(991,'eu','ro','Bască'),(992,'eu','ru','Баскский'),(993,'eu','sl','Basque'),(994,'eu','so','Basque'),(995,'eu','sq','Basque'),(996,'eu','sr','Basque'),(997,'eu','sv','Baskiska'),(998,'eu','ta','Basque'),(999,'eu','th','บาสค์'),(1000,'eu','tr','Bask dili'),(1001,'eu','uk','Basque'),(1002,'eu','ur','Basque'),(1003,'eu','uz','Basque'),(1004,'eu','vi','Basque'),(1005,'eu','yi','Basque'),(1006,'eu','zh-hans','巴斯克语'),(1007,'eu','zu','Basque'),(1008,'eu','zh-hant','巴斯克語'),(1009,'fa','en','Persian'),(1010,'fa','es','Persa'),(1011,'fa','de','Persisch'),(1012,'fa','fr','Perse'),(1013,'fa','ar','الفارسية'),(1014,'fa','bs','Persian'),(1015,'fa','bg','Persian'),(1016,'fa','ca','Persian'),(1017,'fa','cs','Persian'),(1018,'fa','sk','Perzština'),(1019,'fa','cy','Persian'),(1020,'fa','da','Persian'),(1021,'fa','el','Περσικος'),(1022,'fa','eo','Persian'),(1023,'fa','et','Persian'),(1024,'fa','eu','Persian'),(1025,'fa','fa','پارسی'),(1026,'fa','fi','persia'),(1027,'fa','ga','Persian'),(1028,'fa','he','פרסית'),(1029,'fa','hi','Persian'),(1030,'fa','hr','Persian'),(1031,'fa','hu','perzsa'),(1032,'fa','hy','Persian'),(1033,'fa','id','Persian'),(1034,'fa','is','Persian'),(1035,'fa','it','Persiano'),(1036,'fa','ja','ペルシア語'),(1037,'fa','ko','페르시아어'),(1038,'fa','ku','Persian'),(1039,'fa','la','Persian'),(1040,'fa','lv','Persian'),(1041,'fa','lt','Persian'),(1042,'fa','mk','Persian'),(1043,'fa','mt','Persian'),(1044,'fa','mo','Persian'),(1045,'fa','mn','Persian'),(1046,'fa','ne','Persian'),(1047,'fa','nl','Perzisch'),(1048,'fa','nb','Persian'),(1049,'fa','pa','Persian'),(1050,'fa','pl','perski'),(1051,'fa','pt-pt','Persa'),(1052,'fa','pt-br','Persa'),(1053,'fa','qu','Persian'),(1054,'fa','ro','Persană'),(1055,'fa','ru','Персидский'),(1056,'fa','sl','Persian'),(1057,'fa','so','Persian'),(1058,'fa','sq','Persian'),(1059,'fa','sr','Persian'),(1060,'fa','sv','Persiska'),(1061,'fa','ta','Persian'),(1062,'fa','th','เปอร์เซียน'),(1063,'fa','tr','Farsça'),(1064,'fa','uk','Persian'),(1065,'fa','ur','Persian'),(1066,'fa','uz','Persian'),(1067,'fa','vi','Persian'),(1068,'fa','yi','Persian'),(1069,'fa','zh-hans','波斯语'),(1070,'fa','zu','Persian'),(1071,'fa','zh-hant','波斯語'),(1072,'fi','en','Finnish'),(1073,'fi','es','Finlandés'),(1074,'fi','de','Finnisch'),(1075,'fi','fr','Finnois'),(1076,'fi','ar','الفنلندية'),(1077,'fi','bs','Finnish'),(1078,'fi','bg','Finnish'),(1079,'fi','ca','Finnish'),(1080,'fi','cs','Finnish'),(1081,'fi','sk','Fínština'),(1082,'fi','cy','Finnish'),(1083,'fi','da','Finnish'),(1084,'fi','el','Φινλανδικη'),(1085,'fi','eo','Finnish'),(1086,'fi','et','Finnish'),(1087,'fi','eu','Finnish'),(1088,'fi','fa','Finnish'),(1089,'fi','fi','Suomi'),(1090,'fi','ga','Finnish'),(1091,'fi','he','פינית'),(1092,'fi','hi','Finnish'),(1093,'fi','hr','Finnish'),(1094,'fi','hu','finn'),(1095,'fi','hy','Finnish'),(1096,'fi','id','Finnish'),(1097,'fi','is','Finnish'),(1098,'fi','it','Finlandese'),(1099,'fi','ja','フィンランド語'),(1100,'fi','ko','핀란드어'),(1101,'fi','ku','Finnish'),(1102,'fi','la','Finnish'),(1103,'fi','lv','Finnish'),(1104,'fi','lt','Finnish'),(1105,'fi','mk','Finnish'),(1106,'fi','mt','Finnish'),(1107,'fi','mo','Finnish'),(1108,'fi','mn','Finnish'),(1109,'fi','ne','Finnish'),(1110,'fi','nl','Fins'),(1111,'fi','nb','Finnish'),(1112,'fi','pa','Finnish'),(1113,'fi','pl','fiński'),(1114,'fi','pt-pt','Finlandês'),(1115,'fi','pt-br','Finlandês'),(1116,'fi','qu','Finnish'),(1117,'fi','ro','Finlandeză'),(1118,'fi','ru','Финский'),(1119,'fi','sl','Finnish'),(1120,'fi','so','Finnish'),(1121,'fi','sq','Finnish'),(1122,'fi','sr','Finnish'),(1123,'fi','sv','Finska'),(1124,'fi','ta','Finnish'),(1125,'fi','th','ฟินนิช'),(1126,'fi','tr','Fince'),(1127,'fi','uk','Finnish'),(1128,'fi','ur','Finnish'),(1129,'fi','uz','Finnish'),(1130,'fi','vi','Finnish'),(1131,'fi','yi','Finnish'),(1132,'fi','zh-hans','芬兰语'),(1133,'fi','zu','Finnish'),(1134,'fi','zh-hant','芬蘭語'),(1135,'ga','en','Irish'),(1136,'ga','es','Irlandés'),(1137,'ga','de','Irisch'),(1138,'ga','fr','Irlandais'),(1139,'ga','ar','الأيرلندية'),(1140,'ga','bs','Irish'),(1141,'ga','bg','Irish'),(1142,'ga','ca','Irish'),(1143,'ga','cs','Irish'),(1144,'ga','sk','Írština'),(1145,'ga','cy','Irish'),(1146,'ga','da','Irish'),(1147,'ga','el','Ιρλανδικα'),(1148,'ga','eo','Irish'),(1149,'ga','et','Irish'),(1150,'ga','eu','Irish'),(1151,'ga','fa','Irish'),(1152,'ga','fi','iiri'),(1153,'ga','ga','Gaeilge'),(1154,'ga','he','אירית'),(1155,'ga','hi','Irish'),(1156,'ga','hr','Irish'),(1157,'ga','hu','ír'),(1158,'ga','hy','Irish'),(1159,'ga','id','Irish'),(1160,'ga','is','Irish'),(1161,'ga','it','Irlandese'),(1162,'ga','ja','アイルランド語'),(1163,'ga','ko','아일랜드어'),(1164,'ga','ku','Irish'),(1165,'ga','la','Irish'),(1166,'ga','lv','Irish'),(1167,'ga','lt','Irish'),(1168,'ga','mk','Irish'),(1169,'ga','mt','Irish'),(1170,'ga','mo','Irish'),(1171,'ga','mn','Irish'),(1172,'ga','ne','Irish'),(1173,'ga','nl','Iers'),(1174,'ga','nb','Irish'),(1175,'ga','pa','Irish'),(1176,'ga','pl','irlandzki'),(1177,'ga','pt-pt','Irlandês'),(1178,'ga','pt-br','Irlandês'),(1179,'ga','qu','Irish'),(1180,'ga','ro','Irlandeză'),(1181,'ga','ru','Ирландский'),(1182,'ga','sl','Irish'),(1183,'ga','so','Irish'),(1184,'ga','sq','Irish'),(1185,'ga','sr','Irish'),(1186,'ga','sv','Irländska'),(1187,'ga','ta','Irish'),(1188,'ga','th','ไอริช'),(1189,'ga','tr','İrlanda dili'),(1190,'ga','uk','Irish'),(1191,'ga','ur','Irish'),(1192,'ga','uz','Irish'),(1193,'ga','vi','Irish'),(1194,'ga','yi','Irish'),(1195,'ga','zh-hans','爱尔兰语'),(1196,'ga','zu','Irish'),(1197,'ga','zh-hant','愛爾蘭語'),(1198,'he','en','Hebrew'),(1199,'he','es','Hebreo'),(1200,'he','de','Hebräisch'),(1201,'he','fr','Hébreu'),(1202,'he','ar','العبرية'),(1203,'he','bs','Hebrew'),(1204,'he','bg','Hebrew'),(1205,'he','ca','Hebrew'),(1206,'he','cs','Hebrew'),(1207,'he','sk','Hebrejčina'),(1208,'he','cy','Hebrew'),(1209,'he','da','Hebrew'),(1210,'he','el','Εβραικα'),(1211,'he','eo','Hebrew'),(1212,'he','et','Hebrew'),(1213,'he','eu','Hebrew'),(1214,'he','fa','Hebrew'),(1215,'he','fi','heprea'),(1216,'he','ga','Hebrew'),(1217,'he','he','עברית'),(1218,'he','hi','Hebrew'),(1219,'he','hr','Hebrew'),(1220,'he','hu','héber'),(1221,'he','hy','Hebrew'),(1222,'he','id','Hebrew'),(1223,'he','is','Hebrew'),(1224,'he','it','Ebraico'),(1225,'he','ja','ヘブライ語'),(1226,'he','ko','히브리어'),(1227,'he','ku','Hebrew'),(1228,'he','la','Hebrew'),(1229,'he','lv','Hebrew'),(1230,'he','lt','Hebrew'),(1231,'he','mk','Hebrew'),(1232,'he','mt','Hebrew'),(1233,'he','mo','Hebrew'),(1234,'he','mn','Hebrew'),(1235,'he','ne','Hebrew'),(1236,'he','nl','Hebreeuws'),(1237,'he','nb','Hebrew'),(1238,'he','pa','Hebrew'),(1239,'he','pl','hebrajski'),(1240,'he','pt-pt','Hebraico'),(1241,'he','pt-br','Hebraico'),(1242,'he','qu','Hebrew'),(1243,'he','ro','Ebraică'),(1244,'he','ru','Иврит'),(1245,'he','sl','Hebrew'),(1246,'he','so','Hebrew'),(1247,'he','sq','Hebrew'),(1248,'he','sr','Hebrew'),(1249,'he','sv','Hebreiska'),(1250,'he','ta','Hebrew'),(1251,'he','th','ฮิบรู'),(1252,'he','tr','İbranice'),(1253,'he','uk','Hebrew'),(1254,'he','ur','Hebrew'),(1255,'he','uz','Hebrew'),(1256,'he','vi','Hebrew'),(1257,'he','yi','Hebrew'),(1258,'he','zh-hans','希伯来语'),(1259,'he','zu','Hebrew'),(1260,'he','zh-hant','希伯來語'),(1261,'hi','en','Hindi'),(1262,'hi','es','Hindi'),(1263,'hi','de','Hindi'),(1264,'hi','fr','Hindi'),(1265,'hi','ar','الهندية'),(1266,'hi','bs','Hindi'),(1267,'hi','bg','Hindi'),(1268,'hi','ca','Hindi'),(1269,'hi','cs','Hindi'),(1270,'hi','sk','Hindčina'),(1271,'hi','cy','Hindi'),(1272,'hi','da','Hindi'),(1273,'hi','el','Ινδικα'),(1274,'hi','eo','Hindi'),(1275,'hi','et','Hindi'),(1276,'hi','eu','Hindi'),(1277,'hi','fa','Hindi'),(1278,'hi','fi','hindi'),(1279,'hi','ga','Hindi'),(1280,'hi','he','הודית'),(1281,'hi','hi','हिन्दी'),(1282,'hi','hr','Hindi'),(1283,'hi','hu','hindi'),(1284,'hi','hy','Hindi'),(1285,'hi','id','Hindi'),(1286,'hi','is','Hindi'),(1287,'hi','it','Hindi'),(1288,'hi','ja','ヒンディー語'),(1289,'hi','ko','힌두어'),(1290,'hi','ku','Hindi'),(1291,'hi','la','Hindi'),(1292,'hi','lv','Hindi'),(1293,'hi','lt','Hindi'),(1294,'hi','mk','Hindi'),(1295,'hi','mt','Hindi'),(1296,'hi','mo','Hindi'),(1297,'hi','mn','Hindi'),(1298,'hi','ne','Hindi'),(1299,'hi','nl','Hindi'),(1300,'hi','nb','Hindi'),(1301,'hi','pa','Hindi'),(1302,'hi','pl','hindi'),(1303,'hi','pt-pt','Hindi'),(1304,'hi','pt-br','Hindi'),(1305,'hi','qu','Hindi'),(1306,'hi','ro','Hindi'),(1307,'hi','ru','Хинди'),(1308,'hi','sl','Hindi'),(1309,'hi','so','Hindi'),(1310,'hi','sq','Hindi'),(1311,'hi','sr','Hindi'),(1312,'hi','sv','Hindi'),(1313,'hi','ta','Hindi'),(1314,'hi','th','ฮินดิ'),(1315,'hi','tr','Hintçe'),(1316,'hi','uk','Hindi'),(1317,'hi','ur','Hindi'),(1318,'hi','uz','Hindi'),(1319,'hi','vi','Hindi'),(1320,'hi','yi','Hindi'),(1321,'hi','zh-hans','印地语'),(1322,'hi','zu','Hindi'),(1323,'hi','zh-hant','印地語'),(1324,'hr','en','Croatian'),(1325,'hr','es','Croata'),(1326,'hr','de','Kroatisch'),(1327,'hr','fr','Croate'),(1328,'hr','ar','الكرواتية'),(1329,'hr','bs','Croatian'),(1330,'hr','bg','Croatian'),(1331,'hr','ca','Croatian'),(1332,'hr','cs','Croatian'),(1333,'hr','sk','Chorvátština'),(1334,'hr','cy','Croatian'),(1335,'hr','da','Croatian'),(1336,'hr','el','Κροατικα'),(1337,'hr','eo','Croatian'),(1338,'hr','et','Croatian'),(1339,'hr','eu','Croatian'),(1340,'hr','fa','Croatian'),(1341,'hr','fi','kroatia'),(1342,'hr','ga','Croatian'),(1343,'hr','he','קרוטאית'),(1344,'hr','hi','Croatian'),(1345,'hr','hr','Hrvatski'),(1346,'hr','hu','horvát'),(1347,'hr','hy','Croatian'),(1348,'hr','id','Croatian'),(1349,'hr','is','Croatian'),(1350,'hr','it','Croato'),(1351,'hr','ja','クロアチア語'),(1352,'hr','ko','크로아시아어'),(1353,'hr','ku','Croatian'),(1354,'hr','la','Croatian'),(1355,'hr','lv','Croatian'),(1356,'hr','lt','Croatian'),(1357,'hr','mk','Croatian'),(1358,'hr','mt','Croatian'),(1359,'hr','mo','Croatian'),(1360,'hr','mn','Croatian'),(1361,'hr','ne','Croatian'),(1362,'hr','nl','Kroatisch'),(1363,'hr','nb','Croatian'),(1364,'hr','pa','Croatian'),(1365,'hr','pl','chorwacki'),(1366,'hr','pt-pt','Croata'),(1367,'hr','pt-br','Croata'),(1368,'hr','qu','Croatian'),(1369,'hr','ro','Croată'),(1370,'hr','ru','Хорватский'),(1371,'hr','sl','Croatian'),(1372,'hr','so','Croatian'),(1373,'hr','sq','Croatian'),(1374,'hr','sr','Croatian'),(1375,'hr','sv','Kroatiska'),(1376,'hr','ta','Croatian'),(1377,'hr','th','โครเอเชีย'),(1378,'hr','tr','Hırvatça'),(1379,'hr','uk','Croatian'),(1380,'hr','ur','Croatian'),(1381,'hr','uz','Croatian'),(1382,'hr','vi','Croatian'),(1383,'hr','yi','Croatian'),(1384,'hr','zh-hans','克罗地亚语'),(1385,'hr','zu','Croatian'),(1386,'hr','zh-hant','克羅地亞語'),(1387,'hu','en','Hungarian'),(1388,'hu','es','Húngaro'),(1389,'hu','de','Ungarisch'),(1390,'hu','fr','Hongrois'),(1391,'hu','ar','الهنغارية'),(1392,'hu','bs','Hungarian'),(1393,'hu','bg','Hungarian'),(1394,'hu','ca','Hungarian'),(1395,'hu','cs','Hungarian'),(1396,'hu','sk','Maďarčina'),(1397,'hu','cy','Hungarian'),(1398,'hu','da','Hungarian'),(1399,'hu','el','Ουγγρικα'),(1400,'hu','eo','Hungarian'),(1401,'hu','et','Hungarian'),(1402,'hu','eu','Hungarian'),(1403,'hu','fa','Hungarian'),(1404,'hu','fi','unkari'),(1405,'hu','ga','Hungarian'),(1406,'hu','he','הונגרית'),(1407,'hu','hi','Hungarian'),(1408,'hu','hr','Hungarian'),(1409,'hu','hu','Magyar'),(1410,'hu','hy','Hungarian'),(1411,'hu','id','Hungarian'),(1412,'hu','is','Hungarian'),(1413,'hu','it','Ungherese'),(1414,'hu','ja','ハンガリー語'),(1415,'hu','ko','헝가리어'),(1416,'hu','ku','Hungarian'),(1417,'hu','la','Hungarian'),(1418,'hu','lv','Hungarian'),(1419,'hu','lt','Hungarian'),(1420,'hu','mk','Hungarian'),(1421,'hu','mt','Hungarian'),(1422,'hu','mo','Hungarian'),(1423,'hu','mn','Hungarian'),(1424,'hu','ne','Hungarian'),(1425,'hu','nl','Hongaars'),(1426,'hu','nb','Hungarian'),(1427,'hu','pa','Hungarian'),(1428,'hu','pl','węgierski'),(1429,'hu','pt-pt','Húngaro'),(1430,'hu','pt-br','Húngaro'),(1431,'hu','qu','Hungarian'),(1432,'hu','ro','Ungară'),(1433,'hu','ru','Венгерский'),(1434,'hu','sl','Hungarian'),(1435,'hu','so','Hungarian'),(1436,'hu','sq','Hungarian'),(1437,'hu','sr','Hungarian'),(1438,'hu','sv','Ungerska'),(1439,'hu','ta','Hungarian'),(1440,'hu','th','ฮังการี'),(1441,'hu','tr','Macarca'),(1442,'hu','uk','Hungarian'),(1443,'hu','ur','Hungarian'),(1444,'hu','uz','Hungarian'),(1445,'hu','vi','Hungarian'),(1446,'hu','yi','Hungarian'),(1447,'hu','zh-hans','匈牙利语'),(1448,'hu','zu','Hungarian'),(1449,'hu','zh-hant','匈牙利語'),(1450,'hy','en','Armenian'),(1451,'hy','es','Armenio'),(1452,'hy','de','Armenisch'),(1453,'hy','fr','Arménien'),(1454,'hy','ar','الأرمينية'),(1455,'hy','bs','Armenian'),(1456,'hy','bg','Armenian'),(1457,'hy','ca','Armenian'),(1458,'hy','cs','Armenian'),(1459,'hy','sk','Arménčina'),(1460,'hy','cy','Armenian'),(1461,'hy','da','Armenian'),(1462,'hy','el','Αρμενικα'),(1463,'hy','eo','Armenian'),(1464,'hy','et','Armenian'),(1465,'hy','eu','Armenian'),(1466,'hy','fa','Armenian'),(1467,'hy','fi','armenia'),(1468,'hy','ga','Armenian'),(1469,'hy','he','Armenian'),(1470,'hy','hi','Armenian'),(1471,'hy','hr','Armenian'),(1472,'hy','hu','örmény'),(1473,'hy','hy','Armenian'),(1474,'hy','id','Armenian'),(1475,'hy','is','Armenian'),(1476,'hy','it','Armeno'),(1477,'hy','ja','アルメニア語'),(1478,'hy','ko','아르메니아어'),(1479,'hy','ku','Armenian'),(1480,'hy','la','Armenian'),(1481,'hy','lv','Armenian'),(1482,'hy','lt','Armenian'),(1483,'hy','mk','Armenian'),(1484,'hy','mt','Armenian'),(1485,'hy','mo','Armenian'),(1486,'hy','mn','Armenian'),(1487,'hy','ne','Armenian'),(1488,'hy','nl','Armeens'),(1489,'hy','nb','Armenian'),(1490,'hy','pa','Armenian'),(1491,'hy','pl','ormiański'),(1492,'hy','pt-pt','Arménio'),(1493,'hy','pt-br','Arménio'),(1494,'hy','qu','Armenian'),(1495,'hy','ro','Armeană'),(1496,'hy','ru','Армянский'),(1497,'hy','sl','Armenian'),(1498,'hy','so','Armenian'),(1499,'hy','sq','Armenian'),(1500,'hy','sr','Armenian'),(1501,'hy','sv','Armeniska'),(1502,'hy','ta','Armenian'),(1503,'hy','th','อาร์เมเนีย'),(1504,'hy','tr','Ermenice'),(1505,'hy','uk','Armenian'),(1506,'hy','ur','Armenian'),(1507,'hy','uz','Armenian'),(1508,'hy','vi','Armenian'),(1509,'hy','yi','Armenian'),(1510,'hy','zh-hans','亚美尼亚语'),(1511,'hy','zu','Armenian'),(1512,'hy','zh-hant','亞美尼亞語'),(1513,'id','en','Indonesian'),(1514,'id','es','Indonesio'),(1515,'id','de','Indonesisch'),(1516,'id','fr','Indonésien'),(1517,'id','ar','الأندونيسية'),(1518,'id','bs','Indonesian'),(1519,'id','bg','Indonesian'),(1520,'id','ca','Indonesian'),(1521,'id','cs','Indonesian'),(1522,'id','sk','Indonézčina'),(1523,'id','cy','Indonesian'),(1524,'id','da','Indonesian'),(1525,'id','el','Ινδονησιακα'),(1526,'id','eo','Indonesian'),(1527,'id','et','Indonesian'),(1528,'id','eu','Indonesian'),(1529,'id','fa','Indonesian'),(1530,'id','fi','indonesia'),(1531,'id','ga','Indonesian'),(1532,'id','he','Indonesian'),(1533,'id','hi','Indonesian'),(1534,'id','hr','Indonesian'),(1535,'id','hu','indonéz'),(1536,'id','hy','Indonesian'),(1537,'id','id','Indonesia'),(1538,'id','is','Indonesian'),(1539,'id','it','Indonesiano'),(1540,'id','ja','インドネシア語'),(1541,'id','ko','인도네시아어'),(1542,'id','ku','Indonesian'),(1543,'id','la','Indonesian'),(1544,'id','lv','Indonesian'),(1545,'id','lt','Indonesian'),(1546,'id','mk','Indonesian'),(1547,'id','mt','Indonesian'),(1548,'id','mo','Indonesian'),(1549,'id','mn','Indonesian'),(1550,'id','ne','Indonesian'),(1551,'id','nl','Indonesisch'),(1552,'id','nb','Indonesian'),(1553,'id','pa','Indonesian'),(1554,'id','pl','indonezyjski'),(1555,'id','pt-pt','Indonésio'),(1556,'id','pt-br','Indonésio'),(1557,'id','qu','Indonesian'),(1558,'id','ro','Indoneziană'),(1559,'id','ru','Индонезийский'),(1560,'id','sl','Indonesian'),(1561,'id','so','Indonesian'),(1562,'id','sq','Indonesian'),(1563,'id','sr','Indonesian'),(1564,'id','sv','Indonesiska'),(1565,'id','ta','Indonesian'),(1566,'id','th','อินโดนีเซีย'),(1567,'id','tr','Endonezya dili'),(1568,'id','uk','Indonesian'),(1569,'id','ur','Indonesian'),(1570,'id','uz','Indonesian'),(1571,'id','vi','Indonesian'),(1572,'id','yi','Indonesian'),(1573,'id','zh-hans','印度尼西亚语'),(1574,'id','zu','Indonesian'),(1575,'id','zh-hant','印尼語'),(1576,'is','en','Icelandic'),(1577,'is','es','Islandés'),(1578,'is','de','Isländisch'),(1579,'is','fr','Islandais'),(1580,'is','ar','الأيسلاندية'),(1581,'is','bs','Icelandic'),(1582,'is','bg','Icelandic'),(1583,'is','ca','Icelandic'),(1584,'is','cs','Icelandic'),(1585,'is','sk','Islančina'),(1586,'is','cy','Icelandic'),(1587,'is','da','Icelandic'),(1588,'is','el','Ισλανδικα'),(1589,'is','eo','Icelandic'),(1590,'is','et','Icelandic'),(1591,'is','eu','Icelandic'),(1592,'is','fa','Icelandic'),(1593,'is','fi','islanti'),(1594,'is','ga','Icelandic'),(1595,'is','he','Icelandic'),(1596,'is','hi','Icelandic'),(1597,'is','hr','Icelandic'),(1598,'is','hu','izlandi'),(1599,'is','hy','Icelandic'),(1600,'is','id','Icelandic'),(1601,'is','is','Íslenska'),(1602,'is','it','Islandese'),(1603,'is','ja','アイスランド語'),(1604,'is','ko','아이슬랜드어'),(1605,'is','ku','Icelandic'),(1606,'is','la','Icelandic'),(1607,'is','lv','Icelandic'),(1608,'is','lt','Icelandic'),(1609,'is','mk','Icelandic'),(1610,'is','mt','Icelandic'),(1611,'is','mo','Icelandic'),(1612,'is','mn','Icelandic'),(1613,'is','ne','Icelandic'),(1614,'is','nl','Ijslands'),(1615,'is','nb','Icelandic'),(1616,'is','pa','Icelandic'),(1617,'is','pl','islandzki'),(1618,'is','pt-pt','Islandês'),(1619,'is','pt-br','Islandês'),(1620,'is','qu','Icelandic'),(1621,'is','ro','Islandeză'),(1622,'is','ru','Исландский'),(1623,'is','sl','Icelandic'),(1624,'is','so','Icelandic'),(1625,'is','sq','Icelandic'),(1626,'is','sr','Icelandic'),(1627,'is','sv','Isländska'),(1628,'is','ta','Icelandic'),(1629,'is','th','ไอซ์แลนด์'),(1630,'is','tr','İzlandaca'),(1631,'is','uk','Icelandic'),(1632,'is','ur','Icelandic'),(1633,'is','uz','Icelandic'),(1634,'is','vi','Icelandic'),(1635,'is','yi','Icelandic'),(1636,'is','zh-hans','冰岛语'),(1637,'is','zu','Icelandic'),(1638,'is','zh-hant','冰島語'),(1639,'it','en','Italian'),(1640,'it','es','Italiano'),(1641,'it','de','Italienisch'),(1642,'it','fr','Italien'),(1643,'it','ar','الإيطالية'),(1644,'it','bs','Italian'),(1645,'it','bg','Italian'),(1646,'it','ca','Italian'),(1647,'it','cs','Italian'),(1648,'it','sk','Taliančina'),(1649,'it','cy','Italian'),(1650,'it','da','Italian'),(1651,'it','el','Ιταλικα'),(1652,'it','eo','Italian'),(1653,'it','et','Italian'),(1654,'it','eu','Italian'),(1655,'it','fa','Italian'),(1656,'it','fi','italia'),(1657,'it','ga','Italian'),(1658,'it','he','איטלקית'),(1659,'it','hi','Italian'),(1660,'it','hr','Italian'),(1661,'it','hu','olasz'),(1662,'it','hy','Italian'),(1663,'it','id','Italian'),(1664,'it','is','Italian'),(1665,'it','it','Italiano'),(1666,'it','ja','イタリア語'),(1667,'it','ko','이태리어'),(1668,'it','ku','Italian'),(1669,'it','la','Italian'),(1670,'it','lv','Italian'),(1671,'it','lt','Italian'),(1672,'it','mk','Italian'),(1673,'it','mt','Italian'),(1674,'it','mo','Italian'),(1675,'it','mn','Italian'),(1676,'it','ne','Italian'),(1677,'it','nl','Italiaans'),(1678,'it','nb','Italian'),(1679,'it','pa','Italian'),(1680,'it','pl','włoski'),(1681,'it','pt-pt','Italiano'),(1682,'it','pt-br','Italiano'),(1683,'it','qu','Italian'),(1684,'it','ro','Italiană'),(1685,'it','ru','Итальянский'),(1686,'it','sl','Italian'),(1687,'it','so','Italian'),(1688,'it','sq','Italian'),(1689,'it','sr','Italian'),(1690,'it','sv','Italienska'),(1691,'it','ta','Italian'),(1692,'it','th','อิตาลี'),(1693,'it','tr','İtalyanca'),(1694,'it','uk','Italian'),(1695,'it','ur','Italian'),(1696,'it','uz','Italian'),(1697,'it','vi','Italian'),(1698,'it','yi','Italian'),(1699,'it','zh-hans','意大利语'),(1700,'it','zu','Italian'),(1701,'it','zh-hant','義大利語'),(1702,'ja','en','Japanese'),(1703,'ja','es','Japonés'),(1704,'ja','de','Japanisch'),(1705,'ja','fr','Japonais'),(1706,'ja','ar','اليابانية'),(1707,'ja','bs','Japanese'),(1708,'ja','bg','Japanese'),(1709,'ja','ca','Japanese'),(1710,'ja','cs','Japanese'),(1711,'ja','sk','Japonština'),(1712,'ja','cy','Japanese'),(1713,'ja','da','Japanese'),(1714,'ja','el','Ιαπωνικα'),(1715,'ja','eo','Japanese'),(1716,'ja','et','Japanese'),(1717,'ja','eu','Japanese'),(1718,'ja','fa','Japanese'),(1719,'ja','fi','japani'),(1720,'ja','ga','Japanese'),(1721,'ja','he','יפנית'),(1722,'ja','hi','Japanese'),(1723,'ja','hr','Japanese'),(1724,'ja','hu','japán'),(1725,'ja','hy','Japanese'),(1726,'ja','id','Japanese'),(1727,'ja','is','Japanese'),(1728,'ja','it','Giapponese'),(1729,'ja','ja','日本語'),(1730,'ja','ko','일어'),(1731,'ja','ku','Japanese'),(1732,'ja','la','Japanese'),(1733,'ja','lv','Japanese'),(1734,'ja','lt','Japanese'),(1735,'ja','mk','Japanese'),(1736,'ja','mt','Japanese'),(1737,'ja','mo','Japanese'),(1738,'ja','mn','Japanese'),(1739,'ja','ne','Japanese'),(1740,'ja','nl','Japans'),(1741,'ja','nb','Japanese'),(1742,'ja','pa','Japanese'),(1743,'ja','pl','japoński'),(1744,'ja','pt-pt','Japonês'),(1745,'ja','pt-br','Japonês'),(1746,'ja','qu','Japanese'),(1747,'ja','ro','Japoneză'),(1748,'ja','ru','Японский'),(1749,'ja','sl','Japanese'),(1750,'ja','so','Japanese'),(1751,'ja','sq','Japanese'),(1752,'ja','sr','Japanese'),(1753,'ja','sv','Japanska'),(1754,'ja','ta','Japanese'),(1755,'ja','th','ญี่ปุ่น'),(1756,'ja','tr','Japonca'),(1757,'ja','uk','Japanese'),(1758,'ja','ur','Japanese'),(1759,'ja','uz','Japanese'),(1760,'ja','vi','Japanese'),(1761,'ja','yi','Japanese'),(1762,'ja','zh-hans','日语'),(1763,'ja','zu','Japanese'),(1764,'ja','zh-hant','日語'),(1765,'ko','en','Korean'),(1766,'ko','es','Coreano'),(1767,'ko','de','Koreanisch'),(1768,'ko','fr','Coréen'),(1769,'ko','ar','الكورية'),(1770,'ko','bs','Korean'),(1771,'ko','bg','Korean'),(1772,'ko','ca','Korean'),(1773,'ko','cs','Korean'),(1774,'ko','sk','Kórejčina'),(1775,'ko','cy','Korean'),(1776,'ko','da','Korean'),(1777,'ko','el','Κορεατικα'),(1778,'ko','eo','Korean'),(1779,'ko','et','Korean'),(1780,'ko','eu','Korean'),(1781,'ko','fa','Korean'),(1782,'ko','fi','korea'),(1783,'ko','ga','Korean'),(1784,'ko','he','קוראנית'),(1785,'ko','hi','Korean'),(1786,'ko','hr','Korean'),(1787,'ko','hu','koreai'),(1788,'ko','hy','Korean'),(1789,'ko','id','Korean'),(1790,'ko','is','Korean'),(1791,'ko','it','Coreano'),(1792,'ko','ja','韓国語'),(1793,'ko','ko','한국어'),(1794,'ko','ku','Korean'),(1795,'ko','la','Korean'),(1796,'ko','lv','Korean'),(1797,'ko','lt','Korean'),(1798,'ko','mk','Korean'),(1799,'ko','mt','Korean'),(1800,'ko','mo','Korean'),(1801,'ko','mn','Korean'),(1802,'ko','ne','Korean'),(1803,'ko','nl','Koreaans'),(1804,'ko','nb','Korean'),(1805,'ko','pa','Korean'),(1806,'ko','pl','koreański'),(1807,'ko','pt-pt','Korean'),(1808,'ko','pt-br','Korean'),(1809,'ko','qu','Korean'),(1810,'ko','ro','Coreană'),(1811,'ko','ru','Корейский'),(1812,'ko','sl','Korean'),(1813,'ko','so','Korean'),(1814,'ko','sq','Korean'),(1815,'ko','sr','Korean'),(1816,'ko','sv','Koreanska'),(1817,'ko','ta','Korean'),(1818,'ko','th','เกาหลี'),(1819,'ko','tr','Kore dili'),(1820,'ko','uk','Korean'),(1821,'ko','ur','Korean'),(1822,'ko','uz','Korean'),(1823,'ko','vi','Korean'),(1824,'ko','yi','Korean'),(1825,'ko','zh-hans','韩语'),(1826,'ko','zu','Korean'),(1827,'ko','zh-hant','韓語'),(1828,'ku','en','Kurdish'),(1829,'ku','es','Kurdo'),(1830,'ku','de','Kurdisch'),(1831,'ku','fr','Kurde'),(1832,'ku','ar','الكردية'),(1833,'ku','bs','Kurdish'),(1834,'ku','bg','Kurdish'),(1835,'ku','ca','Kurdish'),(1836,'ku','cs','Kurdish'),(1837,'ku','sk','Kurdština'),(1838,'ku','cy','Kurdish'),(1839,'ku','da','Kurdish'),(1840,'ku','el','Κουρδικα'),(1841,'ku','eo','Kurdish'),(1842,'ku','et','Kurdish'),(1843,'ku','eu','Kurdish'),(1844,'ku','fa','Kurdish'),(1845,'ku','fi','kurdi'),(1846,'ku','ga','Kurdish'),(1847,'ku','he','Kurdish'),(1848,'ku','hi','Kurdish'),(1849,'ku','hr','Kurdish'),(1850,'ku','hu','kurd'),(1851,'ku','hy','Kurdish'),(1852,'ku','id','Kurdish'),(1853,'ku','is','Kurdish'),(1854,'ku','it','Curdo'),(1855,'ku','ja','クルド語'),(1856,'ku','ko','쿠르드어'),(1857,'ku','ku','Kurdish'),(1858,'ku','la','Kurdish'),(1859,'ku','lv','Kurdish'),(1860,'ku','lt','Kurdish'),(1861,'ku','mk','Kurdish'),(1862,'ku','mt','Kurdish'),(1863,'ku','mo','Kurdish'),(1864,'ku','mn','Kurdish'),(1865,'ku','ne','Kurdish'),(1866,'ku','nl','Koerdish'),(1867,'ku','nb','Kurdish'),(1868,'ku','pa','Kurdish'),(1869,'ku','pl','kurdyjski'),(1870,'ku','pt-pt','Curdo'),(1871,'ku','pt-br','Curdo'),(1872,'ku','qu','Kurdish'),(1873,'ku','ro','Kurdă'),(1874,'ku','ru','Курдский'),(1875,'ku','sl','Kurdish'),(1876,'ku','so','Kurdish'),(1877,'ku','sq','Kurdish'),(1878,'ku','sr','Kurdish'),(1879,'ku','sv','Kurdiska'),(1880,'ku','ta','Kurdish'),(1881,'ku','th','เคอร์ดิช'),(1882,'ku','tr','Kürtçe'),(1883,'ku','uk','Kurdish'),(1884,'ku','ur','Kurdish'),(1885,'ku','uz','Kurdish'),(1886,'ku','vi','Kurdish'),(1887,'ku','yi','Kurdish'),(1888,'ku','zh-hans','库尔德语'),(1889,'ku','zu','Kurdish'),(1890,'ku','zh-hant','庫爾德語'),(1891,'la','en','Latin'),(1892,'la','es','Latín'),(1893,'la','de','Latein'),(1894,'la','fr','Latin'),(1895,'la','ar','اللاتينية'),(1896,'la','bs','Latin'),(1897,'la','bg','Latin'),(1898,'la','ca','Latin'),(1899,'la','cs','Latin'),(1900,'la','sk','Latinčina'),(1901,'la','cy','Latin'),(1902,'la','da','Latin'),(1903,'la','el','Λατινικη'),(1904,'la','eo','Latin'),(1905,'la','et','Latin'),(1906,'la','eu','Latin'),(1907,'la','fa','Latin'),(1908,'la','fi','latina'),(1909,'la','ga','Latin'),(1910,'la','he','לטינית'),(1911,'la','hi','Latin'),(1912,'la','hr','Latin'),(1913,'la','hu','latin'),(1914,'la','hy','Latin'),(1915,'la','id','Latin'),(1916,'la','is','Latin'),(1917,'la','it','Latino'),(1918,'la','ja','ラテン語'),(1919,'la','ko','라틴어'),(1920,'la','ku','Latin'),(1921,'la','la','Latin'),(1922,'la','lv','Latin'),(1923,'la','lt','Latin'),(1924,'la','mk','Latin'),(1925,'la','mt','Latin'),(1926,'la','mo','Latin'),(1927,'la','mn','Latin'),(1928,'la','ne','Latin'),(1929,'la','nl','Latijn'),(1930,'la','nb','Latin'),(1931,'la','pa','Latin'),(1932,'la','pl','łaciński'),(1933,'la','pt-pt','Latina'),(1934,'la','pt-br','Latina'),(1935,'la','qu','Latin'),(1936,'la','ro','Latină'),(1937,'la','ru','Латинский'),(1938,'la','sl','Latin'),(1939,'la','so','Latin'),(1940,'la','sq','Latin'),(1941,'la','sr','Latin'),(1942,'la','sv','Latin'),(1943,'la','ta','Latin'),(1944,'la','th','ละติน'),(1945,'la','tr','Latince'),(1946,'la','uk','Latin'),(1947,'la','ur','Latin'),(1948,'la','uz','Latin'),(1949,'la','vi','Latin'),(1950,'la','yi','Latin'),(1951,'la','zh-hans','拉丁语'),(1952,'la','zu','Latin'),(1953,'la','zh-hant','拉丁語'),(1954,'lv','en','Latvian'),(1955,'lv','es','Letón'),(1956,'lv','de','Lettisch'),(1957,'lv','fr','Letton'),(1958,'lv','ar','اللاتفية'),(1959,'lv','bs','Latvian'),(1960,'lv','bg','Latvian'),(1961,'lv','ca','Latvian'),(1962,'lv','cs','Latvian'),(1963,'lv','sk','Lotyština'),(1964,'lv','cy','Latvian'),(1965,'lv','da','Latvian'),(1966,'lv','el','Λετονικα'),(1967,'lv','eo','Latvian'),(1968,'lv','et','Latvian'),(1969,'lv','eu','Latvian'),(1970,'lv','fa','Latvian'),(1971,'lv','fi','latvia'),(1972,'lv','ga','Latvian'),(1973,'lv','he','Latvian'),(1974,'lv','hi','Latvian'),(1975,'lv','hr','Latvian'),(1976,'lv','hu','lett'),(1977,'lv','hy','Latvian'),(1978,'lv','id','Latvian'),(1979,'lv','is','Latvian'),(1980,'lv','it','Lettone'),(1981,'lv','ja','ラトビア語'),(1982,'lv','ko','라트비아어'),(1983,'lv','ku','Latvian'),(1984,'lv','la','Latvian'),(1985,'lv','lv','Latviešu'),(1986,'lv','lt','Latvian'),(1987,'lv','mk','Latvian'),(1988,'lv','mt','Latvian'),(1989,'lv','mo','Latvian'),(1990,'lv','mn','Latvian'),(1991,'lv','ne','Latvian'),(1992,'lv','nl','Lets'),(1993,'lv','nb','Latvian'),(1994,'lv','pa','Latvian'),(1995,'lv','pl','łotewski'),(1996,'lv','pt-pt','Letão'),(1997,'lv','pt-br','Letão'),(1998,'lv','qu','Latvian'),(1999,'lv','ro','Letoniană'),(2000,'lv','ru','латышский'),(2001,'lv','sl','Latvian'),(2002,'lv','so','Latvian'),(2003,'lv','sq','Latvian'),(2004,'lv','sr','Latvian'),(2005,'lv','sv','Lettiska'),(2006,'lv','ta','Latvian'),(2007,'lv','th','ลัตเวีย'),(2008,'lv','tr','Letonca'),(2009,'lv','uk','Latvian'),(2010,'lv','ur','Latvian'),(2011,'lv','uz','Latvian'),(2012,'lv','vi','Latvian'),(2013,'lv','yi','Latvian'),(2014,'lv','zh-hans','拉脱维亚语'),(2015,'lv','zu','Latvian'),(2016,'lv','zh-hant','拉脫維亞語'),(2017,'lt','en','Lithuanian'),(2018,'lt','es','Lituano'),(2019,'lt','de','Litauisch'),(2020,'lt','fr','Lituanien'),(2021,'lt','ar','اللتوانية'),(2022,'lt','bs','Lithuanian'),(2023,'lt','bg','Lithuanian'),(2024,'lt','ca','Lithuanian'),(2025,'lt','cs','Lithuanian'),(2026,'lt','sk','Litovčina'),(2027,'lt','cy','Lithuanian'),(2028,'lt','da','Lithuanian'),(2029,'lt','el','Λιθουανικα'),(2030,'lt','eo','Lithuanian'),(2031,'lt','et','Lithuanian'),(2032,'lt','eu','Lithuanian'),(2033,'lt','fa','Lithuanian'),(2034,'lt','fi','liettua'),(2035,'lt','ga','Lithuanian'),(2036,'lt','he','Lithuanian'),(2037,'lt','hi','Lithuanian'),(2038,'lt','hr','Lithuanian'),(2039,'lt','hu','litván'),(2040,'lt','hy','Lithuanian'),(2041,'lt','id','Lithuanian'),(2042,'lt','is','Lithuanian'),(2043,'lt','it','Lituano'),(2044,'lt','ja','リトアニア語'),(2045,'lt','ko','리투아니아어'),(2046,'lt','ku','Lithuanian'),(2047,'lt','la','Lithuanian'),(2048,'lt','lv','Lithuanian'),(2049,'lt','lt','Lithuanian'),(2050,'lt','mk','Lithuanian'),(2051,'lt','mt','Lithuanian'),(2052,'lt','mo','Lithuanian'),(2053,'lt','mn','Lithuanian'),(2054,'lt','ne','Lithuanian'),(2055,'lt','nl','Litouws'),(2056,'lt','nb','Lithuanian'),(2057,'lt','pa','Lithuanian'),(2058,'lt','pl','litewski'),(2059,'lt','pt-pt','Lituano'),(2060,'lt','pt-br','Lituano'),(2061,'lt','qu','Lithuanian'),(2062,'lt','ro','Lituaniană'),(2063,'lt','ru','Литовский'),(2064,'lt','sl','Lithuanian'),(2065,'lt','so','Lithuanian'),(2066,'lt','sq','Lithuanian'),(2067,'lt','sr','Lithuanian'),(2068,'lt','sv','Litauiska'),(2069,'lt','ta','Lithuanian'),(2070,'lt','th','ลิธัวเนีย'),(2071,'lt','tr','Litvanyaca'),(2072,'lt','uk','Lithuanian'),(2073,'lt','ur','Lithuanian'),(2074,'lt','uz','Lithuanian'),(2075,'lt','vi','Lithuanian'),(2076,'lt','yi','Lithuanian'),(2077,'lt','zh-hans','立陶宛语'),(2078,'lt','zu','Lithuanian'),(2079,'lt','zh-hant','立陶宛語'),(2080,'mk','en','Macedonian'),(2081,'mk','es','Macedonio'),(2082,'mk','de','Mazedonisch'),(2083,'mk','fr','Macédonien'),(2084,'mk','ar','المقدونية'),(2085,'mk','bs','Macedonian'),(2086,'mk','bg','Macedonian'),(2087,'mk','ca','Macedonian'),(2088,'mk','cs','Macedonian'),(2089,'mk','sk','Macedónština'),(2090,'mk','cy','Macedonian'),(2091,'mk','da','Macedonian'),(2092,'mk','el','Μακεδονικο'),(2093,'mk','eo','Macedonian'),(2094,'mk','et','Macedonian'),(2095,'mk','eu','Macedonian'),(2096,'mk','fa','Macedonian'),(2097,'mk','fi','makedonia'),(2098,'mk','ga','Macedonian'),(2099,'mk','he','Macedonian'),(2100,'mk','hi','Macedonian'),(2101,'mk','hr','Macedonian'),(2102,'mk','hu','macedón'),(2103,'mk','hy','Macedonian'),(2104,'mk','id','Macedonian'),(2105,'mk','is','Macedonian'),(2106,'mk','it','Macedone'),(2107,'mk','ja','マケドニア語'),(2108,'mk','ko','마케도니아어'),(2109,'mk','ku','Macedonian'),(2110,'mk','la','Macedonian'),(2111,'mk','lv','Macedonian'),(2112,'mk','lt','Macedonian'),(2113,'mk','mk','Macedonian'),(2114,'mk','mt','Macedonian'),(2115,'mk','mo','Macedonian'),(2116,'mk','mn','Macedonian'),(2117,'mk','ne','Macedonian'),(2118,'mk','nl','Macedonisch'),(2119,'mk','nb','Macedonian'),(2120,'mk','pa','Macedonian'),(2121,'mk','pl','macedoński'),(2122,'mk','pt-pt','Macedônio'),(2123,'mk','pt-br','Macedônio'),(2124,'mk','qu','Macedonian'),(2125,'mk','ro','Macedoniană'),(2126,'mk','ru','Македонский'),(2127,'mk','sl','Macedonian'),(2128,'mk','so','Macedonian'),(2129,'mk','sq','Macedonian'),(2130,'mk','sr','Macedonian'),(2131,'mk','sv','Makedonska'),(2132,'mk','ta','Macedonian'),(2133,'mk','th','มาซิโดเนีย'),(2134,'mk','tr','Makedonyaca'),(2135,'mk','uk','Macedonian'),(2136,'mk','ur','Macedonian'),(2137,'mk','uz','Macedonian'),(2138,'mk','vi','Macedonian'),(2139,'mk','yi','Macedonian'),(2140,'mk','zh-hans','马其顿语'),(2141,'mk','zu','Macedonian'),(2142,'mk','zh-hant','馬其頓語'),(2143,'mt','en','Maltese'),(2144,'mt','es','Maltés'),(2145,'mt','de','Maltesisch'),(2146,'mt','fr','Maltais'),(2147,'mt','ar','المالطية'),(2148,'mt','bs','Maltese'),(2149,'mt','bg','Maltese'),(2150,'mt','ca','Maltese'),(2151,'mt','cs','Maltese'),(2152,'mt','sk','Maltézština'),(2153,'mt','cy','Maltese'),(2154,'mt','da','Maltese'),(2155,'mt','el','Μαλτεζικα'),(2156,'mt','eo','Maltese'),(2157,'mt','et','Maltese'),(2158,'mt','eu','Maltese'),(2159,'mt','fa','Maltese'),(2160,'mt','fi','malta'),(2161,'mt','ga','Maltese'),(2162,'mt','he','Maltese'),(2163,'mt','hi','Maltese'),(2164,'mt','hr','Maltese'),(2165,'mt','hu','máltai'),(2166,'mt','hy','Maltese'),(2167,'mt','id','Maltese'),(2168,'mt','is','Maltese'),(2169,'mt','it','Maltese'),(2170,'mt','ja','マルタ語'),(2171,'mt','ko','몰타어'),(2172,'mt','ku','Maltese'),(2173,'mt','la','Maltese'),(2174,'mt','lv','Maltese'),(2175,'mt','lt','Maltese'),(2176,'mt','mk','Maltese'),(2177,'mt','mt','Maltese'),(2178,'mt','mo','Maltese'),(2179,'mt','mn','Maltese'),(2180,'mt','ne','Maltese'),(2181,'mt','nl','Maltees'),(2182,'mt','nb','Maltese'),(2183,'mt','pa','Maltese'),(2184,'mt','pl','maltański'),(2185,'mt','pt-pt','Maltês'),(2186,'mt','pt-br','Maltês'),(2187,'mt','qu','Maltese'),(2188,'mt','ro','Malteză'),(2189,'mt','ru','Мальтийский'),(2190,'mt','sl','Maltese'),(2191,'mt','so','Maltese'),(2192,'mt','sq','Maltese'),(2193,'mt','sr','Maltese'),(2194,'mt','sv','Maltesiska'),(2195,'mt','ta','Maltese'),(2196,'mt','th','มอลทีส'),(2197,'mt','tr','Malta dili'),(2198,'mt','uk','Maltese'),(2199,'mt','ur','Maltese'),(2200,'mt','uz','Maltese'),(2201,'mt','vi','Maltese'),(2202,'mt','yi','Maltese'),(2203,'mt','zh-hans','马耳他语'),(2204,'mt','zu','Maltese'),(2205,'mt','zh-hant','馬爾他語'),(2206,'mo','en','Moldavian'),(2207,'mo','es','Moldavo'),(2208,'mo','de','Moldavisch'),(2209,'mo','fr','Moldave'),(2210,'mo','ar','المولدوفية'),(2211,'mo','bs','Moldavian'),(2212,'mo','bg','Moldavian'),(2213,'mo','ca','Moldavian'),(2214,'mo','cs','Moldavian'),(2215,'mo','sk','Moldavčina'),(2216,'mo','cy','Moldavian'),(2217,'mo','da','Moldavian'),(2218,'mo','el','Μολδαβικα'),(2219,'mo','eo','Moldavian'),(2220,'mo','et','Moldavian'),(2221,'mo','eu','Moldavian'),(2222,'mo','fa','Moldavian'),(2223,'mo','fi','moldavia'),(2224,'mo','ga','Moldavian'),(2225,'mo','he','Moldavian'),(2226,'mo','hi','Moldavian'),(2227,'mo','hr','Moldavian'),(2228,'mo','hu','moldovai'),(2229,'mo','hy','Moldavian'),(2230,'mo','id','Moldavian'),(2231,'mo','is','Moldavian'),(2232,'mo','it','Moldavo'),(2233,'mo','ja','モルダビア語'),(2234,'mo','ko','몰다비아어'),(2235,'mo','ku','Moldavian'),(2236,'mo','la','Moldavian'),(2237,'mo','lv','Moldavian'),(2238,'mo','lt','Moldavian'),(2239,'mo','mk','Moldavian'),(2240,'mo','mt','Moldavian'),(2241,'mo','mo','Moldavian'),(2242,'mo','mn','Moldavian'),(2243,'mo','ne','Moldavian'),(2244,'mo','nl','Moldavisch'),(2245,'mo','nb','Moldavian'),(2246,'mo','pa','Moldavian'),(2247,'mo','pl','mołdawski'),(2248,'mo','pt-pt','Moldavo'),(2249,'mo','pt-br','Moldavo'),(2250,'mo','qu','Moldavian'),(2251,'mo','ro','Moldoveană'),(2252,'mo','ru','Молдавский'),(2253,'mo','sl','Moldavian'),(2254,'mo','so','Moldavian'),(2255,'mo','sq','Moldavian'),(2256,'mo','sr','Moldavian'),(2257,'mo','sv','Moldaviska'),(2258,'mo','ta','Moldavian'),(2259,'mo','th','มอลดาเวียน'),(2260,'mo','tr','Moldovyaca'),(2261,'mo','uk','Moldavian'),(2262,'mo','ur','Moldavian'),(2263,'mo','uz','Moldavian'),(2264,'mo','vi','Moldavian'),(2265,'mo','yi','Moldavian'),(2266,'mo','zh-hans','摩尔达维亚语'),(2267,'mo','zu','Moldavian'),(2268,'mo','zh-hant','摩爾達維亞語'),(2269,'mn','en','Mongolian'),(2270,'mn','es','Mongol'),(2271,'mn','de','Mongolisch'),(2272,'mn','fr','Mongol'),(2273,'mn','ar','المنغولية'),(2274,'mn','bs','Mongolian'),(2275,'mn','bg','Mongolian'),(2276,'mn','ca','Mongolian'),(2277,'mn','cs','Mongolian'),(2278,'mn','sk','Mongolština'),(2279,'mn','cy','Mongolian'),(2280,'mn','da','Mongolian'),(2281,'mn','el','Μογγολικα'),(2282,'mn','eo','Mongolian'),(2283,'mn','et','Mongolian'),(2284,'mn','eu','Mongolian'),(2285,'mn','fa','Mongolian'),(2286,'mn','fi','mongoli'),(2287,'mn','ga','Mongolian'),(2288,'mn','he','Mongolian'),(2289,'mn','hi','Mongolian'),(2290,'mn','hr','Mongolian'),(2291,'mn','hu','mongol'),(2292,'mn','hy','Mongolian'),(2293,'mn','id','Mongolian'),(2294,'mn','is','Mongolian'),(2295,'mn','it','Mongolo'),(2296,'mn','ja','モンゴル語'),(2297,'mn','ko','몽골어'),(2298,'mn','ku','Mongolian'),(2299,'mn','la','Mongolian'),(2300,'mn','lv','Mongolian'),(2301,'mn','lt','Mongolian'),(2302,'mn','mk','Mongolian'),(2303,'mn','mt','Mongolian'),(2304,'mn','mo','Mongolian'),(2305,'mn','mn','Mongolian'),(2306,'mn','ne','Mongolian'),(2307,'mn','nl','Mongools'),(2308,'mn','nb','Mongolian'),(2309,'mn','pa','Mongolian'),(2310,'mn','pl','mongolski'),(2311,'mn','pt-pt','Mongolian'),(2312,'mn','pt-br','Mongolian'),(2313,'mn','qu','Mongolian'),(2314,'mn','ro','Mongoleză'),(2315,'mn','ru','Монгольский'),(2316,'mn','sl','Mongolian'),(2317,'mn','so','Mongolian'),(2318,'mn','sq','Mongolian'),(2319,'mn','sr','Mongolian'),(2320,'mn','sv','Mongoliska'),(2321,'mn','ta','Mongolian'),(2322,'mn','th','มองโกเลีย'),(2323,'mn','tr','Mongolca'),(2324,'mn','uk','Mongolian'),(2325,'mn','ur','Mongolian'),(2326,'mn','uz','Mongolian'),(2327,'mn','vi','Mongolian'),(2328,'mn','yi','Mongolian'),(2329,'mn','zh-hans','蒙古语'),(2330,'mn','zu','Mongolian'),(2331,'mn','zh-hant','蒙古語'),(2332,'ne','en','Nepali'),(2333,'ne','es','Nepalí'),(2334,'ne','de','Nepali'),(2335,'ne','fr','Népalais'),(2336,'ne','ar','النيبالية'),(2337,'ne','bs','Nepali'),(2338,'ne','bg','Nepali'),(2339,'ne','ca','Nepali'),(2340,'ne','cs','Nepali'),(2341,'ne','sk','Nepálčina'),(2342,'ne','cy','Nepali'),(2343,'ne','da','Nepali'),(2344,'ne','el','Νεπαλι'),(2345,'ne','eo','Nepali'),(2346,'ne','et','Nepali'),(2347,'ne','eu','Nepali'),(2348,'ne','fa','Nepali'),(2349,'ne','fi','nepali'),(2350,'ne','ga','Nepali'),(2351,'ne','he','Nepali'),(2352,'ne','hi','Nepali'),(2353,'ne','hr','Nepali'),(2354,'ne','hu','nepáli'),(2355,'ne','hy','Nepali'),(2356,'ne','id','Nepali'),(2357,'ne','is','Nepali'),(2358,'ne','it','Nepalese'),(2359,'ne','ja','ネパール語'),(2360,'ne','ko','네팔어'),(2361,'ne','ku','Nepali'),(2362,'ne','la','Nepali'),(2363,'ne','lv','Nepali'),(2364,'ne','lt','Nepali'),(2365,'ne','mk','Nepali'),(2366,'ne','mt','Nepali'),(2367,'ne','mo','Nepali'),(2368,'ne','mn','Nepali'),(2369,'ne','ne','Nepali'),(2370,'ne','nl','Nepalees'),(2371,'ne','nb','Nepali'),(2372,'ne','pa','Nepali'),(2373,'ne','pl','nepalski'),(2374,'ne','pt-pt','Nepali'),(2375,'ne','pt-br','Nepali'),(2376,'ne','qu','Nepali'),(2377,'ne','ro','Nepaleză'),(2378,'ne','ru','Непальский'),(2379,'ne','sl','Nepali'),(2380,'ne','so','Nepali'),(2381,'ne','sq','Nepali'),(2382,'ne','sr','Nepali'),(2383,'ne','sv','Nepalesiska'),(2384,'ne','ta','Nepali'),(2385,'ne','th','เนปาล'),(2386,'ne','tr','Nepal dili'),(2387,'ne','uk','Nepali'),(2388,'ne','ur','Nepali'),(2389,'ne','uz','Nepali'),(2390,'ne','vi','Nepali'),(2391,'ne','yi','Nepali'),(2392,'ne','zh-hans','尼泊尔语'),(2393,'ne','zu','Nepali'),(2394,'ne','zh-hant','尼泊爾語'),(2395,'nl','en','Dutch'),(2396,'nl','es','Holandés'),(2397,'nl','de','Holländisch'),(2398,'nl','fr','Néerlandais'),(2399,'nl','ar','الهولندية'),(2400,'nl','bs','Dutch'),(2401,'nl','bg','Dutch'),(2402,'nl','ca','Dutch'),(2403,'nl','cs','Dutch'),(2404,'nl','sk','Holandčina'),(2405,'nl','cy','Dutch'),(2406,'nl','da','Dutch'),(2407,'nl','el','Ολλανδικα'),(2408,'nl','eo','Dutch'),(2409,'nl','et','Dutch'),(2410,'nl','eu','Dutch'),(2411,'nl','fa','Dutch'),(2412,'nl','fi','hollanti'),(2413,'nl','ga','Dutch'),(2414,'nl','he','הולנדית'),(2415,'nl','hi','Dutch'),(2416,'nl','hr','Dutch'),(2417,'nl','hu','holland'),(2418,'nl','hy','Dutch'),(2419,'nl','id','Dutch'),(2420,'nl','is','Dutch'),(2421,'nl','it','Neerlandese'),(2422,'nl','ja','オランダ語'),(2423,'nl','ko','화란어'),(2424,'nl','ku','Dutch'),(2425,'nl','la','Dutch'),(2426,'nl','lv','Dutch'),(2427,'nl','lt','Dutch'),(2428,'nl','mk','Dutch'),(2429,'nl','mt','Dutch'),(2430,'nl','mo','Dutch'),(2431,'nl','mn','Dutch'),(2432,'nl','ne','Dutch'),(2433,'nl','nl','Nederlands'),(2434,'nl','nb','Dutch'),(2435,'nl','pa','Dutch'),(2436,'nl','pl','holenderski'),(2437,'nl','pt-pt','Holandês'),(2438,'nl','pt-br','Holandês'),(2439,'nl','qu','Dutch'),(2440,'nl','ro','Olaneză'),(2441,'nl','ru','Голландский'),(2442,'nl','sl','Dutch'),(2443,'nl','so','Dutch'),(2444,'nl','sq','Dutch'),(2445,'nl','sr','Dutch'),(2446,'nl','sv','Nederländska'),(2447,'nl','ta','Dutch'),(2448,'nl','th','ดัตช์'),(2449,'nl','tr','Hollandaca'),(2450,'nl','uk','Dutch'),(2451,'nl','ur','Dutch'),(2452,'nl','uz','Dutch'),(2453,'nl','vi','Dutch'),(2454,'nl','yi','Dutch'),(2455,'nl','zh-hans','荷兰语'),(2456,'nl','zu','Dutch'),(2457,'nl','zh-hant','荷蘭語'),(2458,'nb','en','Norwegian Bokmål'),(2459,'nb','es','Bokmål'),(2460,'nb','de','Norwegisch (Buchsprache)'),(2461,'nb','fr','Norvégien Bokmål'),(2462,'nb','ar','البوكمالية النرويجية'),(2463,'nb','bs','Norwegian Bokmål'),(2464,'nb','bg','Norwegian Bokmål'),(2465,'nb','ca','Norwegian Bokmål'),(2466,'nb','cs','Norwegian Bokmål'),(2467,'nb','sk','Nórsky jazyk Bokmål'),(2468,'nb','cy','Norwegian Bokmål'),(2469,'nb','da','Norwegian Bokmål'),(2470,'nb','el','Νορβηγικα'),(2471,'nb','eo','Norwegian Bokmål'),(2472,'nb','et','Norwegian Bokmål'),(2473,'nb','eu','Norwegian Bokmål'),(2474,'nb','fa','Norwegian Bokmål'),(2475,'nb','fi','kirjanorja'),(2476,'nb','ga','Norwegian Bokmål'),(2477,'nb','he','נורווגית'),(2478,'nb','hi','Norwegian Bokmål'),(2479,'nb','hr','Norwegian Bokmål'),(2480,'nb','hu','norvég bokmål'),(2481,'nb','hy','Norwegian Bokmål'),(2482,'nb','id','Norwegian Bokmål'),(2483,'nb','is','Norwegian Bokmål'),(2484,'nb','it','Norvegese Bokmål'),(2485,'nb','ja','ノルウェー・ブークモール'),(2486,'nb','ko','노르웨이 보크말어'),(2487,'nb','ku','Norwegian Bokmål'),(2488,'nb','la','Norwegian Bokmål'),(2489,'nb','lv','Norwegian Bokmål'),(2490,'nb','lt','Norwegian Bokmål'),(2491,'nb','mk','Norwegian Bokmål'),(2492,'nb','mt','Norwegian Bokmål'),(2493,'nb','mo','Norwegian Bokmål'),(2494,'nb','mn','Norwegian Bokmål'),(2495,'nb','ne','Norwegian Bokmål'),(2496,'nb','nl','Noors Bokmål'),(2497,'nb','nb','Norwegian Bokmål'),(2498,'nb','pa','Norwegian Bokmål'),(2499,'nb','pl','norweski bokmål'),(2500,'nb','pt-pt','Norueguês'),(2501,'nb','pt-br','Norueguês'),(2502,'nb','qu','Norwegian Bokmål'),(2503,'nb','ro','Bokmål (norvegiană)'),(2504,'nb','ru','Норвежский букмол'),(2505,'nb','sl','Norwegian Bokmål'),(2506,'nb','so','Norwegian Bokmål'),(2507,'nb','sq','Norwegian Bokmål'),(2508,'nb','sr','Norwegian Bokmål'),(2509,'nb','sv','Norskt Bokmål'),(2510,'nb','ta','Norwegian Bokmål'),(2511,'nb','th','นอร์วิเจียนบอกมาล'),(2512,'nb','tr','Bokmal Norveç dili'),(2513,'nb','uk','Norwegian Bokmål'),(2514,'nb','ur','Norwegian Bokmål'),(2515,'nb','uz','Norwegian Bokmål'),(2516,'nb','vi','Norwegian Bokmål'),(2517,'nb','yi','Norwegian Bokmål'),(2518,'nb','zh-hans','挪威布克莫尔语'),(2519,'nb','zu','Norwegian Bokmål'),(2520,'nb','zh-hant','挪威布克莫爾語'),(2521,'pa','en','Punjabi'),(2522,'pa','es','Panyabí'),(2523,'pa','de','Pandschabi'),(2524,'pa','fr','Panjabi'),(2525,'pa','ar','البنجابية'),(2526,'pa','bs','Punjabi'),(2527,'pa','bg','Punjabi'),(2528,'pa','ca','Punjabi'),(2529,'pa','cs','Punjabi'),(2530,'pa','sk','Pandžábčina'),(2531,'pa','cy','Punjabi'),(2532,'pa','da','Punjabi'),(2533,'pa','el','Panjabi'),(2534,'pa','eo','Punjabi'),(2535,'pa','et','Punjabi'),(2536,'pa','eu','Punjabi'),(2537,'pa','fa','Punjabi'),(2538,'pa','fi','pandzabi'),(2539,'pa','ga','Punjabi'),(2540,'pa','he','Punjabi'),(2541,'pa','hi','Punjabi'),(2542,'pa','hr','Punjabi'),(2543,'pa','hu','pandzsábi'),(2544,'pa','hy','Punjabi'),(2545,'pa','id','Punjabi'),(2546,'pa','is','Punjabi'),(2547,'pa','it','Panjabi'),(2548,'pa','ja','パンジャーブ語'),(2549,'pa','ko','펀자브어'),(2550,'pa','ku','Punjabi'),(2551,'pa','la','Punjabi'),(2552,'pa','lv','Punjabi'),(2553,'pa','lt','Punjabi'),(2554,'pa','mk','Punjabi'),(2555,'pa','mt','Punjabi'),(2556,'pa','mo','Punjabi'),(2557,'pa','mn','Punjabi'),(2558,'pa','ne','Punjabi'),(2559,'pa','nl','Punjabi'),(2560,'pa','nb','Punjabi'),(2561,'pa','pa','Punjabi'),(2562,'pa','pl','pendżabi'),(2563,'pa','pt-pt','Panjabi'),(2564,'pa','pt-br','Panjabi'),(2565,'pa','qu','Punjabi'),(2566,'pa','ro','Punjabi'),(2567,'pa','ru','Панджаби'),(2568,'pa','sl','Punjabi'),(2569,'pa','so','Punjabi'),(2570,'pa','sq','Punjabi'),(2571,'pa','sr','Punjabi'),(2572,'pa','sv','Punjabi'),(2573,'pa','ta','Punjabi'),(2574,'pa','th','ปัญจาบ'),(2575,'pa','tr','Pencapça'),(2576,'pa','uk','Punjabi'),(2577,'pa','ur','Punjabi'),(2578,'pa','uz','Punjabi'),(2579,'pa','vi','Punjabi'),(2580,'pa','yi','Punjabi'),(2581,'pa','zh-hans','旁遮普语'),(2582,'pa','zu','Punjabi'),(2583,'pa','zh-hant','旁遮普語'),(2584,'pl','en','Polish'),(2585,'pl','es','Polaco'),(2586,'pl','de','Polnisch'),(2587,'pl','fr','Polonais'),(2588,'pl','ar','البولندية'),(2589,'pl','bs','Polish'),(2590,'pl','bg','Polish'),(2591,'pl','ca','Polish'),(2592,'pl','cs','Polish'),(2593,'pl','sk','Polština'),(2594,'pl','cy','Polish'),(2595,'pl','da','Polish'),(2596,'pl','el','Πολωνικα'),(2597,'pl','eo','Polish'),(2598,'pl','et','Polish'),(2599,'pl','eu','Polish'),(2600,'pl','fa','Polish'),(2601,'pl','fi','puola'),(2602,'pl','ga','Polish'),(2603,'pl','he','פולנית'),(2604,'pl','hi','Polish'),(2605,'pl','hr','Polish'),(2606,'pl','hu','lengyel'),(2607,'pl','hy','Polish'),(2608,'pl','id','Polish'),(2609,'pl','is','Polish'),(2610,'pl','it','Polacco'),(2611,'pl','ja','ポーランド語'),(2612,'pl','ko','폴란드어'),(2613,'pl','ku','Polish'),(2614,'pl','la','Polish'),(2615,'pl','lv','Polish'),(2616,'pl','lt','Polish'),(2617,'pl','mk','Polish'),(2618,'pl','mt','Polish'),(2619,'pl','mo','Polish'),(2620,'pl','mn','Polish'),(2621,'pl','ne','Polish'),(2622,'pl','nl','Pools'),(2623,'pl','nb','Polish'),(2624,'pl','pa','Polish'),(2625,'pl','pl','polski'),(2626,'pl','pt-pt','Polonês'),(2627,'pl','pt-br','Polonês'),(2628,'pl','qu','Polish'),(2629,'pl','ro','Poloneză'),(2630,'pl','ru','Польский'),(2631,'pl','sl','Polish'),(2632,'pl','so','Polish'),(2633,'pl','sq','Polish'),(2634,'pl','sr','Polish'),(2635,'pl','sv','Polska'),(2636,'pl','ta','Polish'),(2637,'pl','th','โปแลนด์'),(2638,'pl','tr','Polonyaca'),(2639,'pl','uk','Polish'),(2640,'pl','ur','Polish'),(2641,'pl','uz','Polish'),(2642,'pl','vi','Polish'),(2643,'pl','yi','Polish'),(2644,'pl','zh-hans','波兰语'),(2645,'pl','zu','Polish'),(2646,'pl','zh-hant','波蘭語'),(2647,'pt-pt','en','Portuguese (Portugal)'),(2648,'pt-pt','es','Portugués, Portugal'),(2649,'pt-pt','de','Portugiesisch, Portugal'),(2650,'pt-pt','fr','Portugais - du Portugal'),(2651,'pt-pt','ar','البرتغالية ، البرتغال'),(2652,'pt-pt','bs','Portuguese, Portugal'),(2653,'pt-pt','bg','Portuguese, Portugal'),(2654,'pt-pt','ca','Portuguese, Portugal'),(2655,'pt-pt','cs','Portuguese, Portugal'),(2656,'pt-pt','sk','Portugalština'),(2657,'pt-pt','cy','Portuguese, Portugal'),(2658,'pt-pt','da','Portuguese, Portugal'),(2659,'pt-pt','el','Πορτογαλικα'),(2660,'pt-pt','eo','Portuguese, Portugal'),(2661,'pt-pt','et','Portuguese, Portugal'),(2662,'pt-pt','eu','Portuguese, Portugal'),(2663,'pt-pt','fa','Portuguese, Portugal'),(2664,'pt-pt','fi','portugali'),(2665,'pt-pt','ga','Portuguese, Portugal'),(2666,'pt-pt','he','פורטוגזית'),(2667,'pt-pt','hi','Portuguese, Portugal'),(2668,'pt-pt','hr','Portuguese, Portugal'),(2669,'pt-pt','hu','portugál'),(2670,'pt-pt','hy','Portuguese, Portugal'),(2671,'pt-pt','id','Portuguese, Portugal'),(2672,'pt-pt','is','Portuguese, Portugal'),(2673,'pt-pt','it','Portoghese, Portogallo'),(2674,'pt-pt','ja','ポルトガル語'),(2675,'pt-pt','ko','포르투갈 포르투갈어'),(2676,'pt-pt','ku','Portuguese, Portugal'),(2677,'pt-pt','la','Portuguese, Portugal'),(2678,'pt-pt','lv','Portuguese, Portugal'),(2679,'pt-pt','lt','Portuguese, Portugal'),(2680,'pt-pt','mk','Portuguese, Portugal'),(2681,'pt-pt','mt','Portuguese, Portugal'),(2682,'pt-pt','mo','Portuguese, Portugal'),(2683,'pt-pt','mn','Portuguese, Portugal'),(2684,'pt-pt','ne','Portuguese, Portugal'),(2685,'pt-pt','nl','Portugees, Portugal'),(2686,'pt-pt','nb','Portuguese, Portugal'),(2687,'pt-pt','pa','Portuguese, Portugal'),(2688,'pt-pt','pl','portugalski, Portugalia'),(2689,'pt-pt','pt-pt','Português'),(2690,'pt-pt','pt-br','Português'),(2691,'pt-pt','qu','Portuguese, Portugal'),(2692,'pt-pt','ro','Portugheză (Portugalia)'),(2693,'pt-pt','ru','Португальский, Португалия'),(2694,'pt-pt','sl','Portuguese, Portugal'),(2695,'pt-pt','so','Portuguese, Portugal'),(2696,'pt-pt','sq','Portuguese, Portugal'),(2697,'pt-pt','sr','Portuguese, Portugal'),(2698,'pt-pt','sv','Portugisiska, Portugal'),(2699,'pt-pt','ta','Portuguese, Portugal'),(2700,'pt-pt','th','โปรตุเกส'),(2701,'pt-pt','tr','Portekizce, Portekiz'),(2702,'pt-pt','uk','Portuguese, Portugal'),(2703,'pt-pt','ur','Portuguese, Portugal'),(2704,'pt-pt','uz','Portuguese, Portugal'),(2705,'pt-pt','vi','Portuguese, Portugal'),(2706,'pt-pt','yi','Portuguese, Portugal'),(2707,'pt-pt','zh-hans','葡萄牙语（葡萄牙）'),(2708,'pt-pt','zu','Portuguese, Portugal'),(2709,'pt-pt','zh-hant','葡萄牙語（葡萄牙）'),(2710,'pt-br','en','Portuguese (Brazil)'),(2711,'pt-br','es','Portugués, Brasil'),(2712,'pt-br','de','Portugiesisch, Brasilien'),(2713,'pt-br','fr','Portugais - du Brésil'),(2714,'pt-br','ar','البرتغالية ،البرازيل'),(2715,'pt-br','bs','Portuguese, Brazil'),(2716,'pt-br','bg','Portuguese, Brazil'),(2717,'pt-br','ca','Portuguese, Brazil'),(2718,'pt-br','cs','Portuguese, Brazil'),(2719,'pt-br','sk','Brazílska Portugalština'),(2720,'pt-br','cy','Portuguese, Brazil'),(2721,'pt-br','da','Portuguese, Brazil'),(2722,'pt-br','el','Πορτογαλικα'),(2723,'pt-br','eo','Portuguese, Brazil'),(2724,'pt-br','et','Portuguese, Brazil'),(2725,'pt-br','eu','Portuguese, Brazil'),(2726,'pt-br','fa','Portuguese, Brazil'),(2727,'pt-br','fi','Brasilian portugali'),(2728,'pt-br','ga','Portuguese, Brazil'),(2729,'pt-br','he','פורטוגזית'),(2730,'pt-br','hi','Portuguese, Brazil'),(2731,'pt-br','hr','Portuguese, Brazil'),(2732,'pt-br','hu','brazil'),(2733,'pt-br','hy','Portuguese, Brazil'),(2734,'pt-br','id','Portuguese, Brazil'),(2735,'pt-br','is','Portuguese, Brazil'),(2736,'pt-br','it','Portoghese, Brasile'),(2737,'pt-br','ja','ポルトガル語（ブラジル）'),(2738,'pt-br','ko','브라질 포르투갈어'),(2739,'pt-br','ku','Portuguese, Brazil'),(2740,'pt-br','la','Portuguese, Brazil'),(2741,'pt-br','lv','Portuguese, Brazil'),(2742,'pt-br','lt','Portuguese, Brazil'),(2743,'pt-br','mk','Portuguese, Brazil'),(2744,'pt-br','mt','Portuguese, Brazil'),(2745,'pt-br','mo','Portuguese, Brazil'),(2746,'pt-br','mn','Portuguese, Brazil'),(2747,'pt-br','ne','Portuguese, Brazil'),(2748,'pt-br','nl','Portugees, Brazilië'),(2749,'pt-br','nb','Portuguese, Brazil'),(2750,'pt-br','pa','Portuguese, Brazil'),(2751,'pt-br','pl','portugalski, Brazylia'),(2752,'pt-br','pt-pt','Português'),(2753,'pt-br','pt-br','Português'),(2754,'pt-br','qu','Portuguese, Brazil'),(2755,'pt-br','ro','Portugheză (Brazilia)'),(2756,'pt-br','ru','Португальский, Бразилия'),(2757,'pt-br','sl','Portuguese, Brazil'),(2758,'pt-br','so','Portuguese, Brazil'),(2759,'pt-br','sq','Portuguese, Brazil'),(2760,'pt-br','sr','Portuguese, Brazil'),(2761,'pt-br','sv','Portugisiska, Brasilien'),(2762,'pt-br','ta','Portuguese, Brazil'),(2763,'pt-br','th','โปรตุเกสบราซิล'),(2764,'pt-br','tr','Portekizce, Brezilya'),(2765,'pt-br','uk','Portuguese, Brazil'),(2766,'pt-br','ur','Portuguese, Brazil'),(2767,'pt-br','uz','Portuguese, Brazil'),(2768,'pt-br','vi','Portuguese, Brazil'),(2769,'pt-br','yi','Portuguese, Brazil'),(2770,'pt-br','zh-hans','葡萄牙语（巴西）'),(2771,'pt-br','zu','Portuguese, Brazil'),(2772,'pt-br','zh-hant','葡萄牙語（巴西）'),(2773,'qu','en','Quechua'),(2774,'qu','es','Quechua'),(2775,'qu','de','Quechua'),(2776,'qu','fr','Quechua'),(2777,'qu','ar','الكويتشوا'),(2778,'qu','bs','Quechua'),(2779,'qu','bg','Quechua'),(2780,'qu','ca','Quechua'),(2781,'qu','cs','Quechua'),(2782,'qu','sk','Jazyk Quechua'),(2783,'qu','cy','Quechua'),(2784,'qu','da','Quechua'),(2785,'qu','el','Κετσουα'),(2786,'qu','eo','Quechua'),(2787,'qu','et','Quechua'),(2788,'qu','eu','Quechua'),(2789,'qu','fa','Quechua'),(2790,'qu','fi','ketsua'),(2791,'qu','ga','Quechua'),(2792,'qu','he','Quechua'),(2793,'qu','hi','Quechua'),(2794,'qu','hr','Quechua'),(2795,'qu','hu','quechua'),(2796,'qu','hy','Quechua'),(2797,'qu','id','Quechua'),(2798,'qu','is','Quechua'),(2799,'qu','it','Quechua'),(2800,'qu','ja','ケチュア語'),(2801,'qu','ko','케추아어'),(2802,'qu','ku','Quechua'),(2803,'qu','la','Quechua'),(2804,'qu','lv','Quechua'),(2805,'qu','lt','Quechua'),(2806,'qu','mk','Quechua'),(2807,'qu','mt','Quechua'),(2808,'qu','mo','Quechua'),(2809,'qu','mn','Quechua'),(2810,'qu','ne','Quechua'),(2811,'qu','nl','Quechua'),(2812,'qu','nb','Quechua'),(2813,'qu','pa','Quechua'),(2814,'qu','pl','keczua'),(2815,'qu','pt-pt','Quechua'),(2816,'qu','pt-br','Quechua'),(2817,'qu','qu','Quechua'),(2818,'qu','ro','Quechuană'),(2819,'qu','ru','Кечуа'),(2820,'qu','sl','Quechua'),(2821,'qu','so','Quechua'),(2822,'qu','sq','Quechua'),(2823,'qu','sr','Quechua'),(2824,'qu','sv','Quechua'),(2825,'qu','ta','Quechua'),(2826,'qu','th','คิวชัว'),(2827,'qu','tr','Quechua dili'),(2828,'qu','uk','Quechua'),(2829,'qu','ur','Quechua'),(2830,'qu','uz','Quechua'),(2831,'qu','vi','Quechua'),(2832,'qu','yi','Quechua'),(2833,'qu','zh-hans','盖丘亚语'),(2834,'qu','zu','Quechua'),(2835,'qu','zh-hant','蓋丘亞語'),(2836,'ro','en','Romanian'),(2837,'ro','es','Rumano'),(2838,'ro','de','Rumänisch'),(2839,'ro','fr','Roumain'),(2840,'ro','ar','الرومانية'),(2841,'ro','bs','Romanian'),(2842,'ro','bg','Romanian'),(2843,'ro','ca','Romanian'),(2844,'ro','cs','Romanian'),(2845,'ro','sk','Rumunčina'),(2846,'ro','cy','Romanian'),(2847,'ro','da','Romanian'),(2848,'ro','el','Ρουμανικα'),(2849,'ro','eo','Romanian'),(2850,'ro','et','Romanian'),(2851,'ro','eu','Romanian'),(2852,'ro','fa','Romanian'),(2853,'ro','fi','romania'),(2854,'ro','ga','Romanian'),(2855,'ro','he','רומנית'),(2856,'ro','hi','Romanian'),(2857,'ro','hr','Romanian'),(2858,'ro','hu','román'),(2859,'ro','hy','Romanian'),(2860,'ro','id','Romanian'),(2861,'ro','is','Romanian'),(2862,'ro','it','Rumeno'),(2863,'ro','ja','ルーマニア語'),(2864,'ro','ko','로마니아어'),(2865,'ro','ku','Romanian'),(2866,'ro','la','Romanian'),(2867,'ro','lv','Romanian'),(2868,'ro','lt','Romanian'),(2869,'ro','mk','Romanian'),(2870,'ro','mt','Romanian'),(2871,'ro','mo','Romanian'),(2872,'ro','mn','Romanian'),(2873,'ro','ne','Romanian'),(2874,'ro','nl','Roemeens'),(2875,'ro','nb','Romanian'),(2876,'ro','pa','Romanian'),(2877,'ro','pl','rumuński'),(2878,'ro','pt-pt','Romeno'),(2879,'ro','pt-br','Romeno'),(2880,'ro','qu','Romanian'),(2881,'ro','ro','Română'),(2882,'ro','ru','Румынский'),(2883,'ro','sl','Romanian'),(2884,'ro','so','Romanian'),(2885,'ro','sq','Romanian'),(2886,'ro','sr','Romanian'),(2887,'ro','sv','Rumänska'),(2888,'ro','ta','Romanian'),(2889,'ro','th','โรมาเนีย'),(2890,'ro','tr','Rumence'),(2891,'ro','uk','Romanian'),(2892,'ro','ur','Romanian'),(2893,'ro','uz','Romanian'),(2894,'ro','vi','Romanian'),(2895,'ro','yi','Romanian'),(2896,'ro','zh-hans','罗马尼亚语'),(2897,'ro','zu','Romanian'),(2898,'ro','zh-hant','羅馬尼亞語'),(2899,'ru','en','Russian'),(2900,'ru','es','Ruso'),(2901,'ru','de','Russisch'),(2902,'ru','fr','Russe'),(2903,'ru','ar','الروسية'),(2904,'ru','bs','Russian'),(2905,'ru','bg','Russian'),(2906,'ru','ca','Russian'),(2907,'ru','cs','Russian'),(2908,'ru','sk','Ruština'),(2909,'ru','cy','Russian'),(2910,'ru','da','Russian'),(2911,'ru','el','Ρωσικα'),(2912,'ru','eo','Russian'),(2913,'ru','et','Russian'),(2914,'ru','eu','Russian'),(2915,'ru','fa','Russian'),(2916,'ru','fi','venäjä'),(2917,'ru','ga','Russian'),(2918,'ru','he','רוסית'),(2919,'ru','hi','Russian'),(2920,'ru','hr','Russian'),(2921,'ru','hu','orosz'),(2922,'ru','hy','Russian'),(2923,'ru','id','Russian'),(2924,'ru','is','Russian'),(2925,'ru','it','Russo'),(2926,'ru','ja','ロシア語'),(2927,'ru','ko','러시아어'),(2928,'ru','ku','Russian'),(2929,'ru','la','Russian'),(2930,'ru','lv','Russian'),(2931,'ru','lt','Russian'),(2932,'ru','mk','Russian'),(2933,'ru','mt','Russian'),(2934,'ru','mo','Russian'),(2935,'ru','mn','Russian'),(2936,'ru','ne','Russian'),(2937,'ru','nl','Russisch'),(2938,'ru','nb','Russian'),(2939,'ru','pa','Russian'),(2940,'ru','pl','rosyjski'),(2941,'ru','pt-pt','Russo'),(2942,'ru','pt-br','Russo'),(2943,'ru','qu','Russian'),(2944,'ru','ro','Rusă'),(2945,'ru','ru','Русский'),(2946,'ru','sl','Russian'),(2947,'ru','so','Russian'),(2948,'ru','sq','Russian'),(2949,'ru','sr','Russian'),(2950,'ru','sv','Ryska'),(2951,'ru','ta','Russian'),(2952,'ru','th','รัสเซีย'),(2953,'ru','tr','Rusça'),(2954,'ru','uk','Russian'),(2955,'ru','ur','Russian'),(2956,'ru','uz','Russian'),(2957,'ru','vi','Russian'),(2958,'ru','yi','Russian'),(2959,'ru','zh-hans','俄语'),(2960,'ru','zu','Russian'),(2961,'ru','zh-hant','俄語'),(2962,'sl','en','Slovenian'),(2963,'sl','es','Esloveno'),(2964,'sl','de','Slowenisch'),(2965,'sl','fr','Slovène'),(2966,'sl','ar','السلوفانية'),(2967,'sl','bs','Slovenian'),(2968,'sl','bg','Slovenian'),(2969,'sl','ca','Slovenian'),(2970,'sl','cs','Slovenian'),(2971,'sl','sk','Slovinčina'),(2972,'sl','cy','Slovenian'),(2973,'sl','da','Slovenian'),(2974,'sl','el','Σλοβενικα'),(2975,'sl','eo','Slovenian'),(2976,'sl','et','Slovenian'),(2977,'sl','eu','Slovenian'),(2978,'sl','fa','Slovenian'),(2979,'sl','fi','sloveeni'),(2980,'sl','ga','Slovenian'),(2981,'sl','he','Slovenian'),(2982,'sl','hi','Slovenian'),(2983,'sl','hr','Slovenian'),(2984,'sl','hu','szlovén'),(2985,'sl','hy','Slovenian'),(2986,'sl','id','Slovenian'),(2987,'sl','is','Slovenian'),(2988,'sl','it','Sloveno'),(2989,'sl','ja','スロベニア語'),(2990,'sl','ko','슬로베니아어'),(2991,'sl','ku','Slovenian'),(2992,'sl','la','Slovenian'),(2993,'sl','lv','Slovenian'),(2994,'sl','lt','Slovenian'),(2995,'sl','mk','Slovenian'),(2996,'sl','mt','Slovenian'),(2997,'sl','mo','Slovenian'),(2998,'sl','mn','Slovenian'),(2999,'sl','ne','Slovenian'),(3000,'sl','nl','Sloveens'),(3001,'sl','nb','Slovenian'),(3002,'sl','pa','Slovenian'),(3003,'sl','pl','słoweński'),(3004,'sl','pt-pt','Esloveno'),(3005,'sl','pt-br','Esloveno'),(3006,'sl','qu','Slovenian'),(3007,'sl','ro','Slovenă'),(3008,'sl','ru','Словенский'),(3009,'sl','sl','Slovenian'),(3010,'sl','so','Slovenian'),(3011,'sl','sq','Slovenian'),(3012,'sl','sr','Slovenian'),(3013,'sl','sv','Slovenska'),(3014,'sl','ta','Slovenian'),(3015,'sl','th','สโลวีเนียน'),(3016,'sl','tr','Sloven dili'),(3017,'sl','uk','Slovenian'),(3018,'sl','ur','Slovenian'),(3019,'sl','uz','Slovenian'),(3020,'sl','vi','Slovenian'),(3021,'sl','yi','Slovenian'),(3022,'sl','zh-hans','斯洛文尼亚语'),(3023,'sl','zu','Slovenian'),(3024,'sl','zh-hant','斯洛文尼亞語'),(3025,'so','en','Somali'),(3026,'so','es','Somalí'),(3027,'so','de','Somali'),(3028,'so','fr','Somali'),(3029,'so','ar','الصومالية'),(3030,'so','bs','Somali'),(3031,'so','bg','Somali'),(3032,'so','ca','Somali'),(3033,'so','cs','Somali'),(3034,'so','sk','Somálčina'),(3035,'so','cy','Somali'),(3036,'so','da','Somali'),(3037,'so','el','Somali'),(3038,'so','eo','Somali'),(3039,'so','et','Somali'),(3040,'so','eu','Somali'),(3041,'so','fa','Somali'),(3042,'so','fi','somali'),(3043,'so','ga','Somali'),(3044,'so','he','Somali'),(3045,'so','hi','Somali'),(3046,'so','hr','Somali'),(3047,'so','hu','szomáli'),(3048,'so','hy','Somali'),(3049,'so','id','Somali'),(3050,'so','is','Somali'),(3051,'so','it','Somalo'),(3052,'so','ja','ソマリ語'),(3053,'so','ko','소말리아어'),(3054,'so','ku','Somali'),(3055,'so','la','Somali'),(3056,'so','lv','Somali'),(3057,'so','lt','Somali'),(3058,'so','mk','Somali'),(3059,'so','mt','Somali'),(3060,'so','mo','Somali'),(3061,'so','mn','Somali'),(3062,'so','ne','Somali'),(3063,'so','nl','Somalisch'),(3064,'so','nb','Somali'),(3065,'so','pa','Somali'),(3066,'so','pl','somalijski'),(3067,'so','pt-pt','Somali'),(3068,'so','pt-br','Somali'),(3069,'so','qu','Somali'),(3070,'so','ro','Somaleză'),(3071,'so','ru','Сомалийский'),(3072,'so','sl','Somali'),(3073,'so','so','Somali'),(3074,'so','sq','Somali'),(3075,'so','sr','Somali'),(3076,'so','sv','Somaliska'),(3077,'so','ta','Somali'),(3078,'so','th','โซมาลี'),(3079,'so','tr','Somalice'),(3080,'so','uk','Somali'),(3081,'so','ur','Somali'),(3082,'so','uz','Somali'),(3083,'so','vi','Somali'),(3084,'so','yi','Somali'),(3085,'so','zh-hans','索马里语'),(3086,'so','zu','Somali'),(3087,'so','zh-hant','索馬里語'),(3088,'sq','en','Albanian'),(3089,'sq','es','Albanés'),(3090,'sq','de','Albanisch'),(3091,'sq','fr','Albanais'),(3092,'sq','ar','الألبانية'),(3093,'sq','bs','Albanian'),(3094,'sq','bg','Albanian'),(3095,'sq','ca','Albanian'),(3096,'sq','cs','Albanian'),(3097,'sq','sk','Albánčina'),(3098,'sq','cy','Albanian'),(3099,'sq','da','Albanian'),(3100,'sq','el','Αλβανικα'),(3101,'sq','eo','Albanian'),(3102,'sq','et','Albanian'),(3103,'sq','eu','Albanian'),(3104,'sq','fa','Albanian'),(3105,'sq','fi','albania'),(3106,'sq','ga','Albanian'),(3107,'sq','he','Albanian'),(3108,'sq','hi','Albanian'),(3109,'sq','hr','Albanian'),(3110,'sq','hu','albán'),(3111,'sq','hy','Albanian'),(3112,'sq','id','Albanian'),(3113,'sq','is','Albanian'),(3114,'sq','it','Albanese'),(3115,'sq','ja','アルバニア語'),(3116,'sq','ko','알바니아어'),(3117,'sq','ku','Albanian'),(3118,'sq','la','Albanian'),(3119,'sq','lv','Albanian'),(3120,'sq','lt','Albanian'),(3121,'sq','mk','Albanian'),(3122,'sq','mt','Albanian'),(3123,'sq','mo','Albanian'),(3124,'sq','mn','Albanian'),(3125,'sq','ne','Albanian'),(3126,'sq','nl','Albaans'),(3127,'sq','nb','Albanian'),(3128,'sq','pa','Albanian'),(3129,'sq','pl','albański'),(3130,'sq','pt-pt','Albanês'),(3131,'sq','pt-br','Albanês'),(3132,'sq','qu','Albanian'),(3133,'sq','ro','Albaneză'),(3134,'sq','ru','Албанский'),(3135,'sq','sl','Albanian'),(3136,'sq','so','Albanian'),(3137,'sq','sq','Albanian'),(3138,'sq','sr','Albanian'),(3139,'sq','sv','Albanska'),(3140,'sq','ta','Albanian'),(3141,'sq','th','อัลเบเนีย'),(3142,'sq','tr','Arnavutça'),(3143,'sq','uk','Albanian'),(3144,'sq','ur','Albanian'),(3145,'sq','uz','Albanian'),(3146,'sq','vi','Albanian'),(3147,'sq','yi','Albanian'),(3148,'sq','zh-hans','阿尔巴尼亚语'),(3149,'sq','zu','Albanian'),(3150,'sq','zh-hant','阿爾巴尼亞語'),(3151,'sr','en','Serbian'),(3152,'sr','es','Serbio'),(3153,'sr','de','Serbisch'),(3154,'sr','fr','Serbe'),(3155,'sr','ar','الصربية'),(3156,'sr','bs','Serbian'),(3157,'sr','bg','Serbian'),(3158,'sr','ca','Serbian'),(3159,'sr','cs','Serbian'),(3160,'sr','sk','Srbština'),(3161,'sr','cy','Serbian'),(3162,'sr','da','Serbian'),(3163,'sr','el','Σερβικα'),(3164,'sr','eo','Serbian'),(3165,'sr','et','Serbian'),(3166,'sr','eu','Serbian'),(3167,'sr','fa','Serbian'),(3168,'sr','fi','serbia'),(3169,'sr','ga','Serbian'),(3170,'sr','he','Serbian'),(3171,'sr','hi','Serbian'),(3172,'sr','hr','Serbian'),(3173,'sr','hu','szerb'),(3174,'sr','hy','Serbian'),(3175,'sr','id','Serbian'),(3176,'sr','is','Serbian'),(3177,'sr','it','Serbo'),(3178,'sr','ja','セルビア語'),(3179,'sr','ko','세르비아어'),(3180,'sr','ku','Serbian'),(3181,'sr','la','Serbian'),(3182,'sr','lv','Serbian'),(3183,'sr','lt','Serbian'),(3184,'sr','mk','Serbian'),(3185,'sr','mt','Serbian'),(3186,'sr','mo','Serbian'),(3187,'sr','mn','Serbian'),(3188,'sr','ne','Serbian'),(3189,'sr','nl','Servisch'),(3190,'sr','nb','Serbian'),(3191,'sr','pa','Serbian'),(3192,'sr','pl','serbski'),(3193,'sr','pt-pt','Sérvio'),(3194,'sr','pt-br','Sérvio'),(3195,'sr','qu','Serbian'),(3196,'sr','ro','Sârbă'),(3197,'sr','ru','Сербский'),(3198,'sr','sl','Serbian'),(3199,'sr','so','Serbian'),(3200,'sr','sq','Serbian'),(3201,'sr','sr','Serbian'),(3202,'sr','sv','Serbiska'),(3203,'sr','ta','Serbian'),(3204,'sr','th','เซอร์เบีย'),(3205,'sr','tr','Sırpça'),(3206,'sr','uk','Serbian'),(3207,'sr','ur','Serbian'),(3208,'sr','uz','Serbian'),(3209,'sr','vi','Serbian'),(3210,'sr','yi','Serbian'),(3211,'sr','zh-hans','赛尔维亚语'),(3212,'sr','zu','Serbian'),(3213,'sr','zh-hant','賽爾維亞語'),(3214,'sv','en','Swedish'),(3215,'sv','es','Sueco'),(3216,'sv','de','Schwedisch'),(3217,'sv','fr','Suédois'),(3218,'sv','ar','السويدية'),(3219,'sv','bs','Swedish'),(3220,'sv','bg','Swedish'),(3221,'sv','ca','Swedish'),(3222,'sv','cs','Swedish'),(3223,'sv','sk','Švédština'),(3224,'sv','cy','Swedish'),(3225,'sv','da','Swedish'),(3226,'sv','el','Σουηδικη'),(3227,'sv','eo','Swedish'),(3228,'sv','et','Swedish'),(3229,'sv','eu','Swedish'),(3230,'sv','fa','Swedish'),(3231,'sv','fi','ruotsi'),(3232,'sv','ga','Swedish'),(3233,'sv','he','שוודית'),(3234,'sv','hi','Swedish'),(3235,'sv','hr','Swedish'),(3236,'sv','hu','svéd'),(3237,'sv','hy','Swedish'),(3238,'sv','id','Swedish'),(3239,'sv','is','Swedish'),(3240,'sv','it','Svedese'),(3241,'sv','ja','スウェーデン語'),(3242,'sv','ko','스웨덴어'),(3243,'sv','ku','Swedish'),(3244,'sv','la','Swedish'),(3245,'sv','lv','Swedish'),(3246,'sv','lt','Swedish'),(3247,'sv','mk','Swedish'),(3248,'sv','mt','Swedish'),(3249,'sv','mo','Swedish'),(3250,'sv','mn','Swedish'),(3251,'sv','ne','Swedish'),(3252,'sv','nl','Zweeds'),(3253,'sv','nb','Swedish'),(3254,'sv','pa','Swedish'),(3255,'sv','pl','szwedzki'),(3256,'sv','pt-pt','Sueco'),(3257,'sv','pt-br','Sueco'),(3258,'sv','qu','Swedish'),(3259,'sv','ro','Suedeză'),(3260,'sv','ru','Шведский'),(3261,'sv','sl','Swedish'),(3262,'sv','so','Swedish'),(3263,'sv','sq','Swedish'),(3264,'sv','sr','Swedish'),(3265,'sv','sv','Svenska'),(3266,'sv','ta','Swedish'),(3267,'sv','th','สวีเดน'),(3268,'sv','tr','İsveççe'),(3269,'sv','uk','Swedish'),(3270,'sv','ur','Swedish'),(3271,'sv','uz','Swedish'),(3272,'sv','vi','Swedish'),(3273,'sv','yi','Swedish'),(3274,'sv','zh-hans','瑞典语'),(3275,'sv','zu','Swedish'),(3276,'sv','zh-hant','瑞典語'),(3277,'ta','en','Tamil'),(3278,'ta','es','Tamil'),(3279,'ta','de','Tamil'),(3280,'ta','fr','Tamoul'),(3281,'ta','ar','التاميلية'),(3282,'ta','bs','Tamil'),(3283,'ta','bg','Tamil'),(3284,'ta','ca','Tamil'),(3285,'ta','cs','Tamil'),(3286,'ta','sk','Tamilčina'),(3287,'ta','cy','Tamil'),(3288,'ta','da','Tamil'),(3289,'ta','el','Ταμιλ'),(3290,'ta','eo','Tamil'),(3291,'ta','et','Tamil'),(3292,'ta','eu','Tamil'),(3293,'ta','fa','Tamil'),(3294,'ta','fi','tamili'),(3295,'ta','ga','Tamil'),(3296,'ta','he','Tamil'),(3297,'ta','hi','Tamil'),(3298,'ta','hr','Tamil'),(3299,'ta','hu','tamil'),(3300,'ta','hy','Tamil'),(3301,'ta','id','Tamil'),(3302,'ta','is','Tamil'),(3303,'ta','it','Tamil'),(3304,'ta','ja','タミル語'),(3305,'ta','ko','타밀어'),(3306,'ta','ku','Tamil'),(3307,'ta','la','Tamil'),(3308,'ta','lv','Tamil'),(3309,'ta','lt','Tamil'),(3310,'ta','mk','Tamil'),(3311,'ta','mt','Tamil'),(3312,'ta','mo','Tamil'),(3313,'ta','mn','Tamil'),(3314,'ta','ne','Tamil'),(3315,'ta','nl','Tamil'),(3316,'ta','nb','Tamil'),(3317,'ta','pa','Tamil'),(3318,'ta','pl','tamilski'),(3319,'ta','pt-pt','Tamil'),(3320,'ta','pt-br','Tamil'),(3321,'ta','qu','Tamil'),(3322,'ta','ro','Tamilă'),(3323,'ta','ru','Тамильский'),(3324,'ta','sl','Tamil'),(3325,'ta','so','Tamil'),(3326,'ta','sq','Tamil'),(3327,'ta','sr','Tamil'),(3328,'ta','sv','Tamil'),(3329,'ta','ta','Tamil'),(3330,'ta','th','ทมิฬ'),(3331,'ta','tr','Tamil dili'),(3332,'ta','uk','Tamil'),(3333,'ta','ur','Tamil'),(3334,'ta','uz','Tamil'),(3335,'ta','vi','Tamil'),(3336,'ta','yi','Tamil'),(3337,'ta','zh-hans','泰米尔语'),(3338,'ta','zu','Tamil'),(3339,'ta','zh-hant','泰米爾語'),(3340,'th','en','Thai'),(3341,'th','es','Tailandés'),(3342,'th','de','Thai'),(3343,'th','fr','Thaï'),(3344,'th','ar','التايلندية'),(3345,'th','bs','Thai'),(3346,'th','bg','Thai'),(3347,'th','ca','Thai'),(3348,'th','cs','Thai'),(3349,'th','sk','Thajština'),(3350,'th','cy','Thai'),(3351,'th','da','Thai'),(3352,'th','el','Thai'),(3353,'th','eo','Thai'),(3354,'th','et','Thai'),(3355,'th','eu','Thai'),(3356,'th','fa','Thai'),(3357,'th','fi','thai'),(3358,'th','ga','Thai'),(3359,'th','he','Thai'),(3360,'th','hi','Thai'),(3361,'th','hr','Thai'),(3362,'th','hu','tájföldi'),(3363,'th','hy','Thai'),(3364,'th','id','Thai'),(3365,'th','is','Thai'),(3366,'th','it','Thai'),(3367,'th','ja','タイ語'),(3368,'th','ko','태국어'),(3369,'th','ku','Thai'),(3370,'th','la','Thai'),(3371,'th','lv','Thai'),(3372,'th','lt','Thai'),(3373,'th','mk','Thai'),(3374,'th','mt','Thai'),(3375,'th','mo','Thai'),(3376,'th','mn','Thai'),(3377,'th','ne','Thai'),(3378,'th','nl','Thai'),(3379,'th','nb','Thai'),(3380,'th','pa','Thai'),(3381,'th','pl','tajski'),(3382,'th','pt-pt','Tailandês'),(3383,'th','pt-br','Tailandês'),(3384,'th','qu','Thai'),(3385,'th','ro','Tailandeză'),(3386,'th','ru','Тайский'),(3387,'th','sl','Thai'),(3388,'th','so','Thai'),(3389,'th','sq','Thai'),(3390,'th','sr','Thai'),(3391,'th','sv','Thailändska'),(3392,'th','ta','Thai'),(3393,'th','th','ไทย'),(3394,'th','tr','Tayca'),(3395,'th','uk','Thai'),(3396,'th','ur','Thai'),(3397,'th','uz','Thai'),(3398,'th','vi','Thai'),(3399,'th','yi','Thai'),(3400,'th','zh-hans','泰语'),(3401,'th','zu','Thai'),(3402,'th','zh-hant','泰語'),(3403,'tr','en','Turkish'),(3404,'tr','es','Turco'),(3405,'tr','de','Türkisch'),(3406,'tr','fr','Turc'),(3407,'tr','ar','التركية'),(3408,'tr','bs','Turkish'),(3409,'tr','bg','Turkish'),(3410,'tr','ca','Turkish'),(3411,'tr','cs','Turkish'),(3412,'tr','sk','Turečtina'),(3413,'tr','cy','Turkish'),(3414,'tr','da','Turkish'),(3415,'tr','el','Τουρκικα'),(3416,'tr','eo','Turkish'),(3417,'tr','et','Turkish'),(3418,'tr','eu','Turkish'),(3419,'tr','fa','Turkish'),(3420,'tr','fi','turkki'),(3421,'tr','ga','Turkish'),(3422,'tr','he','תורכית'),(3423,'tr','hi','Turkish'),(3424,'tr','hr','Turkish'),(3425,'tr','hu','török'),(3426,'tr','hy','Turkish'),(3427,'tr','id','Turkish'),(3428,'tr','is','Turkish'),(3429,'tr','it','Turco'),(3430,'tr','ja','トルコ語'),(3431,'tr','ko','터어키어'),(3432,'tr','ku','Turkish'),(3433,'tr','la','Turkish'),(3434,'tr','lv','Turkish'),(3435,'tr','lt','Turkish'),(3436,'tr','mk','Turkish'),(3437,'tr','mt','Turkish'),(3438,'tr','mo','Turkish'),(3439,'tr','mn','Turkish'),(3440,'tr','ne','Turkish'),(3441,'tr','nl','Turks'),(3442,'tr','nb','Turkish'),(3443,'tr','pa','Turkish'),(3444,'tr','pl','turecki'),(3445,'tr','pt-pt','Turco'),(3446,'tr','pt-br','Turco'),(3447,'tr','qu','Turkish'),(3448,'tr','ro','Turcă'),(3449,'tr','ru','Турецкий'),(3450,'tr','sl','Turkish'),(3451,'tr','so','Turkish'),(3452,'tr','sq','Turkish'),(3453,'tr','sr','Turkish'),(3454,'tr','sv','Turkiska'),(3455,'tr','ta','Turkish'),(3456,'tr','th','ตุรกี'),(3457,'tr','tr','Türkçe'),(3458,'tr','uk','Turkish'),(3459,'tr','ur','Turkish'),(3460,'tr','uz','Turkish'),(3461,'tr','vi','Turkish'),(3462,'tr','yi','Turkish'),(3463,'tr','zh-hans','土耳其语'),(3464,'tr','zu','Turkish'),(3465,'tr','zh-hant','土耳其語'),(3466,'uk','en','Ukrainian'),(3467,'uk','es','Ucraniano'),(3468,'uk','de','Ukrainisch'),(3469,'uk','fr','Ukrainien'),(3470,'uk','ar','الأوكرانية'),(3471,'uk','bs','Ukrainian'),(3472,'uk','bg','Ukrainian'),(3473,'uk','ca','Ukrainian'),(3474,'uk','cs','Ukrainian'),(3475,'uk','sk','Ukrajinčina'),(3476,'uk','cy','Ukrainian'),(3477,'uk','da','Ukrainian'),(3478,'uk','el','Ουκρανικα'),(3479,'uk','eo','Ukrainian'),(3480,'uk','et','Ukrainian'),(3481,'uk','eu','Ukrainian'),(3482,'uk','fa','Ukrainian'),(3483,'uk','fi','ukraina'),(3484,'uk','ga','Ukrainian'),(3485,'uk','he','Ukrainian'),(3486,'uk','hi','Ukrainian'),(3487,'uk','hr','Ukrainian'),(3488,'uk','hu','ukrán'),(3489,'uk','hy','Ukrainian'),(3490,'uk','id','Ukrainian'),(3491,'uk','is','Ukrainian'),(3492,'uk','it','Ucraino'),(3493,'uk','ja','ウクライナ語'),(3494,'uk','ko','우크라이나어'),(3495,'uk','ku','Ukrainian'),(3496,'uk','la','Ukrainian'),(3497,'uk','lv','Ukrainian'),(3498,'uk','lt','Ukrainian'),(3499,'uk','mk','Ukrainian'),(3500,'uk','mt','Ukrainian'),(3501,'uk','mo','Ukrainian'),(3502,'uk','mn','Ukrainian'),(3503,'uk','ne','Ukrainian'),(3504,'uk','nl','Oekraïens'),(3505,'uk','nb','Ukrainian'),(3506,'uk','pa','Ukrainian'),(3507,'uk','pl','ukraiński'),(3508,'uk','pt-pt','Ucraniano'),(3509,'uk','pt-br','Ucraniano'),(3510,'uk','qu','Ukrainian'),(3511,'uk','ro','Ucrainiană'),(3512,'uk','ru','Украинский'),(3513,'uk','sl','Ukrainian'),(3514,'uk','so','Ukrainian'),(3515,'uk','sq','Ukrainian'),(3516,'uk','sr','Ukrainian'),(3517,'uk','sv','Ukrainska'),(3518,'uk','ta','Ukrainian'),(3519,'uk','th','ยูเครน'),(3520,'uk','tr','Ukraynaca'),(3521,'uk','uk','Ukrainian'),(3522,'uk','ur','Ukrainian'),(3523,'uk','uz','Ukrainian'),(3524,'uk','vi','Ukrainian'),(3525,'uk','yi','Ukrainian'),(3526,'uk','zh-hans','乌克兰语'),(3527,'uk','zu','Ukrainian'),(3528,'uk','zh-hant','烏克蘭語'),(3529,'ur','en','Urdu'),(3530,'ur','es','Urdu'),(3531,'ur','de','Urdu'),(3532,'ur','fr','Ourdu'),(3533,'ur','ar','الأردية'),(3534,'ur','bs','Urdu'),(3535,'ur','bg','Urdu'),(3536,'ur','ca','Urdu'),(3537,'ur','cs','Urdu'),(3538,'ur','sk','Urdština'),(3539,'ur','cy','Urdu'),(3540,'ur','da','Urdu'),(3541,'ur','el','Ουρντου'),(3542,'ur','eo','Urdu'),(3543,'ur','et','Urdu'),(3544,'ur','eu','Urdu'),(3545,'ur','fa','Urdu'),(3546,'ur','fi','urdu'),(3547,'ur','ga','Urdu'),(3548,'ur','he','Urdu'),(3549,'ur','hi','Urdu'),(3550,'ur','hr','Urdu'),(3551,'ur','hu','urdu'),(3552,'ur','hy','Urdu'),(3553,'ur','id','Urdu'),(3554,'ur','is','Urdu'),(3555,'ur','it','Urdu'),(3556,'ur','ja','ウルドゥー語'),(3557,'ur','ko','우르두어'),(3558,'ur','ku','Urdu'),(3559,'ur','la','Urdu'),(3560,'ur','lv','Urdu'),(3561,'ur','lt','Urdu'),(3562,'ur','mk','Urdu'),(3563,'ur','mt','Urdu'),(3564,'ur','mo','Urdu'),(3565,'ur','mn','Urdu'),(3566,'ur','ne','Urdu'),(3567,'ur','nl','Urdu'),(3568,'ur','nb','Urdu'),(3569,'ur','pa','Urdu'),(3570,'ur','pl','urdu'),(3571,'ur','pt-pt','Urdu'),(3572,'ur','pt-br','Urdu'),(3573,'ur','qu','Urdu'),(3574,'ur','ro','Urdu'),(3575,'ur','ru','Урду'),(3576,'ur','sl','Urdu'),(3577,'ur','so','Urdu'),(3578,'ur','sq','Urdu'),(3579,'ur','sr','Urdu'),(3580,'ur','sv','Urdu'),(3581,'ur','ta','Urdu'),(3582,'ur','th','อุรดู'),(3583,'ur','tr','Urduca'),(3584,'ur','uk','Urdu'),(3585,'ur','ur','Urdu'),(3586,'ur','uz','Urdu'),(3587,'ur','vi','Urdu'),(3588,'ur','yi','Urdu'),(3589,'ur','zh-hans','乌尔都语'),(3590,'ur','zu','Urdu'),(3591,'ur','zh-hant','烏爾都語'),(3592,'uz','en','Uzbek'),(3593,'uz','es','Uzbeko'),(3594,'uz','de','Usbekisch'),(3595,'uz','fr','Ouzbek'),(3596,'uz','ar','الاوزباكية'),(3597,'uz','bs','Uzbek'),(3598,'uz','bg','Uzbek'),(3599,'uz','ca','Uzbek'),(3600,'uz','cs','Uzbek'),(3601,'uz','sk','Uzbekčina'),(3602,'uz','cy','Uzbek'),(3603,'uz','da','Uzbek'),(3604,'uz','el','Ουζμπεκικα'),(3605,'uz','eo','Uzbek'),(3606,'uz','et','Uzbek'),(3607,'uz','eu','Uzbek'),(3608,'uz','fa','Uzbek'),(3609,'uz','fi','uzbekki'),(3610,'uz','ga','Uzbek'),(3611,'uz','he','Uzbek'),(3612,'uz','hi','Uzbek'),(3613,'uz','hr','Uzbek'),(3614,'uz','hu','üzbég'),(3615,'uz','hy','Uzbek'),(3616,'uz','id','Uzbek'),(3617,'uz','is','Uzbek'),(3618,'uz','it','Uzbeco'),(3619,'uz','ja','ウズベク語'),(3620,'uz','ko','우즈베크어'),(3621,'uz','ku','Uzbek'),(3622,'uz','la','Uzbek'),(3623,'uz','lv','Uzbek'),(3624,'uz','lt','Uzbek'),(3625,'uz','mk','Uzbek'),(3626,'uz','mt','Uzbek'),(3627,'uz','mo','Uzbek'),(3628,'uz','mn','Uzbek'),(3629,'uz','ne','Uzbek'),(3630,'uz','nl','Oezbeeks'),(3631,'uz','nb','Uzbek'),(3632,'uz','pa','Uzbek'),(3633,'uz','pl','uzbecki'),(3634,'uz','pt-pt','Uzbeque'),(3635,'uz','pt-br','Uzbeque'),(3636,'uz','qu','Uzbek'),(3637,'uz','ro','Uzbecă'),(3638,'uz','ru','Узбекский'),(3639,'uz','sl','Uzbek'),(3640,'uz','so','Uzbek'),(3641,'uz','sq','Uzbek'),(3642,'uz','sr','Uzbek'),(3643,'uz','sv','Uzbekiska'),(3644,'uz','ta','Uzbek'),(3645,'uz','th','อุซเบก'),(3646,'uz','tr','Özbekçe'),(3647,'uz','uk','Uzbek'),(3648,'uz','ur','Uzbek'),(3649,'uz','uz','Uzbek'),(3650,'uz','vi','Uzbek'),(3651,'uz','yi','Uzbek'),(3652,'uz','zh-hans','乌兹别克语'),(3653,'uz','zu','Uzbek'),(3654,'uz','zh-hant','烏茲別克語'),(3655,'vi','en','Vietnamese'),(3656,'vi','es','Vietnamita'),(3657,'vi','de','Vietnamesisch'),(3658,'vi','fr','Vietnamien'),(3659,'vi','ar','الفيتنامية'),(3660,'vi','bs','Vietnamese'),(3661,'vi','bg','Vietnamese'),(3662,'vi','ca','Vietnamese'),(3663,'vi','cs','Vietnamese'),(3664,'vi','sk','Vietnamčina'),(3665,'vi','cy','Vietnamese'),(3666,'vi','da','Vietnamese'),(3667,'vi','el','Βιετναμεζικα'),(3668,'vi','eo','Vietnamese'),(3669,'vi','et','Vietnamese'),(3670,'vi','eu','Vietnamese'),(3671,'vi','fa','Vietnamese'),(3672,'vi','fi','vietnam'),(3673,'vi','ga','Vietnamese'),(3674,'vi','he','Vietnamese'),(3675,'vi','hi','Vietnamese'),(3676,'vi','hr','Vietnamese'),(3677,'vi','hu','vietnámi'),(3678,'vi','hy','Vietnamese'),(3679,'vi','id','Vietnamese'),(3680,'vi','is','Vietnamese'),(3681,'vi','it','Vietnamita'),(3682,'vi','ja','ベトナム語'),(3683,'vi','ko','베트남어'),(3684,'vi','ku','Vietnamese'),(3685,'vi','la','Vietnamese'),(3686,'vi','lv','Vietnamese'),(3687,'vi','lt','Vietnamese'),(3688,'vi','mk','Vietnamese'),(3689,'vi','mt','Vietnamese'),(3690,'vi','mo','Vietnamese'),(3691,'vi','mn','Vietnamese'),(3692,'vi','ne','Vietnamese'),(3693,'vi','nl','Vietnamees'),(3694,'vi','nb','Vietnamese'),(3695,'vi','pa','Vietnamese'),(3696,'vi','pl','wietnamski'),(3697,'vi','pt-pt','Vietnamita'),(3698,'vi','pt-br','Vietnamita'),(3699,'vi','qu','Vietnamese'),(3700,'vi','ro','Vietnameză'),(3701,'vi','ru','Вьетнамский'),(3702,'vi','sl','Vietnamese'),(3703,'vi','so','Vietnamese'),(3704,'vi','sq','Vietnamese'),(3705,'vi','sr','Vietnamese'),(3706,'vi','sv','Vietnamesiska'),(3707,'vi','ta','Vietnamese'),(3708,'vi','th','เวียดนาม'),(3709,'vi','tr','Vietnamca'),(3710,'vi','uk','Vietnamese'),(3711,'vi','ur','Vietnamese'),(3712,'vi','uz','Vietnamese'),(3713,'vi','vi','Vietnamese'),(3714,'vi','yi','Vietnamese'),(3715,'vi','zh-hans','越南语'),(3716,'vi','zu','Vietnamese'),(3717,'vi','zh-hant','越南語'),(3718,'yi','en','Yiddish'),(3719,'yi','es','Yidis'),(3720,'yi','de','Jiddisch'),(3721,'yi','fr','Yiddish'),(3722,'yi','ar','اليديشية'),(3723,'yi','bs','Yiddish'),(3724,'yi','bg','Yiddish'),(3725,'yi','ca','Yiddish'),(3726,'yi','cs','Yiddish'),(3727,'yi','sk','Jidiš'),(3728,'yi','cy','Yiddish'),(3729,'yi','da','Yiddish'),(3730,'yi','el','Γιντις'),(3731,'yi','eo','Yiddish'),(3732,'yi','et','Yiddish'),(3733,'yi','eu','Yiddish'),(3734,'yi','fa','Yiddish'),(3735,'yi','fi','jiddi'),(3736,'yi','ga','Yiddish'),(3737,'yi','he','יידיש'),(3738,'yi','hi','Yiddish'),(3739,'yi','hr','Yiddish'),(3740,'yi','hu','jiddis'),(3741,'yi','hy','Yiddish'),(3742,'yi','id','Yiddish'),(3743,'yi','is','Yiddish'),(3744,'yi','it','Yiddish'),(3745,'yi','ja','イディッシュ語'),(3746,'yi','ko','이디시어'),(3747,'yi','ku','Yiddish'),(3748,'yi','la','Yiddish'),(3749,'yi','lv','Yiddish'),(3750,'yi','lt','Yiddish'),(3751,'yi','mk','Yiddish'),(3752,'yi','mt','Yiddish'),(3753,'yi','mo','Yiddish'),(3754,'yi','mn','Yiddish'),(3755,'yi','ne','Yiddish'),(3756,'yi','nl','Jiddisch'),(3757,'yi','nb','Yiddish'),(3758,'yi','pa','Yiddish'),(3759,'yi','pl','jidysz'),(3760,'yi','pt-pt','Yiddish'),(3761,'yi','pt-br','Yiddish'),(3762,'yi','qu','Yiddish'),(3763,'yi','ro','Idiş'),(3764,'yi','ru','Идиш'),(3765,'yi','sl','Yiddish'),(3766,'yi','so','Yiddish'),(3767,'yi','sq','Yiddish'),(3768,'yi','sr','Yiddish'),(3769,'yi','sv','Jiddisch'),(3770,'yi','ta','Yiddish'),(3771,'yi','th','ยิชดิช'),(3772,'yi','tr','Eski İbranice'),(3773,'yi','uk','Yiddish'),(3774,'yi','ur','Yiddish'),(3775,'yi','uz','Yiddish'),(3776,'yi','vi','Yiddish'),(3777,'yi','yi','Yiddish'),(3778,'yi','zh-hans','依地语'),(3779,'yi','zu','Yiddish'),(3780,'yi','zh-hant','依地語'),(3781,'zh-hans','en','Chinese (Simplified)'),(3782,'zh-hans','es','Chino simplificado'),(3783,'zh-hans','de','Vereinfachtes Chinesisch'),(3784,'zh-hans','fr','Chinois simplifié'),(3785,'zh-hans','ar','الصينية المبسطة'),(3786,'zh-hans','bs','Chinese (Simplified)'),(3787,'zh-hans','bg','Chinese (Simplified)'),(3788,'zh-hans','ca','Chinese (Simplified)'),(3789,'zh-hans','cs','Chinese (Simplified)'),(3790,'zh-hans','sk','Zjednodušená Čínština'),(3791,'zh-hans','cy','Chinese (Simplified)'),(3792,'zh-hans','da','Chinese (Simplified)'),(3793,'zh-hans','el','Κινεζικα'),(3794,'zh-hans','eo','Chinese (Simplified)'),(3795,'zh-hans','et','Chinese (Simplified)'),(3796,'zh-hans','eu','Chinese (Simplified)'),(3797,'zh-hans','fa','Chinese (Simplified)'),(3798,'zh-hans','fi','kiina'),(3799,'zh-hans','ga','Chinese (Simplified)'),(3800,'zh-hans','he','סינית'),(3801,'zh-hans','hi','Chinese (Simplified)'),(3802,'zh-hans','hr','Chinese (Simplified)'),(3803,'zh-hans','hu','egyszerűsített kínai'),(3804,'zh-hans','hy','Chinese (Simplified)'),(3805,'zh-hans','id','Chinese (Simplified)'),(3806,'zh-hans','is','Chinese (Simplified)'),(3807,'zh-hans','it','Cinese semplificato'),(3808,'zh-hans','ja','簡体中国語'),(3809,'zh-hans','ko','중국어 간체'),(3810,'zh-hans','ku','Chinese (Simplified)'),(3811,'zh-hans','la','Chinese (Simplified)'),(3812,'zh-hans','lv','Chinese (Simplified)'),(3813,'zh-hans','lt','Chinese (Simplified)'),(3814,'zh-hans','mk','Chinese (Simplified)'),(3815,'zh-hans','mt','Chinese (Simplified)'),(3816,'zh-hans','mo','Chinese (Simplified)'),(3817,'zh-hans','mn','Chinese (Simplified)'),(3818,'zh-hans','ne','Chinese (Simplified)'),(3819,'zh-hans','nl','Vereenvoudigd Chinees'),(3820,'zh-hans','nb','Chinese (Simplified)'),(3821,'zh-hans','pa','Chinese (Simplified)'),(3822,'zh-hans','pl','chiński uproszczony'),(3823,'zh-hans','pt-pt','Chinês'),(3824,'zh-hans','pt-br','Chinês'),(3825,'zh-hans','qu','Chinese (Simplified)'),(3826,'zh-hans','ro','Chineza simplificată'),(3827,'zh-hans','ru','Упрощенный китайский'),(3828,'zh-hans','sl','Chinese (Simplified)'),(3829,'zh-hans','so','Chinese (Simplified)'),(3830,'zh-hans','sq','Chinese (Simplified)'),(3831,'zh-hans','sr','Chinese (Simplified)'),(3832,'zh-hans','sv','Förenklad kinesiska'),(3833,'zh-hans','ta','Chinese (Simplified)'),(3834,'zh-hans','th','จีนประยุกต์'),(3835,'zh-hans','tr','Modern Çince'),(3836,'zh-hans','uk','Chinese (Simplified)'),(3837,'zh-hans','ur','Chinese (Simplified)'),(3838,'zh-hans','uz','Chinese (Simplified)'),(3839,'zh-hans','vi','Chinese (Simplified)'),(3840,'zh-hans','yi','Chinese (Simplified)'),(3841,'zh-hans','zh-hans','简体中文'),(3842,'zh-hans','zu','Chinese (Simplified)'),(3843,'zh-hans','zh-hant','簡體中文'),(3844,'zu','en','Zulu'),(3845,'zu','es','Zulú'),(3846,'zu','de','Zulu'),(3847,'zu','fr','Zoulou'),(3848,'zu','ar','الزولو'),(3849,'zu','bs','Zulu'),(3850,'zu','bg','Zulu'),(3851,'zu','ca','Zulu'),(3852,'zu','cs','Zulu'),(3853,'zu','sk','Jazyk Zulu'),(3854,'zu','cy','Zulu'),(3855,'zu','da','Zulu'),(3856,'zu','el','Ζουλου'),(3857,'zu','eo','Zulu'),(3858,'zu','et','Zulu'),(3859,'zu','eu','Zulu'),(3860,'zu','fa','Zulu'),(3861,'zu','fi','zulu'),(3862,'zu','ga','Zulu'),(3863,'zu','he','Zulu'),(3864,'zu','hi','Zulu'),(3865,'zu','hr','Zulu'),(3866,'zu','hu','zulu'),(3867,'zu','hy','Zulu'),(3868,'zu','id','Zulu'),(3869,'zu','is','Zulu'),(3870,'zu','it','Zulu'),(3871,'zu','ja','ズールー語'),(3872,'zu','ko','줄루어'),(3873,'zu','ku','Zulu'),(3874,'zu','la','Zulu'),(3875,'zu','lv','Zulu'),(3876,'zu','lt','Zulu'),(3877,'zu','mk','Zulu'),(3878,'zu','mt','Zulu'),(3879,'zu','mo','Zulu'),(3880,'zu','mn','Zulu'),(3881,'zu','ne','Zulu'),(3882,'zu','nl','Zulu'),(3883,'zu','nb','Zulu'),(3884,'zu','pa','Zulu'),(3885,'zu','pl','zuluski'),(3886,'zu','pt-pt','Zulu'),(3887,'zu','pt-br','Zulu'),(3888,'zu','qu','Zulu'),(3889,'zu','ro','Zulu'),(3890,'zu','ru','Зулу'),(3891,'zu','sl','Zulu'),(3892,'zu','so','Zulu'),(3893,'zu','sq','Zulu'),(3894,'zu','sr','Zulu'),(3895,'zu','sv','Zulu'),(3896,'zu','ta','Zulu'),(3897,'zu','th','ซูลู'),(3898,'zu','tr','Zulu dili'),(3899,'zu','uk','Zulu'),(3900,'zu','ur','Zulu'),(3901,'zu','uz','Zulu'),(3902,'zu','vi','Zulu'),(3903,'zu','yi','Zulu'),(3904,'zu','zh-hans','祖鲁语'),(3905,'zu','zu','Zulu'),(3906,'zu','zh-hant','祖魯語'),(3907,'zh-hant','en','Chinese (Traditional)'),(3908,'zh-hant','es','Chino tradicional'),(3909,'zh-hant','de','Traditionelles Chinesisch'),(3910,'zh-hant','fr','Chinois traditionnel'),(3911,'zh-hant','ar','الصينية التقليدية'),(3912,'zh-hant','bs','Chinese (Traditional)'),(3913,'zh-hant','bg','Chinese (Traditional)'),(3914,'zh-hant','ca','Chinese (Traditional)'),(3915,'zh-hant','cs','Chinese (Traditional)'),(3916,'zh-hant','sk','Tradičná Čínština'),(3917,'zh-hant','cy','Chinese (Traditional)'),(3918,'zh-hant','da','Chinese (Traditional)'),(3919,'zh-hant','el','Κινεζικα'),(3920,'zh-hant','eo','Chinese (Traditional)'),(3921,'zh-hant','et','Chinese (Traditional)'),(3922,'zh-hant','eu','Chinese (Traditional)'),(3923,'zh-hant','fa','Chinese (Traditional)'),(3924,'zh-hant','fi','perinteinen kiina'),(3925,'zh-hant','ga','Chinese (Traditional)'),(3926,'zh-hant','he','סינית מסורתית'),(3927,'zh-hant','hi','Chinese (Traditional)'),(3928,'zh-hant','hr','Chinese (Traditional)'),(3929,'zh-hant','hu','hagyományos kínai'),(3930,'zh-hant','hy','Chinese (Traditional)'),(3931,'zh-hant','id','Chinese (Traditional)'),(3932,'zh-hant','is','Chinese (Traditional)'),(3933,'zh-hant','it','Cinese tradizionale'),(3934,'zh-hant','ja','繁体中国語'),(3935,'zh-hant','ko','중국어 번체'),(3936,'zh-hant','ku','Chinese (Traditional)'),(3937,'zh-hant','la','Chinese (Traditional)'),(3938,'zh-hant','lv','Chinese (Traditional)'),(3939,'zh-hant','lt','Chinese (Traditional)'),(3940,'zh-hant','mk','Chinese (Traditional)'),(3941,'zh-hant','mt','Chinese (Traditional)'),(3942,'zh-hant','mo','Chinese (Traditional)'),(3943,'zh-hant','mn','Chinese (Traditional)'),(3944,'zh-hant','ne','Chinese (Traditional)'),(3945,'zh-hant','nl','Traditioneel Chinees'),(3946,'zh-hant','nb','Chinese (Traditional)'),(3947,'zh-hant','pa','Chinese (Traditional)'),(3948,'zh-hant','pl','chiński tradycyjny'),(3949,'zh-hant','pt-pt','Chinês'),(3950,'zh-hant','pt-br','Chinês'),(3951,'zh-hant','qu','Chinese (Traditional)'),(3952,'zh-hant','ro','Chineza tradiţională'),(3953,'zh-hant','ru','Традиционный китайский'),(3954,'zh-hant','sl','Chinese (Traditional)'),(3955,'zh-hant','so','Chinese (Traditional)'),(3956,'zh-hant','sq','Chinese (Traditional)'),(3957,'zh-hant','sr','Chinese (Traditional)'),(3958,'zh-hant','sv','Traditionell kinesiska'),(3959,'zh-hant','ta','Chinese (Traditional)'),(3960,'zh-hant','th','จีนดั้งเดิม'),(3961,'zh-hant','tr','Klasik Çince'),(3962,'zh-hant','uk','Chinese (Traditional)'),(3963,'zh-hant','ur','Chinese (Traditional)'),(3964,'zh-hant','uz','Chinese (Traditional)'),(3965,'zh-hant','vi','Chinese (Traditional)'),(3966,'zh-hant','yi','Chinese (Traditional)'),(3967,'zh-hant','zh-hans','繁体中文'),(3968,'zh-hant','zu','Chinese (Traditional)'),(3969,'zh-hant','zh-hant','繁體中文');

--
-- Table structure for table `wp_icl_locale_map`
--

CREATE TABLE `wp_icl_locale_map` (
  `code` varchar(7) NOT NULL,
  `locale` varchar(8) NOT NULL,
  UNIQUE KEY `code` (`code`,`locale`)
) ENGINE=MyISAM DEFAULT CHARSET=utf8;

--
-- Dumping data for table `wp_icl_locale_map`
--

INSERT INTO `wp_icl_locale_map` VALUES ('en','en_US'),('fr','fr_FR'),('zh-hans','zh_CN');

--
-- Table structure for table `wp_icl_message_status`
--

CREATE TABLE `wp_icl_message_status` (
  `id` bigint(20) unsigned NOT NULL AUTO_INCREMENT,
  `rid` bigint(20) unsigned NOT NULL,
  `object_id` bigint(20) unsigned NOT NULL,
  `from_language` varchar(10) NOT NULL,
  `to_language` varchar(10) NOT NULL,
  `timestamp` timestamp NOT NULL DEFAULT CURRENT_TIMESTAMP,
  `md5` varchar(32) NOT NULL,
  `object_type` varchar(64) NOT NULL,
  `status` smallint(6) NOT NULL,
  PRIMARY KEY (`id`),
  UNIQUE KEY `rid` (`rid`),
  KEY `object_id` (`object_id`)
) ENGINE=MyISAM DEFAULT CHARSET=utf8;

--
-- Dumping data for table `wp_icl_message_status`
--


--
-- Table structure for table `wp_icl_node`
--

CREATE TABLE `wp_icl_node` (
  `nid` bigint(20) NOT NULL,
  `md5` varchar(32) NOT NULL,
  `links_fixed` tinyint(4) NOT NULL DEFAULT '0',
  PRIMARY KEY (`nid`)
) ENGINE=MyISAM DEFAULT CHARSET=utf8;

--
-- Dumping data for table `wp_icl_node`
--


--
-- Table structure for table `wp_icl_reminders`
--

CREATE TABLE `wp_icl_reminders` (
  `id` bigint(20) NOT NULL,
  `message` text NOT NULL,
  `url` text NOT NULL,
  `can_delete` tinyint(4) NOT NULL,
  `show` tinyint(4) NOT NULL,
  PRIMARY KEY (`id`)
) ENGINE=MyISAM DEFAULT CHARSET=utf8;

--
-- Dumping data for table `wp_icl_reminders`
--


--
-- Table structure for table `wp_icl_string_positions`
--

CREATE TABLE `wp_icl_string_positions` (
  `id` bigint(20) unsigned NOT NULL AUTO_INCREMENT,
  `string_id` bigint(20) NOT NULL,
  `kind` tinyint(4) DEFAULT NULL,
  `position_in_page` varchar(255) NOT NULL,
  PRIMARY KEY (`id`),
  KEY `string_id` (`string_id`)
) ENGINE=MyISAM DEFAULT CHARSET=utf8;

--
-- Dumping data for table `wp_icl_string_positions`
--


--
-- Table structure for table `wp_icl_string_status`
--

CREATE TABLE `wp_icl_string_status` (
  `id` bigint(20) unsigned NOT NULL AUTO_INCREMENT,
  `rid` bigint(20) NOT NULL,
  `string_translation_id` bigint(20) NOT NULL,
  `timestamp` timestamp NOT NULL DEFAULT CURRENT_TIMESTAMP,
  `md5` varchar(32) NOT NULL,
  PRIMARY KEY (`id`),
  KEY `string_translation_id` (`string_translation_id`)
) ENGINE=MyISAM DEFAULT CHARSET=utf8;

--
-- Dumping data for table `wp_icl_string_status`
--


--
-- Table structure for table `wp_icl_string_translations`
--

CREATE TABLE `wp_icl_string_translations` (
  `id` bigint(20) unsigned NOT NULL AUTO_INCREMENT,
  `string_id` bigint(20) unsigned NOT NULL,
  `language` varchar(10) NOT NULL,
  `status` tinyint(4) NOT NULL,
  `value` text,
  `translator_id` bigint(20) unsigned DEFAULT NULL,
  `translation_date` timestamp NOT NULL DEFAULT CURRENT_TIMESTAMP,
  PRIMARY KEY (`id`),
  UNIQUE KEY `string_language` (`string_id`,`language`)
) ENGINE=MyISAM DEFAULT CHARSET=utf8;

--
-- Dumping data for table `wp_icl_string_translations`
--


--
-- Table structure for table `wp_icl_strings`
--

CREATE TABLE `wp_icl_strings` (
  `id` bigint(20) unsigned NOT NULL AUTO_INCREMENT,
  `language` varchar(7) NOT NULL,
  `context` varchar(160) NOT NULL,
  `name` varchar(160) NOT NULL,
  `value` text NOT NULL,
  `status` tinyint(4) NOT NULL,
  PRIMARY KEY (`id`),
  UNIQUE KEY `context_name` (`context`,`name`)
) ENGINE=MyISAM DEFAULT CHARSET=utf8;

--
-- Dumping data for table `wp_icl_strings`
--


--
-- Table structure for table `wp_icl_translate`
--

CREATE TABLE `wp_icl_translate` (
  `tid` bigint(20) unsigned NOT NULL AUTO_INCREMENT,
  `job_id` bigint(20) unsigned NOT NULL,
  `content_id` bigint(20) unsigned NOT NULL,
  `timestamp` timestamp NOT NULL DEFAULT CURRENT_TIMESTAMP,
  `field_type` varchar(128) NOT NULL,
  `field_format` varchar(16) NOT NULL,
  `field_translate` tinyint(4) NOT NULL,
  `field_data` text NOT NULL,
  `field_data_translated` text NOT NULL,
  `field_finished` tinyint(4) NOT NULL DEFAULT '0',
  PRIMARY KEY (`tid`),
  KEY `job_id` (`job_id`)
) ENGINE=MyISAM AUTO_INCREMENT=22 DEFAULT CHARSET=utf8;

--
-- Dumping data for table `wp_icl_translate`
--

INSERT INTO `wp_icl_translate` VALUES (1,1,0,'2013-06-23 08:48:51','title','base64',1,'aG9tZSBwYWdl','SG9tZSBwYWdl',1),(2,1,0,'2013-06-23 08:48:51','body','base64',1,'W3Rlc2xhX21haW5fc2xpZGVyXQpbdGVzbGFfdGVzdGltb25pYWxdClt0ZXNsYV9wb3J0Zm9saW9dClt0ZXNsYV9jbGllbnRzX3NsaWRlcl0=','W3Rlc2xhX21haW5fc2xpZGVyXQ0KW3Rlc2xhX3Rlc3RpbW9uaWFsXQ0KW3Rlc2xhX3BvcnRmb2xpb10NClt0ZXNsYV9jbGllbnRzX3NsaWRlcl0=',1),(3,1,0,'2013-06-23 08:48:51','original_id','',0,'22','',1),(4,2,0,'2013-06-23 08:50:09','title','base64',1,'R2FsZXJpZQ==','R2FsbGVyeQ==',1),(5,2,0,'2013-06-23 08:50:09','body','base64',1,'W3Rlc2xhX3BvcnRmb2xpb10=','W3Rlc2xhX3BvcnRmb2xpb10=',1),(6,2,0,'2013-06-23 08:50:09','original_id','',0,'24','',1),(7,3,0,'2013-06-23 08:50:41','title','base64',1,'Y29udGFjdA==','Q29udGFjdHM=',1),(8,3,0,'2013-06-23 08:50:41','body','base64',1,'W3Rlc2xhX21hcF0NCg0KW3Rlc2xhX2NvbnRhY3RdDQoNCiZuYnNwOw==','W3Rlc2xhX21hcF0NCg0KW3Rlc2xhX2NvbnRhY3RdDQoNCiZuYnNwOw==',1),(9,3,0,'2013-06-23 08:50:41','original_id','',0,'23','',1),(10,4,0,'2013-07-01 09:31:20','title','base64',1,'Mg==','Mg==',1),(11,4,0,'2013-07-01 09:31:20','body','base64',1,'','',1),(12,4,0,'2013-07-01 09:31:20','original_id','',0,'412','',1),(13,5,0,'2013-07-01 09:31:44','title','base64',1,'MQ==','MQ==',1),(14,5,0,'2013-07-01 09:31:44','body','base64',1,'','',1),(15,5,0,'2013-07-01 09:31:44','original_id','',0,'411','',1),(16,6,0,'2013-07-01 09:32:01','title','base64',1,'MQ==','MQ==',1),(17,6,0,'2013-07-01 09:32:01','body','base64',1,'','',1),(18,6,0,'2013-07-01 09:32:01','original_id','',0,'411','',1),(19,7,0,'2013-07-02 21:55:19','title','base64',1,'UHJleg==','',0),(20,7,0,'2013-07-02 21:55:19','body','base64',1,'','',0),(21,7,0,'2013-07-02 21:55:19','original_id','',0,'412','',0);

--
-- Table structure for table `wp_icl_translate_job`
--

CREATE TABLE `wp_icl_translate_job` (
  `job_id` bigint(20) unsigned NOT NULL AUTO_INCREMENT,
  `rid` bigint(20) unsigned NOT NULL,
  `translator_id` int(10) unsigned NOT NULL,
  `translated` tinyint(3) unsigned NOT NULL DEFAULT '0',
  `manager_id` int(10) unsigned NOT NULL,
  `revision` int(10) unsigned DEFAULT NULL,
  PRIMARY KEY (`job_id`),
  KEY `rid` (`rid`,`translator_id`)
) ENGINE=MyISAM AUTO_INCREMENT=8 DEFAULT CHARSET=utf8;

--
-- Dumping data for table `wp_icl_translate_job`
--

INSERT INTO `wp_icl_translate_job` VALUES (1,1,1,1,1,NULL),(2,2,1,1,1,NULL),(3,3,1,1,1,NULL),(4,4,1,1,1,1),(5,5,1,1,1,1),(6,5,1,1,1,NULL),(7,4,1,0,3,NULL);

--
-- Table structure for table `wp_icl_translation_status`
--

CREATE TABLE `wp_icl_translation_status` (
  `rid` bigint(20) NOT NULL AUTO_INCREMENT,
  `translation_id` bigint(20) NOT NULL,
  `status` tinyint(4) NOT NULL,
  `translator_id` bigint(20) NOT NULL,
  `needs_update` tinyint(4) NOT NULL,
  `md5` varchar(32) NOT NULL,
  `translation_service` varchar(16) NOT NULL,
  `translation_package` text NOT NULL,
  `timestamp` timestamp NOT NULL DEFAULT CURRENT_TIMESTAMP,
  `links_fixed` tinyint(4) NOT NULL DEFAULT '0',
  `_prevstate` longtext,
  PRIMARY KEY (`rid`),
  UNIQUE KEY `translation_id` (`translation_id`)
) ENGINE=MyISAM AUTO_INCREMENT=6 DEFAULT CHARSET=utf8;

--
-- Dumping data for table `wp_icl_translation_status`
--

INSERT INTO `wp_icl_translation_status` VALUES (1,71,10,1,0,'43a6a523b017f161803d56448536df57','local','a:2:{s:3:\"url\";s:35:\"http://joelknafo-art.com?page_id=22\";s:8:\"contents\";a:3:{s:5:\"title\";a:3:{s:9:\"translate\";i:1;s:4:\"data\";s:12:\"aG9tZSBwYWdl\";s:6:\"format\";s:6:\"base64\";}s:4:\"body\";a:3:{s:9:\"translate\";i:1;s:4:\"data\";s:108:\"W3Rlc2xhX21haW5fc2xpZGVyXQpbdGVzbGFfdGVzdGltb25pYWxdClt0ZXNsYV9wb3J0Zm9saW9dClt0ZXNsYV9jbGllbnRzX3NsaWRlcl0=\";s:6:\"format\";s:6:\"base64\";}s:11:\"original_id\";a:2:{s:9:\"translate\";i:0;s:4:\"data\";i:22;}}}','2013-06-23 08:48:51',0,NULL),(2,72,10,1,0,'a42335a914222877ad131656e77ed808','local','a:2:{s:3:\"url\";s:35:\"http://joelknafo-art.com?page_id=24\";s:8:\"contents\";a:3:{s:5:\"title\";a:3:{s:9:\"translate\";i:1;s:4:\"data\";s:12:\"R2FsZXJpZQ==\";s:6:\"format\";s:6:\"base64\";}s:4:\"body\";a:3:{s:9:\"translate\";i:1;s:4:\"data\";s:24:\"W3Rlc2xhX3BvcnRmb2xpb10=\";s:6:\"format\";s:6:\"base64\";}s:11:\"original_id\";a:2:{s:9:\"translate\";i:0;s:4:\"data\";i:24;}}}','2013-06-23 08:50:09',0,NULL),(3,73,10,1,0,'fc8fafcc44b0bcc3619d991e14f95cbb','local','a:2:{s:3:\"url\";s:35:\"http://joelknafo-art.com?page_id=23\";s:8:\"contents\";a:3:{s:5:\"title\";a:3:{s:9:\"translate\";i:1;s:4:\"data\";s:12:\"Y29udGFjdA==\";s:6:\"format\";s:6:\"base64\";}s:4:\"body\";a:3:{s:9:\"translate\";i:1;s:4:\"data\";s:56:\"W3Rlc2xhX21hcF0NCg0KW3Rlc2xhX2NvbnRhY3RdDQoNCiZuYnNwOw==\";s:6:\"format\";s:6:\"base64\";}s:11:\"original_id\";a:2:{s:9:\"translate\";i:0;s:4:\"data\";i:23;}}}','2013-06-23 08:50:41',0,NULL),(4,199,10,1,1,'df6287e0113ba6f7814b3a3327e0f436','local','a:2:{s:3:\"url\";s:30:\"http://joelknafo-art.com?p=412\";s:8:\"contents\";a:3:{s:5:\"title\";a:3:{s:9:\"translate\";i:1;s:4:\"data\";s:8:\"UHJleg==\";s:6:\"format\";s:6:\"base64\";}s:4:\"body\";a:3:{s:9:\"translate\";i:1;s:4:\"data\";s:0:\"\";s:6:\"format\";s:6:\"base64\";}s:11:\"original_id\";a:2:{s:9:\"translate\";i:0;s:4:\"data\";i:412;}}}','2013-07-01 09:31:20',0,NULL),(5,200,9,3,0,'1201745b1642216512e9cb0d7ca8d102','local','a:2:{s:3:\"url\";s:30:\"http://joelknafo-art.com?p=411\";s:8:\"contents\";a:3:{s:5:\"title\";a:3:{s:9:\"translate\";i:1;s:4:\"data\";s:4:\"MQ==\";s:6:\"format\";s:6:\"base64\";}s:4:\"body\";a:3:{s:9:\"translate\";i:1;s:4:\"data\";s:0:\"\";s:6:\"format\";s:6:\"base64\";}s:11:\"original_id\";a:2:{s:9:\"translate\";i:0;s:4:\"data\";i:411;}}}','2013-07-01 09:31:44',0,NULL);

--
-- Table structure for table `wp_icl_translations`
--

CREATE TABLE `wp_icl_translations` (
  `translation_id` bigint(20) NOT NULL AUTO_INCREMENT,
  `element_type` varchar(36) NOT NULL DEFAULT 'post_post',
  `element_id` bigint(20) DEFAULT NULL,
  `trid` bigint(20) NOT NULL,
  `language_code` varchar(7) NOT NULL,
  `source_language_code` varchar(7) DEFAULT NULL,
  PRIMARY KEY (`translation_id`),
  UNIQUE KEY `trid_lang` (`trid`,`language_code`),
  UNIQUE KEY `el_type_id` (`element_type`,`element_id`),
  KEY `trid` (`trid`)
) ENGINE=MyISAM AUTO_INCREMENT=331 DEFAULT CHARSET=utf8;

--
-- Dumping data for table `wp_icl_translations`
--

INSERT INTO `wp_icl_translations` VALUES (275,'post_nav_menu_item',517,727,'fr',NULL),(283,'post_post',709,730,'fr',NULL),(284,'post_post',710,731,'fr',NULL),(5,'post_page',20,20,'fr',NULL),(6,'post_page',22,22,'fr',NULL),(7,'post_page',23,23,'fr',NULL),(8,'post_page',24,24,'fr',NULL),(9,'post_page',25,25,'fr',NULL),(10,'post_page',26,26,'fr',NULL),(11,'post_page',273,273,'fr',NULL),(12,'post_page',2,2,'fr',NULL),(13,'post_page',453,453,'fr',NULL),(323,'post_nav_menu_item',1453,766,'fr',NULL),(324,'post_nav_menu_item',1597,767,'fr',NULL),(325,'post_nav_menu_item',1623,768,'fr',NULL),(326,'post_nav_menu_item',1624,769,'fr',NULL),(327,'post_nav_menu_item',1628,770,'fr',NULL),(328,'post_nav_menu_item',1631,771,'fr',NULL),(329,'post_nav_menu_item',1645,772,'fr',NULL),(330,'post_nav_menu_item',1644,773,'fr',NULL),(319,'post_nav_menu_item',1208,762,'fr',NULL),(320,'post_nav_menu_item',1308,763,'fr',NULL),(289,'post_revoke_portfolio',716,736,'fr',NULL),(290,'post_revoke_portfolio',721,737,'fr',NULL),(291,'post_revoke_clients',724,738,'fr',NULL),(294,'post_revoke_clients',725,739,'fr',NULL),(295,'post_post',726,740,'fr',NULL),(296,'post_post',727,741,'fr',NULL),(297,'post_post',728,742,'fr',NULL),(298,'post_post',732,743,'fr',NULL),(299,'post_post',736,744,'fr',NULL),(300,'post_post',737,745,'fr',NULL),(301,'post_post',738,746,'fr',NULL),(303,'post_revoke_portfolio',741,747,'fr',NULL),(305,'post_revoke_clients',742,748,'fr',NULL),(306,'post_post',748,749,'fr',NULL),(307,'post_post',750,750,'fr',NULL),(308,'post_post',751,751,'fr',NULL),(309,'post_post',755,752,'fr',NULL),(310,'post_nav_menu_item',810,753,'fr',NULL),(53,'post_revoke_testimonial',412,412,'fr',NULL),(54,'post_wysijap',4,4,'fr',NULL),(55,'tax_category',1,521,'fr',NULL),(56,'tax_category',2,522,'fr',NULL),(57,'tax_category',3,523,'fr',NULL),(61,'tax_nav_menu',13,540,'fr',NULL),(322,'post_nav_menu_item',1319,765,'fr',NULL),(321,'post_nav_menu_item',1309,764,'fr',NULL),(311,'post_nav_menu_item',819,754,'fr',NULL),(68,'tax_category',14,521,'zh-hans','fr'),(69,'tax_category',15,521,'en','fr'),(70,'tax_nav_menu',16,540,'en','fr'),(71,'post_page',543,22,'en','fr'),(72,'post_page',544,24,'en','fr'),(73,'post_page',546,23,'en','fr'),(79,'post_nav_menu_item',547,552,'en',NULL),(78,'post_nav_menu_item',548,551,'en',NULL),(77,'post_nav_menu_item',549,550,'en',NULL),(312,'post_nav_menu_item',820,755,'fr',NULL),(313,'post_nav_menu_item',876,756,'fr',NULL),(314,'post_nav_menu_item',899,757,'fr',NULL),(315,'post_nav_menu_item',903,758,'fr',NULL),(316,'post_nav_menu_item',1186,759,'fr',NULL),(90,'tax_revoke_portfolio_tax',7,563,'fr',NULL),(91,'tax_revoke_portfolio_tax',8,564,'fr',NULL),(285,'post_revoke_main',711,732,'fr',NULL),(286,'post_revoke_clients',713,733,'fr',NULL),(287,'post_revoke_main',714,734,'fr',NULL),(288,'post_revoke_clients',715,735,'fr',NULL),(243,'tax_post_tag',27,708,'fr',NULL),(244,'tax_post_tag',28,709,'fr',NULL),(245,'tax_post_tag',29,710,'fr',NULL),(248,'post_revoke_main',642,712,'fr',NULL),(250,'post_revoke_main',645,713,'fr',NULL),(252,'post_revoke_main',647,714,'fr',NULL),(254,'post_revoke_portfolio',649,715,'fr',NULL),(256,'post_revoke_main',651,716,'fr',NULL),(258,'post_revoke_portfolio',653,717,'fr',NULL),(260,'post_revoke_portfolio',656,718,'fr',NULL),(262,'post_revoke_portfolio',659,719,'fr',NULL),(264,'post_revoke_portfolio',662,720,'fr',NULL),(266,'post_revoke_portfolio',665,721,'fr',NULL),(268,'post_revoke_portfolio',668,722,'fr',NULL),(270,'post_revoke_portfolio',671,723,'fr',NULL),(277,'post_nav_menu_item',681,729,'fr',NULL),(220,'post_revoke_clients',599,689,'fr',NULL),(221,'tax_revoke_clients_tax',21,690,'fr',NULL),(222,'tax_revoke_clients_tax',22,691,'fr',NULL),(237,'tax_category',23,703,'fr',NULL),(239,'post_post',628,704,'fr',NULL),(240,'tax_post_tag',24,705,'fr',NULL),(187,'post_attachment',523,660,'fr',NULL),(188,'post_attachment',524,661,'fr',NULL),(189,'post_attachment',531,662,'fr',NULL),(241,'tax_post_tag',25,706,'fr',NULL),(242,'tax_post_tag',26,707,'fr',NULL),(192,'post_attachment',539,665,'fr',NULL),(194,'tax_category',17,667,'fr',NULL),(195,'tax_category',18,667,'en','fr'),(196,'tax_category',19,667,'zh-hans','fr'),(273,'post_page',675,725,'fr',NULL),(317,'post_nav_menu_item',1197,760,'fr',NULL),(318,'post_nav_menu_item',1198,761,'fr',NULL),(204,'tax_revoke_portfolio_tax',20,673,'fr',NULL),(276,'post_nav_menu_item',568,728,'fr',NULL);

--
-- Table structure for table `wp_links`
--

CREATE TABLE `wp_links` (
  `link_id` bigint(20) unsigned NOT NULL AUTO_INCREMENT,
  `link_url` varchar(255) NOT NULL DEFAULT '',
  `link_name` varchar(255) NOT NULL DEFAULT '',
  `link_image` varchar(255) NOT NULL DEFAULT '',
  `link_target` varchar(25) NOT NULL DEFAULT '',
  `link_description` varchar(255) NOT NULL DEFAULT '',
  `link_visible` varchar(20) NOT NULL DEFAULT 'Y',
  `link_owner` bigint(20) unsigned NOT NULL DEFAULT '1',
  `link_rating` int(11) NOT NULL DEFAULT '0',
  `link_updated` datetime NOT NULL DEFAULT '0000-00-00 00:00:00',
  `link_rel` varchar(255) NOT NULL DEFAULT '',
  `link_notes` mediumtext NOT NULL,
  `link_rss` varchar(255) NOT NULL DEFAULT '',
  PRIMARY KEY (`link_id`),
  KEY `link_visible` (`link_visible`)
) ENGINE=InnoDB DEFAULT CHARSET=utf8;

--
-- Dumping data for table `wp_links`
--


--
-- Table structure for table `wp_options`
--

CREATE TABLE `wp_options` (
  `option_id` bigint(20) unsigned NOT NULL AUTO_INCREMENT,
  `option_name` varchar(64) NOT NULL DEFAULT '',
  `option_value` longtext NOT NULL,
  `autoload` varchar(20) NOT NULL DEFAULT 'yes',
  PRIMARY KEY (`option_id`),
  UNIQUE KEY `option_name` (`option_name`)
) ENGINE=InnoDB AUTO_INCREMENT=35652 DEFAULT CHARSET=utf8;

--
-- Dumping data for table `wp_options`
--

INSERT INTO `wp_options` VALUES (1,'siteurl','http://joelknafo-art.com/','yes'),(2,'blogname','Joël Knafo Art Gallery','yes'),(3,'blogdescription','Galerie d&#039;art contemporain - Paris 13ème','yes'),(4,'users_can_register','0','yes'),(5,'admin_email','postmaster@joelknafo-art.com','yes'),(6,'start_of_week','1','yes'),(7,'use_balanceTags','','yes'),(8,'use_smilies','1','yes'),(9,'require_name_email','1','yes'),(10,'comments_notify','1','yes'),(11,'posts_per_rss','10','yes'),(12,'rss_use_excerpt','0','yes'),(13,'mailserver_url','mail.example.com','yes'),(14,'mailserver_login','login@example.com','yes'),(15,'mailserver_pass','password','yes'),(16,'mailserver_port','110','yes'),(17,'default_category','22','yes'),(18,'default_comment_status','closed','yes'),(19,'default_ping_status','open','yes'),(20,'default_pingback_flag','','yes'),(21,'posts_per_page','10','yes'),(22,'date_format','F j, Y','yes'),(23,'time_format','g:i a','yes'),(24,'links_updated_date_format','F j, Y g:i a','yes'),(25,'links_recently_updated_prepend','<em>','yes'),(26,'links_recently_updated_append','</em>','yes'),(27,'links_recently_updated_time','120','yes'),(28,'comment_moderation','1','yes'),(29,'moderation_notify','1','yes'),(30,'permalink_structure','/%postname%/','yes'),(31,'gzipcompression','0','yes'),(32,'hack_file','0','yes'),(33,'blog_charset','UTF-8','yes'),(34,'moderation_keys','','no'),(35,'active_plugins','a:0:{}','yes'),(36,'home','http://joelknafo-art.com/','yes'),(37,'category_base','','yes'),(38,'ping_sites','http://rpc.pingomatic.com/','yes'),(39,'advanced_edit','0','yes'),(40,'comment_max_links','2','yes'),(41,'gmt_offset','','yes'),(42,'default_email_category','1','yes'),(43,'recently_edited','a:5:{i:0;s:68:\"/home/joelknaf/www/wp-content/plugins/youtube-embed-plus/youtube.php\";i:1;s:70:\"/homez.741/joelknaf/www/wp-content/plugins/woocommerce/woocommerce.php\";i:2;s:79:\"/homez.741/joelknaf/www/wp-content/plugins/wysija-newsletters-premium/index.php\";i:3;s:58:\"/homez.741/joelknaf/www/wp-content/themes/Revoke/style.css\";i:4;s:64:\"/homez.741/joelknaf/www/wp-content/themes/twentyeleven/style.css\";}','no'),(44,'template','Revoke','yes'),(45,'stylesheet','Revoke','yes'),(46,'comment_whitelist','1','yes'),(47,'blacklist_keys','','no'),(48,'comment_registration','','yes'),(49,'html_type','text/html','yes'),(50,'use_trackback','0','yes'),(51,'default_role','subscriber','yes'),(52,'db_version','24448','yes'),(53,'uploads_use_yearmonth_folders','1','yes'),(54,'upload_path','','yes'),(55,'blog_public','1','yes'),(56,'default_link_category','0','yes'),(57,'show_on_front','page','yes'),(58,'tag_base','','yes'),(59,'show_avatars','1','yes'),(60,'avatar_rating','G','yes'),(61,'upload_url_path','','yes'),(62,'thumbnail_size_w','150','yes'),(63,'thumbnail_size_h','150','yes'),(64,'thumbnail_crop','','yes'),(65,'medium_size_w','300','yes'),(66,'medium_size_h','300','yes'),(67,'avatar_default','mystery','yes'),(68,'large_size_w','1024','yes'),(69,'large_size_h','1024','yes'),(70,'image_default_link_type','','yes'),(71,'image_default_size','','yes'),(72,'image_default_align','','yes'),(73,'close_comments_for_old_posts','','yes'),(74,'close_comments_days_old','14','yes'),(75,'thread_comments','1','yes'),(76,'thread_comments_depth','5','yes'),(77,'page_comments','','yes'),(78,'comments_per_page','50','yes'),(79,'default_comments_page','newest','yes'),(80,'comment_order','asc','yes'),(81,'sticky_posts','a:0:{}','yes'),(82,'widget_categories','a:1:{s:12:\"_multiwidget\";i:1;}','yes'),(83,'widget_text','a:2:{i:2;a:3:{s:5:\"title\";s:19:\"Exposition en cours\";s:4:\"text\";s:62:\"GREGOS + FKDL jusqu\'au 7 mai\r\nPerformance mardi 6 mai à 18h\r\n\";s:6:\"filter\";b:1;}s:12:\"_multiwidget\";i:1;}','yes'),(84,'widget_rss','a:0:{}','yes'),(85,'uninstall_plugins','a:3:{s:27:\"wp-super-cache/wp-cache.php\";s:23:\"wpsupercache_deactivate\";s:39:\"underconstruction/underConstruction.php\";s:30:\"underConstructionPlugin_delete\";s:19:\"captcha/captcha.php\";s:20:\"cptch_delete_options\";}','no'),(86,'timezone_string','Europe/Paris','yes'),(87,'page_for_posts','20','yes'),(88,'page_on_front','22','yes'),(89,'default_post_format','0','yes'),(90,'link_manager_enabled','0','yes'),(91,'initial_db_version','22441','yes'),(92,'wp_user_roles','a:8:{s:13:\"administrator\";a:2:{s:4:\"name\";s:13:\"Administrator\";s:12:\"capabilities\";a:126:{s:13:\"switch_themes\";b:1;s:11:\"edit_themes\";b:1;s:16:\"activate_plugins\";b:1;s:12:\"edit_plugins\";b:1;s:10:\"edit_users\";b:1;s:10:\"edit_files\";b:1;s:14:\"manage_options\";b:1;s:17:\"moderate_comments\";b:1;s:17:\"manage_categories\";b:1;s:12:\"manage_links\";b:1;s:12:\"upload_files\";b:1;s:6:\"import\";b:1;s:15:\"unfiltered_html\";b:1;s:10:\"edit_posts\";b:1;s:17:\"edit_others_posts\";b:1;s:20:\"edit_published_posts\";b:1;s:13:\"publish_posts\";b:1;s:10:\"edit_pages\";b:1;s:4:\"read\";b:1;s:8:\"level_10\";b:1;s:7:\"level_9\";b:1;s:7:\"level_8\";b:1;s:7:\"level_7\";b:1;s:7:\"level_6\";b:1;s:7:\"level_5\";b:1;s:7:\"level_4\";b:1;s:7:\"level_3\";b:1;s:7:\"level_2\";b:1;s:7:\"level_1\";b:1;s:7:\"level_0\";b:1;s:17:\"edit_others_pages\";b:1;s:20:\"edit_published_pages\";b:1;s:13:\"publish_pages\";b:1;s:12:\"delete_pages\";b:1;s:19:\"delete_others_pages\";b:1;s:22:\"delete_published_pages\";b:1;s:12:\"delete_posts\";b:1;s:19:\"delete_others_posts\";b:1;s:22:\"delete_published_posts\";b:1;s:20:\"delete_private_posts\";b:1;s:18:\"edit_private_posts\";b:1;s:18:\"read_private_posts\";b:1;s:20:\"delete_private_pages\";b:1;s:18:\"edit_private_pages\";b:1;s:18:\"read_private_pages\";b:1;s:12:\"delete_users\";b:1;s:12:\"create_users\";b:1;s:17:\"unfiltered_upload\";b:1;s:14:\"edit_dashboard\";b:1;s:14:\"update_plugins\";b:1;s:14:\"delete_plugins\";b:1;s:15:\"install_plugins\";b:1;s:13:\"update_themes\";b:1;s:14:\"install_themes\";b:1;s:11:\"update_core\";b:1;s:10:\"list_users\";b:1;s:12:\"remove_users\";b:1;s:9:\"add_users\";b:1;s:13:\"promote_users\";b:1;s:18:\"edit_theme_options\";b:1;s:13:\"delete_themes\";b:1;s:6:\"export\";b:1;s:18:\"wysija_newsletters\";b:1;s:18:\"wysija_subscribers\";b:1;s:13:\"wysija_config\";b:1;s:16:\"wysija_theme_tab\";b:1;s:16:\"wysija_style_tab\";b:1;s:10:\"list_roles\";b:1;s:12:\"create_roles\";b:1;s:12:\"delete_roles\";b:1;s:10:\"edit_roles\";b:1;s:16:\"restrict_content\";b:1;s:22:\"wysija_stats_dashboard\";b:1;s:18:\"manage_woocommerce\";b:1;s:24:\"view_woocommerce_reports\";b:1;s:12:\"edit_product\";b:1;s:12:\"read_product\";b:1;s:14:\"delete_product\";b:1;s:13:\"edit_products\";b:1;s:20:\"edit_others_products\";b:1;s:16:\"publish_products\";b:1;s:21:\"read_private_products\";b:1;s:15:\"delete_products\";b:1;s:23:\"delete_private_products\";b:1;s:25:\"delete_published_products\";b:1;s:22:\"delete_others_products\";b:1;s:21:\"edit_private_products\";b:1;s:23:\"edit_published_products\";b:1;s:20:\"manage_product_terms\";b:1;s:18:\"edit_product_terms\";b:1;s:20:\"delete_product_terms\";b:1;s:20:\"assign_product_terms\";b:1;s:15:\"edit_shop_order\";b:1;s:15:\"read_shop_order\";b:1;s:17:\"delete_shop_order\";b:1;s:16:\"edit_shop_orders\";b:1;s:23:\"edit_others_shop_orders\";b:1;s:19:\"publish_shop_orders\";b:1;s:24:\"read_private_shop_orders\";b:1;s:18:\"delete_shop_orders\";b:1;s:26:\"delete_private_shop_orders\";b:1;s:28:\"delete_published_shop_orders\";b:1;s:25:\"delete_others_shop_orders\";b:1;s:24:\"edit_private_shop_orders\";b:1;s:26:\"edit_published_shop_orders\";b:1;s:23:\"manage_shop_order_terms\";b:1;s:21:\"edit_shop_order_terms\";b:1;s:23:\"delete_shop_order_terms\";b:1;s:23:\"assign_shop_order_terms\";b:1;s:16:\"edit_shop_coupon\";b:1;s:16:\"read_shop_coupon\";b:1;s:18:\"delete_shop_coupon\";b:1;s:17:\"edit_shop_coupons\";b:1;s:24:\"edit_others_shop_coupons\";b:1;s:20:\"publish_shop_coupons\";b:1;s:25:\"read_private_shop_coupons\";b:1;s:19:\"delete_shop_coupons\";b:1;s:27:\"delete_private_shop_coupons\";b:1;s:29:\"delete_published_shop_coupons\";b:1;s:26:\"delete_others_shop_coupons\";b:1;s:25:\"edit_private_shop_coupons\";b:1;s:27:\"edit_published_shop_coupons\";b:1;s:24:\"manage_shop_coupon_terms\";b:1;s:22:\"edit_shop_coupon_terms\";b:1;s:24:\"delete_shop_coupon_terms\";b:1;s:24:\"assign_shop_coupon_terms\";b:1;}}s:6:\"editor\";a:2:{s:4:\"name\";s:6:\"Editor\";s:12:\"capabilities\";a:34:{s:17:\"moderate_comments\";b:1;s:17:\"manage_categories\";b:1;s:12:\"manage_links\";b:1;s:12:\"upload_files\";b:1;s:15:\"unfiltered_html\";b:1;s:10:\"edit_posts\";b:1;s:17:\"edit_others_posts\";b:1;s:20:\"edit_published_posts\";b:1;s:13:\"publish_posts\";b:1;s:10:\"edit_pages\";b:1;s:4:\"read\";b:1;s:7:\"level_7\";b:1;s:7:\"level_6\";b:1;s:7:\"level_5\";b:1;s:7:\"level_4\";b:1;s:7:\"level_3\";b:1;s:7:\"level_2\";b:1;s:7:\"level_1\";b:1;s:7:\"level_0\";b:1;s:17:\"edit_others_pages\";b:1;s:20:\"edit_published_pages\";b:1;s:13:\"publish_pages\";b:1;s:12:\"delete_pages\";b:1;s:19:\"delete_others_pages\";b:1;s:22:\"delete_published_pages\";b:1;s:12:\"delete_posts\";b:1;s:19:\"delete_others_posts\";b:1;s:22:\"delete_published_posts\";b:1;s:20:\"delete_private_posts\";b:1;s:18:\"edit_private_posts\";b:1;s:18:\"read_private_posts\";b:1;s:20:\"delete_private_pages\";b:1;s:18:\"edit_private_pages\";b:1;s:18:\"read_private_pages\";b:1;}}s:6:\"author\";a:2:{s:4:\"name\";s:6:\"Author\";s:12:\"capabilities\";a:10:{s:12:\"upload_files\";b:1;s:10:\"edit_posts\";b:1;s:20:\"edit_published_posts\";b:1;s:13:\"publish_posts\";b:1;s:4:\"read\";b:1;s:7:\"level_2\";b:1;s:7:\"level_1\";b:1;s:7:\"level_0\";b:1;s:12:\"delete_posts\";b:1;s:22:\"delete_published_posts\";b:1;}}s:11:\"contributor\";a:2:{s:4:\"name\";s:11:\"Contributor\";s:12:\"capabilities\";a:5:{s:10:\"edit_posts\";b:1;s:4:\"read\";b:1;s:7:\"level_1\";b:1;s:7:\"level_0\";b:1;s:12:\"delete_posts\";b:1;}}s:10:\"subscriber\";a:2:{s:4:\"name\";s:10:\"Subscriber\";s:12:\"capabilities\";a:2:{s:4:\"read\";b:1;s:7:\"level_0\";b:1;}}s:7:\"testeur\";a:2:{s:4:\"name\";s:7:\"Testeur\";s:12:\"capabilities\";a:2:{s:4:\"read\";s:4:\"true\";s:12:\"upload_files\";s:4:\"true\";}}s:8:\"customer\";a:2:{s:4:\"name\";s:8:\"Customer\";s:12:\"capabilities\";a:3:{s:4:\"read\";b:1;s:10:\"edit_posts\";b:0;s:12:\"delete_posts\";b:0;}}s:12:\"shop_manager\";a:2:{s:4:\"name\";s:12:\"Shop Manager\";s:12:\"capabilities\";a:93:{s:7:\"level_9\";b:1;s:7:\"level_8\";b:1;s:7:\"level_7\";b:1;s:7:\"level_6\";b:1;s:7:\"level_5\";b:1;s:7:\"level_4\";b:1;s:7:\"level_3\";b:1;s:7:\"level_2\";b:1;s:7:\"level_1\";b:1;s:7:\"level_0\";b:1;s:4:\"read\";b:1;s:18:\"read_private_pages\";b:1;s:18:\"read_private_posts\";b:1;s:10:\"edit_users\";b:1;s:10:\"edit_posts\";b:1;s:10:\"edit_pages\";b:1;s:20:\"edit_published_posts\";b:1;s:20:\"edit_published_pages\";b:1;s:18:\"edit_private_pages\";b:1;s:18:\"edit_private_posts\";b:1;s:17:\"edit_others_posts\";b:1;s:17:\"edit_others_pages\";b:1;s:13:\"publish_posts\";b:1;s:13:\"publish_pages\";b:1;s:12:\"delete_posts\";b:1;s:12:\"delete_pages\";b:1;s:20:\"delete_private_pages\";b:1;s:20:\"delete_private_posts\";b:1;s:22:\"delete_published_pages\";b:1;s:22:\"delete_published_posts\";b:1;s:19:\"delete_others_posts\";b:1;s:19:\"delete_others_pages\";b:1;s:17:\"manage_categories\";b:1;s:12:\"manage_links\";b:1;s:17:\"moderate_comments\";b:1;s:15:\"unfiltered_html\";b:1;s:12:\"upload_files\";b:1;s:6:\"export\";b:1;s:6:\"import\";b:1;s:10:\"list_users\";b:1;s:18:\"manage_woocommerce\";b:1;s:24:\"view_woocommerce_reports\";b:1;s:12:\"edit_product\";b:1;s:12:\"read_product\";b:1;s:14:\"delete_product\";b:1;s:13:\"edit_products\";b:1;s:20:\"edit_others_products\";b:1;s:16:\"publish_products\";b:1;s:21:\"read_private_products\";b:1;s:15:\"delete_products\";b:1;s:23:\"delete_private_products\";b:1;s:25:\"delete_published_products\";b:1;s:22:\"delete_others_products\";b:1;s:21:\"edit_private_products\";b:1;s:23:\"edit_published_products\";b:1;s:20:\"manage_product_terms\";b:1;s:18:\"edit_product_terms\";b:1;s:20:\"delete_product_terms\";b:1;s:20:\"assign_product_terms\";b:1;s:15:\"edit_shop_order\";b:1;s:15:\"read_shop_order\";b:1;s:17:\"delete_shop_order\";b:1;s:16:\"edit_shop_orders\";b:1;s:23:\"edit_others_shop_orders\";b:1;s:19:\"publish_shop_orders\";b:1;s:24:\"read_private_shop_orders\";b:1;s:18:\"delete_shop_orders\";b:1;s:26:\"delete_private_shop_orders\";b:1;s:28:\"delete_published_shop_orders\";b:1;s:25:\"delete_others_shop_orders\";b:1;s:24:\"edit_private_shop_orders\";b:1;s:26:\"edit_published_shop_orders\";b:1;s:23:\"manage_shop_order_terms\";b:1;s:21:\"edit_shop_order_terms\";b:1;s:23:\"delete_shop_order_terms\";b:1;s:23:\"assign_shop_order_terms\";b:1;s:16:\"edit_shop_coupon\";b:1;s:16:\"read_shop_coupon\";b:1;s:18:\"delete_shop_coupon\";b:1;s:17:\"edit_shop_coupons\";b:1;s:24:\"edit_others_shop_coupons\";b:1;s:20:\"publish_shop_coupons\";b:1;s:25:\"read_private_shop_coupons\";b:1;s:19:\"delete_shop_coupons\";b:1;s:27:\"delete_private_shop_coupons\";b:1;s:29:\"delete_published_shop_coupons\";b:1;s:26:\"delete_others_shop_coupons\";b:1;s:25:\"edit_private_shop_coupons\";b:1;s:27:\"edit_published_shop_coupons\";b:1;s:24:\"manage_shop_coupon_terms\";b:1;s:22:\"edit_shop_coupon_terms\";b:1;s:24:\"delete_shop_coupon_terms\";b:1;s:24:\"assign_shop_coupon_terms\";b:1;}}}','yes'),(93,'widget_search','a:1:{s:12:\"_multiwidget\";i:1;}','yes'),(94,'widget_recent-posts','a:3:{i:2;a:3:{s:5:\"title\";s:0:\"\";s:6:\"number\";i:3;s:9:\"show_date\";b:0;}i:3;a:3:{s:5:\"title\";s:19:\"Les dernières news\";s:6:\"number\";i:3;s:9:\"show_date\";b:0;}s:12:\"_multiwidget\";i:1;}','yes'),(95,'widget_recent-comments','a:1:{s:12:\"_multiwidget\";i:1;}','yes'),(96,'widget_archives','a:2:{i:2;a:3:{s:5:\"title\";s:0:\"\";s:5:\"count\";i:0;s:8:\"dropdown\";i:0;}s:12:\"_multiwidget\";i:1;}','yes'),(97,'widget_meta','a:1:{s:12:\"_multiwidget\";i:1;}','yes'),(98,'sidebars_widgets','a:15:{s:19:\"wp_inactive_widgets\";a:0:{}s:12:\"blog-sidebar\";a:3:{i:0;s:16:\"revoke_contact-3\";i:1;s:14:\"recent-posts-2\";i:2;s:10:\"archives-2\";}s:14:\"footer-sidebar\";a:3:{i:0;s:14:\"recent-posts-3\";i:1;s:8:\"wysija-3\";i:2;s:6:\"text-2\";}s:12:\"page-sidebar\";a:2:{i:0;s:19:\"icl_lang_sel_widget\";i:1;s:8:\"wysija-2\";}s:13:\"alt-sidebar-1\";a:0:{}s:13:\"alt-sidebar-2\";a:2:{i:0;s:7:\"pages-3\";i:1;s:16:\"revoke_contact-2\";}s:13:\"alt-sidebar-3\";a:0:{}s:13:\"alt-sidebar-4\";a:0:{}s:13:\"alt-sidebar-5\";a:0:{}s:13:\"alt-sidebar-6\";a:0:{}s:13:\"alt-sidebar-7\";a:0:{}s:13:\"alt-sidebar-8\";a:0:{}s:13:\"alt-sidebar-9\";a:0:{}s:14:\"alt-sidebar-10\";a:1:{i:0;s:16:\"revoke_contact-4\";}s:13:\"array_version\";i:3;}','yes'),(99,'cron','a:7:{i:1408699270;a:1:{s:11:\"wp_cache_gc\";a:1:{s:32:\"40cd750bba9870f18aada2478b24840a\";a:2:{s:8:\"schedule\";b:0;s:4:\"args\";a:0:{}}}}i:1408699763;a:3:{s:16:\"wp_version_check\";a:1:{s:32:\"40cd750bba9870f18aada2478b24840a\";a:3:{s:8:\"schedule\";s:10:\"twicedaily\";s:4:\"args\";a:0:{}s:8:\"interval\";i:43200;}}s:17:\"wp_update_plugins\";a:1:{s:32:\"40cd750bba9870f18aada2478b24840a\";a:3:{s:8:\"schedule\";s:10:\"twicedaily\";s:4:\"args\";a:0:{}s:8:\"interval\";i:43200;}}s:16:\"wp_update_themes\";a:1:{s:32:\"40cd750bba9870f18aada2478b24840a\";a:3:{s:8:\"schedule\";s:10:\"twicedaily\";s:4:\"args\";a:0:{}s:8:\"interval\";i:43200;}}}i:1408699854;a:1:{s:19:\"wp_scheduled_delete\";a:1:{s:32:\"40cd750bba9870f18aada2478b24840a\";a:3:{s:8:\"schedule\";s:5:\"daily\";s:4:\"args\";a:0:{}s:8:\"interval\";i:86400;}}}i:1408718333;a:1:{s:30:\"wp_scheduled_auto_draft_delete\";a:1:{s:32:\"40cd750bba9870f18aada2478b24840a\";a:3:{s:8:\"schedule\";s:5:\"daily\";s:4:\"args\";a:0:{}s:8:\"interval\";i:86400;}}}i:1408722491;a:1:{s:28:\"woocommerce_cleanup_sessions\";a:1:{s:32:\"40cd750bba9870f18aada2478b24840a\";a:3:{s:8:\"schedule\";s:10:\"twicedaily\";s:4:\"args\";a:0:{}s:8:\"interval\";i:43200;}}}i:1408759200;a:1:{s:27:\"woocommerce_scheduled_sales\";a:1:{s:32:\"40cd750bba9870f18aada2478b24840a\";a:3:{s:8:\"schedule\";s:5:\"daily\";s:4:\"args\";a:0:{}s:8:\"interval\";i:86400;}}}s:7:\"version\";i:2;}','yes'),(106,'_site_transient_timeout_browser_b2153d83ec1d7b7106bc8239bbfa67cc','1358328648','yes'),(107,'_site_transient_browser_b2153d83ec1d7b7106bc8239bbfa67cc','a:9:{s:8:\"platform\";s:5:\"Linux\";s:4:\"name\";s:7:\"Firefox\";s:7:\"version\";s:6:\"13.0.1\";s:10:\"update_url\";s:23:\"http://www.firefox.com/\";s:7:\"img_src\";s:50:\"http://s.wordpress.org/images/browsers/firefox.png\";s:11:\"img_src_ssl\";s:49:\"https://wordpress.org/images/browsers/firefox.png\";s:15:\"current_version\";s:2:\"16\";s:7:\"upgrade\";b:1;s:8:\"insecure\";b:0;}','yes'),(108,'dashboard_widget_options','a:4:{s:25:\"dashboard_recent_comments\";a:1:{s:5:\"items\";i:5;}s:24:\"dashboard_incoming_links\";a:5:{s:4:\"home\";s:24:\"http://joelknafo-art.com\";s:4:\"link\";s:100:\"http://blogsearch.google.com/blogsearch?scoring=d&partner=wordpress&q=link:http://joelknafo-art.com/\";s:3:\"url\";s:133:\"http://blogsearch.google.com/blogsearch_feeds?scoring=d&ie=utf-8&num=10&output=rss&partner=wordpress&q=link:http://joelknafo-art.com/\";s:5:\"items\";i:10;s:9:\"show_date\";b:0;}s:17:\"dashboard_primary\";a:7:{s:4:\"link\";s:35:\"http://www.wordpress-fr.net/planet/\";s:3:\"url\";s:55:\"http://feeds2.feedburner.com/WordpressFrancophonePlanet\";s:5:\"title\";s:14:\"Blog WordPress\";s:5:\"items\";i:2;s:12:\"show_summary\";i:1;s:11:\"show_author\";i:0;s:9:\"show_date\";i:1;}s:19:\"dashboard_secondary\";a:7:{s:4:\"link\";s:35:\"http://www.wordpress-fr.net/planet/\";s:3:\"url\";s:55:\"http://feeds2.feedburner.com/WordpressFrancophonePlanet\";s:5:\"title\";s:46:\"Autres actualités de WordPress (en français)\";s:5:\"items\";i:5;s:12:\"show_summary\";i:0;s:11:\"show_author\";i:0;s:9:\"show_date\";i:0;}}','yes'),(110,'_transient_timeout_feed_1f538d09de234500f579190da4c5147f','1357767052','no'),(112,'_transient_timeout_feed_mod_1f538d09de234500f579190da4c5147f','1357767052','no'),(113,'_transient_feed_mod_1f538d09de234500f579190da4c5147f','1357723852','no'),(116,'_transient_timeout_feed_ac0b00fe65abe10e0c5b588f3ed8c7ca','1357767053','no'),(117,'_transient_feed_ac0b00fe65abe10e0c5b588f3ed8c7ca','a:4:{s:5:\"child\";a:1:{s:0:\"\";a:1:{s:3:\"rss\";a:1:{i:0;a:6:{s:4:\"data\";s:3:\"\n\n\n\";s:7:\"attribs\";a:1:{s:0:\"\";a:1:{s:7:\"version\";s:3:\"2.0\";}}s:8:\"xml_base\";s:0:\"\";s:17:\"xml_base_explicit\";b:0;s:8:\"xml_lang\";s:0:\"\";s:5:\"child\";a:1:{s:0:\"\";a:1:{s:7:\"channel\";a:1:{i:0;a:6:{s:4:\"data\";s:50:\"\n	\n	\n	\n	\n	\n	\n	\n	\n	\n		\n		\n		\n		\n		\n		\n		\n		\n		\n		\n	\";s:7:\"attribs\";a:0:{}s:8:\"xml_base\";s:0:\"\";s:17:\"xml_base_explicit\";b:0;s:8:\"xml_lang\";s:0:\"\";s:5:\"child\";a:3:{s:0:\"\";a:7:{s:5:\"title\";a:1:{i:0;a:5:{s:4:\"data\";s:14:\"WordPress News\";s:7:\"attribs\";a:0:{}s:8:\"xml_base\";s:0:\"\";s:17:\"xml_base_explicit\";b:0;s:8:\"xml_lang\";s:0:\"\";}}s:4:\"link\";a:1:{i:0;a:5:{s:4:\"data\";s:25:\"http://wordpress.org/news\";s:7:\"attribs\";a:0:{}s:8:\"xml_base\";s:0:\"\";s:17:\"xml_base_explicit\";b:0;s:8:\"xml_lang\";s:0:\"\";}}s:11:\"description\";a:1:{i:0;a:5:{s:4:\"data\";s:14:\"WordPress News\";s:7:\"attribs\";a:0:{}s:8:\"xml_base\";s:0:\"\";s:17:\"xml_base_explicit\";b:0;s:8:\"xml_lang\";s:0:\"\";}}s:13:\"lastBuildDate\";a:1:{i:0;a:5:{s:4:\"data\";s:31:\"Tue, 01 Jan 2013 02:22:20 +0000\";s:7:\"attribs\";a:0:{}s:8:\"xml_base\";s:0:\"\";s:17:\"xml_base_explicit\";b:0;s:8:\"xml_lang\";s:0:\"\";}}s:8:\"language\";a:1:{i:0;a:5:{s:4:\"data\";s:5:\"en-US\";s:7:\"attribs\";a:0:{}s:8:\"xml_base\";s:0:\"\";s:17:\"xml_base_explicit\";b:0;s:8:\"xml_lang\";s:0:\"\";}}s:9:\"generator\";a:1:{i:0;a:5:{s:4:\"data\";s:39:\"http://wordpress.org/?v=3.6-alpha-23288\";s:7:\"attribs\";a:0:{}s:8:\"xml_base\";s:0:\"\";s:17:\"xml_base_explicit\";b:0;s:8:\"xml_lang\";s:0:\"\";}}s:4:\"item\";a:10:{i:0;a:6:{s:4:\"data\";s:42:\"\n		\n		\n		\n		\n		\n				\n\n		\n		\n				\n			\n		\n		\";s:7:\"attribs\";a:0:{}s:8:\"xml_base\";s:0:\"\";s:17:\"xml_base_explicit\";b:0;s:8:\"xml_lang\";s:0:\"\";s:5:\"child\";a:5:{s:0:\"\";a:7:{s:5:\"title\";a:1:{i:0;a:5:{s:4:\"data\";s:17:\"2012: A Look Back\";s:7:\"attribs\";a:0:{}s:8:\"xml_base\";s:0:\"\";s:17:\"xml_base_explicit\";b:0;s:8:\"xml_lang\";s:0:\"\";}}s:4:\"link\";a:1:{i:0;a:5:{s:4:\"data\";s:51:\"http://wordpress.org/news/2013/01/2012-a-look-back/\";s:7:\"attribs\";a:0:{}s:8:\"xml_base\";s:0:\"\";s:17:\"xml_base_explicit\";b:0;s:8:\"xml_lang\";s:0:\"\";}}s:8:\"comments\";a:1:{i:0;a:5:{s:4:\"data\";s:60:\"http://wordpress.org/news/2013/01/2012-a-look-back/#comments\";s:7:\"attribs\";a:0:{}s:8:\"xml_base\";s:0:\"\";s:17:\"xml_base_explicit\";b:0;s:8:\"xml_lang\";s:0:\"\";}}s:7:\"pubDate\";a:1:{i:0;a:5:{s:4:\"data\";s:31:\"Tue, 01 Jan 2013 02:22:20 +0000\";s:7:\"attribs\";a:0:{}s:8:\"xml_base\";s:0:\"\";s:17:\"xml_base_explicit\";b:0;s:8:\"xml_lang\";s:0:\"\";}}s:8:\"category\";a:1:{i:0;a:5:{s:4:\"data\";s:13:\"Uncategorized\";s:7:\"attribs\";a:0:{}s:8:\"xml_base\";s:0:\"\";s:17:\"xml_base_explicit\";b:0;s:8:\"xml_lang\";s:0:\"\";}}s:4:\"guid\";a:1:{i:0;a:5:{s:4:\"data\";s:33:\"http://wordpress.org/news/?p=2525\";s:7:\"attribs\";a:1:{s:0:\"\";a:1:{s:11:\"isPermaLink\";s:5:\"false\";}}s:8:\"xml_base\";s:0:\"\";s:17:\"xml_base_explicit\";b:0;s:8:\"xml_lang\";s:0:\"\";}}s:11:\"description\";a:1:{i:0;a:5:{s:4:\"data\";s:340:\"Another year is coming to a close, and it&#8217;s time to look back and reflect on what we&#8217;ve accomplished in the past twelve months. The WordPress community is stronger than ever, and some of the accomplishments of the past year are definitely worth remembering. Software Releases We had two major releases of the WordPress web [...]\";s:7:\"attribs\";a:0:{}s:8:\"xml_base\";s:0:\"\";s:17:\"xml_base_explicit\";b:0;s:8:\"xml_lang\";s:0:\"\";}}}s:32:\"http://purl.org/dc/elements/1.1/\";a:1:{s:7:\"creator\";a:1:{i:0;a:5:{s:4:\"data\";s:10:\"Jane Wells\";s:7:\"attribs\";a:0:{}s:8:\"xml_base\";s:0:\"\";s:17:\"xml_base_explicit\";b:0;s:8:\"xml_lang\";s:0:\"\";}}}s:40:\"http://purl.org/rss/1.0/modules/content/\";a:1:{s:7:\"encoded\";a:1:{i:0;a:5:{s:4:\"data\";s:4441:\"<p>Another year is coming to a close, and it&#8217;s time to look back and reflect on what we&#8217;ve accomplished in the past twelve months. The WordPress community is stronger than ever, and some of the accomplishments of the past year are definitely worth remembering.</p>\n<h4>Software Releases</h4>\n<p>We had two major releases of the WordPress web application with versions <a href=\"http://wordpress.org/news/2012/06/green/\">3.4</a> and <a href=\"http://wordpress.org/news/2012/12/elvin/\">3.5</a>, as well as 5 security releases during 2012. 3.4 included the theme customizer, while 3.5 became the long awaited &#8220;media release&#8221; featuring a new uploader and gallery management tool. 3.5 contained code contributions from more people than ever, and we hope to continue growing the contributor ranks in the year ahead. We currently have native apps on 6 mobile platforms &#8212; <a href=\"http://ios.wordpress.org/\">iOS</a>, <a href=\"http://android.wordpress.org/\">Android</a>, <a href=\"http://blackberry.wordpress.org/\">Blackberry</a>, <a href=\"http://wpwindowsphone.wordpress.com/\">Windows Phone</a>, <a href=\"http://nokia.wordpress.org/\">Nokia</a>, and <a href=\"http://webos.wordpress.org/\">WebOS</a> &#8212; and saw several updates there as well.</p>\n<h4>Plugin Directory</h4>\n<p>A number of improvements were made to the Plugin Directory in 2012. More cosmetic  updates, like the introduction of branded plugin page headers, make it a nicer browsing experience, while functional changes like better-integrated support forums, plugin reviews, and a favorites system made the plugin directory even more useful as a resource.</p>\n<h4>The &#8220;Make&#8221; Network and Team Reps</h4>\n<p>2012 was the year that saw the creation of <a href=\"http://make.wordpress.org/\">Make.wordpress.org</a>, a network of sites for the teams of contributors responsible for the different areas of the WordPress project. Now anyone can follow along and get involved with the teams that work on <a href=\"http://make.wordpress.org/core/\">core</a>, <a href=\"http://make.wordpress.org/themes/\">theme review</a>, <a href=\"http://make.wordpress.org/support/\">forum support</a>, <a href=\"http://make.wordpress.org/docs/\">documentation</a>, and more. In 2013 we&#8217;ll work to improve these sites to make it easier to become a contributor. Each team also now has elected Team Reps, a new role that has already led to more cross-team communication. Team reps post each week to the <a href=\"https://make.wordpress.org/updates/\">Updates blog</a> so that the other reps can keep up with what&#8217;s going on in other teams.</p>\n<h4>WordPress Community Summit</h4>\n<p>At the end of October, about 100 of the most influential and respected members of the WordPress community attended an inaugural <a href=\"https://make.wordpress.org/summit\">summit</a> to discuss where we all stand, and to figure out where we go next with WordPress. A &#8220;conference of conversations,&#8221; this unconference made everyone an active participant, and while not every issue brought to the table was solved by the end of the event, the right questions were being asked.</p>\n<h4>Meetup.com</h4>\n<p>The WordPress Foundation now has a central account with Meetup.com. We&#8217;ve brought in a couple dozen existing meetup groups as a pilot to test the system, and are in the process of working with more existing meetups (as well as new ones) to join us so that local organizers won&#8217;t have to pay organizer dues and can get more support from the WordPress project.</p>\n<h4>Internet Blackout Day</h4>\n<p>We participated in the protest against SOPA/PIPA, Internet Blackout Day, on January 18. Though we usually stay out of politics, this campaign was important, and we not only participated in the blackout on WordPress.org, we encouraged our users to do so as well, and recommended plugins to provide blackout functionality. It was deemed the <a href=\"http://sopastrike.com/numbers/\">largest online protest in history</a>.</p>\n<h4>WordCamps</h4>\n<p>And finally, it wouldn&#8217;t be a recap without counting up the <a href=\"http://wordcamp.org\">WordCamps</a>! There were 67 WordCamps around the world in 2012, bringing together WordPress users, developers, and fans. If you didn&#8217;t make it to a WordCamp this year, maybe it can be one of your new year resolutions: <a href=\"http://central.wordcamp.org/schedule/\">check the schedule</a> to find one near you!</p>\n\";s:7:\"attribs\";a:0:{}s:8:\"xml_base\";s:0:\"\";s:17:\"xml_base_explicit\";b:0;s:8:\"xml_lang\";s:0:\"\";}}}s:36:\"http://wellformedweb.org/CommentAPI/\";a:1:{s:10:\"commentRss\";a:1:{i:0;a:5:{s:4:\"data\";s:56:\"http://wordpress.org/news/2013/01/2012-a-look-back/feed/\";s:7:\"attribs\";a:0:{}s:8:\"xml_base\";s:0:\"\";s:17:\"xml_base_explicit\";b:0;s:8:\"xml_lang\";s:0:\"\";}}}s:38:\"http://purl.org/rss/1.0/modules/slash/\";a:1:{s:8:\"comments\";a:1:{i:0;a:5:{s:4:\"data\";s:1:\"0\";s:7:\"attribs\";a:0:{}s:8:\"xml_base\";s:0:\"\";s:17:\"xml_base_explicit\";b:0;s:8:\"xml_lang\";s:0:\"\";}}}}}i:1;a:6:{s:4:\"data\";s:42:\"\n		\n		\n		\n		\n		\n				\n\n		\n		\n				\n			\n		\n		\";s:7:\"attribs\";a:0:{}s:8:\"xml_base\";s:0:\"\";s:17:\"xml_base_explicit\";b:0;s:8:\"xml_lang\";s:0:\"\";s:5:\"child\";a:5:{s:0:\"\";a:7:{s:5:\"title\";a:1:{i:0;a:5:{s:4:\"data\";s:25:\"WordPress 3.5 “Elvin”\";s:7:\"attribs\";a:0:{}s:8:\"xml_base\";s:0:\"\";s:17:\"xml_base_explicit\";b:0;s:8:\"xml_lang\";s:0:\"\";}}s:4:\"link\";a:1:{i:0;a:5:{s:4:\"data\";s:40:\"http://wordpress.org/news/2012/12/elvin/\";s:7:\"attribs\";a:0:{}s:8:\"xml_base\";s:0:\"\";s:17:\"xml_base_explicit\";b:0;s:8:\"xml_lang\";s:0:\"\";}}s:8:\"comments\";a:1:{i:0;a:5:{s:4:\"data\";s:49:\"http://wordpress.org/news/2012/12/elvin/#comments\";s:7:\"attribs\";a:0:{}s:8:\"xml_base\";s:0:\"\";s:17:\"xml_base_explicit\";b:0;s:8:\"xml_lang\";s:0:\"\";}}s:7:\"pubDate\";a:1:{i:0;a:5:{s:4:\"data\";s:31:\"Tue, 11 Dec 2012 16:54:23 +0000\";s:7:\"attribs\";a:0:{}s:8:\"xml_base\";s:0:\"\";s:17:\"xml_base_explicit\";b:0;s:8:\"xml_lang\";s:0:\"\";}}s:8:\"category\";a:1:{i:0;a:5:{s:4:\"data\";s:8:\"Releases\";s:7:\"attribs\";a:0:{}s:8:\"xml_base\";s:0:\"\";s:17:\"xml_base_explicit\";b:0;s:8:\"xml_lang\";s:0:\"\";}}s:4:\"guid\";a:1:{i:0;a:5:{s:4:\"data\";s:33:\"http://wordpress.org/news/?p=2517\";s:7:\"attribs\";a:1:{s:0:\"\";a:1:{s:11:\"isPermaLink\";s:5:\"false\";}}s:8:\"xml_base\";s:0:\"\";s:17:\"xml_base_explicit\";b:0;s:8:\"xml_lang\";s:0:\"\";}}s:11:\"description\";a:1:{i:0;a:5:{s:4:\"data\";s:363:\"It&#8217;s the most wonderful time of the year: a new WordPress release is available and chock-full of goodies to delight bloggers and developers alike. We&#8217;re calling this one &#8220;Elvin&#8221; in honor of drummer Elvin Jones, who played with John Coltrane in addition to many others. If you&#8217;ve been around WordPress a while, the most dramatic [...]\";s:7:\"attribs\";a:0:{}s:8:\"xml_base\";s:0:\"\";s:17:\"xml_base_explicit\";b:0;s:8:\"xml_lang\";s:0:\"\";}}}s:32:\"http://purl.org/dc/elements/1.1/\";a:1:{s:7:\"creator\";a:1:{i:0;a:5:{s:4:\"data\";s:14:\"Matt Mullenweg\";s:7:\"attribs\";a:0:{}s:8:\"xml_base\";s:0:\"\";s:17:\"xml_base_explicit\";b:0;s:8:\"xml_lang\";s:0:\"\";}}}s:40:\"http://purl.org/rss/1.0/modules/content/\";a:1:{s:7:\"encoded\";a:1:{i:0;a:5:{s:4:\"data\";s:20083:\"<p>It&#8217;s the most wonderful time of the year: a new WordPress release <a href=\"http://wordpress.org/download/\">is available</a> and chock-full of goodies to delight bloggers and developers alike. We&#8217;re calling this one &#8220;Elvin&#8221; in honor of <a href=\"http://en.wikipedia.org/wiki/Elvin_Jones\">drummer Elvin Jones</a>, who played with John Coltrane in addition to many others.</p>\n<p>If you&#8217;ve been around WordPress a while, the most dramatic new change you&#8217;ll notice is a completely re-imagined flow for uploading photos and creating galleries. Media has long been a friction point and we&#8217;ve listened hard and given a lot of thought into crafting this new system. 3.5 includes a new default theme, Twenty Twelve, which has a very clean mobile-first responsive design and works fantastic as a base for a CMS site. Finally we&#8217;ve spent a lot of time refreshing the styles of the dashboard, updating everything to be Retina-ready with beautiful high resolution graphics, a new color picker, and streamlining a couple of fewer-used sections of the admin.</p>\n<p>Here&#8217;s a quick video overview of everything you can share with your friends:</p>\n<div id=\"v-jQDfEbzZ-1\" class=\"video-player\"><embed id=\"v-jQDfEbzZ-1-video\" src=\"http://s0.videopress.com/player.swf?v=1.03&amp;guid=jQDfEbzZ&amp;isDynamicSeeking=true\" type=\"application/x-shockwave-flash\" width=\"692\" height=\"388\" title=\"Introducing WordPress 3.5\" wmode=\"direct\" seamlesstabbing=\"true\" allowfullscreen=\"true\" allowscriptaccess=\"always\" overstretch=\"true\"></embed></div>\n<h3>For Developers</h3>\n<p>You can now put your (or anyone&#8217;s) WordPress.org username on the plugins page and see your favorite tagged ones, to make it easy to install them again when setting up a new site. There&#8217;s a new Tumblr importer. New installs no longer show the links manager. Finally for multisite developers <code>switch_to_blog()</code> is way faster and you can now install MS in a sub-directory. The <a href=\"http://underscorejs.org/\">Underscore</a> and <a href=\"http://backbonejs.org/\">Backbone</a> JavaScript libraries are now available. <a href=\"http://codex.wordpress.org/Version_3.5\">The Codex has a pretty good summary of the developer features above and beyond this</a>, and you can always <a href=\"http://core.trac.wordpress.org/milestone/3.5\">grab a warm beverage and explore Trac directly</a>.</p>\n<h3>Percussion Section</h3>\n<p>Behind every great release is great contributors. 3.5 had more people involved than any release before it:</p>\n<p><a href=\"http://profiles.wordpress.org/aaroncampbell\">Aaron D. Campbell</a>, <a href=\"http://profiles.wordpress.org/aaronholbrook\">aaronholbrook</a>, <a href=\"http://profiles.wordpress.org/jorbin\">Aaron Jorbin</a>, <a href=\"http://profiles.wordpress.org/kawauso\">Adam Harley</a>, <a href=\"http://profiles.wordpress.org/alyssonweb\">akbortoli</a>, <a href=\"http://profiles.wordpress.org/alecrust\">alecrust</a>, <a href=\"http://profiles.wordpress.org/xknown\">Alex Concha</a>, <a href=\"http://profiles.wordpress.org/alexkingorg\">Alex King</a>, <a href=\"http://profiles.wordpress.org/viper007bond\">Alex Mills (Viper007Bond)</a>, <a href=\"http://profiles.wordpress.org/alexvorn2\">alexvorn2</a>, <a href=\"http://profiles.wordpress.org/ampt\">ampt</a>, <a href=\"http://profiles.wordpress.org/sabreuse\">Amy Hendrix (sabreuse)</a>, <a href=\"http://profiles.wordpress.org/andrear\">andrea.r</a>, <a href=\"http://profiles.wordpress.org/nacin\">Andrew Nacin</a>, <a href=\"http://profiles.wordpress.org/azaozz\">Andrew Ozz</a>, <a href=\"http://profiles.wordpress.org/andrewryno\">Andrew Ryno</a>, <a href=\"http://profiles.wordpress.org/andrewspittle\">Andrew Spittle</a>, <a href=\"http://profiles.wordpress.org/andy\">Andy Skelton</a>, <a href=\"http://profiles.wordpress.org/apokalyptik\">apokalyptik</a>, <a href=\"http://profiles.wordpress.org/bainternet\">Bainternet</a>, <a href=\"http://profiles.wordpress.org/barrykooij\">Barry Kooij</a>, <a href=\"http://profiles.wordpress.org/bazza\">bazza</a>, <a href=\"http://profiles.wordpress.org/bbrooks\">bbrooks</a>, <a href=\"http://profiles.wordpress.org/casben79\">Ben Casey</a>, <a href=\"http://profiles.wordpress.org/husobj\">Ben Huson</a>, <a href=\"http://profiles.wordpress.org/benkulbertis\">Ben Kulbertis</a>, <a href=\"http://profiles.wordpress.org/bergius\">bergius</a>, <a href=\"http://profiles.wordpress.org/neoxx\">Bernhard Riedl</a>, <a href=\"http://profiles.wordpress.org/betzster\">betzster</a>, <a href=\"http://profiles.wordpress.org/bananastalktome\">Billy (bananastalktome)</a>, <a href=\"http://profiles.wordpress.org/bolo1988\">bolo1988</a>, <a href=\"http://profiles.wordpress.org/bradparbs\">bradparbs</a>, <a href=\"http://profiles.wordpress.org/bradthomas127\">bradthomas127</a>, <a href=\"http://profiles.wordpress.org/bradyvercher\">Brady Vercher</a>, <a href=\"http://profiles.wordpress.org/brandondove\">Brandon Dove</a>, <a href=\"http://profiles.wordpress.org/brianlayman\">Brian Layman</a>, <a href=\"http://profiles.wordpress.org/rzen\">Brian Richards</a>, <a href=\"http://profiles.wordpress.org/sennza\">Bronson Quick</a>, <a href=\"http://profiles.wordpress.org/bpetty\">Bryan Petty</a>, <a href=\"http://profiles.wordpress.org/cannona\">cannona</a>, <a href=\"http://profiles.wordpress.org/sixhours\">Caroline Moore</a>, <a href=\"http://profiles.wordpress.org/caspie\">Caspie</a>, <a href=\"http://profiles.wordpress.org/cdog\">cdog</a>, <a href=\"http://profiles.wordpress.org/thee17\">Charles Frees-Melvin</a>, <a href=\"http://profiles.wordpress.org/chellycat\">chellycat</a>, <a href=\"http://profiles.wordpress.org/chexee\">Chelsea Otakan</a>, <a href=\"http://profiles.wordpress.org/chouby\">Chouby</a>, <a href=\"http://profiles.wordpress.org/c3mdigital\">Chris Olbekson</a>, <a href=\"http://profiles.wordpress.org/cfinke\">Christopher Finke</a>, <a href=\"http://profiles.wordpress.org/chriswallace\">Chris Wallace</a>, <a href=\"http://profiles.wordpress.org/corvannoorloos\">Cor van Noorloos</a>, <a href=\"http://profiles.wordpress.org/scribu\">Cristi Burc&#259;</a>, <a href=\"http://profiles.wordpress.org/mrroundhill\">Dan</a>, <a href=\"http://profiles.wordpress.org/dan-rivera\">Dan Rivera</a>, <a href=\"http://profiles.wordpress.org/koopersmith\">Daryl Koopersmith</a>, <a href=\"http://profiles.wordpress.org/lessbloat\">Dave Martin</a>, <a href=\"http://profiles.wordpress.org/deltafactory\">deltafactory</a>, <a href=\"http://profiles.wordpress.org/dd32\">Dion Hulse</a>, <a href=\"http://profiles.wordpress.org/djzone\">DjZoNe</a>, <a href=\"http://profiles.wordpress.org/dllh\">dllh</a>, <a href=\"http://profiles.wordpress.org/ocean90\">Dominik Schilling</a>, <a href=\"http://profiles.wordpress.org/doublesharp\">doublesharp</a>, <a href=\"http://profiles.wordpress.org/drewapicture\">Drew Jaynes (DrewAPicture)</a>, <a href=\"http://profiles.wordpress.org/drewstrojny\">Drew Strojny</a>, <a href=\"http://profiles.wordpress.org/eddiemoya\">Eddie Moya</a>, <a href=\"http://profiles.wordpress.org/elyobo\">elyobo</a>, <a href=\"http://profiles.wordpress.org/emiluzelac\">Emil Uzelac</a>, <a href=\"http://profiles.wordpress.org/empireoflight\">Empireoflight</a>, <a href=\"http://profiles.wordpress.org/ericlewis\">Eric Andrew Lewis</a>, <a href=\"http://profiles.wordpress.org/ethitter\">Erick Hitter</a>, <a href=\"http://profiles.wordpress.org/ericmann\">Eric Mann</a>, <a href=\"http://profiles.wordpress.org/ericwahlforss\">ericwahlforss</a>, <a href=\"http://profiles.wordpress.org/evansolomon\">Evan Solomon</a>, <a href=\"http://profiles.wordpress.org/fadingdust\">fadingdust</a>, <a href=\"http://profiles.wordpress.org/f-j-kaiser\">F J Kaiser</a>, <a href=\"http://profiles.wordpress.org/foxinni\">foxinni</a>, <a href=\"http://profiles.wordpress.org/garyc40\">Gary Cao</a>, <a href=\"http://profiles.wordpress.org/garyj\">Gary Jones</a>, <a href=\"http://profiles.wordpress.org/pento\">Gary Pendergast</a>, <a href=\"http://profiles.wordpress.org/geertdd\">GeertDD</a>, <a href=\"http://profiles.wordpress.org/mamaduka\">George Mamadashvili</a>, <a href=\"http://profiles.wordpress.org/georgestephanis\">George Stephanis</a>, <a href=\"http://profiles.wordpress.org/ghosttoast\">GhostToast</a>, <a href=\"http://profiles.wordpress.org/gnarf\">gnarf</a>, <a href=\"http://profiles.wordpress.org/goldenapples\">goldenapples</a>, <a href=\"http://profiles.wordpress.org/webord\">Gustavo Bordoni</a>, <a href=\"http://profiles.wordpress.org/hakre\">hakre</a>, <a href=\"http://profiles.wordpress.org/hanni\">hanni</a>, <a href=\"http://profiles.wordpress.org/hardy101\">hardy101</a>, <a href=\"http://profiles.wordpress.org/hebbet\">hebbet</a>, <a href=\"http://profiles.wordpress.org/helenyhou\">Helen Hou-Sandi</a>, <a href=\"http://profiles.wordpress.org/hugobaeta\">Hugo Baeta</a>, <a href=\"http://profiles.wordpress.org/iamfriendly\">iamfriendly</a>, <a href=\"http://profiles.wordpress.org/iandstewart\">Ian Stewart</a>, <a href=\"http://profiles.wordpress.org/ikailo\">ikailo</a>, <a href=\"http://profiles.wordpress.org/ipstenu\">Ipstenu (Mika Epstein)</a>, <a href=\"http://profiles.wordpress.org/itworx\">itworx</a>, <a href=\"http://profiles.wordpress.org/j-idris\">j-idris</a>, <a href=\"http://profiles.wordpress.org/jakemgold\">Jake Goldman</a>, <a href=\"http://profiles.wordpress.org/jakubtyrcha\">jakub.tyrcha</a>, <a href=\"http://profiles.wordpress.org/jamescollins\">James Collins</a>, <a href=\"http://profiles.wordpress.org/jammitch\">jammitch</a>, <a href=\"http://profiles.wordpress.org/jane\">Jane Wells</a>, <a href=\"http://profiles.wordpress.org/japh\">Japh</a>, <a href=\"http://profiles.wordpress.org/jarretc\">JarretC</a>, <a href=\"http://profiles.wordpress.org/madtownlems\">Jason Lemahieu (MadtownLems)</a>, <a href=\"http://profiles.wordpress.org/javert03\">javert03</a>, <a href=\"http://profiles.wordpress.org/jbrinley\">jbrinley</a>, <a href=\"http://profiles.wordpress.org/jcakec\">jcakec</a>, <a href=\"http://profiles.wordpress.org/jblz\">Jeff Bowen</a>, <a href=\"http://profiles.wordpress.org/jeffsebring\">Jeff Sebring</a>, <a href=\"http://profiles.wordpress.org/jeremyfelt\">Jeremy Felt</a>, <a href=\"http://profiles.wordpress.org/hd-j\">Jeremy Herve</a>, <a href=\"http://profiles.wordpress.org/jerrysarcastic\">Jerry Bates (JerrySarcastic)</a>, <a href=\"http://profiles.wordpress.org/jayjdk\">Jesper Johansen (Jayjdk)</a>, <a href=\"http://profiles.wordpress.org/jndetlefsen\">jndetlefsen</a>, <a href=\"http://profiles.wordpress.org/joehoyle\">Joe Hoyle</a>, <a href=\"http://profiles.wordpress.org/joelhardi\">joelhardi</a>, <a href=\"http://profiles.wordpress.org/jkudish\">Joey Kudish</a>, <a href=\"http://profiles.wordpress.org/johnbillion\">John Blackbourn (johnbillion)</a>, <a href=\"http://profiles.wordpress.org/johnjamesjacoby\">John James Jacoby</a>, <a href=\"http://profiles.wordpress.org/johnpbloch\">John P. Bloch</a>, <a href=\"http://profiles.wordpress.org/jond3r\">Jonas Bolinder</a>, <a href=\"http://profiles.wordpress.org/jondavidjohn\">Jonathan D. Johnson</a>, <a href=\"http://profiles.wordpress.org/duck_\">Jon Cave</a>, <a href=\"http://profiles.wordpress.org/joostdekeijzer\">joostdekeijzer</a>, <a href=\"http://profiles.wordpress.org/koke\">Jorge Bernal</a>, <a href=\"http://profiles.wordpress.org/josephscott\">Joseph Scott</a>, <a href=\"http://profiles.wordpress.org/pottersys\">Juan</a>, <a href=\"http://profiles.wordpress.org/justinsainton\">Justin Sainton</a>, <a href=\"http://profiles.wordpress.org/jtsternberg\">Justin Sternberg</a>, <a href=\"http://profiles.wordpress.org/greenshady\">Justin Tadlock</a>, <a href=\"http://profiles.wordpress.org/trepmal\">Kailey Lampert (trepmal)</a>, <a href=\"http://profiles.wordpress.org/ryelle\">Kelly Dwan</a>, <a href=\"http://profiles.wordpress.org/keruspe\">Keruspe</a>, <a href=\"http://profiles.wordpress.org/kitchin\">kitchin</a>, <a href=\"http://profiles.wordpress.org/knutsp\">Knut Sparhell</a>, <a href=\"http://profiles.wordpress.org/kovshenin\">Konstantin Kovshenin</a>, <a href=\"http://profiles.wordpress.org/obenland\">Konstantin Obenland</a>, <a href=\"http://profiles.wordpress.org/kopepasah\">Kopepasah</a>, <a href=\"http://profiles.wordpress.org/klagraff\">Kristopher Lagraff</a>, <a href=\"http://profiles.wordpress.org/kurtpayne\">Kurt Payne</a>, <a href=\"http://profiles.wordpress.org/kyrylo\">Kyrylo</a>, <a href=\"http://profiles.wordpress.org/lancewillett\">Lance Willett</a>, <a href=\"http://profiles.wordpress.org/larysa\">Larysa Mykhas</a>, <a href=\"http://profiles.wordpress.org/leogermani\">leogermani</a>, <a href=\"http://profiles.wordpress.org/lesteph\">lesteph</a>, <a href=\"http://profiles.wordpress.org/linuxologos\">linuxologos</a>, <a href=\"http://profiles.wordpress.org/ldebrouwer\">Luc De Brouwer</a>, <a href=\"http://profiles.wordpress.org/lgedeon\">Luke Gedeon</a>, <a href=\"http://profiles.wordpress.org/latz\">Lutz Schroer</a>, <a href=\"http://profiles.wordpress.org/mailnew2ster\">mailnew2ster</a>, <a href=\"http://profiles.wordpress.org/targz-1\">Manuel Schmalstieg</a>, <a href=\"http://profiles.wordpress.org/maor\">Maor Chasen</a>, <a href=\"http://profiles.wordpress.org/mimecine\">Marco</a>, <a href=\"http://profiles.wordpress.org/marcuspope\">MarcusPope</a>, <a href=\"http://profiles.wordpress.org/markjaquith\">Mark Jaquith</a>, <a href=\"http://profiles.wordpress.org/markoheijnen\">Marko Heijnen</a>, <a href=\"http://profiles.wordpress.org/martythornley\">MartyThornley</a>, <a href=\"http://profiles.wordpress.org/mattdanner\">mattdanner</a>, <a href=\"http://profiles.wordpress.org/bigdawggi\">Matthew Richmond</a>, <a href=\"http://profiles.wordpress.org/sivel\">Matt Martz</a>, <a href=\"http://profiles.wordpress.org/iammattthomas\">Matt Thomas</a>, <a href=\"http://profiles.wordpress.org/mattwiebe\">Matt Wiebe</a>, <a href=\"http://profiles.wordpress.org/mattyrob\">mattyrob</a>, <a href=\"http://profiles.wordpress.org/maxcutler\">Max Cutler</a>, <a href=\"http://profiles.wordpress.org/melchoyce\">Mel Choyce</a>, <a href=\"http://profiles.wordpress.org/merty\">Mert Yazicioglu</a>, <a href=\"http://profiles.wordpress.org/mdawaffe\">Michael Adams (mdawaffe)</a>, <a href=\"http://profiles.wordpress.org/mfields\">Michael Fields</a>, <a href=\"http://profiles.wordpress.org/mbijon\">Mike Bijon</a>, <a href=\"http://profiles.wordpress.org/mdgl\">Mike Glendinning</a>, <a href=\"http://profiles.wordpress.org/mikehansenme\">Mike Hansen</a>, <a href=\"http://profiles.wordpress.org/mikelittle\">Mike Little</a>, <a href=\"http://profiles.wordpress.org/mikeschinkel\">Mike Schinkel</a>, <a href=\"http://profiles.wordpress.org/DH-Shredder\">Mike Schroder</a>, <a href=\"http://profiles.wordpress.org/toppa\">Mike Toppa</a>, <a href=\"http://profiles.wordpress.org/dimadin\">Milan Dinic</a>, <a href=\"http://profiles.wordpress.org/mitchoyoshitaka\">mitcho (Michael Yoshitaka Erlewine)</a>, <a href=\"http://profiles.wordpress.org/batmoo\">Mohammad Jangda</a>, <a href=\"http://profiles.wordpress.org/mohanjith\">mohanjith</a>, <a href=\"http://profiles.wordpress.org/mpvanwinkle77\">mpvanwinkle77</a>, <a href=\"http://profiles.wordpress.org/usermrpapa\">Mr Papa</a>, <a href=\"http://profiles.wordpress.org/murky\">murky</a>, <a href=\"http://profiles.wordpress.org/Nao\">Naoko Takano</a>, <a href=\"http://profiles.wordpress.org/alex-ye\">Nashwan Doaqan</a>, <a href=\"http://profiles.wordpress.org/niallkennedy\">Niall Kennedy</a>, <a href=\"http://profiles.wordpress.org/nbachiyski\">Nikolay Bachiyski</a>, <a href=\"http://profiles.wordpress.org/ntm\">ntm</a>, <a href=\"http://profiles.wordpress.org/nvartolomei\">nvartolomei</a>, <a href=\"http://profiles.wordpress.org/pavelevap\">pavelevap</a>, <a href=\"http://profiles.wordpress.org/pdclark\">pdclark</a>, <a href=\"http://profiles.wordpress.org/petemall\">Pete Mall</a>, <a href=\"http://profiles.wordpress.org/westi\">Peter Westwood</a>, <a href=\"http://profiles.wordpress.org/pas5027\">Pete Schuster</a>, <a href=\"http://profiles.wordpress.org/philiparthurmoore\">Philip Arthur Moore</a>, <a href=\"http://profiles.wordpress.org/phill_brown\">Phill Brown</a>, <a href=\"http://profiles.wordpress.org/picklepete\">picklepete</a>, <a href=\"http://profiles.wordpress.org/picklewagon\">Picklewagon</a>, <a href=\"http://profiles.wordpress.org/nprasath002\">Prasath Nadarajah</a>, <a href=\"http://profiles.wordpress.org/r-a-y\">r-a-y</a>, <a href=\"http://profiles.wordpress.org/ramiy\">Rami Yushuvaev</a>, <a href=\"http://profiles.wordpress.org/moraleidame\">Ricardo Moraleida</a>, <a href=\"http://profiles.wordpress.org/miqrogroove\">Robert Chapin (miqrogroove)</a>, <a href=\"http://profiles.wordpress.org/wet\">Robert Wetzlmayr</a>, <a href=\"http://profiles.wordpress.org/wpmuguru\">Ron Rennick</a>, <a href=\"http://profiles.wordpress.org/rstern\">rstern</a>, <a href=\"http://profiles.wordpress.org/ryan\">Ryan Boren</a>, <a href=\"http://profiles.wordpress.org/ryanimel\">Ryan Imel</a>, <a href=\"http://profiles.wordpress.org/ryanjkoehler\">Ryan Koehler</a>, <a href=\"http://profiles.wordpress.org/markel\">Ryan Markel</a>, <a href=\"http://profiles.wordpress.org/rmccue\">Ryan McCue</a>, <a href=\"http://profiles.wordpress.org/zeo\">Safirul Alredha</a>, <a href=\"http://profiles.wordpress.org/solarissmoke\">Samir Shah</a>, <a href=\"http://profiles.wordpress.org/gluten\">Sam Margulies</a>, <a href=\"http://profiles.wordpress.org/otto42\">Samuel Wood (Otto)</a>, <a href=\"http://profiles.wordpress.org/saracannon\">sara cannon</a>, <a href=\"http://profiles.wordpress.org/gandham\">Satish Gandham</a>, <a href=\"http://profiles.wordpress.org/scottgonzalez\">scott.gonzalez</a>, <a href=\"http://profiles.wordpress.org/sc0ttkclark\">Scott Kingsley Clark</a>, <a href=\"http://profiles.wordpress.org/coffee2code\">Scott Reilly</a>, <a href=\"http://profiles.wordpress.org/wonderboymusic\">Scott Taylor</a>, <a href=\"http://profiles.wordpress.org/greglone\">ScreenfeedFr</a>, <a href=\"http://profiles.wordpress.org/sergeysbetkenovgaroru\">sergey.s.betke</a>, <a href=\"http://profiles.wordpress.org/sergeybiryukov\">Sergey Biryukov</a>, <a href=\"http://profiles.wordpress.org/pross\">Simon Prosser</a>, <a href=\"http://profiles.wordpress.org/simonwheatley\">Simon Wheatley</a>, <a href=\"http://profiles.wordpress.org/sirzooro\">sirzooro</a>, <a href=\"http://profiles.wordpress.org/ssamture\">ssamture</a>, <a href=\"http://profiles.wordpress.org/sterlo\">sterlo</a>, <a href=\"http://profiles.wordpress.org/sumindmitriy\">sumindmitriy</a>, <a href=\"http://profiles.wordpress.org/sushkov\">sushkov</a>, <a href=\"http://profiles.wordpress.org/swekitsune\">swekitsune</a>, <a href=\"http://profiles.wordpress.org/iamtakashi\">Takashi Irie</a>, <a href=\"http://profiles.wordpress.org/taylorde\">Taylor Dewey</a>, <a href=\"http://profiles.wordpress.org/tlovett1\">Taylor Lovett</a>, <a href=\"http://profiles.wordpress.org/saltcod\">Terry Sutton</a>, <a href=\"http://profiles.wordpress.org/griffinjt\">Thomas Griffin</a>, <a href=\"http://profiles.wordpress.org/tott\">Thorsten Ott</a>, <a href=\"http://profiles.wordpress.org/timbeks\">timbeks</a>, <a href=\"http://profiles.wordpress.org/timfs\">timfs</a>, <a href=\"http://profiles.wordpress.org/tmoorewp\">Tim Moore</a>, <a href=\"http://profiles.wordpress.org/tobiasbg\">TobiasBg</a>, <a href=\"http://profiles.wordpress.org/tomasm\">TomasM</a>, <a href=\"http://profiles.wordpress.org/tomauger\">Tom Auger</a>, <a href=\"http://profiles.wordpress.org/tommcfarlin\">tommcfarlin</a>, <a href=\"http://profiles.wordpress.org/willmot\">Tom Willmot</a>, <a href=\"http://profiles.wordpress.org/toscho\">toscho</a>, <a href=\"http://profiles.wordpress.org/wpsmith\">Travis Smith</a>, <a href=\"http://profiles.wordpress.org/vhauri\">Vasken Hauri</a>, <a href=\"http://profiles.wordpress.org/viniciusmassuchetto\">Vinicius Massuchetto</a>, <a href=\"http://profiles.wordpress.org/lightningspirit\">Vitor Carvalho</a>, <a href=\"http://profiles.wordpress.org/waclawjacek\">Waclaw</a>, <a href=\"http://profiles.wordpress.org/waldojaquith\">WaldoJaquith</a>, <a href=\"http://profiles.wordpress.org/wojtekszkutnik\">Wojtek Szkutnik</a>, <a href=\"http://profiles.wordpress.org/xibe\">Xavier Borderie</a>, <a href=\"http://profiles.wordpress.org/yoavf\">Yoav Farhi</a>, <a href=\"http://profiles.wordpress.org/yogi-t\">Yogi T</a>, <a href=\"http://profiles.wordpress.org/tollmanz\">Zack Tollman</a>, and <a href=\"http://profiles.wordpress.org/zamoose\">ZaMoose</a>.</p>\n\";s:7:\"attribs\";a:0:{}s:8:\"xml_base\";s:0:\"\";s:17:\"xml_base_explicit\";b:0;s:8:\"xml_lang\";s:0:\"\";}}}s:36:\"http://wellformedweb.org/CommentAPI/\";a:1:{s:10:\"commentRss\";a:1:{i:0;a:5:{s:4:\"data\";s:45:\"http://wordpress.org/news/2012/12/elvin/feed/\";s:7:\"attribs\";a:0:{}s:8:\"xml_base\";s:0:\"\";s:17:\"xml_base_explicit\";b:0;s:8:\"xml_lang\";s:0:\"\";}}}s:38:\"http://purl.org/rss/1.0/modules/slash/\";a:1:{s:8:\"comments\";a:1:{i:0;a:5:{s:4:\"data\";s:1:\"0\";s:7:\"attribs\";a:0:{}s:8:\"xml_base\";s:0:\"\";s:17:\"xml_base_explicit\";b:0;s:8:\"xml_lang\";s:0:\"\";}}}}}i:2;a:6:{s:4:\"data\";s:45:\"\n		\n		\n		\n		\n		\n				\n		\n\n		\n		\n				\n			\n		\n		\";s:7:\"attribs\";a:0:{}s:8:\"xml_base\";s:0:\"\";s:17:\"xml_base_explicit\";b:0;s:8:\"xml_lang\";s:0:\"\";s:5:\"child\";a:5:{s:0:\"\";a:7:{s:5:\"title\";a:1:{i:0;a:5:{s:4:\"data\";s:33:\"WordPress 3.5 Release Candidate 3\";s:7:\"attribs\";a:0:{}s:8:\"xml_base\";s:0:\"\";s:17:\"xml_base_explicit\";b:0;s:8:\"xml_lang\";s:0:\"\";}}s:4:\"link\";a:1:{i:0;a:5:{s:4:\"data\";s:68:\"http://wordpress.org/news/2012/12/wordpress-3-5-release-candidate-3/\";s:7:\"attribs\";a:0:{}s:8:\"xml_base\";s:0:\"\";s:17:\"xml_base_explicit\";b:0;s:8:\"xml_lang\";s:0:\"\";}}s:8:\"comments\";a:1:{i:0;a:5:{s:4:\"data\";s:77:\"http://wordpress.org/news/2012/12/wordpress-3-5-release-candidate-3/#comments\";s:7:\"attribs\";a:0:{}s:8:\"xml_base\";s:0:\"\";s:17:\"xml_base_explicit\";b:0;s:8:\"xml_lang\";s:0:\"\";}}s:7:\"pubDate\";a:1:{i:0;a:5:{s:4:\"data\";s:31:\"Tue, 04 Dec 2012 08:37:39 +0000\";s:7:\"attribs\";a:0:{}s:8:\"xml_base\";s:0:\"\";s:17:\"xml_base_explicit\";b:0;s:8:\"xml_lang\";s:0:\"\";}}s:8:\"category\";a:2:{i:0;a:5:{s:4:\"data\";s:11:\"Development\";s:7:\"attribs\";a:0:{}s:8:\"xml_base\";s:0:\"\";s:17:\"xml_base_explicit\";b:0;s:8:\"xml_lang\";s:0:\"\";}i:1;a:5:{s:4:\"data\";s:7:\"Testing\";s:7:\"attribs\";a:0:{}s:8:\"xml_base\";s:0:\"\";s:17:\"xml_base_explicit\";b:0;s:8:\"xml_lang\";s:0:\"\";}}s:4:\"guid\";a:1:{i:0;a:5:{s:4:\"data\";s:68:\"http://wordpress.org/news/2012/12/wordpress-3-5-release-candidate-3/\";s:7:\"attribs\";a:1:{s:0:\"\";a:1:{s:11:\"isPermaLink\";s:5:\"false\";}}s:8:\"xml_base\";s:0:\"\";s:17:\"xml_base_explicit\";b:0;s:8:\"xml_lang\";s:0:\"\";}}s:11:\"description\";a:1:{i:0;a:5:{s:4:\"data\";s:339:\"The third release candidate for WordPress 3.5 is now available. We&#8217;ve made a number of changes over the last week since RC2 that we can&#8217;t wait to get into your hands. Hope you&#8217;re ready to do some testing! Final UI improvements for the new media manager, based on lots of great feedback. Show more information about [...]\";s:7:\"attribs\";a:0:{}s:8:\"xml_base\";s:0:\"\";s:17:\"xml_base_explicit\";b:0;s:8:\"xml_lang\";s:0:\"\";}}}s:32:\"http://purl.org/dc/elements/1.1/\";a:1:{s:7:\"creator\";a:1:{i:0;a:5:{s:4:\"data\";s:12:\"Andrew Nacin\";s:7:\"attribs\";a:0:{}s:8:\"xml_base\";s:0:\"\";s:17:\"xml_base_explicit\";b:0;s:8:\"xml_lang\";s:0:\"\";}}}s:40:\"http://purl.org/rss/1.0/modules/content/\";a:1:{s:7:\"encoded\";a:1:{i:0;a:5:{s:4:\"data\";s:1950:\"<p>The third release candidate for WordPress 3.5 is now available. We&#8217;ve made a number of changes over the last week since <a title=\"WordPress 3.5 Release Candidate 2\" href=\"http://wordpress.org/news/2012/11/wordpress-3-5-release-candidate-2/\">RC2</a> that we can&#8217;t wait to get into your hands. Hope you&#8217;re ready to do some testing!</p>\n<ul>\n<li><span style=\"line-height: 13px\">Final UI improvements for the new media manager, based on lots of great feedback.</span></li>\n<li>Show more information about uploading errors when they occur.</li>\n<li>When inserting an image into a post, don&#8217;t forget the alternative text.</li>\n<li>Fixes for the new admin button styles.</li>\n<li>Improvements for mobile devices, Internet Explorer, and right-to-left languages.</li>\n<li>Fix cookies for subdomain installs when multisite is installed in a subdirectory.</li>\n<li>Fix ms-files.php rewriting for very old multisite installs.</li>\n</ul>\n<p>At this point, we only have a <a href=\"http://core.trac.wordpress.org/report/5\">few minor issues</a> left. If all goes well, you will see WordPress 3.5 very soon. If you run into any issues, please post to the <a href=\"http://wordpress.org/support/forum/alphabeta/\">Alpha/Beta area in the support forums</a>.</p>\n<p>If you&#8217;d like to know what to test, visit the About page (<strong><img style=\"vertical-align: middle\" alt=\"\" src=\"http://wordpress.org/wp-content/themes/twentyten/images/wordpress.png\" /> → About</strong> in the toolbar) and check out the list of features. This is still development software, so your boss may get mad if you install this on a live site. To test WordPress 3.5, try the <a href=\"http://wordpress.org/extend/plugins/wordpress-beta-tester/\">WordPress Beta Tester</a> plugin (you&#8217;ll want &#8220;bleeding edge nightlies&#8221;). Or you can <a href=\"http://wordpress.org/wordpress-3.5-RC3.zip\">download the release candidate here (zip)</a>.</p>\n\";s:7:\"attribs\";a:0:{}s:8:\"xml_base\";s:0:\"\";s:17:\"xml_base_explicit\";b:0;s:8:\"xml_lang\";s:0:\"\";}}}s:36:\"http://wellformedweb.org/CommentAPI/\";a:1:{s:10:\"commentRss\";a:1:{i:0;a:5:{s:4:\"data\";s:73:\"http://wordpress.org/news/2012/12/wordpress-3-5-release-candidate-3/feed/\";s:7:\"attribs\";a:0:{}s:8:\"xml_base\";s:0:\"\";s:17:\"xml_base_explicit\";b:0;s:8:\"xml_lang\";s:0:\"\";}}}s:38:\"http://purl.org/rss/1.0/modules/slash/\";a:1:{s:8:\"comments\";a:1:{i:0;a:5:{s:4:\"data\";s:1:\"0\";s:7:\"attribs\";a:0:{}s:8:\"xml_base\";s:0:\"\";s:17:\"xml_base_explicit\";b:0;s:8:\"xml_lang\";s:0:\"\";}}}}}i:3;a:6:{s:4:\"data\";s:45:\"\n		\n		\n		\n		\n		\n				\n		\n\n		\n		\n				\n			\n		\n		\";s:7:\"attribs\";a:0:{}s:8:\"xml_base\";s:0:\"\";s:17:\"xml_base_explicit\";b:0;s:8:\"xml_lang\";s:0:\"\";s:5:\"child\";a:5:{s:0:\"\";a:7:{s:5:\"title\";a:1:{i:0;a:5:{s:4:\"data\";s:33:\"WordPress 3.5 Release Candidate 2\";s:7:\"attribs\";a:0:{}s:8:\"xml_base\";s:0:\"\";s:17:\"xml_base_explicit\";b:0;s:8:\"xml_lang\";s:0:\"\";}}s:4:\"link\";a:1:{i:0;a:5:{s:4:\"data\";s:68:\"http://wordpress.org/news/2012/11/wordpress-3-5-release-candidate-2/\";s:7:\"attribs\";a:0:{}s:8:\"xml_base\";s:0:\"\";s:17:\"xml_base_explicit\";b:0;s:8:\"xml_lang\";s:0:\"\";}}s:8:\"comments\";a:1:{i:0;a:5:{s:4:\"data\";s:77:\"http://wordpress.org/news/2012/11/wordpress-3-5-release-candidate-2/#comments\";s:7:\"attribs\";a:0:{}s:8:\"xml_base\";s:0:\"\";s:17:\"xml_base_explicit\";b:0;s:8:\"xml_lang\";s:0:\"\";}}s:7:\"pubDate\";a:1:{i:0;a:5:{s:4:\"data\";s:31:\"Thu, 29 Nov 2012 19:55:12 +0000\";s:7:\"attribs\";a:0:{}s:8:\"xml_base\";s:0:\"\";s:17:\"xml_base_explicit\";b:0;s:8:\"xml_lang\";s:0:\"\";}}s:8:\"category\";a:2:{i:0;a:5:{s:4:\"data\";s:11:\"Development\";s:7:\"attribs\";a:0:{}s:8:\"xml_base\";s:0:\"\";s:17:\"xml_base_explicit\";b:0;s:8:\"xml_lang\";s:0:\"\";}i:1;a:5:{s:4:\"data\";s:7:\"Testing\";s:7:\"attribs\";a:0:{}s:8:\"xml_base\";s:0:\"\";s:17:\"xml_base_explicit\";b:0;s:8:\"xml_lang\";s:0:\"\";}}s:4:\"guid\";a:1:{i:0;a:5:{s:4:\"data\";s:33:\"http://wordpress.org/news/?p=2494\";s:7:\"attribs\";a:1:{s:0:\"\";a:1:{s:11:\"isPermaLink\";s:5:\"false\";}}s:8:\"xml_base\";s:0:\"\";s:17:\"xml_base_explicit\";b:0;s:8:\"xml_lang\";s:0:\"\";}}s:11:\"description\";a:1:{i:0;a:5:{s:4:\"data\";s:339:\"The second release candidate for WordPress 3.5 is now available for download and testing. We&#8217;re still working on about a dozen remaining issues, but we hope to deliver WordPress 3.5 to your hands as early as next week. If you&#8217;d like to know what to test, visit the About page ( → About in the toolbar) and check out [...]\";s:7:\"attribs\";a:0:{}s:8:\"xml_base\";s:0:\"\";s:17:\"xml_base_explicit\";b:0;s:8:\"xml_lang\";s:0:\"\";}}}s:32:\"http://purl.org/dc/elements/1.1/\";a:1:{s:7:\"creator\";a:1:{i:0;a:5:{s:4:\"data\";s:12:\"Andrew Nacin\";s:7:\"attribs\";a:0:{}s:8:\"xml_base\";s:0:\"\";s:17:\"xml_base_explicit\";b:0;s:8:\"xml_lang\";s:0:\"\";}}}s:40:\"http://purl.org/rss/1.0/modules/content/\";a:1:{s:7:\"encoded\";a:1:{i:0;a:5:{s:4:\"data\";s:1509:\"<p>The second release candidate for WordPress 3.5 is now available for download and testing.</p>\n<p>We&#8217;re still working on about a dozen remaining issues, but we hope to deliver WordPress 3.5 to your hands as early as next week. If you&#8217;d like to know what to test, visit the About page (<strong><img alt=\"\" src=\"http://wordpress.org/wp-content/themes/twentyten/images/wordpress.png\" /> → About</strong> in the toolbar) and check out the list of features! As usual, this is still development software and we suggest you do not install this on a live site unless you are adventurous.</p>\n<p><strong>Think you&#8217;ve found a bug?</strong> Please post to the <a href=\"http://wordpress.org/support/forum/alphabeta/\">Alpha/Beta area in the support forums</a>.</p>\n<p><strong>Developers,</strong> please continue to test your plugins and themes, so that if there is a compatibility issue, we can figure it out before the final release. You can find our <a href=\"http://core.trac.wordpress.org/report/6\">list of known issues here</a>.</p>\n<p>To test WordPress 3.5, try the <a href=\"http://wordpress.org/extend/plugins/wordpress-beta-tester/\">WordPress Beta Tester</a> plugin (you&#8217;ll want &#8220;bleeding edge nightlies&#8221;). Or you can <a href=\"http://wordpress.org/wordpress-3.5-RC2.zip\">download the release candidate here (zip)</a>.</p>\n<p><em>&#8211;<br />\n</em><em>We are getting close<br />\n</em><em>Should have asked for haiku help<br />\n</em><em>Please test RC2</em></p>\n\";s:7:\"attribs\";a:0:{}s:8:\"xml_base\";s:0:\"\";s:17:\"xml_base_explicit\";b:0;s:8:\"xml_lang\";s:0:\"\";}}}s:36:\"http://wellformedweb.org/CommentAPI/\";a:1:{s:10:\"commentRss\";a:1:{i:0;a:5:{s:4:\"data\";s:73:\"http://wordpress.org/news/2012/11/wordpress-3-5-release-candidate-2/feed/\";s:7:\"attribs\";a:0:{}s:8:\"xml_base\";s:0:\"\";s:17:\"xml_base_explicit\";b:0;s:8:\"xml_lang\";s:0:\"\";}}}s:38:\"http://purl.org/rss/1.0/modules/slash/\";a:1:{s:8:\"comments\";a:1:{i:0;a:5:{s:4:\"data\";s:1:\"0\";s:7:\"attribs\";a:0:{}s:8:\"xml_base\";s:0:\"\";s:17:\"xml_base_explicit\";b:0;s:8:\"xml_lang\";s:0:\"\";}}}}}i:4;a:6:{s:4:\"data\";s:45:\"\n		\n		\n		\n		\n		\n				\n		\n\n		\n		\n				\n			\n		\n		\";s:7:\"attribs\";a:0:{}s:8:\"xml_base\";s:0:\"\";s:17:\"xml_base_explicit\";b:0;s:8:\"xml_lang\";s:0:\"\";s:5:\"child\";a:5:{s:0:\"\";a:7:{s:5:\"title\";a:1:{i:0;a:5:{s:4:\"data\";s:31:\"WordPress 3.5 Release Candidate\";s:7:\"attribs\";a:0:{}s:8:\"xml_base\";s:0:\"\";s:17:\"xml_base_explicit\";b:0;s:8:\"xml_lang\";s:0:\"\";}}s:4:\"link\";a:1:{i:0;a:5:{s:4:\"data\";s:66:\"http://wordpress.org/news/2012/11/wordpress-3-5-release-candidate/\";s:7:\"attribs\";a:0:{}s:8:\"xml_base\";s:0:\"\";s:17:\"xml_base_explicit\";b:0;s:8:\"xml_lang\";s:0:\"\";}}s:8:\"comments\";a:1:{i:0;a:5:{s:4:\"data\";s:75:\"http://wordpress.org/news/2012/11/wordpress-3-5-release-candidate/#comments\";s:7:\"attribs\";a:0:{}s:8:\"xml_base\";s:0:\"\";s:17:\"xml_base_explicit\";b:0;s:8:\"xml_lang\";s:0:\"\";}}s:7:\"pubDate\";a:1:{i:0;a:5:{s:4:\"data\";s:31:\"Thu, 22 Nov 2012 13:35:09 +0000\";s:7:\"attribs\";a:0:{}s:8:\"xml_base\";s:0:\"\";s:17:\"xml_base_explicit\";b:0;s:8:\"xml_lang\";s:0:\"\";}}s:8:\"category\";a:2:{i:0;a:5:{s:4:\"data\";s:11:\"Development\";s:7:\"attribs\";a:0:{}s:8:\"xml_base\";s:0:\"\";s:17:\"xml_base_explicit\";b:0;s:8:\"xml_lang\";s:0:\"\";}i:1;a:5:{s:4:\"data\";s:7:\"Testing\";s:7:\"attribs\";a:0:{}s:8:\"xml_base\";s:0:\"\";s:17:\"xml_base_explicit\";b:0;s:8:\"xml_lang\";s:0:\"\";}}s:4:\"guid\";a:1:{i:0;a:5:{s:4:\"data\";s:33:\"http://wordpress.org/news/?p=2479\";s:7:\"attribs\";a:1:{s:0:\"\";a:1:{s:11:\"isPermaLink\";s:5:\"false\";}}s:8:\"xml_base\";s:0:\"\";s:17:\"xml_base_explicit\";b:0;s:8:\"xml_lang\";s:0:\"\";}}s:11:\"description\";a:1:{i:0;a:5:{s:4:\"data\";s:341:\"The first release candidate for WordPress 3.5 is now available. We hope to ship WordPress 3.5 in two weeks. But to do that, we need your help! If you haven&#8217;t tested 3.5 yet, there&#8217;s no time like the present. (The oft-repeated warning: Please, not on a live site, unless you&#8217;re adventurous.) Think you&#8217;ve found a [...]\";s:7:\"attribs\";a:0:{}s:8:\"xml_base\";s:0:\"\";s:17:\"xml_base_explicit\";b:0;s:8:\"xml_lang\";s:0:\"\";}}}s:32:\"http://purl.org/dc/elements/1.1/\";a:1:{s:7:\"creator\";a:1:{i:0;a:5:{s:4:\"data\";s:12:\"Andrew Nacin\";s:7:\"attribs\";a:0:{}s:8:\"xml_base\";s:0:\"\";s:17:\"xml_base_explicit\";b:0;s:8:\"xml_lang\";s:0:\"\";}}}s:40:\"http://purl.org/rss/1.0/modules/content/\";a:1:{s:7:\"encoded\";a:1:{i:0;a:5:{s:4:\"data\";s:1545:\"<p>The first release candidate for WordPress 3.5 is now available.</p>\n<p>We hope to ship WordPress 3.5 in <em>two weeks</em>. But to do that, we need your help! If you haven&#8217;t tested 3.5 yet, there&#8217;s no time like the present. (The oft-repeated warning: Please, not on a live site, unless you&#8217;re adventurous.)</p>\n<p><strong>Think you&#8217;ve found a bug?</strong> Please post to the <a href=\"http://wordpress.org/support/forum/alphabeta/\">Alpha/Beta area in the support forums</a>. If any known issues come up, you’ll be able to <a href=\"http://core.trac.wordpress.org/report/6\">find them here</a>. <strong>Developers,</strong> please test your plugins and themes, so that if there is a compatibility issue, we can figure it out before the final release.</p>\n<p>To test WordPress 3.5, try the <a href=\"http://wordpress.org/extend/plugins/wordpress-beta-tester/\">WordPress Beta Tester</a> plugin (you&#8217;ll want &#8220;bleeding edge nightlies&#8221;). Or you can <a href=\"http://wordpress.org/wordpress-3.5-RC1.zip\">download the release candidate here (zip)</a>.</p>\n<p>If you&#8217;d like to know what to <del>break</del> test, visit the About page (<strong><img style=\"vertical-align: text-top\" alt=\"\" src=\"http://wordpress.org/wp-content/themes/twentyten/images/wordpress.png\" /> → About</strong> in the toolbar) and check out the list of features! Trust me, you want to try out media.</p>\n<p><em>Release candidate</em><br />\n<em>Three point five in two weeks time</em><br />\n<em>Please test all the things</em></p>\n\";s:7:\"attribs\";a:0:{}s:8:\"xml_base\";s:0:\"\";s:17:\"xml_base_explicit\";b:0;s:8:\"xml_lang\";s:0:\"\";}}}s:36:\"http://wellformedweb.org/CommentAPI/\";a:1:{s:10:\"commentRss\";a:1:{i:0;a:5:{s:4:\"data\";s:71:\"http://wordpress.org/news/2012/11/wordpress-3-5-release-candidate/feed/\";s:7:\"attribs\";a:0:{}s:8:\"xml_base\";s:0:\"\";s:17:\"xml_base_explicit\";b:0;s:8:\"xml_lang\";s:0:\"\";}}}s:38:\"http://purl.org/rss/1.0/modules/slash/\";a:1:{s:8:\"comments\";a:1:{i:0;a:5:{s:4:\"data\";s:1:\"0\";s:7:\"attribs\";a:0:{}s:8:\"xml_base\";s:0:\"\";s:17:\"xml_base_explicit\";b:0;s:8:\"xml_lang\";s:0:\"\";}}}}}i:5;a:6:{s:4:\"data\";s:48:\"\n		\n		\n		\n		\n		\n				\n		\n		\n\n		\n		\n				\n			\n		\n		\";s:7:\"attribs\";a:0:{}s:8:\"xml_base\";s:0:\"\";s:17:\"xml_base_explicit\";b:0;s:8:\"xml_lang\";s:0:\"\";s:5:\"child\";a:5:{s:0:\"\";a:7:{s:5:\"title\";a:1:{i:0;a:5:{s:4:\"data\";s:20:\"WordPress 3.5 Beta 3\";s:7:\"attribs\";a:0:{}s:8:\"xml_base\";s:0:\"\";s:17:\"xml_base_explicit\";b:0;s:8:\"xml_lang\";s:0:\"\";}}s:4:\"link\";a:1:{i:0;a:5:{s:4:\"data\";s:55:\"http://wordpress.org/news/2012/11/wordpress-3-5-beta-3/\";s:7:\"attribs\";a:0:{}s:8:\"xml_base\";s:0:\"\";s:17:\"xml_base_explicit\";b:0;s:8:\"xml_lang\";s:0:\"\";}}s:8:\"comments\";a:1:{i:0;a:5:{s:4:\"data\";s:64:\"http://wordpress.org/news/2012/11/wordpress-3-5-beta-3/#comments\";s:7:\"attribs\";a:0:{}s:8:\"xml_base\";s:0:\"\";s:17:\"xml_base_explicit\";b:0;s:8:\"xml_lang\";s:0:\"\";}}s:7:\"pubDate\";a:1:{i:0;a:5:{s:4:\"data\";s:31:\"Tue, 13 Nov 2012 04:26:23 +0000\";s:7:\"attribs\";a:0:{}s:8:\"xml_base\";s:0:\"\";s:17:\"xml_base_explicit\";b:0;s:8:\"xml_lang\";s:0:\"\";}}s:8:\"category\";a:3:{i:0;a:5:{s:4:\"data\";s:11:\"Development\";s:7:\"attribs\";a:0:{}s:8:\"xml_base\";s:0:\"\";s:17:\"xml_base_explicit\";b:0;s:8:\"xml_lang\";s:0:\"\";}i:1;a:5:{s:4:\"data\";s:8:\"Releases\";s:7:\"attribs\";a:0:{}s:8:\"xml_base\";s:0:\"\";s:17:\"xml_base_explicit\";b:0;s:8:\"xml_lang\";s:0:\"\";}i:2;a:5:{s:4:\"data\";s:7:\"Testing\";s:7:\"attribs\";a:0:{}s:8:\"xml_base\";s:0:\"\";s:17:\"xml_base_explicit\";b:0;s:8:\"xml_lang\";s:0:\"\";}}s:4:\"guid\";a:1:{i:0;a:5:{s:4:\"data\";s:33:\"http://wordpress.org/news/?p=2467\";s:7:\"attribs\";a:1:{s:0:\"\";a:1:{s:11:\"isPermaLink\";s:5:\"false\";}}s:8:\"xml_base\";s:0:\"\";s:17:\"xml_base_explicit\";b:0;s:8:\"xml_lang\";s:0:\"\";}}s:11:\"description\";a:1:{i:0;a:5:{s:4:\"data\";s:341:\"The third beta release of WordPress 3.5 is now available for download and testing. Hey, developers! We expect to WordPress 3.5 to be ready in just a few short weeks. Please, please test your plugins and themes against beta 3. Media management has been rewritten, and we&#8217;ve taken great pains to ensure most plugins will work the [...]\";s:7:\"attribs\";a:0:{}s:8:\"xml_base\";s:0:\"\";s:17:\"xml_base_explicit\";b:0;s:8:\"xml_lang\";s:0:\"\";}}}s:32:\"http://purl.org/dc/elements/1.1/\";a:1:{s:7:\"creator\";a:1:{i:0;a:5:{s:4:\"data\";s:12:\"Andrew Nacin\";s:7:\"attribs\";a:0:{}s:8:\"xml_base\";s:0:\"\";s:17:\"xml_base_explicit\";b:0;s:8:\"xml_lang\";s:0:\"\";}}}s:40:\"http://purl.org/rss/1.0/modules/content/\";a:1:{s:7:\"encoded\";a:1:{i:0;a:5:{s:4:\"data\";s:2677:\"<p>The third beta release of WordPress 3.5 is now available for download and testing.</p>\n<p><strong>Hey, developers!</strong> We expect to WordPress 3.5 to be ready in just a few short weeks. <em>Please, please</em> test your plugins and themes against beta 3. Media management has been rewritten, and we&#8217;ve taken great pains to ensure most plugins will work the same as before, but we&#8217;re not perfect. We would like to hear about any incompatibilities we&#8217;ve caused so we can work with you to address them <em>before</em> release, rather than after. I think you&#8217;ll agree it&#8217;s much better that way. <img src=\'http://wordpress.org/news/wp-includes/images/smilies/icon_smile.gif\' alt=\':-)\' class=\'wp-smiley\' /> </p>\n<p>To test WordPress 3.5, try the <a href=\"http://wordpress.org/extend/plugins/wordpress-beta-tester/\">WordPress Beta Tester</a> plugin (you’ll want “bleeding edge nightlies”). Or you can <a href=\"http://wordpress.org/wordpress-3.5-beta3.zip\">download the beta here</a> (zip). For more on 3.5, <a title=\"WordPress 3.5 Beta 1\" href=\"http://wordpress.org/news/2012/09/wordpress-3-5-beta-1/\">check out the extensive Beta 1 blog post</a>, which covers what’s new in version 3.5 and how you can help. We made <a href=\"http://core.trac.wordpress.org/log/trunk?action=stop_on_copy&amp;mode=stop_on_copy&amp;rev=22557&amp;stop_rev=22224&amp;limit=400\">more than 300 changes</a> since <a href=\"http://wordpress.org/news/2012/10/wordpress-3-5-beta-2/\">beta 2</a>. <span style=\"line-height: 13px\">At this point, the Add Media dialog is complete, and we&#8217;re now just working on fixing up inserting images into the editor. We&#8217;ve also u</span>pdated to jQuery UI 1.9.1, SimplePie 1.3.1, and TinyMCE 3.5.7.</p>\n<p>The usual warnings apply: We can see the light at the end of the tunnel, but this is software still in development, so we don’t recommend that you run it on a production site. Set up a test site to play with the new version.</p>\n<p>As always, if you think you’ve found a bug, you can post to the <a href=\"http://wordpress.org/support/forum/alphabeta\">Alpha/Beta area</a> in the support forums. Or, if you’re comfortable writing a reproducible bug report, <a href=\"http://core.trac.wordpress.org/\">file one on the WordPress Trac</a>. There, you can also find <a href=\"http://core.trac.wordpress.org/report/5\">a list of known bugs</a> and <a href=\"http://core.trac.wordpress.org/query?status=closed&amp;group=component&amp;milestone=3.5\">everything we’ve fixed</a> so far.</p>\n<p><em>Beta three is out</em><br />\n<em>Soon, a release candidate</em><br />\n<em>Three point five is near</em></p>\n\";s:7:\"attribs\";a:0:{}s:8:\"xml_base\";s:0:\"\";s:17:\"xml_base_explicit\";b:0;s:8:\"xml_lang\";s:0:\"\";}}}s:36:\"http://wellformedweb.org/CommentAPI/\";a:1:{s:10:\"commentRss\";a:1:{i:0;a:5:{s:4:\"data\";s:60:\"http://wordpress.org/news/2012/11/wordpress-3-5-beta-3/feed/\";s:7:\"attribs\";a:0:{}s:8:\"xml_base\";s:0:\"\";s:17:\"xml_base_explicit\";b:0;s:8:\"xml_lang\";s:0:\"\";}}}s:38:\"http://purl.org/rss/1.0/modules/slash/\";a:1:{s:8:\"comments\";a:1:{i:0;a:5:{s:4:\"data\";s:1:\"0\";s:7:\"attribs\";a:0:{}s:8:\"xml_base\";s:0:\"\";s:17:\"xml_base_explicit\";b:0;s:8:\"xml_lang\";s:0:\"\";}}}}}i:6;a:6:{s:4:\"data\";s:45:\"\n		\n		\n		\n		\n		\n				\n		\n\n		\n		\n				\n			\n		\n		\";s:7:\"attribs\";a:0:{}s:8:\"xml_base\";s:0:\"\";s:17:\"xml_base_explicit\";b:0;s:8:\"xml_lang\";s:0:\"\";s:5:\"child\";a:5:{s:0:\"\";a:7:{s:5:\"title\";a:1:{i:0;a:5:{s:4:\"data\";s:20:\"WordPress 3.5 Beta 2\";s:7:\"attribs\";a:0:{}s:8:\"xml_base\";s:0:\"\";s:17:\"xml_base_explicit\";b:0;s:8:\"xml_lang\";s:0:\"\";}}s:4:\"link\";a:1:{i:0;a:5:{s:4:\"data\";s:55:\"http://wordpress.org/news/2012/10/wordpress-3-5-beta-2/\";s:7:\"attribs\";a:0:{}s:8:\"xml_base\";s:0:\"\";s:17:\"xml_base_explicit\";b:0;s:8:\"xml_lang\";s:0:\"\";}}s:8:\"comments\";a:1:{i:0;a:5:{s:4:\"data\";s:64:\"http://wordpress.org/news/2012/10/wordpress-3-5-beta-2/#comments\";s:7:\"attribs\";a:0:{}s:8:\"xml_base\";s:0:\"\";s:17:\"xml_base_explicit\";b:0;s:8:\"xml_lang\";s:0:\"\";}}s:7:\"pubDate\";a:1:{i:0;a:5:{s:4:\"data\";s:31:\"Sat, 13 Oct 2012 00:02:08 +0000\";s:7:\"attribs\";a:0:{}s:8:\"xml_base\";s:0:\"\";s:17:\"xml_base_explicit\";b:0;s:8:\"xml_lang\";s:0:\"\";}}s:8:\"category\";a:2:{i:0;a:5:{s:4:\"data\";s:8:\"Releases\";s:7:\"attribs\";a:0:{}s:8:\"xml_base\";s:0:\"\";s:17:\"xml_base_explicit\";b:0;s:8:\"xml_lang\";s:0:\"\";}i:1;a:5:{s:4:\"data\";s:7:\"Testing\";s:7:\"attribs\";a:0:{}s:8:\"xml_base\";s:0:\"\";s:17:\"xml_base_explicit\";b:0;s:8:\"xml_lang\";s:0:\"\";}}s:4:\"guid\";a:1:{i:0;a:5:{s:4:\"data\";s:33:\"http://wordpress.org/news/?p=2458\";s:7:\"attribs\";a:1:{s:0:\"\";a:1:{s:11:\"isPermaLink\";s:5:\"false\";}}s:8:\"xml_base\";s:0:\"\";s:17:\"xml_base_explicit\";b:0;s:8:\"xml_lang\";s:0:\"\";}}s:11:\"description\";a:1:{i:0;a:5:{s:4:\"data\";s:342:\"Two weeks after the first beta, WordPress 3.5 Beta 2 is now available for download and testing. This is software still in development, so we don’t recommend that you run it on a production site. Set up a test site to play with the new version. To test WordPress 3.5, try the WordPress Beta Tester plugin (you’ll want “bleeding [...]\";s:7:\"attribs\";a:0:{}s:8:\"xml_base\";s:0:\"\";s:17:\"xml_base_explicit\";b:0;s:8:\"xml_lang\";s:0:\"\";}}}s:32:\"http://purl.org/dc/elements/1.1/\";a:1:{s:7:\"creator\";a:1:{i:0;a:5:{s:4:\"data\";s:12:\"Andrew Nacin\";s:7:\"attribs\";a:0:{}s:8:\"xml_base\";s:0:\"\";s:17:\"xml_base_explicit\";b:0;s:8:\"xml_lang\";s:0:\"\";}}}s:40:\"http://purl.org/rss/1.0/modules/content/\";a:1:{s:7:\"encoded\";a:1:{i:0;a:5:{s:4:\"data\";s:1856:\"<p>Two weeks after the first beta, WordPress 3.5 Beta 2 is now available for download and testing.</p>\n<p>This is software still in development, so we don’t recommend that you run it on a production site. Set up a test site to play with the new version. To test WordPress 3.5, try the <a href=\"http://wordpress.org/extend/plugins/wordpress-beta-tester/\">WordPress Beta Tester</a> plugin (you’ll want “bleeding edge nightlies”). Or you can <a href=\"http://wordpress.org/wordpress-3.5-beta2.zip\">download the beta here</a> (zip).</p>\n<p>For more, <a title=\"WordPress 3.5 Beta 1\" href=\"http://wordpress.org/news/2012/09/wordpress-3-5-beta-1/\"><strong>check out the extensive Beta 1 blog post</strong></a>, which covers what&#8217;s new in version 3.5 and how you can help. What&#8217;s new since beta 1? I&#8217;m glad you asked:</p>\n<ul>\n<li>New workflow for working with image galleries, including drag-and-drop reordering and quick caption editing.</li>\n<li>New image editing API. (<a title=\"Ticket 6821\" href=\"http://core.trac.wordpress.org/ticket/6821\">#6821</a>)</li>\n<li><del>New user interface for setting static front pages for the Reading Settings screen. (<a title=\"Ticket 16379\" href=\"http://core.trac.wordpress.org/ticket/16379\">#16379</a>)</del></li>\n</ul>\n<p>As always, if you think you’ve found a bug, you can post to the <a href=\"http://wordpress.org/support/forum/alphabeta\">Alpha/Beta area</a> in the support forums. Or, if you’re comfortable writing a reproducible bug report, <a href=\"http://core.trac.wordpress.org/\">file one on the WordPress Trac</a>. There, you can also find <a href=\"http://core.trac.wordpress.org/report/5\">a list of known bugs</a> and <a href=\"http://core.trac.wordpress.org/query?status=closed&amp;group=component&amp;milestone=3.5\">everything we’ve fixed</a> so far. Happy testing!</p>\n\";s:7:\"attribs\";a:0:{}s:8:\"xml_base\";s:0:\"\";s:17:\"xml_base_explicit\";b:0;s:8:\"xml_lang\";s:0:\"\";}}}s:36:\"http://wellformedweb.org/CommentAPI/\";a:1:{s:10:\"commentRss\";a:1:{i:0;a:5:{s:4:\"data\";s:60:\"http://wordpress.org/news/2012/10/wordpress-3-5-beta-2/feed/\";s:7:\"attribs\";a:0:{}s:8:\"xml_base\";s:0:\"\";s:17:\"xml_base_explicit\";b:0;s:8:\"xml_lang\";s:0:\"\";}}}s:38:\"http://purl.org/rss/1.0/modules/slash/\";a:1:{s:8:\"comments\";a:1:{i:0;a:5:{s:4:\"data\";s:1:\"0\";s:7:\"attribs\";a:0:{}s:8:\"xml_base\";s:0:\"\";s:17:\"xml_base_explicit\";b:0;s:8:\"xml_lang\";s:0:\"\";}}}}}i:7;a:6:{s:4:\"data\";s:45:\"\n		\n		\n		\n		\n		\n				\n		\n\n		\n		\n				\n			\n		\n		\";s:7:\"attribs\";a:0:{}s:8:\"xml_base\";s:0:\"\";s:17:\"xml_base_explicit\";b:0;s:8:\"xml_lang\";s:0:\"\";s:5:\"child\";a:5:{s:0:\"\";a:7:{s:5:\"title\";a:1:{i:0;a:5:{s:4:\"data\";s:35:\"WordPress 3.5 Beta 1 (and a bonus!)\";s:7:\"attribs\";a:0:{}s:8:\"xml_base\";s:0:\"\";s:17:\"xml_base_explicit\";b:0;s:8:\"xml_lang\";s:0:\"\";}}s:4:\"link\";a:1:{i:0;a:5:{s:4:\"data\";s:55:\"http://wordpress.org/news/2012/09/wordpress-3-5-beta-1/\";s:7:\"attribs\";a:0:{}s:8:\"xml_base\";s:0:\"\";s:17:\"xml_base_explicit\";b:0;s:8:\"xml_lang\";s:0:\"\";}}s:8:\"comments\";a:1:{i:0;a:5:{s:4:\"data\";s:64:\"http://wordpress.org/news/2012/09/wordpress-3-5-beta-1/#comments\";s:7:\"attribs\";a:0:{}s:8:\"xml_base\";s:0:\"\";s:17:\"xml_base_explicit\";b:0;s:8:\"xml_lang\";s:0:\"\";}}s:7:\"pubDate\";a:1:{i:0;a:5:{s:4:\"data\";s:31:\"Thu, 27 Sep 2012 22:37:49 +0000\";s:7:\"attribs\";a:0:{}s:8:\"xml_base\";s:0:\"\";s:17:\"xml_base_explicit\";b:0;s:8:\"xml_lang\";s:0:\"\";}}s:8:\"category\";a:2:{i:0;a:5:{s:4:\"data\";s:8:\"Releases\";s:7:\"attribs\";a:0:{}s:8:\"xml_base\";s:0:\"\";s:17:\"xml_base_explicit\";b:0;s:8:\"xml_lang\";s:0:\"\";}i:1;a:5:{s:4:\"data\";s:7:\"Testing\";s:7:\"attribs\";a:0:{}s:8:\"xml_base\";s:0:\"\";s:17:\"xml_base_explicit\";b:0;s:8:\"xml_lang\";s:0:\"\";}}s:4:\"guid\";a:1:{i:0;a:5:{s:4:\"data\";s:33:\"http://wordpress.org/news/?p=2443\";s:7:\"attribs\";a:1:{s:0:\"\";a:1:{s:11:\"isPermaLink\";s:5:\"false\";}}s:8:\"xml_base\";s:0:\"\";s:17:\"xml_base_explicit\";b:0;s:8:\"xml_lang\";s:0:\"\";}}s:11:\"description\";a:1:{i:0;a:5:{s:4:\"data\";s:376:\"I&#8217;m excited to announce the availability of WordPress 3.5 Beta 1. This is software still in development and we really don’t recommend that you run it on a production site — set up a test site just to play with the new version. To test WordPress 3.5, try the WordPress Beta Tester plugin (you’ll want “bleeding edge nightlies”). Or you can download [...]\";s:7:\"attribs\";a:0:{}s:8:\"xml_base\";s:0:\"\";s:17:\"xml_base_explicit\";b:0;s:8:\"xml_lang\";s:0:\"\";}}}s:32:\"http://purl.org/dc/elements/1.1/\";a:1:{s:7:\"creator\";a:1:{i:0;a:5:{s:4:\"data\";s:12:\"Andrew Nacin\";s:7:\"attribs\";a:0:{}s:8:\"xml_base\";s:0:\"\";s:17:\"xml_base_explicit\";b:0;s:8:\"xml_lang\";s:0:\"\";}}}s:40:\"http://purl.org/rss/1.0/modules/content/\";a:1:{s:7:\"encoded\";a:1:{i:0;a:5:{s:4:\"data\";s:6696:\"<p>I&#8217;m excited to announce the availability of WordPress 3.5 Beta 1.</p>\n<p>This is software still in development and <strong>we <em>really</em> don’t recommend that you run it on a production site</strong> — set up a test site just to play with the new version. To test WordPress 3.5, try the <a href=\"http://wordpress.org/extend/plugins/wordpress-beta-tester/\">WordPress Beta Tester</a> plugin (you’ll want “bleeding edge nightlies”). Or you can <a href=\"http://wordpress.org/wordpress-3.5-beta-1.zip\">download the beta here</a> (zip).</p>\n<p>In just three short months, we&#8217;ve already made a few hundred changes to improve your WordPress experience. The biggest thing we&#8217;ve been working on is overhauling the media experience from the ground up. We&#8217;ve made it all fair game: How you upload photos, arrange galleries, insert images into posts, and more. It&#8217;s still rough around the edges and some pieces are missing — which means now is the <em>perfect</em> time to test it out, report issues, and help shape our headline feature.</p>\n<p>As always, if you think you’ve found a bug, you can post to the <a href=\"http://wordpress.org/support/forum/alphabeta\">Alpha/Beta area</a> in the support forums. Or, if you’re comfortable writing a reproducible bug report, <a href=\"http://core.trac.wordpress.org/\">file one on the WordPress Trac</a>. There, you can also find <a href=\"http://core.trac.wordpress.org/report/5\">a list of known bugs</a> and <a href=\"http://core.trac.wordpress.org/query?status=closed&amp;group=component&amp;milestone=3.5\">everything we&#8217;ve fixed</a> so far.</p>\n<p>Here&#8217;s some more of what&#8217;s new:</p>\n<ul>\n<li><strong>Appearance: </strong>A simplified welcome screen. A new color picker. And the all-HiDPI (retina) dashboard.</li>\n<li><strong>Accessibility:</strong> Keyboard navigation and screen reader support have both been improved.</li>\n<li><strong>Plugins: </strong>You can browse and install plugins you&#8217;ve marked as favorites on WordPress.org, directly from your dashboard.</li>\n<li><strong>Mobile: </strong>It&#8217;ll be easier to link up your WordPress install with <a href=\"http://wordpress.org/extend/mobile/\">our mobile apps</a>, as XML-RPC is now enabled by default.</li>\n<li><strong>Links: </strong>We&#8217;ve hidden the Link Manager for new installs. (Don&#8217;t worry, <a href=\"http://wordpress.org/extend/plugins/link-manager/\">there&#8217;s a plugin for that</a>.)</li>\n</ul>\n<p><strong>Developers: </strong>We love you. We do. And one of the things we strive to do with every release is be compatible with all existing plugins and themes. To make sure we don&#8217;t break anything, we need your help. <strong>Please, please test your plugins and themes against 3.5.</strong> If something isn&#8217;t quite right, please let us know. (Chances are, it wasn&#8217;t intentional.) And despite all of the changes to media, we&#8217;re still aiming to be backwards compatible with plugins that make changes to the existing media library. It&#8217;s a tall task, and it means we need your help.</p>\n<p>Here&#8217;s some more things we think developers will enjoy (and should test their plugins and themes against):</p>\n<ul>\n<li><strong>External libraries updated:</strong> TinyMCE  <del>3.5.6</del> 3.5.7. SimplePie <del>1.3</del> 1.3.1. jQuery <del>1.8.2</del> 1.8.3. jQuery UI <del>1.9 (and it&#8217;s not even released yet)</del> 1.9.2. We&#8217;ve also added Backbone 0.9.2 and Underscore <del>1.3.3</del> 1.4.2, and you can use protocol-relative links when enqueueing scripts and styles. (<a href=\"http://core.trac.wordpress.org/ticket/16560\">#16560</a>)</li>\n<li><strong>WP Query:</strong> You can now ask to receive posts in the order specified by <code>post__in</code>. (<a href=\"http://core.trac.wordpress.org/ticket/13729\">#13729</a>)</li>\n<li><strong>XML-RPC:</strong> New user management, profile editing, and post revision methods. We&#8217;ve also removed AtomPub. (<a href=\"http://core.trac.wordpress.org/ticket/18428\">#18428</a>, <a href=\"http://core.trac.wordpress.org/ticket/21397\">#21397</a>, <a href=\"http://core.trac.wordpress.org/ticket/21866\">#21866</a>)</li>\n<li><strong>Multisite: </strong>switch_to_blog() is now used in more places, is faster, and more reliable. Also: You can now use multisite in a subdirectory, and uploaded files no longer go through ms-files (for new installs). (<a href=\"http://core.trac.wordpress.org/ticket/21434\">#21434</a>, <a href=\"http://core.trac.wordpress.org/ticket/19796\">#19796</a>, <a href=\"http://core.trac.wordpress.org/ticket/19235\">#19235</a>)</li>\n<li><strong>TinyMCE: </strong>We&#8217;ve added an experimental API for &#8220;views&#8221; which you can use to offer previews and interaction of elements from the visual editor. (<a href=\"http://core.trac.wordpress.org/ticket/21812\">#21812</a>)</li>\n<li><strong>Posts API: </strong>Major performance improvements when working with hierarchies of pages and post ancestors. Also, you can now &#8220;turn on&#8221; native custom columns for taxonomies on edit post screens. (<a href=\"http://core.trac.wordpress.org/ticket/11399\">#11399</a>, <a href=\"http://core.trac.wordpress.org/ticket/21309\">#21309</a>, <a href=\"http://core.trac.wordpress.org/ticket/21240\">#21240</a>)</li>\n<li><strong>Comments API:</strong> Search for comments of a particular status, or with a meta query (same as with WP_Query). (<a href=\"http://core.trac.wordpress.org/ticket/21101\">#21101</a>, <a href=\"http://core.trac.wordpress.org/ticket/21003\">#21003</a>)</li>\n<li><strong>oEmbed: </strong>We&#8217;ve added support for a few oEmbed providers, and we now handle SSL links. (<a href=\"http://core.trac.wordpress.org/ticket/15734\">#15734</a>, <a href=\"http://core.trac.wordpress.org/ticket/21635\">#21635</a>, <a href=\"http://core.trac.wordpress.org/ticket/16996\">#16996</a>, <a href=\"http://core.trac.wordpress.org/ticket/20102\">#20102</a>)</li>\n</ul>\n<p>We&#8217;re looking forward to your feedback. If you break it (find a bug), please report it, and if you’re a developer, try to help us fix it. We&#8217;ve already had more than 200 contributors to version 3.5 — come join us!</p>\n<h3>And as promised, a bonus:</h3>\n<p>We&#8217;re planning a December 5 release for WordPress 3.5. But, we have a special offering for you, today. The newest default theme for WordPress, <strong>Twenty</strong><strong> Twelve</strong>, is now <a href=\"http://wordpress.org/extend/themes/twentytwelve\">available for download</a> from the WordPress themes directory. It&#8217;s a gorgeous and fully responsive theme, and it works with WordPress 3.4.2. Take it for a spin!</p>\n\";s:7:\"attribs\";a:0:{}s:8:\"xml_base\";s:0:\"\";s:17:\"xml_base_explicit\";b:0;s:8:\"xml_lang\";s:0:\"\";}}}s:36:\"http://wellformedweb.org/CommentAPI/\";a:1:{s:10:\"commentRss\";a:1:{i:0;a:5:{s:4:\"data\";s:60:\"http://wordpress.org/news/2012/09/wordpress-3-5-beta-1/feed/\";s:7:\"attribs\";a:0:{}s:8:\"xml_base\";s:0:\"\";s:17:\"xml_base_explicit\";b:0;s:8:\"xml_lang\";s:0:\"\";}}}s:38:\"http://purl.org/rss/1.0/modules/slash/\";a:1:{s:8:\"comments\";a:1:{i:0;a:5:{s:4:\"data\";s:1:\"0\";s:7:\"attribs\";a:0:{}s:8:\"xml_base\";s:0:\"\";s:17:\"xml_base_explicit\";b:0;s:8:\"xml_lang\";s:0:\"\";}}}}}i:8;a:6:{s:4:\"data\";s:45:\"\n		\n		\n		\n		\n		\n				\n		\n\n		\n		\n				\n			\n		\n		\";s:7:\"attribs\";a:0:{}s:8:\"xml_base\";s:0:\"\";s:17:\"xml_base_explicit\";b:0;s:8:\"xml_lang\";s:0:\"\";s:5:\"child\";a:5:{s:0:\"\";a:7:{s:5:\"title\";a:1:{i:0;a:5:{s:4:\"data\";s:48:\"WordPress 3.4.2 Maintenance and Security Release\";s:7:\"attribs\";a:0:{}s:8:\"xml_base\";s:0:\"\";s:17:\"xml_base_explicit\";b:0;s:8:\"xml_lang\";s:0:\"\";}}s:4:\"link\";a:1:{i:0;a:5:{s:4:\"data\";s:50:\"http://wordpress.org/news/2012/09/wordpress-3-4-2/\";s:7:\"attribs\";a:0:{}s:8:\"xml_base\";s:0:\"\";s:17:\"xml_base_explicit\";b:0;s:8:\"xml_lang\";s:0:\"\";}}s:8:\"comments\";a:1:{i:0;a:5:{s:4:\"data\";s:59:\"http://wordpress.org/news/2012/09/wordpress-3-4-2/#comments\";s:7:\"attribs\";a:0:{}s:8:\"xml_base\";s:0:\"\";s:17:\"xml_base_explicit\";b:0;s:8:\"xml_lang\";s:0:\"\";}}s:7:\"pubDate\";a:1:{i:0;a:5:{s:4:\"data\";s:31:\"Thu, 06 Sep 2012 20:07:21 +0000\";s:7:\"attribs\";a:0:{}s:8:\"xml_base\";s:0:\"\";s:17:\"xml_base_explicit\";b:0;s:8:\"xml_lang\";s:0:\"\";}}s:8:\"category\";a:2:{i:0;a:5:{s:4:\"data\";s:8:\"Releases\";s:7:\"attribs\";a:0:{}s:8:\"xml_base\";s:0:\"\";s:17:\"xml_base_explicit\";b:0;s:8:\"xml_lang\";s:0:\"\";}i:1;a:5:{s:4:\"data\";s:8:\"Security\";s:7:\"attribs\";a:0:{}s:8:\"xml_base\";s:0:\"\";s:17:\"xml_base_explicit\";b:0;s:8:\"xml_lang\";s:0:\"\";}}s:4:\"guid\";a:1:{i:0;a:5:{s:4:\"data\";s:33:\"http://wordpress.org/news/?p=2426\";s:7:\"attribs\";a:1:{s:0:\"\";a:1:{s:11:\"isPermaLink\";s:5:\"false\";}}s:8:\"xml_base\";s:0:\"\";s:17:\"xml_base_explicit\";b:0;s:8:\"xml_lang\";s:0:\"\";}}s:11:\"description\";a:1:{i:0;a:5:{s:4:\"data\";s:355:\"WordPress 3.4.2, now available for download, is a maintenance and security release for all previous versions. After nearly 15 million downloads since 3.4 was released not three months ago, we&#8217;ve identified and fixed a number of nagging bugs, including: Fix some issues with older browsers in the administration area. Fix an issue where a theme [...]\";s:7:\"attribs\";a:0:{}s:8:\"xml_base\";s:0:\"\";s:17:\"xml_base_explicit\";b:0;s:8:\"xml_lang\";s:0:\"\";}}}s:32:\"http://purl.org/dc/elements/1.1/\";a:1:{s:7:\"creator\";a:1:{i:0;a:5:{s:4:\"data\";s:12:\"Andrew Nacin\";s:7:\"attribs\";a:0:{}s:8:\"xml_base\";s:0:\"\";s:17:\"xml_base_explicit\";b:0;s:8:\"xml_lang\";s:0:\"\";}}}s:40:\"http://purl.org/rss/1.0/modules/content/\";a:1:{s:7:\"encoded\";a:1:{i:0;a:5:{s:4:\"data\";s:1443:\"<p>WordPress 3.4.2, now available for download, is a maintenance and security release for all previous versions.</p>\n<p>After nearly 15 million downloads since 3.4 was released not three months ago, we&#8217;ve <a href=\"http://core.trac.wordpress.org/query?status=closed&amp;resolution=fixed&amp;milestone=3.4.2&amp;group=resolution&amp;order=severity&amp;desc=1\">identified and fixed a number of nagging bugs</a>, including:</p>\n<ul>\n<li>Fix some issues with older browsers in the administration area.</li>\n<li>Fix an issue where a theme may not preview correctly, or its screenshot may not be displayed.</li>\n<li>Improve plugin compatibility with the visual editor.</li>\n<li>Address pagination problems with some category permalink structures.</li>\n<li>Avoid errors with both oEmbed providers and trackbacks.</li>\n<li>Prevent improperly sized header images from being uploaded.</li>\n</ul>\n<p>Version 3.4.2 also fixes a few security issues and contains some security hardening. The vulnerabilities included potential privilege escalation and a bug that affects multisite installs with untrusted users. These issues were discovered and fixed by the WordPress security team.</p>\n<p><a href=\"http://wordpress.org/download/\"><strong>Download 3.4.2</strong></a><strong> now or visit Dashboard → Updates in your site admin to update now.</strong></p>\n<p><em>Fixes for some bugs<br />\nBack to work on 3.5<br />\nIt&#8217;s time to update</em></p>\n\";s:7:\"attribs\";a:0:{}s:8:\"xml_base\";s:0:\"\";s:17:\"xml_base_explicit\";b:0;s:8:\"xml_lang\";s:0:\"\";}}}s:36:\"http://wellformedweb.org/CommentAPI/\";a:1:{s:10:\"commentRss\";a:1:{i:0;a:5:{s:4:\"data\";s:55:\"http://wordpress.org/news/2012/09/wordpress-3-4-2/feed/\";s:7:\"attribs\";a:0:{}s:8:\"xml_base\";s:0:\"\";s:17:\"xml_base_explicit\";b:0;s:8:\"xml_lang\";s:0:\"\";}}}s:38:\"http://purl.org/rss/1.0/modules/slash/\";a:1:{s:8:\"comments\";a:1:{i:0;a:5:{s:4:\"data\";s:1:\"0\";s:7:\"attribs\";a:0:{}s:8:\"xml_base\";s:0:\"\";s:17:\"xml_base_explicit\";b:0;s:8:\"xml_lang\";s:0:\"\";}}}}}i:9;a:6:{s:4:\"data\";s:60:\"\n		\n		\n		\n		\n		\n				\n		\n		\n		\n		\n		\n		\n\n		\n		\n				\n			\n		\n		\";s:7:\"attribs\";a:0:{}s:8:\"xml_base\";s:0:\"\";s:17:\"xml_base_explicit\";b:0;s:8:\"xml_lang\";s:0:\"\";s:5:\"child\";a:5:{s:0:\"\";a:7:{s:5:\"title\";a:1:{i:0;a:5:{s:4:\"data\";s:23:\"Event Organizers Unite!\";s:7:\"attribs\";a:0:{}s:8:\"xml_base\";s:0:\"\";s:17:\"xml_base_explicit\";b:0;s:8:\"xml_lang\";s:0:\"\";}}s:4:\"link\";a:1:{i:0;a:5:{s:4:\"data\";s:57:\"http://wordpress.org/news/2012/07/event-organizers-unite/\";s:7:\"attribs\";a:0:{}s:8:\"xml_base\";s:0:\"\";s:17:\"xml_base_explicit\";b:0;s:8:\"xml_lang\";s:0:\"\";}}s:8:\"comments\";a:1:{i:0;a:5:{s:4:\"data\";s:66:\"http://wordpress.org/news/2012/07/event-organizers-unite/#comments\";s:7:\"attribs\";a:0:{}s:8:\"xml_base\";s:0:\"\";s:17:\"xml_base_explicit\";b:0;s:8:\"xml_lang\";s:0:\"\";}}s:7:\"pubDate\";a:1:{i:0;a:5:{s:4:\"data\";s:31:\"Fri, 13 Jul 2012 08:18:15 +0000\";s:7:\"attribs\";a:0:{}s:8:\"xml_base\";s:0:\"\";s:17:\"xml_base_explicit\";b:0;s:8:\"xml_lang\";s:0:\"\";}}s:8:\"category\";a:7:{i:0;a:5:{s:4:\"data\";s:9:\"Community\";s:7:\"attribs\";a:0:{}s:8:\"xml_base\";s:0:\"\";s:17:\"xml_base_explicit\";b:0;s:8:\"xml_lang\";s:0:\"\";}i:1;a:5:{s:4:\"data\";s:6:\"Events\";s:7:\"attribs\";a:0:{}s:8:\"xml_base\";s:0:\"\";s:17:\"xml_base_explicit\";b:0;s:8:\"xml_lang\";s:0:\"\";}i:2;a:5:{s:4:\"data\";s:7:\"classes\";s:7:\"attribs\";a:0:{}s:8:\"xml_base\";s:0:\"\";s:17:\"xml_base_explicit\";b:0;s:8:\"xml_lang\";s:0:\"\";}i:3;a:5:{s:4:\"data\";s:12:\"contributors\";s:7:\"attribs\";a:0:{}s:8:\"xml_base\";s:0:\"\";s:17:\"xml_base_explicit\";b:0;s:8:\"xml_lang\";s:0:\"\";}i:4;a:5:{s:4:\"data\";s:10:\"hackathons\";s:7:\"attribs\";a:0:{}s:8:\"xml_base\";s:0:\"\";s:17:\"xml_base_explicit\";b:0;s:8:\"xml_lang\";s:0:\"\";}i:5;a:5:{s:4:\"data\";s:7:\"meetups\";s:7:\"attribs\";a:0:{}s:8:\"xml_base\";s:0:\"\";s:17:\"xml_base_explicit\";b:0;s:8:\"xml_lang\";s:0:\"\";}i:6;a:5:{s:4:\"data\";s:9:\"WordCamps\";s:7:\"attribs\";a:0:{}s:8:\"xml_base\";s:0:\"\";s:17:\"xml_base_explicit\";b:0;s:8:\"xml_lang\";s:0:\"\";}}s:4:\"guid\";a:1:{i:0;a:5:{s:4:\"data\";s:33:\"http://wordpress.org/news/?p=2412\";s:7:\"attribs\";a:1:{s:0:\"\";a:1:{s:11:\"isPermaLink\";s:5:\"false\";}}s:8:\"xml_base\";s:0:\"\";s:17:\"xml_base_explicit\";b:0;s:8:\"xml_lang\";s:0:\"\";}}s:11:\"description\";a:1:{i:0;a:5:{s:4:\"data\";s:388:\"I&#8217;m happy to announce the formation of a new official contributor group within the WordPress project for the organizers of in-person events that promote WordPress. Though there are hundreds of people around the globe organizing WordCamps, WordPress meetups, hackathons, free classes and the like, since their &#8220;projects&#8221; were all happening locally there was never a [...]\";s:7:\"attribs\";a:0:{}s:8:\"xml_base\";s:0:\"\";s:17:\"xml_base_explicit\";b:0;s:8:\"xml_lang\";s:0:\"\";}}}s:32:\"http://purl.org/dc/elements/1.1/\";a:1:{s:7:\"creator\";a:1:{i:0;a:5:{s:4:\"data\";s:10:\"Jane Wells\";s:7:\"attribs\";a:0:{}s:8:\"xml_base\";s:0:\"\";s:17:\"xml_base_explicit\";b:0;s:8:\"xml_lang\";s:0:\"\";}}}s:40:\"http://purl.org/rss/1.0/modules/content/\";a:1:{s:7:\"encoded\";a:1:{i:0;a:5:{s:4:\"data\";s:3709:\"<p>I&#8217;m happy to announce the formation of a new official contributor group within the WordPress project for the organizers of in-person events that promote WordPress. Though there are hundreds of people around the globe organizing WordCamps, WordPress meetups, hackathons, free classes and the like, since their &#8220;projects&#8221; were all happening locally there was never a central hub of activity for these folks. Despite the many informal connections between community organizers, we weren&#8217;t taking advantage of the huge existing knowledge base as new organizers stepped up to the plate.</p>\n<p>With the creation of <a href=\"http://make.wordpress.org/events/\">this new contributor group</a>, we finally have a way to organize and recognize these kinds of contributions, a clear avenue for feedback and input when it comes to policies around official events, and the opportunity to create even more connections between community organizers through mentorship programs and group projects. I&#8217;m especially excited about the creation of this group because until now the role of community organizer, while one of the most important, has not gotten the same recognition as higher-profile contribution methods such as forum support or core code contribution. That is something I hope this group will change, and the local organizers can be recognized for the community leaders they are.*</p>\n<p>If you are the organizer of a local WordCamp, WordPress meetup, etc., head over to <a href=\"http://make.wordpress.org/events/\">http://make.wordpress.org/events/</a> and introduce yourself so we can include you in the fun!</p>\n<p>Speaking of meetups, an update on <a href=\"http://wordpress.org/news/2012/01/year-of-the-meetup/\">my last post about meetups</a> is long overdue. With around 500 meetup organizers (and/or potential organizers) responding to my last survey, it took much longer than anticipated to review all the responses. We&#8217;re working now with meetup.com to issue invitations to join a centralized WordPress Meetup account, so if you filled out the form earlier this year, you should be hearing from them soon. The first wave of existing meetup account transfers (for those who opted in) should happen in the next two weeks, with additional waves every 3 months thereafter (and new groups will be able to be created along the way).</p>\n<p>The <a href=\"http://wordpress.org/news/2012/05/calling-all-contributors-community-summit-2012/\">contributor summit</a> that is being planned for the end of October also generated hundreds of responses/nominations, so that review process is still happening, but we should be announcing some basic plans and issuing invitations soon.</p>\n<p>And finally, it would be impossible to talk about in-person WordPress events without mentioning the upcoming annual <a href=\"http://2012.sf.wordcamp.org\">WordCamp in San Francisco</a>. As the event that represents the worldwide project as a whole, it&#8217;s the perfect time to evaluate where we stand as a project and as a community, to help determine where we go next. If you&#8217;re a WordPress user, developer, or in any way a part of our vast and interconnected ecosystem, please take a moment to fill in the <a href=\"http://wpsurvey.polldaddy.com/s/wp-2012\">2nd annual WordPress survey</a>. It&#8217;s just a couple of questions, and your input would be greatly appreciated. The results of the survey will be announced at <a href=\"http://2012.sf.wordcamp.org\">WSCF</a>, and a report issued shortly thereafter.</p>\n<p>Thanks!</p>\n<p>*<em> I am also of the firm belief that academic and arts activities should earn varsity letters just like sports teams do &#8212; go mathletes! </em></p>\n\";s:7:\"attribs\";a:0:{}s:8:\"xml_base\";s:0:\"\";s:17:\"xml_base_explicit\";b:0;s:8:\"xml_lang\";s:0:\"\";}}}s:36:\"http://wellformedweb.org/CommentAPI/\";a:1:{s:10:\"commentRss\";a:1:{i:0;a:5:{s:4:\"data\";s:62:\"http://wordpress.org/news/2012/07/event-organizers-unite/feed/\";s:7:\"attribs\";a:0:{}s:8:\"xml_base\";s:0:\"\";s:17:\"xml_base_explicit\";b:0;s:8:\"xml_lang\";s:0:\"\";}}}s:38:\"http://purl.org/rss/1.0/modules/slash/\";a:1:{s:8:\"comments\";a:1:{i:0;a:5:{s:4:\"data\";s:1:\"0\";s:7:\"attribs\";a:0:{}s:8:\"xml_base\";s:0:\"\";s:17:\"xml_base_explicit\";b:0;s:8:\"xml_lang\";s:0:\"\";}}}}}}}s:27:\"http://www.w3.org/2005/Atom\";a:1:{s:4:\"link\";a:1:{i:0;a:5:{s:4:\"data\";s:0:\"\";s:7:\"attribs\";a:1:{s:0:\"\";a:3:{s:4:\"href\";s:31:\"http://wordpress.org/news/feed/\";s:3:\"rel\";s:4:\"self\";s:4:\"type\";s:19:\"application/rss+xml\";}}s:8:\"xml_base\";s:0:\"\";s:17:\"xml_base_explicit\";b:0;s:8:\"xml_lang\";s:0:\"\";}}}s:44:\"http://purl.org/rss/1.0/modules/syndication/\";a:2:{s:12:\"updatePeriod\";a:1:{i:0;a:5:{s:4:\"data\";s:6:\"hourly\";s:7:\"attribs\";a:0:{}s:8:\"xml_base\";s:0:\"\";s:17:\"xml_base_explicit\";b:0;s:8:\"xml_lang\";s:0:\"\";}}s:15:\"updateFrequency\";a:1:{i:0;a:5:{s:4:\"data\";s:1:\"1\";s:7:\"attribs\";a:0:{}s:8:\"xml_base\";s:0:\"\";s:17:\"xml_base_explicit\";b:0;s:8:\"xml_lang\";s:0:\"\";}}}}}}}}}}}}s:4:\"type\";i:128;s:7:\"headers\";a:8:{s:6:\"server\";s:5:\"nginx\";s:4:\"date\";s:29:\"Wed, 09 Jan 2013 09:31:18 GMT\";s:12:\"content-type\";s:23:\"text/xml; charset=UTF-8\";s:10:\"connection\";s:5:\"close\";s:4:\"vary\";s:15:\"Accept-Encoding\";s:10:\"x-pingback\";s:36:\"http://wordpress.org/news/xmlrpc.php\";s:13:\"last-modified\";s:29:\"Tue, 01 Jan 2013 02:22:20 GMT\";s:4:\"x-nc\";s:11:\"HIT luv 138\";}s:5:\"build\";s:14:\"20121202164312\";}','no'),(118,'_transient_timeout_feed_mod_ac0b00fe65abe10e0c5b588f3ed8c7ca','1357767053','no'),(119,'_transient_feed_mod_ac0b00fe65abe10e0c5b588f3ed8c7ca','1357723853','no'),(134,'_transient_timeout_feed_867bd5c64f85878d03a060509cd2f92c','1357767054','no'),(135,'_transient_feed_867bd5c64f85878d03a060509cd2f92c','a:4:{s:5:\"child\";a:1:{s:0:\"\";a:1:{s:3:\"rss\";a:1:{i:0;a:6:{s:4:\"data\";s:3:\"\n\n\n\";s:7:\"attribs\";a:1:{s:0:\"\";a:1:{s:7:\"version\";s:3:\"2.0\";}}s:8:\"xml_base\";s:0:\"\";s:17:\"xml_base_explicit\";b:0;s:8:\"xml_lang\";s:0:\"\";s:5:\"child\";a:1:{s:0:\"\";a:1:{s:7:\"channel\";a:1:{i:0;a:6:{s:4:\"data\";s:61:\"\n	\n	\n	\n	\n\n\n\n\n\n\n\n\n\n\n\n\n\n\n\n\n\n\n\n\n\n\n\n\n\n\n\n\n\n\n\n\n\n\n\n\n\n\n\n\n\n\n\n\n\n\n\n\n\n\n\n\n\";s:7:\"attribs\";a:0:{}s:8:\"xml_base\";s:0:\"\";s:17:\"xml_base_explicit\";b:0;s:8:\"xml_lang\";s:0:\"\";s:5:\"child\";a:1:{s:0:\"\";a:5:{s:5:\"title\";a:1:{i:0;a:5:{s:4:\"data\";s:16:\"WordPress Planet\";s:7:\"attribs\";a:0:{}s:8:\"xml_base\";s:0:\"\";s:17:\"xml_base_explicit\";b:0;s:8:\"xml_lang\";s:0:\"\";}}s:4:\"link\";a:1:{i:0;a:5:{s:4:\"data\";s:28:\"http://planet.wordpress.org/\";s:7:\"attribs\";a:0:{}s:8:\"xml_base\";s:0:\"\";s:17:\"xml_base_explicit\";b:0;s:8:\"xml_lang\";s:0:\"\";}}s:8:\"language\";a:1:{i:0;a:5:{s:4:\"data\";s:2:\"en\";s:7:\"attribs\";a:0:{}s:8:\"xml_base\";s:0:\"\";s:17:\"xml_base_explicit\";b:0;s:8:\"xml_lang\";s:0:\"\";}}s:11:\"description\";a:1:{i:0;a:5:{s:4:\"data\";s:47:\"WordPress Planet - http://planet.wordpress.org/\";s:7:\"attribs\";a:0:{}s:8:\"xml_base\";s:0:\"\";s:17:\"xml_base_explicit\";b:0;s:8:\"xml_lang\";s:0:\"\";}}s:4:\"item\";a:50:{i:0;a:6:{s:4:\"data\";s:13:\"\n	\n	\n	\n	\n	\n	\n\";s:7:\"attribs\";a:0:{}s:8:\"xml_base\";s:0:\"\";s:17:\"xml_base_explicit\";b:0;s:8:\"xml_lang\";s:0:\"\";s:5:\"child\";a:2:{s:0:\"\";a:5:{s:5:\"title\";a:1:{i:0;a:5:{s:4:\"data\";s:33:\"Matt: Control Your Social Network\";s:7:\"attribs\";a:0:{}s:8:\"xml_base\";s:0:\"\";s:17:\"xml_base_explicit\";b:0;s:8:\"xml_lang\";s:0:\"\";}}s:4:\"guid\";a:1:{i:0;a:5:{s:4:\"data\";s:21:\"http://ma.tt/?p=42098\";s:7:\"attribs\";a:0:{}s:8:\"xml_base\";s:0:\"\";s:17:\"xml_base_explicit\";b:0;s:8:\"xml_lang\";s:0:\"\";}}s:4:\"link\";a:1:{i:0;a:5:{s:4:\"data\";s:49:\"http://ma.tt/2013/01/control-your-social-network/\";s:7:\"attribs\";a:0:{}s:8:\"xml_base\";s:0:\"\";s:17:\"xml_base_explicit\";b:0;s:8:\"xml_lang\";s:0:\"\";}}s:11:\"description\";a:1:{i:0;a:5:{s:4:\"data\";s:162:\"<p>Dylan Tweney writes on <a href=\"http://venturebeat.com/2012/12/20/dylans-desk-social-networking/\">how to take back control of your own social networks</a>.</p>\";s:7:\"attribs\";a:0:{}s:8:\"xml_base\";s:0:\"\";s:17:\"xml_base_explicit\";b:0;s:8:\"xml_lang\";s:0:\"\";}}s:7:\"pubDate\";a:1:{i:0;a:5:{s:4:\"data\";s:31:\"Tue, 08 Jan 2013 21:58:41 +0000\";s:7:\"attribs\";a:0:{}s:8:\"xml_base\";s:0:\"\";s:17:\"xml_base_explicit\";b:0;s:8:\"xml_lang\";s:0:\"\";}}}s:32:\"http://purl.org/dc/elements/1.1/\";a:1:{s:7:\"creator\";a:1:{i:0;a:5:{s:4:\"data\";s:4:\"Matt\";s:7:\"attribs\";a:0:{}s:8:\"xml_base\";s:0:\"\";s:17:\"xml_base_explicit\";b:0;s:8:\"xml_lang\";s:0:\"\";}}}}}i:1;a:6:{s:4:\"data\";s:13:\"\n	\n	\n	\n	\n	\n	\n\";s:7:\"attribs\";a:0:{}s:8:\"xml_base\";s:0:\"\";s:17:\"xml_base_explicit\";b:0;s:8:\"xml_lang\";s:0:\"\";s:5:\"child\";a:2:{s:0:\"\";a:5:{s:5:\"title\";a:1:{i:0;a:5:{s:4:\"data\";s:97:\"WP Windows Phone 7: Version 1.9 Is Here: Featured Images, Editing, &amp; Reliability Improvements\";s:7:\"attribs\";a:0:{}s:8:\"xml_base\";s:0:\"\";s:17:\"xml_base_explicit\";b:0;s:8:\"xml_lang\";s:0:\"\";}}s:4:\"guid\";a:1:{i:0;a:5:{s:4:\"data\";s:42:\"http://wpwindowsphone.wordpress.com/?p=358\";s:7:\"attribs\";a:0:{}s:8:\"xml_base\";s:0:\"\";s:17:\"xml_base_explicit\";b:0;s:8:\"xml_lang\";s:0:\"\";}}s:4:\"link\";a:1:{i:0;a:5:{s:4:\"data\";s:59:\"http://wpwindowsphone.wordpress.com/2013/01/08/version-1-9/\";s:7:\"attribs\";a:0:{}s:8:\"xml_base\";s:0:\"\";s:17:\"xml_base_explicit\";b:0;s:8:\"xml_lang\";s:0:\"\";}}s:11:\"description\";a:1:{i:0;a:5:{s:4:\"data\";s:3729:\"<p><a href=\"http://wpwindowsphone.files.wordpress.com/2013/01/wpwindowsphone-1-8-featured-images-editor-reliability.png\"><img class=\"alignright size-large wp-image-376\" alt=\"wpwindowsphone-1-8-featured-images-editor-reliability\" src=\"http://wpwindowsphone.files.wordpress.com/2013/01/wpwindowsphone-1-8-featured-images-editor-reliability.png?w=300&h=560\" width=\"300\" height=\"560\" /></a>A new update of WordPress for Windows Phone is <a href=\"http://windowsphone.com/s?appid=5f64ad85-f801-e011-9264-00237de2db9e\">now available in the Windows Phone Store</a>. We’re pleased to introduce version 1.9, which adds some very powerful features! Here’s what’s new:</p>\n<h3>Featured Images Support</h3>\n<p>We’re happy to report that you can now upload a <a href=\"http://codex.wordpress.org/Post_Thumbnails\" target=\"_blank\">Featured Image</a> for your blog posts as long as your theme supports it. To set an image as featured, just tap on it after adding it to the post content area and click the ‘feature’ button — see the screenshot on the right.</p>\n<p>Note that you’ll need WordPress 3.4.1 or greater and a theme that supports featured images in order to use this feature.</p>\n<h3>Full Screen Editing</h3>\n<p>Your phone has a relatively small screen and when writing a post, a large portion of it is taken up by the keyboard. While you’re not likely to write <a href=\"http://en.wikipedia.org/wiki/Divine_Comedy\" target=\"_blank\">&#8220;The Divine Comedy&#8221;</a> on your phone, wouldn’t it be great to have just a little more space? In 1.9 the content editor has its own page that fills the whole screen.</p>\n<p>When the post is ready to go, just press the back button and you’ll be right back in the Post editor.</p>\n<h3>Reliability Improvements</h3>\n<p>In addition to the new features, we’ve worked hard on making the app even more stable and fast. In total, almost 20 bugs and crashes have been fixed in this release. You can see the details on what was taken care of on the <a href=\"http://windowsphone.trac.wordpress.org/query?group=status&milestone=1.9\" target=\"_blank\">trac roadmap</a>.</p>\n<h3>Download</h3>\n<p>Ready to get the latest? Click the link below to update the best WordPress app for Windows Phone so far.</p>\n<p class=\"download\"><a href=\"http://windowsphone.com/s?appid=5f64ad85-f801-e011-9264-00237de2db9e\"><strong>Download App</strong>WordPress for Windows Phone</a><span class=\"download-info\">Supported: WordPress.com or self-hosted WordPress (v. 2.9+)</span></p>\n<h3>Contributors</h3>\n<p>A huge thanks to the contributors that worked on this release:  <a href=\"http://wordpress.org/support/profile/aerych\">aerych</a>, <a href=\"http://wordpress.org/support/profile/daniloercoli\">daniloercoli</a>.</p>\n<p>Would you like to get in on the fun? Let us know at <a title=\"WordPress for Windows Phone developer blog\" href=\"http://windowsphonedev.wordpress.org\" target=\"_blank\">windowsphonedev.wordpress.org</a>  or head on over to <a href=\"http://make.wordpress.org/mobile\" target=\"_blank\">make/mobile on WordPress.org</a> and we&#8217;ll help you get started as a contributor.  Do you have an idea for a new feature or have you encountered a bug that needs fixing? Tell us about it on the <a title=\"Project Trac site\" href=\"http://wpwindowsphone.wordpress.com/feed/windowsphone.trac.wordpress.org\" target=\"_blank\">WordPress for Windows Phone Trac</a>.</p>\n<p>Make sure to follow <a href=\"https://twitter.com/wpwindowsphone\" target=\"_blank\">@WPWindowsPhone on Twitter</a> to get the latest news first.</p>\n<br />  <img alt=\"\" border=\"0\" src=\"http://stats.wordpress.com/b.gif?host=wpwindowsphone.wordpress.com&blog=16495748&post=358&subd=wpwindowsphone&ref=&feed=1\" width=\"1\" height=\"1\" />\";s:7:\"attribs\";a:0:{}s:8:\"xml_base\";s:0:\"\";s:17:\"xml_base_explicit\";b:0;s:8:\"xml_lang\";s:0:\"\";}}s:7:\"pubDate\";a:1:{i:0;a:5:{s:4:\"data\";s:31:\"Tue, 08 Jan 2013 21:11:37 +0000\";s:7:\"attribs\";a:0:{}s:8:\"xml_base\";s:0:\"\";s:17:\"xml_base_explicit\";b:0;s:8:\"xml_lang\";s:0:\"\";}}}s:32:\"http://purl.org/dc/elements/1.1/\";a:1:{s:7:\"creator\";a:1:{i:0;a:5:{s:4:\"data\";s:6:\"Danilo\";s:7:\"attribs\";a:0:{}s:8:\"xml_base\";s:0:\"\";s:17:\"xml_base_explicit\";b:0;s:8:\"xml_lang\";s:0:\"\";}}}}}i:2;a:6:{s:4:\"data\";s:13:\"\n	\n	\n	\n	\n	\n	\n\";s:7:\"attribs\";a:0:{}s:8:\"xml_base\";s:0:\"\";s:17:\"xml_base_explicit\";b:0;s:8:\"xml_lang\";s:0:\"\";s:5:\"child\";a:2:{s:0:\"\";a:5:{s:5:\"title\";a:1:{i:0;a:5:{s:4:\"data\";s:83:\"WordPress.tv: Michael Bastos: WordPress on Amazon Web Services from Start to Finish\";s:7:\"attribs\";a:0:{}s:8:\"xml_base\";s:0:\"\";s:17:\"xml_base_explicit\";b:0;s:8:\"xml_lang\";s:0:\"\";}}s:4:\"guid\";a:1:{i:0;a:5:{s:4:\"data\";s:28:\"http://wordpress.tv/?p=14850\";s:7:\"attribs\";a:0:{}s:8:\"xml_base\";s:0:\"\";s:17:\"xml_base_explicit\";b:0;s:8:\"xml_lang\";s:0:\"\";}}s:4:\"link\";a:1:{i:0;a:5:{s:4:\"data\";s:100:\"http://wordpress.tv/2013/01/08/michael-bastos-wordpress-on-amazon-web-services-from-start-to-finish/\";s:7:\"attribs\";a:0:{}s:8:\"xml_base\";s:0:\"\";s:17:\"xml_base_explicit\";b:0;s:8:\"xml_lang\";s:0:\"\";}}s:11:\"description\";a:1:{i:0;a:5:{s:4:\"data\";s:681:\"<div id=\"v-BJtaCCRc-1\" class=\"video-player\">\n</div>\n<br />  <a rel=\"nofollow\" href=\"http://feeds.wordpress.com/1.0/gocomments/wptv.wordpress.com/14850/\"><img alt=\"\" border=\"0\" src=\"http://feeds.wordpress.com/1.0/comments/wptv.wordpress.com/14850/\" /></a> <img alt=\"\" border=\"0\" src=\"http://stats.wordpress.com/b.gif?host=wordpress.tv&blog=5089392&post=14850&subd=wptv&ref=&feed=1\" width=\"1\" height=\"1\" /><div><a href=\"http://wordpress.tv/2013/01/08/michael-bastos-wordpress-on-amazon-web-services-from-start-to-finish/\"><img alt=\"wclv-2012-michael-bastos.m4v\" src=\"http://videos.videopress.com/BJtaCCRc/video-091dd72eca_scruberthumbnail_0.jpg\" width=\"160\" height=\"120\" /></a></div>\";s:7:\"attribs\";a:0:{}s:8:\"xml_base\";s:0:\"\";s:17:\"xml_base_explicit\";b:0;s:8:\"xml_lang\";s:0:\"\";}}s:7:\"pubDate\";a:1:{i:0;a:5:{s:4:\"data\";s:31:\"Tue, 08 Jan 2013 20:27:11 +0000\";s:7:\"attribs\";a:0:{}s:8:\"xml_base\";s:0:\"\";s:17:\"xml_base_explicit\";b:0;s:8:\"xml_lang\";s:0:\"\";}}}s:32:\"http://purl.org/dc/elements/1.1/\";a:1:{s:7:\"creator\";a:1:{i:0;a:5:{s:4:\"data\";s:12:\"WordPress.tv\";s:7:\"attribs\";a:0:{}s:8:\"xml_base\";s:0:\"\";s:17:\"xml_base_explicit\";b:0;s:8:\"xml_lang\";s:0:\"\";}}}}}i:3;a:6:{s:4:\"data\";s:13:\"\n	\n	\n	\n	\n	\n	\n\";s:7:\"attribs\";a:0:{}s:8:\"xml_base\";s:0:\"\";s:17:\"xml_base_explicit\";b:0;s:8:\"xml_lang\";s:0:\"\";s:5:\"child\";a:2:{s:0:\"\";a:5:{s:5:\"title\";a:1:{i:0;a:5:{s:4:\"data\";s:57:\"WordPress.tv: Brandon Dove: Newbies – You are not alone\";s:7:\"attribs\";a:0:{}s:8:\"xml_base\";s:0:\"\";s:17:\"xml_base_explicit\";b:0;s:8:\"xml_lang\";s:0:\"\";}}s:4:\"guid\";a:1:{i:0;a:5:{s:4:\"data\";s:28:\"http://wordpress.tv/?p=14846\";s:7:\"attribs\";a:0:{}s:8:\"xml_base\";s:0:\"\";s:17:\"xml_base_explicit\";b:0;s:8:\"xml_lang\";s:0:\"\";}}s:4:\"link\";a:1:{i:0;a:5:{s:4:\"data\";s:70:\"http://wordpress.tv/2013/01/08/brandon-dove-newbies-you-are-not-alone/\";s:7:\"attribs\";a:0:{}s:8:\"xml_base\";s:0:\"\";s:17:\"xml_base_explicit\";b:0;s:8:\"xml_lang\";s:0:\"\";}}s:11:\"description\";a:1:{i:0;a:5:{s:4:\"data\";s:649:\"<div id=\"v-hWJgTROk-1\" class=\"video-player\">\n</div>\n<br />  <a rel=\"nofollow\" href=\"http://feeds.wordpress.com/1.0/gocomments/wptv.wordpress.com/14846/\"><img alt=\"\" border=\"0\" src=\"http://feeds.wordpress.com/1.0/comments/wptv.wordpress.com/14846/\" /></a> <img alt=\"\" border=\"0\" src=\"http://stats.wordpress.com/b.gif?host=wordpress.tv&blog=5089392&post=14846&subd=wptv&ref=&feed=1\" width=\"1\" height=\"1\" /><div><a href=\"http://wordpress.tv/2013/01/08/brandon-dove-newbies-you-are-not-alone/\"><img alt=\"wclv-2012-brandon-dove.m4v\" src=\"http://videos.videopress.com/hWJgTROk/video-7e799dc32b_scruberthumbnail_1.jpg\" width=\"160\" height=\"120\" /></a></div>\";s:7:\"attribs\";a:0:{}s:8:\"xml_base\";s:0:\"\";s:17:\"xml_base_explicit\";b:0;s:8:\"xml_lang\";s:0:\"\";}}s:7:\"pubDate\";a:1:{i:0;a:5:{s:4:\"data\";s:31:\"Tue, 08 Jan 2013 19:55:57 +0000\";s:7:\"attribs\";a:0:{}s:8:\"xml_base\";s:0:\"\";s:17:\"xml_base_explicit\";b:0;s:8:\"xml_lang\";s:0:\"\";}}}s:32:\"http://purl.org/dc/elements/1.1/\";a:1:{s:7:\"creator\";a:1:{i:0;a:5:{s:4:\"data\";s:12:\"WordPress.tv\";s:7:\"attribs\";a:0:{}s:8:\"xml_base\";s:0:\"\";s:17:\"xml_base_explicit\";b:0;s:8:\"xml_lang\";s:0:\"\";}}}}}i:4;a:6:{s:4:\"data\";s:13:\"\n	\n	\n	\n	\n	\n	\n\";s:7:\"attribs\";a:0:{}s:8:\"xml_base\";s:0:\"\";s:17:\"xml_base_explicit\";b:0;s:8:\"xml_lang\";s:0:\"\";s:5:\"child\";a:2:{s:0:\"\";a:5:{s:5:\"title\";a:1:{i:0;a:5:{s:4:\"data\";s:42:\"Alex King: Reminder: Upgrade to Social 2.7\";s:7:\"attribs\";a:0:{}s:8:\"xml_base\";s:0:\"\";s:17:\"xml_base_explicit\";b:0;s:8:\"xml_lang\";s:0:\"\";}}s:4:\"guid\";a:1:{i:0;a:5:{s:4:\"data\";s:28:\"http://alexking.org/?p=15561\";s:7:\"attribs\";a:0:{}s:8:\"xml_base\";s:0:\"\";s:17:\"xml_base_explicit\";b:0;s:8:\"xml_lang\";s:0:\"\";}}s:4:\"link\";a:1:{i:0;a:5:{s:4:\"data\";s:66:\"http://alexking.org/blog/2013/01/08/reminder-upgrade-to-social-2-7\";s:7:\"attribs\";a:0:{}s:8:\"xml_base\";s:0:\"\";s:17:\"xml_base_explicit\";b:0;s:8:\"xml_lang\";s:0:\"\";}}s:11:\"description\";a:1:{i:0;a:5:{s:4:\"data\";s:311:\"<p>If you&#8217;re using <a href=\"http://wordpress.org/extend/plugins/social/\">Social</a> and haven&#8217;t yet upgraded to 2.7, make sure to do so before January 15th. The URL endpoint that Social talks to has changed and the old endpoint (used on versions prior to 2.7) will be going away on January 15th.</p>\";s:7:\"attribs\";a:0:{}s:8:\"xml_base\";s:0:\"\";s:17:\"xml_base_explicit\";b:0;s:8:\"xml_lang\";s:0:\"\";}}s:7:\"pubDate\";a:1:{i:0;a:5:{s:4:\"data\";s:31:\"Tue, 08 Jan 2013 18:54:04 +0000\";s:7:\"attribs\";a:0:{}s:8:\"xml_base\";s:0:\"\";s:17:\"xml_base_explicit\";b:0;s:8:\"xml_lang\";s:0:\"\";}}}s:32:\"http://purl.org/dc/elements/1.1/\";a:1:{s:7:\"creator\";a:1:{i:0;a:5:{s:4:\"data\";s:4:\"Alex\";s:7:\"attribs\";a:0:{}s:8:\"xml_base\";s:0:\"\";s:17:\"xml_base_explicit\";b:0;s:8:\"xml_lang\";s:0:\"\";}}}}}i:5;a:6:{s:4:\"data\";s:13:\"\n	\n	\n	\n	\n	\n	\n\";s:7:\"attribs\";a:0:{}s:8:\"xml_base\";s:0:\"\";s:17:\"xml_base_explicit\";b:0;s:8:\"xml_lang\";s:0:\"\";s:5:\"child\";a:2:{s:0:\"\";a:5:{s:5:\"title\";a:1:{i:0;a:5:{s:4:\"data\";s:58:\"Weblog Tools Collection: WordPress Plugin Releases for 1/8\";s:7:\"attribs\";a:0:{}s:8:\"xml_base\";s:0:\"\";s:17:\"xml_base_explicit\";b:0;s:8:\"xml_lang\";s:0:\"\";}}s:4:\"guid\";a:1:{i:0;a:5:{s:4:\"data\";s:41:\"http://weblogtoolscollection.com/?p=12491\";s:7:\"attribs\";a:0:{}s:8:\"xml_base\";s:0:\"\";s:17:\"xml_base_explicit\";b:0;s:8:\"xml_lang\";s:0:\"\";}}s:4:\"link\";a:1:{i:0;a:5:{s:4:\"data\";s:73:\"http://feedproxy.google.com/~r/weblogtoolscollection/UXMP/~3/-ZJzs9CJzCQ/\";s:7:\"attribs\";a:0:{}s:8:\"xml_base\";s:0:\"\";s:17:\"xml_base_explicit\";b:0;s:8:\"xml_lang\";s:0:\"\";}}s:11:\"description\";a:1:{i:0;a:5:{s:4:\"data\";s:1635:\"<h3>New plugins</h3>\n<p><a href=\"http://wordpress.org/extend/plugins/fikraticker/\"><strong>FikraTicker</strong></a> is a simple newsticker that displays the recent news/posts on your website/blog.</p>\n<p><a href=\"http://strawberryjellyfish.com/wordpress-plugin-jellyfish-invaders/\"><strong>Jellyfish Invaders</strong></a> adds animated flying retro space invaders to your blog.</p>\n<p><a href=\"http://wordpress.org/extend/plugins/wp-ads-within-contents/\"><strong>WP Ads Within Contents</strong></a> allows you to show ads within your post content.</p>\n<h3>Updated plugins</h3>\n<p><a href=\"http://wordpress.org/extend/plugins/cloudflare/\"><strong>CloudFlare</strong></a> ensures your WordPress blog is running optimally on the CloudFlare platform.</p>\n<p><a href=\"http://wordpress.org/extend/plugins/contextual-related-posts/\"><strong>Contextual Related Posts</strong></a> helps you increase reader retention and reduce bounce rates by displaying a set of related posts on your website or in your feed.</p>\n<p><a href=\"http://www.fastsecurecontactform.com/\"><strong>Fast Secure Contact Form</strong></a> lets your visitors send you a quick e-mail message and blocks all common spammer tactics. Additionally, the plugin has a multi-form feature, optional extra fields, and an option to redirect visitors to any URL after the message is sent.</p>\n<p><a href=\"http://jetpack.me/\"><strong>Jetpack</strong></a> allows you to supercharge your WordPress site with powerful features previously only available to WordPress.com users.</p>\n<img src=\"http://feeds.feedburner.com/~r/weblogtoolscollection/UXMP/~4/-ZJzs9CJzCQ\" height=\"1\" width=\"1\" />\";s:7:\"attribs\";a:0:{}s:8:\"xml_base\";s:0:\"\";s:17:\"xml_base_explicit\";b:0;s:8:\"xml_lang\";s:0:\"\";}}s:7:\"pubDate\";a:1:{i:0;a:5:{s:4:\"data\";s:31:\"Tue, 08 Jan 2013 14:00:25 +0000\";s:7:\"attribs\";a:0:{}s:8:\"xml_base\";s:0:\"\";s:17:\"xml_base_explicit\";b:0;s:8:\"xml_lang\";s:0:\"\";}}}s:32:\"http://purl.org/dc/elements/1.1/\";a:1:{s:7:\"creator\";a:1:{i:0;a:5:{s:4:\"data\";s:5:\"James\";s:7:\"attribs\";a:0:{}s:8:\"xml_base\";s:0:\"\";s:17:\"xml_base_explicit\";b:0;s:8:\"xml_lang\";s:0:\"\";}}}}}i:6;a:6:{s:4:\"data\";s:13:\"\n	\n	\n	\n	\n	\n	\n\";s:7:\"attribs\";a:0:{}s:8:\"xml_base\";s:0:\"\";s:17:\"xml_base_explicit\";b:0;s:8:\"xml_lang\";s:0:\"\";s:5:\"child\";a:2:{s:0:\"\";a:5:{s:5:\"title\";a:1:{i:0;a:5:{s:4:\"data\";s:24:\"Matt: 2012 at Automattic\";s:7:\"attribs\";a:0:{}s:8:\"xml_base\";s:0:\"\";s:17:\"xml_base_explicit\";b:0;s:8:\"xml_lang\";s:0:\"\";}}s:4:\"guid\";a:1:{i:0;a:5:{s:4:\"data\";s:21:\"http://ma.tt/?p=42086\";s:7:\"attribs\";a:0:{}s:8:\"xml_base\";s:0:\"\";s:17:\"xml_base_explicit\";b:0;s:8:\"xml_lang\";s:0:\"\";}}s:4:\"link\";a:1:{i:0;a:5:{s:4:\"data\";s:40:\"http://ma.tt/2013/01/2012-at-automattic/\";s:7:\"attribs\";a:0:{}s:8:\"xml_base\";s:0:\"\";s:17:\"xml_base_explicit\";b:0;s:8:\"xml_lang\";s:0:\"\";}}s:11:\"description\";a:1:{i:0;a:5:{s:4:\"data\";s:1635:\"<p>Twenty-twelve was an exciting year for <a href=\"http://automattic.com/\">Automattic</a>. We added 48 <a href=\"http://automattic.com/about/\">new Automatticians</a> and it&#8217;s been delightful to see the effect the new folks have had on the company. We made over 40,000 commits to our various repositories, about half of those on <a href=\"http://wp.com/\">WP.com</a> alone. Contained in those commits are countless improvements to the experience for WP.com, but I&#8217;m just as proud of the things we removed and streamlined: the WP.com homepage has been drastically simplified, and a completely revamped reader is launching this week. Engagement started rising again after being flat in 2011. Support responses that used to take days now take hours or less. We <a href=\"https://www.quantcast.com/p-18-mFEk4J448M\">added 75M uniques</a> to our our network. There is a <a href=\"http://ios.wordpress.org/\">demo WordPress app</a> on every iPhone and iPad in every Apple store I&#8217;ve visited in the US. (If you contribute to WordPress, show it to your friends next time you&#8217;re in a store and say &#8220;I help make this!&#8221;) We did two acquisitions, one announced, one not yet. It looks like we&#8217;ll <a href=\"http://automattic.com/work-with-us/\">grow the team by at least another 60 people this year</a>. There&#8217;s so much more already done that hasn&#8217;t been announced yet or that&#8217;s coming that I&#8217;m bursting to share, but the surprise is at least half the fun. Stay tuned. <img src=\"http://i1.wp.com/s.ma.tt/blog/wp-includes/images/smilies/icon_smile.gif?w=640\" alt=\":)\" class=\"wp-smiley\" /> </p>\";s:7:\"attribs\";a:0:{}s:8:\"xml_base\";s:0:\"\";s:17:\"xml_base_explicit\";b:0;s:8:\"xml_lang\";s:0:\"\";}}s:7:\"pubDate\";a:1:{i:0;a:5:{s:4:\"data\";s:31:\"Tue, 08 Jan 2013 04:03:51 +0000\";s:7:\"attribs\";a:0:{}s:8:\"xml_base\";s:0:\"\";s:17:\"xml_base_explicit\";b:0;s:8:\"xml_lang\";s:0:\"\";}}}s:32:\"http://purl.org/dc/elements/1.1/\";a:1:{s:7:\"creator\";a:1:{i:0;a:5:{s:4:\"data\";s:4:\"Matt\";s:7:\"attribs\";a:0:{}s:8:\"xml_base\";s:0:\"\";s:17:\"xml_base_explicit\";b:0;s:8:\"xml_lang\";s:0:\"\";}}}}}i:7;a:6:{s:4:\"data\";s:13:\"\n	\n	\n	\n	\n	\n	\n\";s:7:\"attribs\";a:0:{}s:8:\"xml_base\";s:0:\"\";s:17:\"xml_base_explicit\";b:0;s:8:\"xml_lang\";s:0:\"\";s:5:\"child\";a:2:{s:0:\"\";a:5:{s:5:\"title\";a:1:{i:0;a:5:{s:4:\"data\";s:57:\"Weblog Tools Collection: WordPress Theme Releases for 1/6\";s:7:\"attribs\";a:0:{}s:8:\"xml_base\";s:0:\"\";s:17:\"xml_base_explicit\";b:0;s:8:\"xml_lang\";s:0:\"\";}}s:4:\"guid\";a:1:{i:0;a:5:{s:4:\"data\";s:41:\"http://weblogtoolscollection.com/?p=12477\";s:7:\"attribs\";a:0:{}s:8:\"xml_base\";s:0:\"\";s:17:\"xml_base_explicit\";b:0;s:8:\"xml_lang\";s:0:\"\";}}s:4:\"link\";a:1:{i:0;a:5:{s:4:\"data\";s:73:\"http://feedproxy.google.com/~r/weblogtoolscollection/UXMP/~3/KfjPkFLYrNc/\";s:7:\"attribs\";a:0:{}s:8:\"xml_base\";s:0:\"\";s:17:\"xml_base_explicit\";b:0;s:8:\"xml_lang\";s:0:\"\";}}s:11:\"description\";a:1:{i:0;a:5:{s:4:\"data\";s:2091:\"<p><a href=\"http://wordpress.org/extend/themes/cell\"><img class=\"alignnone size-thumbnail wp-image-12479\" alt=\"screenshot-1\" src=\"http://i1.wp.com/weblogtoolscollection.com/wp-content/uploads/2013/01/screenshot-11.png?resize=150%2C150\" /></a></p>\n<p><a href=\"http://wordpress.org/extend/themes/cell\"><strong>Cell</strong></a> is a clean and lightweight theme.</p>\n<p><a href=\"http://wordpress.org/extend/themes/cyberchimps\"><img class=\"alignnone size-thumbnail wp-image-12478\" alt=\"screenshot-2\" src=\"http://i0.wp.com/weblogtoolscollection.com/wp-content/uploads/2013/01/screenshot-2.png?resize=150%2C150\" /></a></p>\n<p><a href=\"http://wordpress.org/extend/themes/cyberchimps\"><strong>CyberChimps</strong></a> features <a href=\"http://twitter.github.com/bootstrap/\">Twitter Bootstrap</a>, and responsive touch friendly theme options.</p>\n<p><a href=\"http://wordpress.org/extend/themes/fotogram\"><img class=\"alignnone size-thumbnail wp-image-12480\" alt=\"screenshot-3\" src=\"http://i1.wp.com/weblogtoolscollection.com/wp-content/uploads/2013/01/screenshot-3.png?resize=150%2C150\" /></a></p>\n<p><a href=\"http://wordpress.org/extend/themes/fotogram\"><strong>Fotogram</strong></a> is a clean and fast loading theme.</p>\n<p><a href=\"http://wordpress.org/extend/themes/spartan\"><img class=\"alignnone size-thumbnail wp-image-12481\" alt=\"screenshot-4\" src=\"http://i1.wp.com/weblogtoolscollection.com/wp-content/uploads/2013/01/screenshot-4.png?resize=150%2C150\" /></a></p>\n<p><a href=\"http://wordpress.org/extend/themes/spartan\"><strong>Spartan</strong></a> is a responsive magazine theme.</p>\n<p><a href=\"http://devpress.com/themes/zenith/\"><img class=\"alignnone size-thumbnail wp-image-12482\" alt=\"screenshot\" src=\"http://i1.wp.com/weblogtoolscollection.com/wp-content/uploads/2013/01/screenshot1.png?resize=150%2C150\" /></a></p>\n<p><a href=\"http://devpress.com/themes/zenith/\"><strong>Zenith</strong></a> is a responsive theme designed for blogs and magazines that aren’t about fluff.</p>\n<img src=\"http://feeds.feedburner.com/~r/weblogtoolscollection/UXMP/~4/KfjPkFLYrNc\" height=\"1\" width=\"1\" />\";s:7:\"attribs\";a:0:{}s:8:\"xml_base\";s:0:\"\";s:17:\"xml_base_explicit\";b:0;s:8:\"xml_lang\";s:0:\"\";}}s:7:\"pubDate\";a:1:{i:0;a:5:{s:4:\"data\";s:31:\"Sun, 06 Jan 2013 14:00:00 +0000\";s:7:\"attribs\";a:0:{}s:8:\"xml_base\";s:0:\"\";s:17:\"xml_base_explicit\";b:0;s:8:\"xml_lang\";s:0:\"\";}}}s:32:\"http://purl.org/dc/elements/1.1/\";a:1:{s:7:\"creator\";a:1:{i:0;a:5:{s:4:\"data\";s:5:\"James\";s:7:\"attribs\";a:0:{}s:8:\"xml_base\";s:0:\"\";s:17:\"xml_base_explicit\";b:0;s:8:\"xml_lang\";s:0:\"\";}}}}}i:8;a:6:{s:4:\"data\";s:13:\"\n	\n	\n	\n	\n	\n	\n\";s:7:\"attribs\";a:0:{}s:8:\"xml_base\";s:0:\"\";s:17:\"xml_base_explicit\";b:0;s:8:\"xml_lang\";s:0:\"\";s:5:\"child\";a:2:{s:0:\"\";a:5:{s:5:\"title\";a:1:{i:0;a:5:{s:4:\"data\";s:27:\"Matt: Marshmallow Challenge\";s:7:\"attribs\";a:0:{}s:8:\"xml_base\";s:0:\"\";s:17:\"xml_base_explicit\";b:0;s:8:\"xml_lang\";s:0:\"\";}}s:4:\"guid\";a:1:{i:0;a:5:{s:4:\"data\";s:21:\"http://ma.tt/?p=42088\";s:7:\"attribs\";a:0:{}s:8:\"xml_base\";s:0:\"\";s:17:\"xml_base_explicit\";b:0;s:8:\"xml_lang\";s:0:\"\";}}s:4:\"link\";a:1:{i:0;a:5:{s:4:\"data\";s:43:\"http://ma.tt/2013/01/marshmallow-challenge/\";s:7:\"attribs\";a:0:{}s:8:\"xml_base\";s:0:\"\";s:17:\"xml_base_explicit\";b:0;s:8:\"xml_lang\";s:0:\"\";}}s:11:\"description\";a:1:{i:0;a:5:{s:4:\"data\";s:258:\"<p>Here&#8217;s an interesting TED talk on a team challenge on building the tallest structure with twenty sticks of spaghetti and a marshmallow. See why kindergarten students do better than business school graduates. (Hint: Learning by shipping.)</p>\n<p></p>\";s:7:\"attribs\";a:0:{}s:8:\"xml_base\";s:0:\"\";s:17:\"xml_base_explicit\";b:0;s:8:\"xml_lang\";s:0:\"\";}}s:7:\"pubDate\";a:1:{i:0;a:5:{s:4:\"data\";s:31:\"Sat, 05 Jan 2013 16:11:51 +0000\";s:7:\"attribs\";a:0:{}s:8:\"xml_base\";s:0:\"\";s:17:\"xml_base_explicit\";b:0;s:8:\"xml_lang\";s:0:\"\";}}}s:32:\"http://purl.org/dc/elements/1.1/\";a:1:{s:7:\"creator\";a:1:{i:0;a:5:{s:4:\"data\";s:4:\"Matt\";s:7:\"attribs\";a:0:{}s:8:\"xml_base\";s:0:\"\";s:17:\"xml_base_explicit\";b:0;s:8:\"xml_lang\";s:0:\"\";}}}}}i:9;a:6:{s:4:\"data\";s:13:\"\n	\n	\n	\n	\n	\n	\n\";s:7:\"attribs\";a:0:{}s:8:\"xml_base\";s:0:\"\";s:17:\"xml_base_explicit\";b:0;s:8:\"xml_lang\";s:0:\"\";s:5:\"child\";a:2:{s:0:\"\";a:5:{s:5:\"title\";a:1:{i:0;a:5:{s:4:\"data\";s:82:\"WordPress.tv: Michael Toppa: Dependency Injection for WordPress Plugin Development\";s:7:\"attribs\";a:0:{}s:8:\"xml_base\";s:0:\"\";s:17:\"xml_base_explicit\";b:0;s:8:\"xml_lang\";s:0:\"\";}}s:4:\"guid\";a:1:{i:0;a:5:{s:4:\"data\";s:28:\"http://wordpress.tv/?p=14254\";s:7:\"attribs\";a:0:{}s:8:\"xml_base\";s:0:\"\";s:17:\"xml_base_explicit\";b:0;s:8:\"xml_lang\";s:0:\"\";}}s:4:\"link\";a:1:{i:0;a:5:{s:4:\"data\";s:99:\"http://wordpress.tv/2013/01/04/michael-toppa-dependency-injection-for-wordpress-plugin-development/\";s:7:\"attribs\";a:0:{}s:8:\"xml_base\";s:0:\"\";s:17:\"xml_base_explicit\";b:0;s:8:\"xml_lang\";s:0:\"\";}}s:11:\"description\";a:1:{i:0;a:5:{s:4:\"data\";s:693:\"<div id=\"v-CLl9sNAL-1\" class=\"video-player\">\n</div>\n<br />  <a rel=\"nofollow\" href=\"http://feeds.wordpress.com/1.0/gocomments/wptv.wordpress.com/14254/\"><img alt=\"\" border=\"0\" src=\"http://feeds.wordpress.com/1.0/comments/wptv.wordpress.com/14254/\" /></a> <img alt=\"\" border=\"0\" src=\"http://stats.wordpress.com/b.gif?host=wordpress.tv&blog=5089392&post=14254&subd=wptv&ref=&feed=1\" width=\"1\" height=\"1\" /><div><a href=\"http://wordpress.tv/2013/01/04/michael-toppa-dependency-injection-for-wordpress-plugin-development/\"><img alt=\"michaeltoppa_wordcamp_nashville\" src=\"http://videos.videopress.com/CLl9sNAL/michaeltoppa_wordcamp_nashville1_std.original.jpg\" width=\"160\" height=\"120\" /></a></div>\";s:7:\"attribs\";a:0:{}s:8:\"xml_base\";s:0:\"\";s:17:\"xml_base_explicit\";b:0;s:8:\"xml_lang\";s:0:\"\";}}s:7:\"pubDate\";a:1:{i:0;a:5:{s:4:\"data\";s:31:\"Fri, 04 Jan 2013 23:45:07 +0000\";s:7:\"attribs\";a:0:{}s:8:\"xml_base\";s:0:\"\";s:17:\"xml_base_explicit\";b:0;s:8:\"xml_lang\";s:0:\"\";}}}s:32:\"http://purl.org/dc/elements/1.1/\";a:1:{s:7:\"creator\";a:1:{i:0;a:5:{s:4:\"data\";s:13:\"Ah So Designs\";s:7:\"attribs\";a:0:{}s:8:\"xml_base\";s:0:\"\";s:17:\"xml_base_explicit\";b:0;s:8:\"xml_lang\";s:0:\"\";}}}}}i:10;a:6:{s:4:\"data\";s:13:\"\n	\n	\n	\n	\n	\n	\n\";s:7:\"attribs\";a:0:{}s:8:\"xml_base\";s:0:\"\";s:17:\"xml_base_explicit\";b:0;s:8:\"xml_lang\";s:0:\"\";s:5:\"child\";a:2:{s:0:\"\";a:5:{s:5:\"title\";a:1:{i:0;a:5:{s:4:\"data\";s:48:\"WordPress.tv: Ryan Green: Child Theme Frameworks\";s:7:\"attribs\";a:0:{}s:8:\"xml_base\";s:0:\"\";s:17:\"xml_base_explicit\";b:0;s:8:\"xml_lang\";s:0:\"\";}}s:4:\"guid\";a:1:{i:0;a:5:{s:4:\"data\";s:28:\"http://wordpress.tv/?p=14250\";s:7:\"attribs\";a:0:{}s:8:\"xml_base\";s:0:\"\";s:17:\"xml_base_explicit\";b:0;s:8:\"xml_lang\";s:0:\"\";}}s:4:\"link\";a:1:{i:0;a:5:{s:4:\"data\";s:65:\"http://wordpress.tv/2013/01/04/ryan-green-child-theme-frameworks/\";s:7:\"attribs\";a:0:{}s:8:\"xml_base\";s:0:\"\";s:17:\"xml_base_explicit\";b:0;s:8:\"xml_lang\";s:0:\"\";}}s:11:\"description\";a:1:{i:0;a:5:{s:4:\"data\";s:652:\"<div id=\"v-ahSnwTGo-1\" class=\"video-player\">\n</div>\n<br />  <a rel=\"nofollow\" href=\"http://feeds.wordpress.com/1.0/gocomments/wptv.wordpress.com/14250/\"><img alt=\"\" border=\"0\" src=\"http://feeds.wordpress.com/1.0/comments/wptv.wordpress.com/14250/\" /></a> <img alt=\"\" border=\"0\" src=\"http://stats.wordpress.com/b.gif?host=wordpress.tv&blog=5089392&post=14250&subd=wptv&ref=&feed=1\" width=\"1\" height=\"1\" /><div><a href=\"http://wordpress.tv/2013/01/04/ryan-green-child-theme-frameworks/\"><img alt=\"ryangreen_wordcamp_nashville\" src=\"http://videos.videopress.com/ahSnwTGo/ryangreen_wordcamp_nashville_std.original.jpg\" width=\"160\" height=\"120\" /></a></div>\";s:7:\"attribs\";a:0:{}s:8:\"xml_base\";s:0:\"\";s:17:\"xml_base_explicit\";b:0;s:8:\"xml_lang\";s:0:\"\";}}s:7:\"pubDate\";a:1:{i:0;a:5:{s:4:\"data\";s:31:\"Fri, 04 Jan 2013 23:45:07 +0000\";s:7:\"attribs\";a:0:{}s:8:\"xml_base\";s:0:\"\";s:17:\"xml_base_explicit\";b:0;s:8:\"xml_lang\";s:0:\"\";}}}s:32:\"http://purl.org/dc/elements/1.1/\";a:1:{s:7:\"creator\";a:1:{i:0;a:5:{s:4:\"data\";s:13:\"Ah So Designs\";s:7:\"attribs\";a:0:{}s:8:\"xml_base\";s:0:\"\";s:17:\"xml_base_explicit\";b:0;s:8:\"xml_lang\";s:0:\"\";}}}}}i:11;a:6:{s:4:\"data\";s:13:\"\n	\n	\n	\n	\n	\n	\n\";s:7:\"attribs\";a:0:{}s:8:\"xml_base\";s:0:\"\";s:17:\"xml_base_explicit\";b:0;s:8:\"xml_lang\";s:0:\"\";s:5:\"child\";a:2:{s:0:\"\";a:5:{s:5:\"title\";a:1:{i:0;a:5:{s:4:\"data\";s:67:\"WordPress.tv: John Housholder: The Future of WordPress in Nashville\";s:7:\"attribs\";a:0:{}s:8:\"xml_base\";s:0:\"\";s:17:\"xml_base_explicit\";b:0;s:8:\"xml_lang\";s:0:\"\";}}s:4:\"guid\";a:1:{i:0;a:5:{s:4:\"data\";s:28:\"http://wordpress.tv/?p=14244\";s:7:\"attribs\";a:0:{}s:8:\"xml_base\";s:0:\"\";s:17:\"xml_base_explicit\";b:0;s:8:\"xml_lang\";s:0:\"\";}}s:4:\"link\";a:1:{i:0;a:5:{s:4:\"data\";s:84:\"http://wordpress.tv/2013/01/04/john-housholder-the-future-of-wordpress-in-nashville/\";s:7:\"attribs\";a:0:{}s:8:\"xml_base\";s:0:\"\";s:17:\"xml_base_explicit\";b:0;s:8:\"xml_lang\";s:0:\"\";}}s:11:\"description\";a:1:{i:0;a:5:{s:4:\"data\";s:681:\"<div id=\"v-OT26EU2i-1\" class=\"video-player\">\n</div>\n<br />  <a rel=\"nofollow\" href=\"http://feeds.wordpress.com/1.0/gocomments/wptv.wordpress.com/14244/\"><img alt=\"\" border=\"0\" src=\"http://feeds.wordpress.com/1.0/comments/wptv.wordpress.com/14244/\" /></a> <img alt=\"\" border=\"0\" src=\"http://stats.wordpress.com/b.gif?host=wordpress.tv&blog=5089392&post=14244&subd=wptv&ref=&feed=1\" width=\"1\" height=\"1\" /><div><a href=\"http://wordpress.tv/2013/01/04/john-housholder-the-future-of-wordpress-in-nashville/\"><img alt=\"johnhousholder_wordcamp_nashville\" src=\"http://videos.videopress.com/OT26EU2i/johnhousholder_wordcamp_nashville_std.original.jpg\" width=\"160\" height=\"120\" /></a></div>\";s:7:\"attribs\";a:0:{}s:8:\"xml_base\";s:0:\"\";s:17:\"xml_base_explicit\";b:0;s:8:\"xml_lang\";s:0:\"\";}}s:7:\"pubDate\";a:1:{i:0;a:5:{s:4:\"data\";s:31:\"Fri, 04 Jan 2013 23:45:07 +0000\";s:7:\"attribs\";a:0:{}s:8:\"xml_base\";s:0:\"\";s:17:\"xml_base_explicit\";b:0;s:8:\"xml_lang\";s:0:\"\";}}}s:32:\"http://purl.org/dc/elements/1.1/\";a:1:{s:7:\"creator\";a:1:{i:0;a:5:{s:4:\"data\";s:13:\"Ah So Designs\";s:7:\"attribs\";a:0:{}s:8:\"xml_base\";s:0:\"\";s:17:\"xml_base_explicit\";b:0;s:8:\"xml_lang\";s:0:\"\";}}}}}i:12;a:6:{s:4:\"data\";s:13:\"\n	\n	\n	\n	\n	\n	\n\";s:7:\"attribs\";a:0:{}s:8:\"xml_base\";s:0:\"\";s:17:\"xml_base_explicit\";b:0;s:8:\"xml_lang\";s:0:\"\";s:5:\"child\";a:2:{s:0:\"\";a:5:{s:5:\"title\";a:1:{i:0;a:5:{s:4:\"data\";s:58:\"Weblog Tools Collection: WordPress Plugin Releases for 1/4\";s:7:\"attribs\";a:0:{}s:8:\"xml_base\";s:0:\"\";s:17:\"xml_base_explicit\";b:0;s:8:\"xml_lang\";s:0:\"\";}}s:4:\"guid\";a:1:{i:0;a:5:{s:4:\"data\";s:41:\"http://weblogtoolscollection.com/?p=12471\";s:7:\"attribs\";a:0:{}s:8:\"xml_base\";s:0:\"\";s:17:\"xml_base_explicit\";b:0;s:8:\"xml_lang\";s:0:\"\";}}s:4:\"link\";a:1:{i:0;a:5:{s:4:\"data\";s:73:\"http://feedproxy.google.com/~r/weblogtoolscollection/UXMP/~3/uuZpKewqA8U/\";s:7:\"attribs\";a:0:{}s:8:\"xml_base\";s:0:\"\";s:17:\"xml_base_explicit\";b:0;s:8:\"xml_lang\";s:0:\"\";}}s:11:\"description\";a:1:{i:0;a:5:{s:4:\"data\";s:874:\"<h3>New plugins</h3>\n<p><a href=\"http://wordpress.org/extend/plugins/advanced-blog-metrics/\"><strong>Advanced Blog Metrics</strong></a> allows you to learn more about your readers and how they react to your posts.</p>\n<p><a href=\"http://wordpress.org/extend/plugins/media-library-assistant/\"><strong>Media Library Assistant</strong></a> provides several enhancements for managing the Media library</p>\n<h3>Updated plugins</h3>\n<p><a href=\"http://perishablepress.com/block-bad-queries/\"><strong>Block Bad Queries</strong></a> protects your website against malicious URL requests.</p>\n<p><a href=\"http://jetpack.me/\"><strong>Jetpack</strong></a> allows you to supercharge your WordPress site with powerful features previously only available to WordPress.com users.</p>\n<img src=\"http://feeds.feedburner.com/~r/weblogtoolscollection/UXMP/~4/uuZpKewqA8U\" height=\"1\" width=\"1\" />\";s:7:\"attribs\";a:0:{}s:8:\"xml_base\";s:0:\"\";s:17:\"xml_base_explicit\";b:0;s:8:\"xml_lang\";s:0:\"\";}}s:7:\"pubDate\";a:1:{i:0;a:5:{s:4:\"data\";s:31:\"Fri, 04 Jan 2013 17:00:50 +0000\";s:7:\"attribs\";a:0:{}s:8:\"xml_base\";s:0:\"\";s:17:\"xml_base_explicit\";b:0;s:8:\"xml_lang\";s:0:\"\";}}}s:32:\"http://purl.org/dc/elements/1.1/\";a:1:{s:7:\"creator\";a:1:{i:0;a:5:{s:4:\"data\";s:5:\"James\";s:7:\"attribs\";a:0:{}s:8:\"xml_base\";s:0:\"\";s:17:\"xml_base_explicit\";b:0;s:8:\"xml_lang\";s:0:\"\";}}}}}i:13;a:6:{s:4:\"data\";s:13:\"\n	\n	\n	\n	\n	\n	\n\";s:7:\"attribs\";a:0:{}s:8:\"xml_base\";s:0:\"\";s:17:\"xml_base_explicit\";b:0;s:8:\"xml_lang\";s:0:\"\";s:5:\"child\";a:2:{s:0:\"\";a:5:{s:5:\"title\";a:1:{i:0;a:5:{s:4:\"data\";s:26:\"Matt: Learning by Shipping\";s:7:\"attribs\";a:0:{}s:8:\"xml_base\";s:0:\"\";s:17:\"xml_base_explicit\";b:0;s:8:\"xml_lang\";s:0:\"\";}}s:4:\"guid\";a:1:{i:0;a:5:{s:4:\"data\";s:21:\"http://ma.tt/?p=42085\";s:7:\"attribs\";a:0:{}s:8:\"xml_base\";s:0:\"\";s:17:\"xml_base_explicit\";b:0;s:8:\"xml_lang\";s:0:\"\";}}s:4:\"link\";a:1:{i:0;a:5:{s:4:\"data\";s:42:\"http://ma.tt/2013/01/learning-by-shipping/\";s:7:\"attribs\";a:0:{}s:8:\"xml_base\";s:0:\"\";s:17:\"xml_base_explicit\";b:0;s:8:\"xml_lang\";s:0:\"\";}}s:11:\"description\";a:1:{i:0;a:5:{s:4:\"data\";s:416:\"<p>Steven Sinofsky, known at Microsoft for turning around the Office franchise and most recently as head of Windows, where he turned it around post-Vista. He left Microsoft a few months ago, and just started a blog on WordPress.com called <a href=\"http://blog.learningbyshipping.com/\">Learning by Shipping</a>. It&#8217;s a concept <a href=\"http://ma.tt/2010/11/one-point-oh/\">I&#8217;m particularly fond of</a>.</p>\";s:7:\"attribs\";a:0:{}s:8:\"xml_base\";s:0:\"\";s:17:\"xml_base_explicit\";b:0;s:8:\"xml_lang\";s:0:\"\";}}s:7:\"pubDate\";a:1:{i:0;a:5:{s:4:\"data\";s:31:\"Fri, 04 Jan 2013 14:47:19 +0000\";s:7:\"attribs\";a:0:{}s:8:\"xml_base\";s:0:\"\";s:17:\"xml_base_explicit\";b:0;s:8:\"xml_lang\";s:0:\"\";}}}s:32:\"http://purl.org/dc/elements/1.1/\";a:1:{s:7:\"creator\";a:1:{i:0;a:5:{s:4:\"data\";s:4:\"Matt\";s:7:\"attribs\";a:0:{}s:8:\"xml_base\";s:0:\"\";s:17:\"xml_base_explicit\";b:0;s:8:\"xml_lang\";s:0:\"\";}}}}}i:14;a:6:{s:4:\"data\";s:13:\"\n	\n	\n	\n	\n	\n	\n\";s:7:\"attribs\";a:0:{}s:8:\"xml_base\";s:0:\"\";s:17:\"xml_base_explicit\";b:0;s:8:\"xml_lang\";s:0:\"\";s:5:\"child\";a:2:{s:0:\"\";a:5:{s:5:\"title\";a:1:{i:0;a:5:{s:4:\"data\";s:56:\"Weblog Tools Collection: Weblog Tools Collection in 2012\";s:7:\"attribs\";a:0:{}s:8:\"xml_base\";s:0:\"\";s:17:\"xml_base_explicit\";b:0;s:8:\"xml_lang\";s:0:\"\";}}s:4:\"guid\";a:1:{i:0;a:5:{s:4:\"data\";s:41:\"http://weblogtoolscollection.com/?p=12463\";s:7:\"attribs\";a:0:{}s:8:\"xml_base\";s:0:\"\";s:17:\"xml_base_explicit\";b:0;s:8:\"xml_lang\";s:0:\"\";}}s:4:\"link\";a:1:{i:0;a:5:{s:4:\"data\";s:73:\"http://feedproxy.google.com/~r/weblogtoolscollection/UXMP/~3/SkOzKnQRiw4/\";s:7:\"attribs\";a:0:{}s:8:\"xml_base\";s:0:\"\";s:17:\"xml_base_explicit\";b:0;s:8:\"xml_lang\";s:0:\"\";}}s:11:\"description\";a:1:{i:0;a:5:{s:4:\"data\";s:1436:\"<p><a href=\"http://weblogtoolscollection.com/archives/2013/01/01/wordpress-in-2012/\">WordPress had a great 2012</a>, <a href=\"http://weblogtoolscollection.com/archives/2012/12/29/bbpress-in-2012/\">bbPress had a great 2012</a>, and <a href=\"http://jetpack.me/annual-report/1060991/2012/\">we had a great 2012</a> too!</p>\n<p><a href=\"http://jetpack.me/annual-report/1060991/2012/\">This handy report</a> was generated for several <a href=\"http://wordpress.com/\">WordPress.com</a> and <a href=\"http://jetpack.me\">Jetpack</a>-powered <a href=\"http://wordpress.org\">WordPress.org</a> blogs with moderate to high traffic, and it really is quite nice. Here&#8217;s one of my favorite excerpts from our report.</p>\n<blockquote><p>About 55,000 tourists visit Liechtenstein every year. This blog was viewed about 950,000 times in 2012. If it were Liechtenstein, it would take about 17 years for that many people to see it. <strong>Your blog had more visits than a small country in Europe!</strong></p></blockquote>\n<p>So, with visits from 217 countries world-wide, and the United States, India, and the United Kingdom rounding out the top, we had more visits than 17 years worth of tourists to a small European country. That&#8217;s not bad, but we could always do better.</p>\n<p>What would you kind folks love to see from us in 2013?</p>\n<img src=\"http://feeds.feedburner.com/~r/weblogtoolscollection/UXMP/~4/SkOzKnQRiw4\" height=\"1\" width=\"1\" />\";s:7:\"attribs\";a:0:{}s:8:\"xml_base\";s:0:\"\";s:17:\"xml_base_explicit\";b:0;s:8:\"xml_lang\";s:0:\"\";}}s:7:\"pubDate\";a:1:{i:0;a:5:{s:4:\"data\";s:31:\"Thu, 03 Jan 2013 14:00:11 +0000\";s:7:\"attribs\";a:0:{}s:8:\"xml_base\";s:0:\"\";s:17:\"xml_base_explicit\";b:0;s:8:\"xml_lang\";s:0:\"\";}}}s:32:\"http://purl.org/dc/elements/1.1/\";a:1:{s:7:\"creator\";a:1:{i:0;a:5:{s:4:\"data\";s:5:\"James\";s:7:\"attribs\";a:0:{}s:8:\"xml_base\";s:0:\"\";s:17:\"xml_base_explicit\";b:0;s:8:\"xml_lang\";s:0:\"\";}}}}}i:15;a:6:{s:4:\"data\";s:13:\"\n	\n	\n	\n	\n	\n	\n\";s:7:\"attribs\";a:0:{}s:8:\"xml_base\";s:0:\"\";s:17:\"xml_base_explicit\";b:0;s:8:\"xml_lang\";s:0:\"\";s:5:\"child\";a:2:{s:0:\"\";a:5:{s:5:\"title\";a:1:{i:0;a:5:{s:4:\"data\";s:51:\"Alex King: Using Social and Disqus at the Same Time\";s:7:\"attribs\";a:0:{}s:8:\"xml_base\";s:0:\"\";s:17:\"xml_base_explicit\";b:0;s:8:\"xml_lang\";s:0:\"\";}}s:4:\"guid\";a:1:{i:0;a:5:{s:4:\"data\";s:28:\"http://alexking.org/?p=15500\";s:7:\"attribs\";a:0:{}s:8:\"xml_base\";s:0:\"\";s:17:\"xml_base_explicit\";b:0;s:8:\"xml_lang\";s:0:\"\";}}s:4:\"link\";a:1:{i:0;a:5:{s:4:\"data\";s:76:\"http://alexking.org/blog/2013/01/02/using-social-and-disqus-at-the-same-time\";s:7:\"attribs\";a:0:{}s:8:\"xml_base\";s:0:\"\";s:17:\"xml_base_explicit\";b:0;s:8:\"xml_lang\";s:0:\"\";}}s:11:\"description\";a:1:{i:0;a:5:{s:4:\"data\";s:768:\"<p>I&#8217;ve had a few people ask about how best to use Social and Disqus at the same time. I&#8217;ve <a href=\"https://github.com/crowdfavorite/wp-social/commit/36a3ce3a3f6755d60fcc5665f1fb104ce80a4799\">added an FAQ to the README</a> for the next release:</p>\n<p><strong>Can I use Social and Disqus at the same time?</strong></p>\n<p>Both Social and Disqus try to replace the default WordPress comment experience by default. If you want to use Social&#8217;s broadcasting features but prefer to use Disqus for your comments, you probably want to check the &#8220;Disable Social&#8217;s comment display (use standard theme output instead).&#8221; box under Advanced Options. This will allow Disqus to take over comment display without any interference from Social.</p>\";s:7:\"attribs\";a:0:{}s:8:\"xml_base\";s:0:\"\";s:17:\"xml_base_explicit\";b:0;s:8:\"xml_lang\";s:0:\"\";}}s:7:\"pubDate\";a:1:{i:0;a:5:{s:4:\"data\";s:31:\"Wed, 02 Jan 2013 22:29:14 +0000\";s:7:\"attribs\";a:0:{}s:8:\"xml_base\";s:0:\"\";s:17:\"xml_base_explicit\";b:0;s:8:\"xml_lang\";s:0:\"\";}}}s:32:\"http://purl.org/dc/elements/1.1/\";a:1:{s:7:\"creator\";a:1:{i:0;a:5:{s:4:\"data\";s:4:\"Alex\";s:7:\"attribs\";a:0:{}s:8:\"xml_base\";s:0:\"\";s:17:\"xml_base_explicit\";b:0;s:8:\"xml_lang\";s:0:\"\";}}}}}i:16;a:6:{s:4:\"data\";s:13:\"\n	\n	\n	\n	\n	\n	\n\";s:7:\"attribs\";a:0:{}s:8:\"xml_base\";s:0:\"\";s:17:\"xml_base_explicit\";b:0;s:8:\"xml_lang\";s:0:\"\";s:5:\"child\";a:2:{s:0:\"\";a:5:{s:5:\"title\";a:1:{i:0;a:5:{s:4:\"data\";s:57:\"Weblog Tools Collection: WordPress Theme Releases for 1/2\";s:7:\"attribs\";a:0:{}s:8:\"xml_base\";s:0:\"\";s:17:\"xml_base_explicit\";b:0;s:8:\"xml_lang\";s:0:\"\";}}s:4:\"guid\";a:1:{i:0;a:5:{s:4:\"data\";s:41:\"http://weblogtoolscollection.com/?p=12454\";s:7:\"attribs\";a:0:{}s:8:\"xml_base\";s:0:\"\";s:17:\"xml_base_explicit\";b:0;s:8:\"xml_lang\";s:0:\"\";}}s:4:\"link\";a:1:{i:0;a:5:{s:4:\"data\";s:73:\"http://feedproxy.google.com/~r/weblogtoolscollection/UXMP/~3/P0D2d14-L38/\";s:7:\"attribs\";a:0:{}s:8:\"xml_base\";s:0:\"\";s:17:\"xml_base_explicit\";b:0;s:8:\"xml_lang\";s:0:\"\";}}s:11:\"description\";a:1:{i:0;a:5:{s:4:\"data\";s:1363:\"<p><a href=\"http://emptynestthemes.com/2012/12/29/12482/\"><img class=\"alignnone size-thumbnail wp-image-12455\" alt=\"DemoBlog\" src=\"http://i0.wp.com/weblogtoolscollection.com/wp-content/uploads/2013/01/DemoBlog.png?resize=150%2C150\" /></a></p>\n<p><a href=\"http://emptynestthemes.com/2012/12/29/12482/\"><strong>Minis</strong></a> is a minimal, simple, clean, yet graphically bold theme that would be great for any blog or website.</p>\n<p><a href=\"http://wordpress.org/extend/themes/simple-style\"><img class=\"alignnone size-thumbnail wp-image-12456\" alt=\"screenshot\" src=\"http://i2.wp.com/weblogtoolscollection.com/wp-content/uploads/2013/01/screenshot.png?resize=150%2C150\" /></a></p>\n<p><a href=\"http://wordpress.org/extend/themes/simple-style\"><strong>Simple Style</strong></a> is a white and blue single-column theme.</p>\n<p><a href=\"http://wordpress.org/extend/themes/voyage\"><img class=\"alignnone size-thumbnail wp-image-12457\" alt=\"screenshot-1\" src=\"http://i0.wp.com/weblogtoolscollection.com/wp-content/uploads/2013/01/screenshot-1.png?resize=150%2C150\" /></a></p>\n<p><a href=\"http://wordpress.org/extend/themes/voyage\"><strong>Voyage</strong></a> is a flexible and responsive theme that allows you change layout and style through theme options.</p>\n<img src=\"http://feeds.feedburner.com/~r/weblogtoolscollection/UXMP/~4/P0D2d14-L38\" height=\"1\" width=\"1\" />\";s:7:\"attribs\";a:0:{}s:8:\"xml_base\";s:0:\"\";s:17:\"xml_base_explicit\";b:0;s:8:\"xml_lang\";s:0:\"\";}}s:7:\"pubDate\";a:1:{i:0;a:5:{s:4:\"data\";s:31:\"Wed, 02 Jan 2013 14:00:02 +0000\";s:7:\"attribs\";a:0:{}s:8:\"xml_base\";s:0:\"\";s:17:\"xml_base_explicit\";b:0;s:8:\"xml_lang\";s:0:\"\";}}}s:32:\"http://purl.org/dc/elements/1.1/\";a:1:{s:7:\"creator\";a:1:{i:0;a:5:{s:4:\"data\";s:5:\"James\";s:7:\"attribs\";a:0:{}s:8:\"xml_base\";s:0:\"\";s:17:\"xml_base_explicit\";b:0;s:8:\"xml_lang\";s:0:\"\";}}}}}i:17;a:6:{s:4:\"data\";s:13:\"\n	\n	\n	\n	\n	\n	\n\";s:7:\"attribs\";a:0:{}s:8:\"xml_base\";s:0:\"\";s:17:\"xml_base_explicit\";b:0;s:8:\"xml_lang\";s:0:\"\";s:5:\"child\";a:2:{s:0:\"\";a:5:{s:5:\"title\";a:1:{i:0;a:5:{s:4:\"data\";s:42:\"Weblog Tools Collection: WordPress in 2012\";s:7:\"attribs\";a:0:{}s:8:\"xml_base\";s:0:\"\";s:17:\"xml_base_explicit\";b:0;s:8:\"xml_lang\";s:0:\"\";}}s:4:\"guid\";a:1:{i:0;a:5:{s:4:\"data\";s:41:\"http://weblogtoolscollection.com/?p=12446\";s:7:\"attribs\";a:0:{}s:8:\"xml_base\";s:0:\"\";s:17:\"xml_base_explicit\";b:0;s:8:\"xml_lang\";s:0:\"\";}}s:4:\"link\";a:1:{i:0;a:5:{s:4:\"data\";s:73:\"http://feedproxy.google.com/~r/weblogtoolscollection/UXMP/~3/IhBrutIBlZc/\";s:7:\"attribs\";a:0:{}s:8:\"xml_base\";s:0:\"\";s:17:\"xml_base_explicit\";b:0;s:8:\"xml_lang\";s:0:\"\";}}s:11:\"description\";a:1:{i:0;a:5:{s:4:\"data\";s:1607:\"<p><a href=\"http://wordpress.org\">WordPress</a> has had a rather exciting year, all covered in <a href=\"http://wordpress.org/news/2013/01/2012-a-look-back/\">their handy A Look Back post</a>.</p>\n<p>2012 saw two major WordPress releases, addressing primarily theme customization and media management. There were also five security releases, <a href=\"http://wordpress.org/extend/themes/twentytwelve\">a new default theme</a>, and a record number of code contributions in <a href=\"http://weblogtoolscollection.com/archives/2012/12/11/wordpress-3-5-released/\">the 3.5 release</a>.</p>\n<p>The site itself also saw some improvements, including a new plugin page design with <a href=\"http://weblogtoolscollection.com/archives/2012/11/02/plugin-and-theme-reviews-are-live-on-wordpress-org/\">plugin and theme reviews</a>, and <a href=\"http://make.wordpress.org\">Make.WordPress.org</a>, a network of sites where teams and contributors can easily communicate with each other.</p>\n<p>Speaking of teams and contributors, 2012 also saw the very first <a href=\"https://make.wordpress.org/summit/\">WordPress Community Summit</a>, a 2-day event attended by 108 of the top WordPress development, support, and overall community volunteers.</p>\n<p>2012 was certainly a big year for WordPress, and with <a href=\"http://weblogtoolscollection.com/archives/2012/12/20/wordpress-3-6-planning-underway/\">planning for WordPress 3.6 already underway</a>, it looks like they&#8217;re going to hit the ground running in 2013.</p>\n<img src=\"http://feeds.feedburner.com/~r/weblogtoolscollection/UXMP/~4/IhBrutIBlZc\" height=\"1\" width=\"1\" />\";s:7:\"attribs\";a:0:{}s:8:\"xml_base\";s:0:\"\";s:17:\"xml_base_explicit\";b:0;s:8:\"xml_lang\";s:0:\"\";}}s:7:\"pubDate\";a:1:{i:0;a:5:{s:4:\"data\";s:31:\"Tue, 01 Jan 2013 14:00:32 +0000\";s:7:\"attribs\";a:0:{}s:8:\"xml_base\";s:0:\"\";s:17:\"xml_base_explicit\";b:0;s:8:\"xml_lang\";s:0:\"\";}}}s:32:\"http://purl.org/dc/elements/1.1/\";a:1:{s:7:\"creator\";a:1:{i:0;a:5:{s:4:\"data\";s:5:\"James\";s:7:\"attribs\";a:0:{}s:8:\"xml_base\";s:0:\"\";s:17:\"xml_base_explicit\";b:0;s:8:\"xml_lang\";s:0:\"\";}}}}}i:18;a:6:{s:4:\"data\";s:13:\"\n	\n	\n	\n	\n	\n	\n\";s:7:\"attribs\";a:0:{}s:8:\"xml_base\";s:0:\"\";s:17:\"xml_base_explicit\";b:0;s:8:\"xml_lang\";s:0:\"\";s:5:\"child\";a:2:{s:0:\"\";a:5:{s:5:\"title\";a:1:{i:0;a:5:{s:4:\"data\";s:27:\"Dev Blog: 2012: A Look Back\";s:7:\"attribs\";a:0:{}s:8:\"xml_base\";s:0:\"\";s:17:\"xml_base_explicit\";b:0;s:8:\"xml_lang\";s:0:\"\";}}s:4:\"guid\";a:1:{i:0;a:5:{s:4:\"data\";s:33:\"http://wordpress.org/news/?p=2525\";s:7:\"attribs\";a:0:{}s:8:\"xml_base\";s:0:\"\";s:17:\"xml_base_explicit\";b:0;s:8:\"xml_lang\";s:0:\"\";}}s:4:\"link\";a:1:{i:0;a:5:{s:4:\"data\";s:51:\"http://wordpress.org/news/2013/01/2012-a-look-back/\";s:7:\"attribs\";a:0:{}s:8:\"xml_base\";s:0:\"\";s:17:\"xml_base_explicit\";b:0;s:8:\"xml_lang\";s:0:\"\";}}s:11:\"description\";a:1:{i:0;a:5:{s:4:\"data\";s:4440:\"<p>Another year is coming to a close, and it&#8217;s time to look back and reflect on what we&#8217;ve accomplished in the past twelve months. The WordPress community is stronger than ever, and some of the accomplishments of the past year are definitely worth remembering.</p>\n<h4>Software Releases</h4>\n<p>We had two major releases of the WordPress web application with versions <a href=\"http://wordpress.org/news/2012/06/green/\">3.4</a> and <a href=\"http://wordpress.org/news/2012/12/elvin/\">3.5</a>, as well as 5 security releases during 2012. 3.4 included the theme customizer, while 3.5 became the long awaited &#8220;media release&#8221; featuring a new uploader and gallery management tool. 3.5 contained code contributions from more people than ever, and we hope to continue growing the contributor ranks in the year ahead. We currently have native apps on 6 mobile platforms &#8212; <a href=\"http://ios.wordpress.org/\">iOS</a>, <a href=\"http://android.wordpress.org/\">Android</a>, <a href=\"http://blackberry.wordpress.org/\">Blackberry</a>, <a href=\"http://wpwindowsphone.wordpress.com/\">Windows Phone</a>, <a href=\"http://nokia.wordpress.org/\">Nokia</a>, and <a href=\"http://webos.wordpress.org/\">WebOS</a> &#8212; and saw several updates there as well.</p>\n<h4>Plugin Directory</h4>\n<p>A number of improvements were made to the Plugin Directory in 2012. More cosmetic  updates, like the introduction of branded plugin page headers, make it a nicer browsing experience, while functional changes like better-integrated support forums, plugin reviews, and a favorites system made the plugin directory even more useful as a resource.</p>\n<h4>The &#8220;Make&#8221; Network and Team Reps</h4>\n<p>2012 was the year that saw the creation of <a href=\"http://make.wordpress.org/\">Make.wordpress.org</a>, a network of sites for the teams of contributors responsible for the different areas of the WordPress project. Now anyone can follow along and get involved with the teams that work on <a href=\"http://make.wordpress.org/core/\">core</a>, <a href=\"http://make.wordpress.org/themes/\">theme review</a>, <a href=\"http://make.wordpress.org/support/\">forum support</a>, <a href=\"http://make.wordpress.org/docs/\">documentation</a>, and more. In 2013 we&#8217;ll work to improve these sites to make it easier to become a contributor. Each team also now has elected Team Reps, a new role that has already led to more cross-team communication. Team reps post each week to the <a href=\"https://make.wordpress.org/updates/\">Updates blog</a> so that the other reps can keep up with what&#8217;s going on in other teams.</p>\n<h4>WordPress Community Summit</h4>\n<p>At the end of October, about 100 of the most influential and respected members of the WordPress community attended an inaugural <a href=\"https://make.wordpress.org/summit\">summit</a> to discuss where we all stand, and to figure out where we go next with WordPress. A &#8220;conference of conversations,&#8221; this unconference made everyone an active participant, and while not every issue brought to the table was solved by the end of the event, the right questions were being asked.</p>\n<h4>Meetup.com</h4>\n<p>The WordPress Foundation now has a central account with Meetup.com. We&#8217;ve brought in a couple dozen existing meetup groups as a pilot to test the system, and are in the process of working with more existing meetups (as well as new ones) to join us so that local organizers won&#8217;t have to pay organizer dues and can get more support from the WordPress project.</p>\n<h4>Internet Blackout Day</h4>\n<p>We participated in the protest against SOPA/PIPA, Internet Blackout Day, on January 18. Though we usually stay out of politics, this campaign was important, and we not only participated in the blackout on WordPress.org, we encouraged our users to do so as well, and recommended plugins to provide blackout functionality. It was deemed the <a href=\"http://sopastrike.com/numbers/\">largest online protest in history</a>.</p>\n<h4>WordCamps</h4>\n<p>And finally, it wouldn&#8217;t be a recap without counting up the <a href=\"http://wordcamp.org\">WordCamps</a>! There were 67 WordCamps around the world in 2012, bringing together WordPress users, developers, and fans. If you didn&#8217;t make it to a WordCamp this year, maybe it can be one of your new year resolutions: <a href=\"http://central.wordcamp.org/schedule/\">check the schedule</a> to find one near you!</p>\";s:7:\"attribs\";a:0:{}s:8:\"xml_base\";s:0:\"\";s:17:\"xml_base_explicit\";b:0;s:8:\"xml_lang\";s:0:\"\";}}s:7:\"pubDate\";a:1:{i:0;a:5:{s:4:\"data\";s:31:\"Tue, 01 Jan 2013 02:22:20 +0000\";s:7:\"attribs\";a:0:{}s:8:\"xml_base\";s:0:\"\";s:17:\"xml_base_explicit\";b:0;s:8:\"xml_lang\";s:0:\"\";}}}s:32:\"http://purl.org/dc/elements/1.1/\";a:1:{s:7:\"creator\";a:1:{i:0;a:5:{s:4:\"data\";s:10:\"Jane Wells\";s:7:\"attribs\";a:0:{}s:8:\"xml_base\";s:0:\"\";s:17:\"xml_base_explicit\";b:0;s:8:\"xml_lang\";s:0:\"\";}}}}}i:19;a:6:{s:4:\"data\";s:13:\"\n	\n	\n	\n	\n	\n	\n\";s:7:\"attribs\";a:0:{}s:8:\"xml_base\";s:0:\"\";s:17:\"xml_base_explicit\";b:0;s:8:\"xml_lang\";s:0:\"\";s:5:\"child\";a:2:{s:0:\"\";a:5:{s:5:\"title\";a:1:{i:0;a:5:{s:4:\"data\";s:60:\"Weblog Tools Collection: WordPress Plugin Releases for 12/30\";s:7:\"attribs\";a:0:{}s:8:\"xml_base\";s:0:\"\";s:17:\"xml_base_explicit\";b:0;s:8:\"xml_lang\";s:0:\"\";}}s:4:\"guid\";a:1:{i:0;a:5:{s:4:\"data\";s:41:\"http://weblogtoolscollection.com/?p=12435\";s:7:\"attribs\";a:0:{}s:8:\"xml_base\";s:0:\"\";s:17:\"xml_base_explicit\";b:0;s:8:\"xml_lang\";s:0:\"\";}}s:4:\"link\";a:1:{i:0;a:5:{s:4:\"data\";s:73:\"http://feedproxy.google.com/~r/weblogtoolscollection/UXMP/~3/YNoFz37j9tA/\";s:7:\"attribs\";a:0:{}s:8:\"xml_base\";s:0:\"\";s:17:\"xml_base_explicit\";b:0;s:8:\"xml_lang\";s:0:\"\";}}s:11:\"description\";a:1:{i:0;a:5:{s:4:\"data\";s:1079:\"<h3>New plugins</h3>\n<p><a href=\"http://wordpress.org/extend/plugins/document-feedback/\"><strong>Document Feedback</strong></a> allows you to get feedback from readers on the documentation you write.</p>\n<p><a href=\"http://wordpress.org/extend/plugins/duckduckgo-search/\"><strong>DuckDuckGo Search Widget</strong></a> allows users to search your site using the <a href=\"http://duckduckgo.com\">DuckDuckGo</a> search engine.</p>\n<p><a href=\"http://wordpress.org/extend/plugins/restore-image-title/\"><strong>Restore Image Title</strong></a> restores the title attribute when images are inserted into posts.</p>\n<h3>Updated plugins</h3>\n<p><a href=\"http://wordpress.org/extend/plugins/camptix/\"><strong>CampTix Event Ticketing</strong></a> is an easy to use and flexible event ticketing plugin.</p>\n<p><a href=\"http://wordpress.org/extend/plugins/w3-total-cache/\"><strong>W3 Total Cache</strong></a> allows you to improve site performance and user experience via caching.</p>\n<img src=\"http://feeds.feedburner.com/~r/weblogtoolscollection/UXMP/~4/YNoFz37j9tA\" height=\"1\" width=\"1\" />\";s:7:\"attribs\";a:0:{}s:8:\"xml_base\";s:0:\"\";s:17:\"xml_base_explicit\";b:0;s:8:\"xml_lang\";s:0:\"\";}}s:7:\"pubDate\";a:1:{i:0;a:5:{s:4:\"data\";s:31:\"Sun, 30 Dec 2012 14:00:01 +0000\";s:7:\"attribs\";a:0:{}s:8:\"xml_base\";s:0:\"\";s:17:\"xml_base_explicit\";b:0;s:8:\"xml_lang\";s:0:\"\";}}}s:32:\"http://purl.org/dc/elements/1.1/\";a:1:{s:7:\"creator\";a:1:{i:0;a:5:{s:4:\"data\";s:5:\"James\";s:7:\"attribs\";a:0:{}s:8:\"xml_base\";s:0:\"\";s:17:\"xml_base_explicit\";b:0;s:8:\"xml_lang\";s:0:\"\";}}}}}i:20;a:6:{s:4:\"data\";s:13:\"\n	\n	\n	\n	\n	\n	\n\";s:7:\"attribs\";a:0:{}s:8:\"xml_base\";s:0:\"\";s:17:\"xml_base_explicit\";b:0;s:8:\"xml_lang\";s:0:\"\";s:5:\"child\";a:2:{s:0:\"\";a:5:{s:5:\"title\";a:1:{i:0;a:5:{s:4:\"data\";s:40:\"Weblog Tools Collection: bbPress in 2012\";s:7:\"attribs\";a:0:{}s:8:\"xml_base\";s:0:\"\";s:17:\"xml_base_explicit\";b:0;s:8:\"xml_lang\";s:0:\"\";}}s:4:\"guid\";a:1:{i:0;a:5:{s:4:\"data\";s:41:\"http://weblogtoolscollection.com/?p=12430\";s:7:\"attribs\";a:0:{}s:8:\"xml_base\";s:0:\"\";s:17:\"xml_base_explicit\";b:0;s:8:\"xml_lang\";s:0:\"\";}}s:4:\"link\";a:1:{i:0;a:5:{s:4:\"data\";s:73:\"http://feedproxy.google.com/~r/weblogtoolscollection/UXMP/~3/R0eLiQ6ymLc/\";s:7:\"attribs\";a:0:{}s:8:\"xml_base\";s:0:\"\";s:17:\"xml_base_explicit\";b:0;s:8:\"xml_lang\";s:0:\"\";}}s:11:\"description\";a:1:{i:0;a:5:{s:4:\"data\";s:766:\"<p><a href=\"http://bbpress.org\">bbPress</a>, the forum &#8220;cousin&#8221; of <a href=\"http://wordpress.org\">WordPress</a>, has had a rather exciting year in 2012, and it&#8217;s all been wrapped up with a nice bow in <a href=\"http://bbpress.org/blog/2012/12/year-in-review/\">their year in review post</a>.</p>\n<p>Over the course of 2012, bbPress has seen two major version releases, a new core committer, and a redesigned site with an emphasis on showcasing and supporting bbPress.</p>\n<p>In 2013, the team plans to focus on improved searching, more integration with <a href=\"http://buddypress.org\">BuddyPress</a>, and various performance improvements.</p>\n<img src=\"http://feeds.feedburner.com/~r/weblogtoolscollection/UXMP/~4/R0eLiQ6ymLc\" height=\"1\" width=\"1\" />\";s:7:\"attribs\";a:0:{}s:8:\"xml_base\";s:0:\"\";s:17:\"xml_base_explicit\";b:0;s:8:\"xml_lang\";s:0:\"\";}}s:7:\"pubDate\";a:1:{i:0;a:5:{s:4:\"data\";s:31:\"Sat, 29 Dec 2012 14:00:10 +0000\";s:7:\"attribs\";a:0:{}s:8:\"xml_base\";s:0:\"\";s:17:\"xml_base_explicit\";b:0;s:8:\"xml_lang\";s:0:\"\";}}}s:32:\"http://purl.org/dc/elements/1.1/\";a:1:{s:7:\"creator\";a:1:{i:0;a:5:{s:4:\"data\";s:5:\"James\";s:7:\"attribs\";a:0:{}s:8:\"xml_base\";s:0:\"\";s:17:\"xml_base_explicit\";b:0;s:8:\"xml_lang\";s:0:\"\";}}}}}i:21;a:6:{s:4:\"data\";s:13:\"\n	\n	\n	\n	\n	\n	\n\";s:7:\"attribs\";a:0:{}s:8:\"xml_base\";s:0:\"\";s:17:\"xml_base_explicit\";b:0;s:8:\"xml_lang\";s:0:\"\";s:5:\"child\";a:2:{s:0:\"\";a:5:{s:5:\"title\";a:1:{i:0;a:5:{s:4:\"data\";s:40:\"WPTavern: Automattic Acquires CodeGarage\";s:7:\"attribs\";a:0:{}s:8:\"xml_base\";s:0:\"\";s:17:\"xml_base_explicit\";b:0;s:8:\"xml_lang\";s:0:\"\";}}s:4:\"guid\";a:1:{i:0;a:5:{s:4:\"data\";s:31:\"http://www.wptavern.com/?p=6753\";s:7:\"attribs\";a:0:{}s:8:\"xml_base\";s:0:\"\";s:17:\"xml_base_explicit\";b:0;s:8:\"xml_lang\";s:0:\"\";}}s:4:\"link\";a:1:{i:0;a:5:{s:4:\"data\";s:92:\"http://feedproxy.google.com/~r/WordpressTavern/~3/yVmq2R5GpIk/automattic-acquires-codegarage\";s:7:\"attribs\";a:0:{}s:8:\"xml_base\";s:0:\"\";s:17:\"xml_base_explicit\";b:0;s:8:\"xml_lang\";s:0:\"\";}}s:11:\"description\";a:1:{i:0;a:5:{s:4:\"data\";s:2337:\"<p><a href=\"http://www.wptavern.com/wp-content/uploads/2012/12/CodeGaragelogo.jpg\" rel=\"thumbnail\"><img src=\"http://www.wptavern.com/wp-content/uploads/2012/12/CodeGaragelogo.jpg\" alt=\"Code Garage Logo\" width=\"262\" height=\"54\" class=\"alignright size-full wp-image-6754\" /></a>Automattic or more aptly VaultPress, has acquired security company, <a href=\"http://codegarage.com/blog/2012/12/going-automattic/\">CodeGarage</a>. This is the first time I&#8217;ve ever heard about CodeGarage but they appear to be a VaultPress alternative. Looking over the pricing and plans for each service, I see that CodeGarage was definitely cheaper as you can monitor 5 websites for $25 a month while VaultPress charges a flat fee <strong>PER</strong> website. The acquisition appears to be a talent grab as well as being a learning exercise. As an example, CodeGarage has a great pricing structure that allows businesses to have multiple websites monitored for a nominal fee, something which VaultPress doesn&#8217;t have. </p>\n<p>I have to say though, I&#8217;m a bit perplexed as to why <a href=\"http://blog.vaultpress.com/2012/12/21/vaultpress-in-the-garage/\">Automattic/VaultPress would continue</a> to build and expand upon CodeGarage considering the existence of VaultPress. Even though it was not announced, if I were a customer of CodeGarage, I&#8217;d be watching the news very carefully to watch for any hints of the service shutting down and everyone having to migrate over to the VaultPress platform. </p>\n<div class=\"yarpp-related-rss\">\n<p>Related posts:<ol>\n<li><a href=\"http://www.wptavern.com/vaultpress-not-an-option-for-non-profit-multisite-installations\" rel=\"bookmark\" title=\"VaultPress &#8211; Not An Option For Non-Profit MultiSite Installations?\">VaultPress &#8211; Not An Option For Non-Profit MultiSite Installations?</a></li>\n<li><a href=\"http://www.wptavern.com/vaultpress-now-supports-wordpress-multisite\" rel=\"bookmark\" title=\"VaultPress Now Supports WordPress Multisite\">VaultPress Now Supports WordPress Multisite</a></li>\n<li><a href=\"http://www.wptavern.com/vaultpress-issues-first-set-of-invites\" rel=\"bookmark\" title=\"VaultPress Issues First Set Of Invites\">VaultPress Issues First Set Of Invites</a></li>\n</ol></p>\n</div>\n<img src=\"http://feeds.feedburner.com/~r/WordpressTavern/~4/yVmq2R5GpIk\" height=\"1\" width=\"1\" />\";s:7:\"attribs\";a:0:{}s:8:\"xml_base\";s:0:\"\";s:17:\"xml_base_explicit\";b:0;s:8:\"xml_lang\";s:0:\"\";}}s:7:\"pubDate\";a:1:{i:0;a:5:{s:4:\"data\";s:31:\"Fri, 28 Dec 2012 20:20:41 +0000\";s:7:\"attribs\";a:0:{}s:8:\"xml_base\";s:0:\"\";s:17:\"xml_base_explicit\";b:0;s:8:\"xml_lang\";s:0:\"\";}}}s:32:\"http://purl.org/dc/elements/1.1/\";a:1:{s:7:\"creator\";a:1:{i:0;a:5:{s:4:\"data\";s:6:\"Jeffro\";s:7:\"attribs\";a:0:{}s:8:\"xml_base\";s:0:\"\";s:17:\"xml_base_explicit\";b:0;s:8:\"xml_lang\";s:0:\"\";}}}}}i:22;a:6:{s:4:\"data\";s:13:\"\n	\n	\n	\n	\n	\n	\n\";s:7:\"attribs\";a:0:{}s:8:\"xml_base\";s:0:\"\";s:17:\"xml_base_explicit\";b:0;s:8:\"xml_lang\";s:0:\"\";s:5:\"child\";a:2:{s:0:\"\";a:5:{s:5:\"title\";a:1:{i:0;a:5:{s:4:\"data\";s:41:\"WPTavern: Security Hole In W3 Total Cache\";s:7:\"attribs\";a:0:{}s:8:\"xml_base\";s:0:\"\";s:17:\"xml_base_explicit\";b:0;s:8:\"xml_lang\";s:0:\"\";}}s:4:\"guid\";a:1:{i:0;a:5:{s:4:\"data\";s:31:\"http://www.wptavern.com/?p=6749\";s:7:\"attribs\";a:0:{}s:8:\"xml_base\";s:0:\"\";s:17:\"xml_base_explicit\";b:0;s:8:\"xml_lang\";s:0:\"\";}}s:4:\"link\";a:1:{i:0;a:5:{s:4:\"data\";s:93:\"http://feedproxy.google.com/~r/WordpressTavern/~3/dJ3PpaC8SJk/security-hole-in-w3-total-cache\";s:7:\"attribs\";a:0:{}s:8:\"xml_base\";s:0:\"\";s:17:\"xml_base_explicit\";b:0;s:8:\"xml_lang\";s:0:\"\";}}s:11:\"description\";a:1:{i:0;a:5:{s:4:\"data\";s:2669:\"<p>Over the past few days, I&#8217;ve read various posts regarding a security hole discovered in the popular W3 Total Cache plugin. According to a <a href=\"http://seclists.org/fulldisclosure/2012/Dec/242\">security bulletin published</a> by Jason Donenfeld on Seclist.org, after installing the plugin from the WordPress plugin repository through the backend of WordPress, there are two avenues of attack left open.</p>\n<blockquote><p>\n1) Directory listings were enabled on the cache directory, which means anyone could easily recursively download all the database cache keys,<br />\nand extract ones containing sensitive information, such as password hashes. A simple google search of &#8220;inurl:wp-content/plugins/w3tc/dbcache&#8221; and maybe some other magic reveals this wasn&#8217;t just an issue for me. As W3 Total Cache already futzes with the .htaccess file, I see no reason for it not to add &#8220;Options -Indexes&#8221; to it upon installation. I haven&#8217;t read any W3 documentation, so it&#8217;s possible this is a known and documented misconfiguration, but maybe not.</p>\n<p>2) Even with directory listings off, cache files are by default publicly downloadable, and the key values / file names of the database cache items are easily predictable. Again, it seems odd that &#8220;deny from all&#8221; isn&#8217;t added to the .htaccess file. Maybe it&#8217;s documented somewhere that you should secure your directories, or maybe it isn&#8217;t; I&#8217;m not sure.</p></blockquote>\n<p>However, <a href=\"http://wordpress.org/support/topic/w3-total-cache-critical-vulnerability-disclosed-1\">within the plugin&#8217;s support forums</a> on WordPress.org, Otto suggested that until a fix is released, to check and see if you&#8217;re using &#8220;Disk: Basic&#8221; or &#8220;Disk: Enhanced&#8221; for database caching. If so, disable database caching and clear out those caches. </p>\n<div class=\"yarpp-related-rss\">\n<p>Related posts:<ol>\n<li><a href=\"http://www.wptavern.com/wp-super-cache-1-0-released\" rel=\"bookmark\" title=\"WP Super Cache 1.0 Released\">WP Super Cache 1.0 Released</a></li>\n<li><a href=\"http://www.wptavern.com/share-your-wordpress-security-nightmare\" rel=\"bookmark\" title=\"Share Your WordPress Security Nightmare\">Share Your WordPress Security Nightmare</a></li>\n<li><a href=\"http://www.wptavern.com/top-5-wordpress-security-tips-you-most-likely-dont-follow\" rel=\"bookmark\" title=\"Top 5 WordPress Security Tips You Most Likely Don&#8217;t Follow\">Top 5 WordPress Security Tips You Most Likely Don&#8217;t Follow</a></li>\n</ol></p>\n</div>\n<img src=\"http://feeds.feedburner.com/~r/WordpressTavern/~4/dJ3PpaC8SJk\" height=\"1\" width=\"1\" />\";s:7:\"attribs\";a:0:{}s:8:\"xml_base\";s:0:\"\";s:17:\"xml_base_explicit\";b:0;s:8:\"xml_lang\";s:0:\"\";}}s:7:\"pubDate\";a:1:{i:0;a:5:{s:4:\"data\";s:31:\"Fri, 28 Dec 2012 19:54:52 +0000\";s:7:\"attribs\";a:0:{}s:8:\"xml_base\";s:0:\"\";s:17:\"xml_base_explicit\";b:0;s:8:\"xml_lang\";s:0:\"\";}}}s:32:\"http://purl.org/dc/elements/1.1/\";a:1:{s:7:\"creator\";a:1:{i:0;a:5:{s:4:\"data\";s:6:\"Jeffro\";s:7:\"attribs\";a:0:{}s:8:\"xml_base\";s:0:\"\";s:17:\"xml_base_explicit\";b:0;s:8:\"xml_lang\";s:0:\"\";}}}}}i:23;a:6:{s:4:\"data\";s:13:\"\n	\n	\n	\n	\n	\n	\n\";s:7:\"attribs\";a:0:{}s:8:\"xml_base\";s:0:\"\";s:17:\"xml_base_explicit\";b:0;s:8:\"xml_lang\";s:0:\"\";s:5:\"child\";a:2:{s:0:\"\";a:5:{s:5:\"title\";a:1:{i:0;a:5:{s:4:\"data\";s:47:\"WPTavern: bbPress Publishes 2012 Year In Review\";s:7:\"attribs\";a:0:{}s:8:\"xml_base\";s:0:\"\";s:17:\"xml_base_explicit\";b:0;s:8:\"xml_lang\";s:0:\"\";}}s:4:\"guid\";a:1:{i:0;a:5:{s:4:\"data\";s:31:\"http://www.wptavern.com/?p=6746\";s:7:\"attribs\";a:0:{}s:8:\"xml_base\";s:0:\"\";s:17:\"xml_base_explicit\";b:0;s:8:\"xml_lang\";s:0:\"\";}}s:4:\"link\";a:1:{i:0;a:5:{s:4:\"data\";s:99:\"http://feedproxy.google.com/~r/WordpressTavern/~3/oTY3wyCumUQ/bbpress-publishes-2012-year-in-review\";s:7:\"attribs\";a:0:{}s:8:\"xml_base\";s:0:\"\";s:17:\"xml_base_explicit\";b:0;s:8:\"xml_lang\";s:0:\"\";}}s:11:\"description\";a:1:{i:0;a:5:{s:4:\"data\";s:1818:\"<p><a href=\"http://www.wptavern.com/wp-content/uploads/2011/09/bbpresslogo.png\" rel=\"thumbnail\"><img src=\"http://www.wptavern.com/wp-content/uploads/2011/09/bbpresslogo.png\" alt=\"bbpress.org Logo\" width=\"205\" height=\"70\" class=\"alignright size-full wp-image-5463\" /></a>John James Jacoby has published the <a href=\"http://bbpress.org/blog/2012/12/year-in-review/\">2012 year in review post</a> for bbPress. It&#8217;s been one year since the project went from being stand alone software to a WordPress plugin. So far, it looks like the project is progressing along quite steadily. Among some of the cool stuff added to bbPress during 2012 are <em>retina support, theme compatibility, multiple user roles, private/hidden forums, BuddyPress integration, Akismet integration, and improved multisite support.</em> Although it&#8217;s taken awhile, it looks like the community is really starting to rally behind the project again. </p>\n<p>For those of you that are using the plugin version of bbPress, what are your thoughts on the new project so far? </p>\n<div class=\"yarpp-related-rss\">\n<p>Related posts:<ol>\n<li><a href=\"http://www.wptavern.com/the-future-of-bbpress-lies-within-wordpress\" rel=\"bookmark\" title=\"The Future Of bbPress Lies Within WordPress\">The Future Of bbPress Lies Within WordPress</a></li>\n<li><a href=\"http://www.wptavern.com/new-home-for-bbpress-development-chatter\" rel=\"bookmark\" title=\"New Home For bbPress Development Chatter\">New Home For bbPress Development Chatter</a></li>\n<li><a href=\"http://www.wptavern.com/buddypress-and-bbpress-are-getting-a-divorce\" rel=\"bookmark\" title=\"BuddyPress And bbPress Are Getting A Divorce\">BuddyPress And bbPress Are Getting A Divorce</a></li>\n</ol></p>\n</div>\n<img src=\"http://feeds.feedburner.com/~r/WordpressTavern/~4/oTY3wyCumUQ\" height=\"1\" width=\"1\" />\";s:7:\"attribs\";a:0:{}s:8:\"xml_base\";s:0:\"\";s:17:\"xml_base_explicit\";b:0;s:8:\"xml_lang\";s:0:\"\";}}s:7:\"pubDate\";a:1:{i:0;a:5:{s:4:\"data\";s:31:\"Fri, 28 Dec 2012 19:35:12 +0000\";s:7:\"attribs\";a:0:{}s:8:\"xml_base\";s:0:\"\";s:17:\"xml_base_explicit\";b:0;s:8:\"xml_lang\";s:0:\"\";}}}s:32:\"http://purl.org/dc/elements/1.1/\";a:1:{s:7:\"creator\";a:1:{i:0;a:5:{s:4:\"data\";s:6:\"Jeffro\";s:7:\"attribs\";a:0:{}s:8:\"xml_base\";s:0:\"\";s:17:\"xml_base_explicit\";b:0;s:8:\"xml_lang\";s:0:\"\";}}}}}i:24;a:6:{s:4:\"data\";s:13:\"\n	\n	\n	\n	\n	\n	\n\";s:7:\"attribs\";a:0:{}s:8:\"xml_base\";s:0:\"\";s:17:\"xml_base_explicit\";b:0;s:8:\"xml_lang\";s:0:\"\";s:5:\"child\";a:2:{s:0:\"\";a:5:{s:5:\"title\";a:1:{i:0;a:5:{s:4:\"data\";s:63:\"WordPress.tv: Joel R. Norris: A Beginner’s WordPress Bootcamp\";s:7:\"attribs\";a:0:{}s:8:\"xml_base\";s:0:\"\";s:17:\"xml_base_explicit\";b:0;s:8:\"xml_lang\";s:0:\"\";}}s:4:\"guid\";a:1:{i:0;a:5:{s:4:\"data\";s:28:\"http://wordpress.tv/?p=14237\";s:7:\"attribs\";a:0:{}s:8:\"xml_base\";s:0:\"\";s:17:\"xml_base_explicit\";b:0;s:8:\"xml_lang\";s:0:\"\";}}s:4:\"link\";a:1:{i:0;a:5:{s:4:\"data\";s:76:\"http://wordpress.tv/2012/12/26/joel-r-norris-a-beginners-wordpress-bootcamp/\";s:7:\"attribs\";a:0:{}s:8:\"xml_base\";s:0:\"\";s:17:\"xml_base_explicit\";b:0;s:8:\"xml_lang\";s:0:\"\";}}s:11:\"description\";a:1:{i:0;a:5:{s:4:\"data\";s:635:\"<div id=\"v-IsG4XNns-1\" class=\"video-player\">\n</div>\n<br />  <a rel=\"nofollow\" href=\"http://feeds.wordpress.com/1.0/gocomments/wptv.wordpress.com/14237/\"><img alt=\"\" border=\"0\" src=\"http://feeds.wordpress.com/1.0/comments/wptv.wordpress.com/14237/\" /></a> <img alt=\"\" border=\"0\" src=\"http://stats.wordpress.com/b.gif?host=wordpress.tv&blog=5089392&post=14237&subd=wptv&ref=&feed=1\" width=\"1\" height=\"1\" /><div><a href=\"http://wordpress.tv/2012/12/26/joel-r-norris-a-beginners-wordpress-bootcamp/\"><img alt=\"JoelWordCampNash\" src=\"http://videos.videopress.com/IsG4XNns/joelwordcamp_std.original.jpg\" width=\"160\" height=\"120\" /></a></div>\";s:7:\"attribs\";a:0:{}s:8:\"xml_base\";s:0:\"\";s:17:\"xml_base_explicit\";b:0;s:8:\"xml_lang\";s:0:\"\";}}s:7:\"pubDate\";a:1:{i:0;a:5:{s:4:\"data\";s:31:\"Wed, 26 Dec 2012 14:42:55 +0000\";s:7:\"attribs\";a:0:{}s:8:\"xml_base\";s:0:\"\";s:17:\"xml_base_explicit\";b:0;s:8:\"xml_lang\";s:0:\"\";}}}s:32:\"http://purl.org/dc/elements/1.1/\";a:1:{s:7:\"creator\";a:1:{i:0;a:5:{s:4:\"data\";s:13:\"Ah So Designs\";s:7:\"attribs\";a:0:{}s:8:\"xml_base\";s:0:\"\";s:17:\"xml_base_explicit\";b:0;s:8:\"xml_lang\";s:0:\"\";}}}}}i:25;a:6:{s:4:\"data\";s:13:\"\n	\n	\n	\n	\n	\n	\n\";s:7:\"attribs\";a:0:{}s:8:\"xml_base\";s:0:\"\";s:17:\"xml_base_explicit\";b:0;s:8:\"xml_lang\";s:0:\"\";s:5:\"child\";a:2:{s:0:\"\";a:5:{s:5:\"title\";a:1:{i:0;a:5:{s:4:\"data\";s:60:\"Weblog Tools Collection: WordPress Plugin Releases for 12/26\";s:7:\"attribs\";a:0:{}s:8:\"xml_base\";s:0:\"\";s:17:\"xml_base_explicit\";b:0;s:8:\"xml_lang\";s:0:\"\";}}s:4:\"guid\";a:1:{i:0;a:5:{s:4:\"data\";s:41:\"http://weblogtoolscollection.com/?p=12420\";s:7:\"attribs\";a:0:{}s:8:\"xml_base\";s:0:\"\";s:17:\"xml_base_explicit\";b:0;s:8:\"xml_lang\";s:0:\"\";}}s:4:\"link\";a:1:{i:0;a:5:{s:4:\"data\";s:73:\"http://feedproxy.google.com/~r/weblogtoolscollection/UXMP/~3/2p-8OLDl7Hw/\";s:7:\"attribs\";a:0:{}s:8:\"xml_base\";s:0:\"\";s:17:\"xml_base_explicit\";b:0;s:8:\"xml_lang\";s:0:\"\";}}s:11:\"description\";a:1:{i:0;a:5:{s:4:\"data\";s:1068:\"<h3>New plugins</h3>\n<p><a href=\"http://wordpress.org/extend/plugins/font-emoticons/\"><strong>Font Emoticons</strong></a> replaces WordPress&#8217; smileys with font-based emoticons.</p>\n<p><a href=\"http://akted.com/plugins/mu-plugins-tool/\"><strong>MU Plugins Tool</strong></a> allows you to selectively enable/disable any MU (must-use) plugins you have installed.</p>\n<h3>Updated plugins</h3>\n<p><a href=\"http://www.fastsecurecontactform.com/\"><strong>Fast Secure Contact Form</strong></a> lets your visitors send you a quick e-mail message and blocks all common spammer tactics. Additionally, the plugin has a multi-form feature, optional extra fields, and an option to redirect visitors to any URL after the message is sent.</p>\n<p><a href=\"http://wordpress.org/extend/plugins/yet-another-related-posts-plugin/\"><strong>Yet Another Related Posts Plugin</strong></a> displays a list of related entries on your site and feeds based on a unique algorithm.</p>\n<img src=\"http://feeds.feedburner.com/~r/weblogtoolscollection/UXMP/~4/2p-8OLDl7Hw\" height=\"1\" width=\"1\" />\";s:7:\"attribs\";a:0:{}s:8:\"xml_base\";s:0:\"\";s:17:\"xml_base_explicit\";b:0;s:8:\"xml_lang\";s:0:\"\";}}s:7:\"pubDate\";a:1:{i:0;a:5:{s:4:\"data\";s:31:\"Wed, 26 Dec 2012 14:00:10 +0000\";s:7:\"attribs\";a:0:{}s:8:\"xml_base\";s:0:\"\";s:17:\"xml_base_explicit\";b:0;s:8:\"xml_lang\";s:0:\"\";}}}s:32:\"http://purl.org/dc/elements/1.1/\";a:1:{s:7:\"creator\";a:1:{i:0;a:5:{s:4:\"data\";s:5:\"James\";s:7:\"attribs\";a:0:{}s:8:\"xml_base\";s:0:\"\";s:17:\"xml_base_explicit\";b:0;s:8:\"xml_lang\";s:0:\"\";}}}}}i:26;a:6:{s:4:\"data\";s:13:\"\n	\n	\n	\n	\n	\n	\n\";s:7:\"attribs\";a:0:{}s:8:\"xml_base\";s:0:\"\";s:17:\"xml_base_explicit\";b:0;s:8:\"xml_lang\";s:0:\"\";s:5:\"child\";a:2:{s:0:\"\";a:5:{s:5:\"title\";a:1:{i:0;a:5:{s:4:\"data\";s:23:\"bbPress: Year in Review\";s:7:\"attribs\";a:0:{}s:8:\"xml_base\";s:0:\"\";s:17:\"xml_base_explicit\";b:0;s:8:\"xml_lang\";s:0:\"\";}}s:4:\"guid\";a:1:{i:0;a:5:{s:4:\"data\";s:28:\"http://bbpress.org/?p=124460\";s:7:\"attribs\";a:0:{}s:8:\"xml_base\";s:0:\"\";s:17:\"xml_base_explicit\";b:0;s:8:\"xml_lang\";s:0:\"\";}}s:4:\"link\";a:1:{i:0;a:5:{s:4:\"data\";s:47:\"http://bbpress.org/blog/2012/12/year-in-review/\";s:7:\"attribs\";a:0:{}s:8:\"xml_base\";s:0:\"\";s:17:\"xml_base_explicit\";b:0;s:8:\"xml_lang\";s:0:\"\";}}s:11:\"description\";a:1:{i:0;a:5:{s:4:\"data\";s:1832:\"<h4>bbPress.org</h4>\n<p>bbPress.org went through a serious clean-up effort in 2012. The site now runs a minimal set of plugins, with an emphasis on supporting the project proper and showcasing it in a much more subtle and focused way.</p>\n<p>bbPress.org&#8217;s plugin repository was retired, and all new plugins are located in WordPress.org extend. This makes perfect sense right now, and really goes a long way towards more tightly integrating the WordPress/bbPress ecosystems together.</p>\n<h4>bbPress Releases</h4>\n<p>bbPress saw the release of 2.1 and 2.2 this year, both major versions that included some pretty nifty and progressive features, such as: retina support, theme compatibility, multiple user roles, private/hidden forums, BuddyPress integration, Akismet integration, and improved multisite support.</p>\n<p>bbPress recently welcomed Jennifer M. Dodd as a core committer, and she&#8217;s already doing great. We&#8217;ve also started doing weekly team chats, and have regulars that are helping run the show, triage trac, and follow closely inline with the successes of WordPress core.</p>\n<p>In 2013, bbPress will see:</p>\n<ul>\n<li>Forum specific searching.</li>\n<li>More BuddyPress integration.</li>\n<li>More migrations to 2.x in the various .org usages.</li>\n<li>Performance improvements around recalculating metadata.</li>\n<li>Improved capability mapping, to allow more granular access control.</li>\n<li>Hopefully, another core committer.</li>\n</ul>\n<h4>In closing</h4>\n<p>2012 has been a great year for the bb&#8217;s. The community is really rallying behind bbPress again, and our BuddyPress users are anxiously awaiting the 1.7 release to alleviate all of their theming woes. Overall, I&#8217;m very proud about what we were able to accomplish this year, and am excited about what we have planned for 2013.</p>\";s:7:\"attribs\";a:0:{}s:8:\"xml_base\";s:0:\"\";s:17:\"xml_base_explicit\";b:0;s:8:\"xml_lang\";s:0:\"\";}}s:7:\"pubDate\";a:1:{i:0;a:5:{s:4:\"data\";s:31:\"Tue, 25 Dec 2012 17:00:02 +0000\";s:7:\"attribs\";a:0:{}s:8:\"xml_base\";s:0:\"\";s:17:\"xml_base_explicit\";b:0;s:8:\"xml_lang\";s:0:\"\";}}}s:32:\"http://purl.org/dc/elements/1.1/\";a:1:{s:7:\"creator\";a:1:{i:0;a:5:{s:4:\"data\";s:17:\"John James Jacoby\";s:7:\"attribs\";a:0:{}s:8:\"xml_base\";s:0:\"\";s:17:\"xml_base_explicit\";b:0;s:8:\"xml_lang\";s:0:\"\";}}}}}i:27;a:6:{s:4:\"data\";s:13:\"\n	\n	\n	\n	\n	\n	\n\";s:7:\"attribs\";a:0:{}s:8:\"xml_base\";s:0:\"\";s:17:\"xml_base_explicit\";b:0;s:8:\"xml_lang\";s:0:\"\";s:5:\"child\";a:2:{s:0:\"\";a:5:{s:5:\"title\";a:1:{i:0;a:5:{s:4:\"data\";s:26:\"BuddyPress: Year in Review\";s:7:\"attribs\";a:0:{}s:8:\"xml_base\";s:0:\"\";s:17:\"xml_base_explicit\";b:0;s:8:\"xml_lang\";s:0:\"\";}}s:4:\"guid\";a:1:{i:0;a:5:{s:4:\"data\";s:31:\"http://buddypress.org/?p=148902\";s:7:\"attribs\";a:0:{}s:8:\"xml_base\";s:0:\"\";s:17:\"xml_base_explicit\";b:0;s:8:\"xml_lang\";s:0:\"\";}}s:4:\"link\";a:1:{i:0;a:5:{s:4:\"data\";s:45:\"http://buddypress.org/2012/12/year-in-review/\";s:7:\"attribs\";a:0:{}s:8:\"xml_base\";s:0:\"\";s:17:\"xml_base_explicit\";b:0;s:8:\"xml_lang\";s:0:\"\";}}s:11:\"description\";a:1:{i:0;a:5:{s:4:\"data\";s:2401:\"<h4>BuddyPress.org</h4>\n<p>BuddyPress.org went through another serious clean-up effort in 2012. It now runs a minimal set of plugins, with an emphasis on supporting the project proper.</p>\n<p>BuddyPress.org&#8217;s group forums were retired. They were a fun experiment, but largely confusing to users and a moderation nightmare for site staffers. BuddyPress.org also experienced another redesign, taking much inspiration from bbPress.org and shifting focus away from evangelizing and towards supporting and showcasing what a nicely integrated BuddyPress installation can be.</p>\n<h4>BuddyPress Releases</h4>\n<p>BuddyPress saw both 1.5 and 1.6, with focus on cleaning up the codebase, gently migrating off of bbPress 1.1 for group forums, activity stream administration, performance improvements, and better single and multisite switching support. We also had our very first BuddyCamp in Vancouver, which was an amazing event thanks to Matt, the event organizers, sponsors, and all-of-the-other awesome contributors.</p>\n<p>In 2012, we added our 4th core committer, Raymond Hoh. Ray has been a prolific contributor since the early days, and recently stepped up his game where him not having commit access was slowing him down. We also started experimenting with new default themes, codenamed Status, and Turtleshell respectively. Neither has made it directly into core, but TS is showing promise as a great compliment to 1.7 as we roll out theme compatibility in BuddyPress.</p>\n<p>In 2013, BuddyPress will likely see:</p>\n<ul>\n<li>Theme compatibility with all WordPress themes.</li>\n<li>Dropping the ability to create new bbPress 1.1 powered group forums, relying solely on bbPress 2.x.</li>\n<li>Notifications being extracted into its own component.</li>\n<li>More wp-admin integration, starting with Groups management.</li>\n<li>Retina all-of-the-things.</li>\n<li>What&#8217;s New and Credits pages, ala WordPress core.</li>\n<li>Again, hopefully another prolific core committer.</li>\n<li>A BuddyCamp or two wouldn&#8217;t hurt.</li>\n</ul>\n<h4>In closing</h4>\n<p>2012 has been a great year for the bb&#8217;s. The community is really rallying behind bbPress again, and our BuddyPress users are anxiously awaiting the 1.7 release to alleviate all of their theming woes. Overall, I&#8217;m very proud about what we were able to accomplish this year, and am excited about what we have planned for 2013.</p>\";s:7:\"attribs\";a:0:{}s:8:\"xml_base\";s:0:\"\";s:17:\"xml_base_explicit\";b:0;s:8:\"xml_lang\";s:0:\"\";}}s:7:\"pubDate\";a:1:{i:0;a:5:{s:4:\"data\";s:31:\"Tue, 25 Dec 2012 10:09:26 +0000\";s:7:\"attribs\";a:0:{}s:8:\"xml_base\";s:0:\"\";s:17:\"xml_base_explicit\";b:0;s:8:\"xml_lang\";s:0:\"\";}}}s:32:\"http://purl.org/dc/elements/1.1/\";a:1:{s:7:\"creator\";a:1:{i:0;a:5:{s:4:\"data\";s:17:\"John James Jacoby\";s:7:\"attribs\";a:0:{}s:8:\"xml_base\";s:0:\"\";s:17:\"xml_base_explicit\";b:0;s:8:\"xml_lang\";s:0:\"\";}}}}}i:28;a:6:{s:4:\"data\";s:13:\"\n	\n	\n	\n	\n	\n	\n\";s:7:\"attribs\";a:0:{}s:8:\"xml_base\";s:0:\"\";s:17:\"xml_base_explicit\";b:0;s:8:\"xml_lang\";s:0:\"\";s:5:\"child\";a:2:{s:0:\"\";a:5:{s:5:\"title\";a:1:{i:0;a:5:{s:4:\"data\";s:59:\"Weblog Tools Collection: WordPress Theme Releases for 12/24\";s:7:\"attribs\";a:0:{}s:8:\"xml_base\";s:0:\"\";s:17:\"xml_base_explicit\";b:0;s:8:\"xml_lang\";s:0:\"\";}}s:4:\"guid\";a:1:{i:0;a:5:{s:4:\"data\";s:41:\"http://weblogtoolscollection.com/?p=12407\";s:7:\"attribs\";a:0:{}s:8:\"xml_base\";s:0:\"\";s:17:\"xml_base_explicit\";b:0;s:8:\"xml_lang\";s:0:\"\";}}s:4:\"link\";a:1:{i:0;a:5:{s:4:\"data\";s:73:\"http://feedproxy.google.com/~r/weblogtoolscollection/UXMP/~3/Na-eskKYYU0/\";s:7:\"attribs\";a:0:{}s:8:\"xml_base\";s:0:\"\";s:17:\"xml_base_explicit\";b:0;s:8:\"xml_lang\";s:0:\"\";}}s:11:\"description\";a:1:{i:0;a:5:{s:4:\"data\";s:2144:\"<p><a href=\"http://wordpress.org/extend/themes/artblog\"><img class=\"alignnone size-thumbnail wp-image-12409\" alt=\"screenshot\" src=\"http://i2.wp.com/weblogtoolscollection.com/wp-content/uploads/2012/12/screenshot4.png?resize=150%2C150\" /></a></p>\n<p><a href=\"http://wordpress.org/extend/themes/artblog\"><strong>Artblog</strong></a> is a simple theme designed for artists.</p>\n<p><a href=\"http://wordpress.org/extend/themes/cheer\"><img class=\"alignnone size-thumbnail wp-image-12410\" alt=\"screenshot-1\" src=\"http://i1.wp.com/weblogtoolscollection.com/wp-content/uploads/2012/12/screenshot-14.png?resize=150%2C150\" /></a></p>\n<p><a href=\"http://wordpress.org/extend/themes/cheer\"><strong>Cheer</strong></a> a whimsical and textured holiday theme.</p>\n<p><a href=\"http://gazpo.com/2012/12/curiosity/\"><img class=\"alignnone size-thumbnail wp-image-12412\" alt=\"screenshot-4\" src=\"http://i0.wp.com/weblogtoolscollection.com/wp-content/uploads/2012/12/screenshot-4.png?resize=150%2C150\" /></a></p>\n<p><a href=\"http://gazpo.com/2012/12/curiosity/\"><strong>Curiosity</strong></a> is a simple, clean, and elegant theme.</p>\n<p><a href=\"http://wordpress.org/extend/themes/embed\"><img class=\"alignnone size-thumbnail wp-image-12408\" alt=\"screenshot-2\" src=\"http://i1.wp.com/weblogtoolscollection.com/wp-content/uploads/2012/12/screenshot-22.png?resize=150%2C150\" /></a></p>\n<p><a href=\"http://wordpress.org/extend/themes/embed\"><strong>Embed</strong></a> is a simple and elegant one coloumn <a href=\"http://wordpress.org/extend/themes/twentytwelve\">Twenty Twelve</a> child theme.</p>\n<p><a href=\"http://wordpress.org/extend/themes/mimbolove\"><img class=\"alignnone size-thumbnail wp-image-12411\" alt=\"screenshot-3\" src=\"http://i1.wp.com/weblogtoolscollection.com/wp-content/uploads/2012/12/screenshot-3.png?resize=150%2C150\" /></a></p>\n<p><a href=\"http://wordpress.org/extend/themes/mimbolove\"><strong>Mimbolove</strong></a> is a simple and customizable theme with support for a custom menu, header image, two column layout, and a footer sidebar.</p>\n<img src=\"http://feeds.feedburner.com/~r/weblogtoolscollection/UXMP/~4/Na-eskKYYU0\" height=\"1\" width=\"1\" />\";s:7:\"attribs\";a:0:{}s:8:\"xml_base\";s:0:\"\";s:17:\"xml_base_explicit\";b:0;s:8:\"xml_lang\";s:0:\"\";}}s:7:\"pubDate\";a:1:{i:0;a:5:{s:4:\"data\";s:31:\"Mon, 24 Dec 2012 14:00:37 +0000\";s:7:\"attribs\";a:0:{}s:8:\"xml_base\";s:0:\"\";s:17:\"xml_base_explicit\";b:0;s:8:\"xml_lang\";s:0:\"\";}}}s:32:\"http://purl.org/dc/elements/1.1/\";a:1:{s:7:\"creator\";a:1:{i:0;a:5:{s:4:\"data\";s:5:\"James\";s:7:\"attribs\";a:0:{}s:8:\"xml_base\";s:0:\"\";s:17:\"xml_base_explicit\";b:0;s:8:\"xml_lang\";s:0:\"\";}}}}}i:29;a:6:{s:4:\"data\";s:13:\"\n	\n	\n	\n	\n	\n	\n\";s:7:\"attribs\";a:0:{}s:8:\"xml_base\";s:0:\"\";s:17:\"xml_base_explicit\";b:0;s:8:\"xml_lang\";s:0:\"\";s:5:\"child\";a:2:{s:0:\"\";a:5:{s:5:\"title\";a:1:{i:0;a:5:{s:4:\"data\";s:74:\"WordPress.tv: Brad McCarty: Making the Leap: From Hobbyist to Professional\";s:7:\"attribs\";a:0:{}s:8:\"xml_base\";s:0:\"\";s:17:\"xml_base_explicit\";b:0;s:8:\"xml_lang\";s:0:\"\";}}s:4:\"guid\";a:1:{i:0;a:5:{s:4:\"data\";s:28:\"http://wordpress.tv/?p=14242\";s:7:\"attribs\";a:0:{}s:8:\"xml_base\";s:0:\"\";s:17:\"xml_base_explicit\";b:0;s:8:\"xml_lang\";s:0:\"\";}}s:4:\"link\";a:1:{i:0;a:5:{s:4:\"data\";s:90:\"http://wordpress.tv/2012/12/23/brad-mccarty-making-the-leap-from-hobbyist-to-professional/\";s:7:\"attribs\";a:0:{}s:8:\"xml_base\";s:0:\"\";s:17:\"xml_base_explicit\";b:0;s:8:\"xml_lang\";s:0:\"\";}}s:11:\"description\";a:1:{i:0;a:5:{s:4:\"data\";s:681:\"<div id=\"v-PGfZ2v8X-1\" class=\"video-player\">\n</div>\n<br />  <a rel=\"nofollow\" href=\"http://feeds.wordpress.com/1.0/gocomments/wptv.wordpress.com/14242/\"><img alt=\"\" border=\"0\" src=\"http://feeds.wordpress.com/1.0/comments/wptv.wordpress.com/14242/\" /></a> <img alt=\"\" border=\"0\" src=\"http://stats.wordpress.com/b.gif?host=wordpress.tv&blog=5089392&post=14242&subd=wptv&ref=&feed=1\" width=\"1\" height=\"1\" /><div><a href=\"http://wordpress.tv/2012/12/23/brad-mccarty-making-the-leap-from-hobbyist-to-professional/\"><img alt=\"bradmccarty_wordcamp_nashville\" src=\"http://videos.videopress.com/PGfZ2v8X/bradmccarty_wordcamp_nashville_std.original.jpg\" width=\"160\" height=\"120\" /></a></div>\";s:7:\"attribs\";a:0:{}s:8:\"xml_base\";s:0:\"\";s:17:\"xml_base_explicit\";b:0;s:8:\"xml_lang\";s:0:\"\";}}s:7:\"pubDate\";a:1:{i:0;a:5:{s:4:\"data\";s:31:\"Sun, 23 Dec 2012 16:30:06 +0000\";s:7:\"attribs\";a:0:{}s:8:\"xml_base\";s:0:\"\";s:17:\"xml_base_explicit\";b:0;s:8:\"xml_lang\";s:0:\"\";}}}s:32:\"http://purl.org/dc/elements/1.1/\";a:1:{s:7:\"creator\";a:1:{i:0;a:5:{s:4:\"data\";s:13:\"Ah So Designs\";s:7:\"attribs\";a:0:{}s:8:\"xml_base\";s:0:\"\";s:17:\"xml_base_explicit\";b:0;s:8:\"xml_lang\";s:0:\"\";}}}}}i:30;a:6:{s:4:\"data\";s:13:\"\n	\n	\n	\n	\n	\n	\n\";s:7:\"attribs\";a:0:{}s:8:\"xml_base\";s:0:\"\";s:17:\"xml_base_explicit\";b:0;s:8:\"xml_lang\";s:0:\"\";s:5:\"child\";a:2:{s:0:\"\";a:5:{s:5:\"title\";a:1:{i:0;a:5:{s:4:\"data\";s:67:\"Alex King: What image gets passed to Facebook in Social broadcasts?\";s:7:\"attribs\";a:0:{}s:8:\"xml_base\";s:0:\"\";s:17:\"xml_base_explicit\";b:0;s:8:\"xml_lang\";s:0:\"\";}}s:4:\"guid\";a:1:{i:0;a:5:{s:4:\"data\";s:28:\"http://alexking.org/?p=15404\";s:7:\"attribs\";a:0:{}s:8:\"xml_base\";s:0:\"\";s:17:\"xml_base_explicit\";b:0;s:8:\"xml_lang\";s:0:\"\";}}s:4:\"link\";a:1:{i:0;a:5:{s:4:\"data\";s:91:\"http://alexking.org/blog/2012/12/21/what-image-gets-passed-to-facebook-in-social-broadcasts\";s:7:\"attribs\";a:0:{}s:8:\"xml_base\";s:0:\"\";s:17:\"xml_base_explicit\";b:0;s:8:\"xml_lang\";s:0:\"\";}}s:11:\"description\";a:1:{i:0;a:5:{s:4:\"data\";s:1266:\"<p>Anyone who has developed against Facebook&#8217;s API knows that the only constant is change &#8211; Facebook is an ever-evolving platform. In <a href=\"https://alexking.org/blog/2012/12/21/social-2-7\">Social</a> we&#8217;ve made changes a few different times to the way we broadcast links.</p>\n<p>Our original posting approach was working fine, but as Facebook started rolling out their &#8220;Share&#8221; feature, it wasn&#8217;t available on links being published by Social. We poked around and found that if we used a different endpoint then the Share feature would be available for these broadcasts. So we made the change.</p>\n<p>Recently another problem popped up. The Facebook broadcasts were no longer showing up with the post&#8217;s featured image. Turns out that feature was removed from the endpoint we were using. Fortunately, the original endpoint we were using (which does allow us to send an image with the link) started supporting the Share feature, so we&#8217;ve switched back to that one in Social 2.7.</p>\n<p>For posts that have no image, Facebook falls back on it&#8217;s Open Graph protocol. If you want to tell Facebook what image to use with your broadcasts, you can do so by installing one of a number of Facebook Open Graph plugins.</p>\";s:7:\"attribs\";a:0:{}s:8:\"xml_base\";s:0:\"\";s:17:\"xml_base_explicit\";b:0;s:8:\"xml_lang\";s:0:\"\";}}s:7:\"pubDate\";a:1:{i:0;a:5:{s:4:\"data\";s:31:\"Fri, 21 Dec 2012 21:57:43 +0000\";s:7:\"attribs\";a:0:{}s:8:\"xml_base\";s:0:\"\";s:17:\"xml_base_explicit\";b:0;s:8:\"xml_lang\";s:0:\"\";}}}s:32:\"http://purl.org/dc/elements/1.1/\";a:1:{s:7:\"creator\";a:1:{i:0;a:5:{s:4:\"data\";s:4:\"Alex\";s:7:\"attribs\";a:0:{}s:8:\"xml_base\";s:0:\"\";s:17:\"xml_base_explicit\";b:0;s:8:\"xml_lang\";s:0:\"\";}}}}}i:31;a:6:{s:4:\"data\";s:13:\"\n	\n	\n	\n	\n	\n	\n\";s:7:\"attribs\";a:0:{}s:8:\"xml_base\";s:0:\"\";s:17:\"xml_base_explicit\";b:0;s:8:\"xml_lang\";s:0:\"\";s:5:\"child\";a:2:{s:0:\"\";a:5:{s:5:\"title\";a:1:{i:0;a:5:{s:4:\"data\";s:21:\"Alex King: Social 2.7\";s:7:\"attribs\";a:0:{}s:8:\"xml_base\";s:0:\"\";s:17:\"xml_base_explicit\";b:0;s:8:\"xml_lang\";s:0:\"\";}}s:4:\"guid\";a:1:{i:0;a:5:{s:4:\"data\";s:28:\"http://alexking.org/?p=15412\";s:7:\"attribs\";a:0:{}s:8:\"xml_base\";s:0:\"\";s:17:\"xml_base_explicit\";b:0;s:8:\"xml_lang\";s:0:\"\";}}s:4:\"link\";a:1:{i:0;a:5:{s:4:\"data\";s:46:\"http://alexking.org/blog/2012/12/21/social-2-7\";s:7:\"attribs\";a:0:{}s:8:\"xml_base\";s:0:\"\";s:17:\"xml_base_explicit\";b:0;s:8:\"xml_lang\";s:0:\"\";}}s:11:\"description\";a:1:{i:0;a:5:{s:4:\"data\";s:1221:\"<p>Just in time for the holidays I am very pleased to report we have a new version of <a href=\"http://wordpress.org/extend/plugins/social/\">Social</a> for you (compliments of our good friends at <a href=\"http://mailchimp.com\">MailChimp</a> and my team at <a href=\"http://crowdfavorite.com\">Crowd Favorite</a>).</p>\n<p>This release as a few changes of note:</p>\n<ul>\n<li>Points to a new Social proxy URL. The old one will stop working on Jan 15th &#8211; make sure to upgrade before then.</li>\n<li>Potential work-around for crazy &#8220;security&#8221; settings on some hosts &#8211; I&#8217;m looking at you HostGator.</li>\n<li>Separate settings for Social&#8217;s WP-Cron feature and retrieving comments from Twitter and Facebook. Now you don&#8217;t have to enable retrieving social comments for Twitter Tools to pull in your tweets automatically.</li>\n<li>Improved comment date handling, including better i18n support.</li>\n<li>Match Facebook&#8217;s API changes for passing in images with broadcasts.</li>\n</ul>\n<p>I think this is the best release of Social yet, I hope you enjoy it. If you have any issues, please post them in the <a href=\"http://wordpress.org/support/plugin/social\">WordPress support forum</a>.</p>\";s:7:\"attribs\";a:0:{}s:8:\"xml_base\";s:0:\"\";s:17:\"xml_base_explicit\";b:0;s:8:\"xml_lang\";s:0:\"\";}}s:7:\"pubDate\";a:1:{i:0;a:5:{s:4:\"data\";s:31:\"Fri, 21 Dec 2012 21:06:19 +0000\";s:7:\"attribs\";a:0:{}s:8:\"xml_base\";s:0:\"\";s:17:\"xml_base_explicit\";b:0;s:8:\"xml_lang\";s:0:\"\";}}}s:32:\"http://purl.org/dc/elements/1.1/\";a:1:{s:7:\"creator\";a:1:{i:0;a:5:{s:4:\"data\";s:4:\"Alex\";s:7:\"attribs\";a:0:{}s:8:\"xml_base\";s:0:\"\";s:17:\"xml_base_explicit\";b:0;s:8:\"xml_lang\";s:0:\"\";}}}}}i:32;a:6:{s:4:\"data\";s:13:\"\n	\n	\n	\n	\n	\n	\n\";s:7:\"attribs\";a:0:{}s:8:\"xml_base\";s:0:\"\";s:17:\"xml_base_explicit\";b:0;s:8:\"xml_lang\";s:0:\"\";s:5:\"child\";a:2:{s:0:\"\";a:5:{s:5:\"title\";a:1:{i:0;a:5:{s:4:\"data\";s:32:\"Akismet: A Spammy Year in Review\";s:7:\"attribs\";a:0:{}s:8:\"xml_base\";s:0:\"\";s:17:\"xml_base_explicit\";b:0;s:8:\"xml_lang\";s:0:\"\";}}s:4:\"guid\";a:1:{i:0;a:5:{s:4:\"data\";s:30:\"http://blog.akismet.com/?p=795\";s:7:\"attribs\";a:0:{}s:8:\"xml_base\";s:0:\"\";s:17:\"xml_base_explicit\";b:0;s:8:\"xml_lang\";s:0:\"\";}}s:4:\"link\";a:1:{i:0;a:5:{s:4:\"data\";s:59:\"http://blog.akismet.com/2012/12/21/a-spammy-year-in-review/\";s:7:\"attribs\";a:0:{}s:8:\"xml_base\";s:0:\"\";s:17:\"xml_base_explicit\";b:0;s:8:\"xml_lang\";s:0:\"\";}}s:11:\"description\";a:1:{i:0;a:5:{s:4:\"data\";s:5825:\"<p>It&#8217;s that time of the year again.</p>\n<p>Time for family members to joyfully gather for the holidays. Time to work on those ill-fated New Year&#8217;s resolutions. Time to relax and reflect on the past year and lessons learned.</p>\n<p>Here at Akismet, we proudly work year round to protect millions of sites from comment spam. To date, in fact, we have eliminated over <strong>65 billion</strong> (yes, with a &#8216;b&#8217;) spam comments, and we saw many interesting &#8212; and nasty &#8212; things in 2012. Make no mistake about it &#8212; spam levels are certainly on the rise.</p>\n<p>Akismet saved the web from over <strong>25 billion </strong>pieces of spam content this past year alone (and December is not over yet!). Toward the end of the year, specifically, we began seeing alarming and heightened levels of spam. Our daily totals &#8212; starting in early December &#8212; began topping <strong>120 million</strong> spam comments <strong>per day</strong>, a trend that appears to be continuing into the new year. To add some perspective, these numbers are roughly double what we were seeing in previous months. We also topped the <strong>3 billion</strong> spam mark in November:</p>\n<p><a href=\"http://akismet.files.wordpress.com/2012/12/2012-akismet-spam.png\"><img alt=\"Akismet Spam Totals By Month, 2012\" src=\"http://akismet.files.wordpress.com/2012/12/2012-akismet-spam.png?w=550\" /></a></p>\n<p><em><small>The chart above contains both current (C) and projected (P) December figures.</small></em></p>\n<p>More troubling in terms of trends, there has been an unfortunate increase in compromised sites, wikis, and forums. We come across these after a hacker takes over a site, sets up their payload, and proceeds to spam a great number of sites with their malicious links. It is clear that spammers are increasingly willing to use illegal methods, such as hacking and exploiting these vulnerable websites. We have even seen these tactics used to advertise otherwise-reputable and well-known websites, a trend that suggests some marketing firms are outsourcing work to black-hat spammers.</p>\n<p>Further noticeable increases in spam include elevated traffic from China, as well as the promotion of Chinese knockoff fashion sites. If you happen to regularly check your spam queue, we&#8217;re sure that you&#8217;ve seen at least one offer to purchase discount Christian Louboutin shoes or &#8220;authentic&#8221; Michael Kors purses. Also steadily on the rise has been spam content promoting TV streaming, payday loans, and &#8220;Get rich by working from home!&#8221; sites and programs. Sure, we have all seen this garbage before, but its recent increase is something to still keep in mind. Here are some example sites, all of which were created on free blog hosts:</p>\n\n<a href=\"http://blog.akismet.com/2012/12/21/a-spammy-year-in-review/tv-streaming-spam-example/\" title=\"TV Streaming Spam\"><img /></a>\n<a href=\"http://blog.akismet.com/2012/12/21/a-spammy-year-in-review/knockoff-spam-example/\" title=\"Knockoff Spam\"><img /></a>\n<a href=\"http://blog.akismet.com/2012/12/21/a-spammy-year-in-review/oakley-knockoff-spam-example/\" title=\"Knockoff Spam\"><img /></a>\n<a href=\"http://blog.akismet.com/2012/12/21/a-spammy-year-in-review/payday-loan-spam-example/\" title=\"Payday Loan Spam\"><img /></a>\n<a href=\"http://blog.akismet.com/2012/12/21/a-spammy-year-in-review/tv-streaming-spam-example3/\" title=\"TV Streaming Spam\"><img /></a>\n<a href=\"http://blog.akismet.com/2012/12/21/a-spammy-year-in-review/tv-streaming-spam-example2/\" title=\"TV Streaming Spam\"><img /></a>\n\n<p>Spammers have also taken a liking to the abuse of reputable affiliate and referral programs.Their goal is simple: set up a free blog or site (example shown below), publish oodles of product listings including specific affiliate URLs, and spam the rest of the internet. You may notice that many of these spammers plant their payloads on free site hosts. Luckily, on <a title=\"WordPress.com\" href=\"http://wordpress.com\">WordPress.com</a>, Akismet is actively working to combat the creation of these spam sites. We would love to see such integration on other hosts.</p>\n<p><a href=\"http://akismet.files.wordpress.com/2012/12/affiliate-program-spam-example.png\"><img alt=\"Affiliate Spammer\" src=\"http://akismet.files.wordpress.com/2012/12/affiliate-program-spam-example.png?w=550\" /></a></p>\n<p><em><small>A spammer abusing Amazon&#8217;s affiliate program. A prominent form of spam in 2012.</small></em></p>\n<p>Recent streams of human-generated spam are also worth mentioning. These campaigns tend to focus on more difficult targets, such as forums, third-party commenting platforms, and social networks. Such spam can be more difficult to systematically neutralize, which is why Akismet continues to develop and employ refined tactics against it.</p>\n<p>Rest assured, we are always hard at work to make sure that any global increase in spam does not mean an unfortunate rise in unwanted comments getting through to your posts or moderation queues. Because we know that you have far more important things to do than sift through trash.</p>\n<p>As always, our resolution for the new year is to continue making Akismet better, faster, and more accurate. As spam evolves, so will Akismet. We sincerely thank each and every one of our users for trusting us to defend their sites against the web&#8217;s underbelly.</p>\n<p>Happy Holidays to you and yours,<br />\nTeam Akismet</p>\n<br />  <a rel=\"nofollow\" href=\"http://feeds.wordpress.com/1.0/gocomments/akismet.wordpress.com/795/\"><img alt=\"\" border=\"0\" src=\"http://feeds.wordpress.com/1.0/comments/akismet.wordpress.com/795/\" /></a> <img alt=\"\" border=\"0\" src=\"http://stats.wordpress.com/b.gif?host=blog.akismet.com&blog=116920&post=795&subd=akismet&ref=&feed=1\" width=\"1\" height=\"1\" />\";s:7:\"attribs\";a:0:{}s:8:\"xml_base\";s:0:\"\";s:17:\"xml_base_explicit\";b:0;s:8:\"xml_lang\";s:0:\"\";}}s:7:\"pubDate\";a:1:{i:0;a:5:{s:4:\"data\";s:31:\"Fri, 21 Dec 2012 15:03:02 +0000\";s:7:\"attribs\";a:0:{}s:8:\"xml_base\";s:0:\"\";s:17:\"xml_base_explicit\";b:0;s:8:\"xml_lang\";s:0:\"\";}}}s:32:\"http://purl.org/dc/elements/1.1/\";a:1:{s:7:\"creator\";a:1:{i:0;a:5:{s:4:\"data\";s:7:\"Anthony\";s:7:\"attribs\";a:0:{}s:8:\"xml_base\";s:0:\"\";s:17:\"xml_base_explicit\";b:0;s:8:\"xml_lang\";s:0:\"\";}}}}}i:33;a:6:{s:4:\"data\";s:13:\"\n	\n	\n	\n	\n	\n	\n\";s:7:\"attribs\";a:0:{}s:8:\"xml_base\";s:0:\"\";s:17:\"xml_base_explicit\";b:0;s:8:\"xml_lang\";s:0:\"\";s:5:\"child\";a:2:{s:0:\"\";a:5:{s:5:\"title\";a:1:{i:0;a:5:{s:4:\"data\";s:60:\"Weblog Tools Collection: WordPress Plugin Releases for 12/21\";s:7:\"attribs\";a:0:{}s:8:\"xml_base\";s:0:\"\";s:17:\"xml_base_explicit\";b:0;s:8:\"xml_lang\";s:0:\"\";}}s:4:\"guid\";a:1:{i:0;a:5:{s:4:\"data\";s:41:\"http://weblogtoolscollection.com/?p=12396\";s:7:\"attribs\";a:0:{}s:8:\"xml_base\";s:0:\"\";s:17:\"xml_base_explicit\";b:0;s:8:\"xml_lang\";s:0:\"\";}}s:4:\"link\";a:1:{i:0;a:5:{s:4:\"data\";s:73:\"http://feedproxy.google.com/~r/weblogtoolscollection/UXMP/~3/Am8-VhmM74U/\";s:7:\"attribs\";a:0:{}s:8:\"xml_base\";s:0:\"\";s:17:\"xml_base_explicit\";b:0;s:8:\"xml_lang\";s:0:\"\";}}s:11:\"description\";a:1:{i:0;a:5:{s:4:\"data\";s:1197:\"<h3>New plugins</h3>\n<p><a href=\"http://wordpress.org/extend/plugins/initial-letter/\"><strong>Initial Letter</strong></a> adds style options so you can change the size, color, and font of the first letter of each paragraph.</p>\n<p><a href=\"http://wordpress.org/extend/plugins/jetpack-subscriptions-shortcode/\"><strong>Jetpack Subscriptions shortcode</strong></a> extends the <a href=\"http://jetpack.me\">Jetpack</a> plugin and allows you to add a Subscription form anywhere inside your posts.</p>\n<h3>Updated plugins</h3>\n<p><a href=\"http://wordpress.org/extend/plugins/facebook/\"><strong>Facebook</strong></a> makes your site deeply social by integrating functionality from Facebook.</p>\n<p><a href=\"http://wordpress.org/extend/plugins/keyring/\"><strong>Keyring</strong></a> provides a very hookable, completely customizable framework for connecting your WordPress site to an external service.</p>\n<p><a href=\"http://wordpress.org/extend/plugins/slingpic/\"><strong>Slingpic</strong></a> is an image sharing tool that allows your users to share images from your site quickly and easily.</p>\n<img src=\"http://feeds.feedburner.com/~r/weblogtoolscollection/UXMP/~4/Am8-VhmM74U\" height=\"1\" width=\"1\" />\";s:7:\"attribs\";a:0:{}s:8:\"xml_base\";s:0:\"\";s:17:\"xml_base_explicit\";b:0;s:8:\"xml_lang\";s:0:\"\";}}s:7:\"pubDate\";a:1:{i:0;a:5:{s:4:\"data\";s:31:\"Fri, 21 Dec 2012 14:00:24 +0000\";s:7:\"attribs\";a:0:{}s:8:\"xml_base\";s:0:\"\";s:17:\"xml_base_explicit\";b:0;s:8:\"xml_lang\";s:0:\"\";}}}s:32:\"http://purl.org/dc/elements/1.1/\";a:1:{s:7:\"creator\";a:1:{i:0;a:5:{s:4:\"data\";s:5:\"James\";s:7:\"attribs\";a:0:{}s:8:\"xml_base\";s:0:\"\";s:17:\"xml_base_explicit\";b:0;s:8:\"xml_lang\";s:0:\"\";}}}}}i:34;a:6:{s:4:\"data\";s:13:\"\n	\n	\n	\n	\n	\n	\n\";s:7:\"attribs\";a:0:{}s:8:\"xml_base\";s:0:\"\";s:17:\"xml_base_explicit\";b:0;s:8:\"xml_lang\";s:0:\"\";s:5:\"child\";a:2:{s:0:\"\";a:5:{s:5:\"title\";a:1:{i:0;a:5:{s:4:\"data\";s:61:\"WP Windows Phone 7: Version 1.8.1 Available and What’s Next\";s:7:\"attribs\";a:0:{}s:8:\"xml_base\";s:0:\"\";s:17:\"xml_base_explicit\";b:0;s:8:\"xml_lang\";s:0:\"\";}}s:4:\"guid\";a:1:{i:0;a:5:{s:4:\"data\";s:42:\"http://wpwindowsphone.wordpress.com/?p=352\";s:7:\"attribs\";a:0:{}s:8:\"xml_base\";s:0:\"\";s:17:\"xml_base_explicit\";b:0;s:8:\"xml_lang\";s:0:\"\";}}s:4:\"link\";a:1:{i:0;a:5:{s:4:\"data\";s:61:\"http://wpwindowsphone.wordpress.com/2012/12/21/version-1-8-1/\";s:7:\"attribs\";a:0:{}s:8:\"xml_base\";s:0:\"\";s:17:\"xml_base_explicit\";b:0;s:8:\"xml_lang\";s:0:\"\";}}s:11:\"description\";a:1:{i:0;a:5:{s:4:\"data\";s:1298:\"<p>Version 1.8.1 of the WordPress for Windows Phone app just became available on the Store. It fixes some important bugs and minor crashes. All in all 10 crash/bug reports were closed in this release:</p>\n<ul>\n<li>Fixed crash when the translation files had an empty string in it.</li>\n<li>Fixed crash when the media library contained a corrupted image on Edit Post Page.</li>\n<li>Minor layout issue on HTC 8X.</li>\n<li>Other bugfixes.</li>\n</ul>\n<p>Check out the Trac <a href=\"http://windowsphone.trac.wordpress.org/query?group=status&milestone=1.8.1\" target=\"_blank\">milestone</a> for the complete list.</p>\n<h3>What’s next?</h3>\n<p>We’re currently hard at work with WordPress for WindowsPhone 1.9 – the next major release of the app.<br />\nThe most important to-do in the 1.9 road map is Featured Image, improvements on the Editor Page, as well as a few more nifty improvements.</p>\n<p>How are you liking version 1.8.1, and what would you like to see next? Leave us a comment here and follow us <a href=\"https://twitter.com/wpwindowsphone\">@WPWindowsPhone on Twitter</a> to get the latest news first.</p>\n<br />  <img alt=\"\" border=\"0\" src=\"http://stats.wordpress.com/b.gif?host=wpwindowsphone.wordpress.com&blog=16495748&post=352&subd=wpwindowsphone&ref=&feed=1\" width=\"1\" height=\"1\" />\";s:7:\"attribs\";a:0:{}s:8:\"xml_base\";s:0:\"\";s:17:\"xml_base_explicit\";b:0;s:8:\"xml_lang\";s:0:\"\";}}s:7:\"pubDate\";a:1:{i:0;a:5:{s:4:\"data\";s:31:\"Fri, 21 Dec 2012 13:06:33 +0000\";s:7:\"attribs\";a:0:{}s:8:\"xml_base\";s:0:\"\";s:17:\"xml_base_explicit\";b:0;s:8:\"xml_lang\";s:0:\"\";}}}s:32:\"http://purl.org/dc/elements/1.1/\";a:1:{s:7:\"creator\";a:1:{i:0;a:5:{s:4:\"data\";s:6:\"Danilo\";s:7:\"attribs\";a:0:{}s:8:\"xml_base\";s:0:\"\";s:17:\"xml_base_explicit\";b:0;s:8:\"xml_lang\";s:0:\"\";}}}}}i:35;a:6:{s:4:\"data\";s:13:\"\n	\n	\n	\n	\n	\n	\n\";s:7:\"attribs\";a:0:{}s:8:\"xml_base\";s:0:\"\";s:17:\"xml_base_explicit\";b:0;s:8:\"xml_lang\";s:0:\"\";s:5:\"child\";a:2:{s:0:\"\";a:5:{s:5:\"title\";a:1:{i:0;a:5:{s:4:\"data\";s:56:\"Weblog Tools Collection: WordPress 3.6 Planning Underway\";s:7:\"attribs\";a:0:{}s:8:\"xml_base\";s:0:\"\";s:17:\"xml_base_explicit\";b:0;s:8:\"xml_lang\";s:0:\"\";}}s:4:\"guid\";a:1:{i:0;a:5:{s:4:\"data\";s:41:\"http://weblogtoolscollection.com/?p=12392\";s:7:\"attribs\";a:0:{}s:8:\"xml_base\";s:0:\"\";s:17:\"xml_base_explicit\";b:0;s:8:\"xml_lang\";s:0:\"\";}}s:4:\"link\";a:1:{i:0;a:5:{s:4:\"data\";s:73:\"http://feedproxy.google.com/~r/weblogtoolscollection/UXMP/~3/YYmw1C_NKy4/\";s:7:\"attribs\";a:0:{}s:8:\"xml_base\";s:0:\"\";s:17:\"xml_base_explicit\";b:0;s:8:\"xml_lang\";s:0:\"\";}}s:11:\"description\";a:1:{i:0;a:5:{s:4:\"data\";s:1300:\"<p><a href=\"http://wordpress.org\">WordPress</a> 3.5 has been out <a href=\"http://weblogtoolscollection.com/archives/2012/12/11/wordpress-3-5-released/\">for a little over a week</a> and <a href=\"http://wordpress.org/download/counter/\">downloaded over 2 million times</a>, and the team all ready to start focussing on the next major release.</p>\n<p>The development on WordPress 3.6 will be lead this time by WordPress veteran <a href=\"http://markjaquith.com\">Mark Jaquith</a>, who <a href=\"http://make.wordpress.org/core/2012/12/19/wordpress-3-6-cycle/\">is planning to focus this release on content editing improvements</a>, listing &#8220;revisions, autosave, workflow, [and] editing modes&#8221; as suggested areas of focus. This is just his suggestion at this time, and a planning meeting in early January will further narrow down the focus to specifics.</p>\n<p>Mark is also looking for a backup lead, who will help with &#8220;the planning, execution, and delivery of the release&#8221; and otherwise cover for Mark if he is unavailable. If you have experience with WordPress core development, <a href=\"http://wordpressdotorg.polldaddy.com/s/wordpress-3-6-backup-lead\">apply now</a>!</p>\n<img src=\"http://feeds.feedburner.com/~r/weblogtoolscollection/UXMP/~4/YYmw1C_NKy4\" height=\"1\" width=\"1\" />\";s:7:\"attribs\";a:0:{}s:8:\"xml_base\";s:0:\"\";s:17:\"xml_base_explicit\";b:0;s:8:\"xml_lang\";s:0:\"\";}}s:7:\"pubDate\";a:1:{i:0;a:5:{s:4:\"data\";s:31:\"Fri, 21 Dec 2012 02:15:07 +0000\";s:7:\"attribs\";a:0:{}s:8:\"xml_base\";s:0:\"\";s:17:\"xml_base_explicit\";b:0;s:8:\"xml_lang\";s:0:\"\";}}}s:32:\"http://purl.org/dc/elements/1.1/\";a:1:{s:7:\"creator\";a:1:{i:0;a:5:{s:4:\"data\";s:5:\"James\";s:7:\"attribs\";a:0:{}s:8:\"xml_base\";s:0:\"\";s:17:\"xml_base_explicit\";b:0;s:8:\"xml_lang\";s:0:\"\";}}}}}i:36;a:6:{s:4:\"data\";s:13:\"\n	\n	\n	\n	\n	\n	\n\";s:7:\"attribs\";a:0:{}s:8:\"xml_base\";s:0:\"\";s:17:\"xml_base_explicit\";b:0;s:8:\"xml_lang\";s:0:\"\";s:5:\"child\";a:2:{s:0:\"\";a:5:{s:5:\"title\";a:1:{i:0;a:5:{s:4:\"data\";s:59:\"Weblog Tools Collection: WordPress Theme Releases for 12/19\";s:7:\"attribs\";a:0:{}s:8:\"xml_base\";s:0:\"\";s:17:\"xml_base_explicit\";b:0;s:8:\"xml_lang\";s:0:\"\";}}s:4:\"guid\";a:1:{i:0;a:5:{s:4:\"data\";s:41:\"http://weblogtoolscollection.com/?p=12381\";s:7:\"attribs\";a:0:{}s:8:\"xml_base\";s:0:\"\";s:17:\"xml_base_explicit\";b:0;s:8:\"xml_lang\";s:0:\"\";}}s:4:\"link\";a:1:{i:0;a:5:{s:4:\"data\";s:73:\"http://feedproxy.google.com/~r/weblogtoolscollection/UXMP/~3/Kg9uvFpC_7Q/\";s:7:\"attribs\";a:0:{}s:8:\"xml_base\";s:0:\"\";s:17:\"xml_base_explicit\";b:0;s:8:\"xml_lang\";s:0:\"\";}}s:11:\"description\";a:1:{i:0;a:5:{s:4:\"data\";s:1856:\"<p><img class=\"alignnone  wp-image-12382\" alt=\"screenshot\" src=\"http://i1.wp.com/weblogtoolscollection.com/wp-content/uploads/2012/12/screenshot3.png?resize=150%2C113\" /></p>\n<p><a href=\"http://wordpress.org/extend/themes/adroa\"><strong>Adroa</strong></a> was created for photographers and photobloggers to show off their images and portfolio in a light and fashionable style.</p>\n<p><img class=\"alignnone  wp-image-12383\" alt=\"screenshot-1\" src=\"http://i2.wp.com/weblogtoolscollection.com/wp-content/uploads/2012/12/screenshot-13.png?resize=150%2C113\" /></p>\n<p><a href=\"http://wordpress.org/extend/themes/clean-retina\"><strong>Clean Retina</strong></a> is responsive, retina-ready, and easily customizable with numerous theme options.</p>\n<p><img class=\"alignnone  wp-image-12384\" alt=\"DemoBlog\" src=\"http://i0.wp.com/weblogtoolscollection.com/wp-content/uploads/2012/12/DemoBlog1.jpeg?resize=150%2C113\" /></p>\n<p><a href=\"http://emptynestthemes.com/2012/12/18/12475/\"><strong>Lucent</strong></a> is a responsive, clean, and neutral theme.</p>\n<p><img class=\"alignnone  wp-image-12385\" alt=\"spiritss\" src=\"http://i1.wp.com/weblogtoolscollection.com/wp-content/uploads/2012/12/spiritss.jpg?resize=150%2C113\" /></p>\n<p><a href=\"http://carolinethemes.com/2012/12/17/spirit/\"><strong>Spirit</strong></a> is a simple holiday blogging theme in a scrapbook style, with lots of depth and texture.</p>\n<p><img class=\"alignnone  wp-image-12386\" alt=\"spunss\" src=\"http://i2.wp.com/weblogtoolscollection.com/wp-content/uploads/2012/12/spunss.jpg?resize=150%2C113\" /></p>\n<p><a href=\"http://carolinethemes.com/2012/11/04/spun/\"><strong>Spun</strong></a> is a clean, lightweight, responsive theme that steps out of the way to put the focus on your content.</p>\n<img src=\"http://feeds.feedburner.com/~r/weblogtoolscollection/UXMP/~4/Kg9uvFpC_7Q\" height=\"1\" width=\"1\" />\";s:7:\"attribs\";a:0:{}s:8:\"xml_base\";s:0:\"\";s:17:\"xml_base_explicit\";b:0;s:8:\"xml_lang\";s:0:\"\";}}s:7:\"pubDate\";a:1:{i:0;a:5:{s:4:\"data\";s:31:\"Wed, 19 Dec 2012 15:00:08 +0000\";s:7:\"attribs\";a:0:{}s:8:\"xml_base\";s:0:\"\";s:17:\"xml_base_explicit\";b:0;s:8:\"xml_lang\";s:0:\"\";}}}s:32:\"http://purl.org/dc/elements/1.1/\";a:1:{s:7:\"creator\";a:1:{i:0;a:5:{s:4:\"data\";s:5:\"James\";s:7:\"attribs\";a:0:{}s:8:\"xml_base\";s:0:\"\";s:17:\"xml_base_explicit\";b:0;s:8:\"xml_lang\";s:0:\"\";}}}}}i:37;a:6:{s:4:\"data\";s:13:\"\n	\n	\n	\n	\n	\n	\n\";s:7:\"attribs\";a:0:{}s:8:\"xml_base\";s:0:\"\";s:17:\"xml_base_explicit\";b:0;s:8:\"xml_lang\";s:0:\"\";s:5:\"child\";a:2:{s:0:\"\";a:5:{s:5:\"title\";a:1:{i:0;a:5:{s:4:\"data\";s:34:\"Matt: Companies Die, Cities Thrive\";s:7:\"attribs\";a:0:{}s:8:\"xml_base\";s:0:\"\";s:17:\"xml_base_explicit\";b:0;s:8:\"xml_lang\";s:0:\"\";}}s:4:\"guid\";a:1:{i:0;a:5:{s:4:\"data\";s:21:\"http://ma.tt/?p=42078\";s:7:\"attribs\";a:0:{}s:8:\"xml_base\";s:0:\"\";s:17:\"xml_base_explicit\";b:0;s:8:\"xml_lang\";s:0:\"\";}}s:4:\"link\";a:1:{i:0;a:5:{s:4:\"data\";s:49:\"http://ma.tt/2012/12/companies-die-cities-thrive/\";s:7:\"attribs\";a:0:{}s:8:\"xml_base\";s:0:\"\";s:17:\"xml_base_explicit\";b:0;s:8:\"xml_lang\";s:0:\"\";}}s:11:\"description\";a:1:{i:0;a:5:{s:4:\"data\";s:2158:\"<div class=\"blockquote\">\n<blockquote>&#8220;It&#8217;s hard to kill a city,&#8221; West began, &#8220;but easy to kill a company.&#8221; The mean life of companies is 10 years. Cities routinely survive even nuclear bombs. And &#8220;cities are the crucible of civilization.&#8221; They are the major source of innovation and wealth creation. Currently they are growing exponentially. &#8220;Every week from now until 2050, one million new people are being added to our cities.&#8221;</p></blockquote>\n</div>\n<p>That&#8217;s from the intro to <a href=\"http://longnow.org/seminars/02011/jul/25/why-cities-keep-growing-corporations-always-die-and-life-gets-faster/\">Geoffrey West&#8217;s Long Now seminar &#8220;Why Cities Keep on Growing, Corporations Always Die, and Life Gets Faster&#8221;</a>.</p>\n<p>Kevin Kelly summarized it in this way:</p>\n<div class=\"blockquote\">\n<blockquote>All organisms (and companies) have share many universal laws of growth. Creatures age in the same way, whether they are small animals, large mammals, starfish, bacteria, and even cells. They share similar metabolic rates. Similar distributions. All ecosystems (and cities) also share universal laws. They evolve and scale in a similar fashion among themselves — whether they are forests, meadows, coral reefs, or grasslands, or villages.</p>\n<p>Geoff West from the Santa Fe Institute has piles of data to prove these universal and predictive laws of life. For instance, organisms scale in a 3/4 law. For every doubling in size, they increase in other factors by less than one, or .75. The bigger the organism, the slower it goes. Both elephants and mice have the same number of heartbeats per lifespan, but he elephant beats slower.</p>\n<p>Ecosystems and cities, on the other hand, scale by greater than one, or 1.15. Every year cities increase in wealth, crime, traffic, patents, pollution, disease, infrastructure, and per capita by 15%. The bigger the city, the faster it goes.</p></blockquote>\n</div>\n<p>Geoff&#8217;s talk is worth a listen, especially as you consider how companies grow and evolve over timespans measured in decades, not years or rounds of funding.</p>\";s:7:\"attribs\";a:0:{}s:8:\"xml_base\";s:0:\"\";s:17:\"xml_base_explicit\";b:0;s:8:\"xml_lang\";s:0:\"\";}}s:7:\"pubDate\";a:1:{i:0;a:5:{s:4:\"data\";s:31:\"Wed, 19 Dec 2012 14:46:11 +0000\";s:7:\"attribs\";a:0:{}s:8:\"xml_base\";s:0:\"\";s:17:\"xml_base_explicit\";b:0;s:8:\"xml_lang\";s:0:\"\";}}}s:32:\"http://purl.org/dc/elements/1.1/\";a:1:{s:7:\"creator\";a:1:{i:0;a:5:{s:4:\"data\";s:4:\"Matt\";s:7:\"attribs\";a:0:{}s:8:\"xml_base\";s:0:\"\";s:17:\"xml_base_explicit\";b:0;s:8:\"xml_lang\";s:0:\"\";}}}}}i:38;a:6:{s:4:\"data\";s:13:\"\n	\n	\n	\n	\n	\n	\n\";s:7:\"attribs\";a:0:{}s:8:\"xml_base\";s:0:\"\";s:17:\"xml_base_explicit\";b:0;s:8:\"xml_lang\";s:0:\"\";s:5:\"child\";a:2:{s:0:\"\";a:5:{s:5:\"title\";a:1:{i:0;a:5:{s:4:\"data\";s:72:\"WordPress.tv: Les James: Responsive Design with the Breakpoint Framework\";s:7:\"attribs\";a:0:{}s:8:\"xml_base\";s:0:\"\";s:17:\"xml_base_explicit\";b:0;s:8:\"xml_lang\";s:0:\"\";}}s:4:\"guid\";a:1:{i:0;a:5:{s:4:\"data\";s:28:\"http://wordpress.tv/?p=14347\";s:7:\"attribs\";a:0:{}s:8:\"xml_base\";s:0:\"\";s:17:\"xml_base_explicit\";b:0;s:8:\"xml_lang\";s:0:\"\";}}s:4:\"link\";a:1:{i:0;a:5:{s:4:\"data\";s:89:\"http://wordpress.tv/2012/12/18/les-james-responsive-design-with-the-breakpoint-framework/\";s:7:\"attribs\";a:0:{}s:8:\"xml_base\";s:0:\"\";s:17:\"xml_base_explicit\";b:0;s:8:\"xml_lang\";s:0:\"\";}}s:11:\"description\";a:1:{i:0;a:5:{s:4:\"data\";s:704:\"<div id=\"v-zj14yqla-1\" class=\"video-player\">\n</div>\n<br />  <a rel=\"nofollow\" href=\"http://feeds.wordpress.com/1.0/gocomments/wptv.wordpress.com/14347/\"><img alt=\"\" border=\"0\" src=\"http://feeds.wordpress.com/1.0/comments/wptv.wordpress.com/14347/\" /></a> <img alt=\"\" border=\"0\" src=\"http://stats.wordpress.com/b.gif?host=wordpress.tv&blog=5089392&post=14347&subd=wptv&ref=&feed=1\" width=\"1\" height=\"1\" /><div><a href=\"http://wordpress.tv/2012/12/18/les-james-responsive-design-with-the-breakpoint-framework/\"><img alt=\"Les James- Responsive Design with the Breakpoint Framework.m4v\" src=\"http://videos.videopress.com/zj14yqla/video-687f6e6bfe_scruberthumbnail_8.jpg\" width=\"160\" height=\"120\" /></a></div>\";s:7:\"attribs\";a:0:{}s:8:\"xml_base\";s:0:\"\";s:17:\"xml_base_explicit\";b:0;s:8:\"xml_lang\";s:0:\"\";}}s:7:\"pubDate\";a:1:{i:0;a:5:{s:4:\"data\";s:31:\"Wed, 19 Dec 2012 01:46:49 +0000\";s:7:\"attribs\";a:0:{}s:8:\"xml_base\";s:0:\"\";s:17:\"xml_base_explicit\";b:0;s:8:\"xml_lang\";s:0:\"\";}}}s:32:\"http://purl.org/dc/elements/1.1/\";a:1:{s:7:\"creator\";a:1:{i:0;a:5:{s:4:\"data\";s:12:\"WordPress.tv\";s:7:\"attribs\";a:0:{}s:8:\"xml_base\";s:0:\"\";s:17:\"xml_base_explicit\";b:0;s:8:\"xml_lang\";s:0:\"\";}}}}}i:39;a:6:{s:4:\"data\";s:13:\"\n	\n	\n	\n	\n	\n	\n\";s:7:\"attribs\";a:0:{}s:8:\"xml_base\";s:0:\"\";s:17:\"xml_base_explicit\";b:0;s:8:\"xml_lang\";s:0:\"\";s:5:\"child\";a:2:{s:0:\"\";a:5:{s:5:\"title\";a:1:{i:0;a:5:{s:4:\"data\";s:41:\"WPTavern: Instagram To WordPress Importer\";s:7:\"attribs\";a:0:{}s:8:\"xml_base\";s:0:\"\";s:17:\"xml_base_explicit\";b:0;s:8:\"xml_lang\";s:0:\"\";}}s:4:\"guid\";a:1:{i:0;a:5:{s:4:\"data\";s:31:\"http://www.wptavern.com/?p=6742\";s:7:\"attribs\";a:0:{}s:8:\"xml_base\";s:0:\"\";s:17:\"xml_base_explicit\";b:0;s:8:\"xml_lang\";s:0:\"\";}}s:4:\"link\";a:1:{i:0;a:5:{s:4:\"data\";s:93:\"http://feedproxy.google.com/~r/WordpressTavern/~3/a5IBRLiAplE/instagram-to-wordpress-importer\";s:7:\"attribs\";a:0:{}s:8:\"xml_base\";s:0:\"\";s:17:\"xml_base_explicit\";b:0;s:8:\"xml_lang\";s:0:\"\";}}s:11:\"description\";a:1:{i:0;a:5:{s:4:\"data\";s:1905:\"<p>With all the hub bub surrounding the <a href=\"http://abcnews.go.com/Technology/instagate-instagram-claims-display-users-photos-ads-users/story?id=18006012#.UNDDsHf-Xqw\">Terms of Service changes</a> for Instagram, users are flocking to various competitive services like Flickr. However, one of the safest bets in insuring that your photos remain the property of the person who took them, is to host them on your own website, particularly a WordPress powered one. If you&#8217;re looking to move your photos from Instagram to your WordPress powered website, take a look at the <a href=\"http://wordpress.org/extend/plugins/dsgnwrks-instagram-importer/\">DsgnWrks Instagram Importer plugin</a>. </p>\n<blockquote><p>In the spirit of WordPress and &#8220;owning your data,&#8221; this plugin will allow you to import and backup your instagram photos to your WordPress site. Includes robust options to allow you to control the imported posts formatting including built-in support for WordPress custom post-types, custom taxonomies, post-formats. You can control the content of the title and content of the imported posts using tags like **insta-image**, **insta-text**, and others. Add an unlimited number of user accounts for backup and importing.</p></blockquote>\n<p>Personally, I hate Instagram and what it does to everyone&#8217;s photos. It&#8217;s as if it easily allowed the idea for everyone to photoshop everything. Instead of seeing photos as the photographer sees them, I have to view them after some stupid filter was applied. </p>\n<div class=\"yarpp-related-rss\">\n<p>Related posts:<ol>\n<li><a href=\"http://www.wptavern.com/e107-to-wordpress-importer-needs-some-love\" rel=\"bookmark\" title=\"e107 To WordPress Importer Needs Some Love\">e107 To WordPress Importer Needs Some Love</a></li>\n</ol></p>\n</div>\n<img src=\"http://feeds.feedburner.com/~r/WordpressTavern/~4/a5IBRLiAplE\" height=\"1\" width=\"1\" />\";s:7:\"attribs\";a:0:{}s:8:\"xml_base\";s:0:\"\";s:17:\"xml_base_explicit\";b:0;s:8:\"xml_lang\";s:0:\"\";}}s:7:\"pubDate\";a:1:{i:0;a:5:{s:4:\"data\";s:31:\"Tue, 18 Dec 2012 19:34:03 +0000\";s:7:\"attribs\";a:0:{}s:8:\"xml_base\";s:0:\"\";s:17:\"xml_base_explicit\";b:0;s:8:\"xml_lang\";s:0:\"\";}}}s:32:\"http://purl.org/dc/elements/1.1/\";a:1:{s:7:\"creator\";a:1:{i:0;a:5:{s:4:\"data\";s:6:\"Jeffro\";s:7:\"attribs\";a:0:{}s:8:\"xml_base\";s:0:\"\";s:17:\"xml_base_explicit\";b:0;s:8:\"xml_lang\";s:0:\"\";}}}}}i:40;a:6:{s:4:\"data\";s:13:\"\n	\n	\n	\n	\n	\n	\n\";s:7:\"attribs\";a:0:{}s:8:\"xml_base\";s:0:\"\";s:17:\"xml_base_explicit\";b:0;s:8:\"xml_lang\";s:0:\"\";s:5:\"child\";a:2:{s:0:\"\";a:5:{s:5:\"title\";a:1:{i:0;a:5:{s:4:\"data\";s:24:\"Matt: Forbes 30 Under 30\";s:7:\"attribs\";a:0:{}s:8:\"xml_base\";s:0:\"\";s:17:\"xml_base_explicit\";b:0;s:8:\"xml_lang\";s:0:\"\";}}s:4:\"guid\";a:1:{i:0;a:5:{s:4:\"data\";s:21:\"http://ma.tt/?p=42070\";s:7:\"attribs\";a:0:{}s:8:\"xml_base\";s:0:\"\";s:17:\"xml_base_explicit\";b:0;s:8:\"xml_lang\";s:0:\"\";}}s:4:\"link\";a:1:{i:0;a:5:{s:4:\"data\";s:40:\"http://ma.tt/2012/12/forbes-30-under-30/\";s:7:\"attribs\";a:0:{}s:8:\"xml_base\";s:0:\"\";s:17:\"xml_base_explicit\";b:0;s:8:\"xml_lang\";s:0:\"\";}}s:11:\"description\";a:1:{i:0;a:5:{s:4:\"data\";s:982:\"<p><a href=\"http://www.forbes.com/special-report/2012/30-under-30/30-under-30_media.html\"><img src=\"http://i0.wp.com/s.ma.tt/files/2012/12/0x600.jpg?resize=195%2C146\" alt=\"Matt Mullenweg\" class=\"alignright size-thumbnail wp-image-42072\" /></a> Was excited to be named to <a href=\"http://www.forbes.com/special-report/2012/30-under-30/30-under-30_media.html\">Forbes 30 Under 30 representing the Media category</a>, alongside some interesting characters from Wiz Khalifa to Hugh Evans. They also did a fun photo shoot with Walter Smith, <a href=\"http://wspf.wordpress.com/\">who also has a WordPress blog</a>, and styled by <a href=\"http://blogs.forbes.com/josephdeacetis/\">Joseph De Acetis</a> which you can see a bit of to the right. <a href=\"http://www.forbes.com/sites/carolinehoward/2012/12/17/30-under-30-meet-the-innovators-disruptors-and-brightest-stars-of-2012/\">Check out the entire list</a> to learn about some of the most interesting folks moving and shaking right now.</p>\";s:7:\"attribs\";a:0:{}s:8:\"xml_base\";s:0:\"\";s:17:\"xml_base_explicit\";b:0;s:8:\"xml_lang\";s:0:\"\";}}s:7:\"pubDate\";a:1:{i:0;a:5:{s:4:\"data\";s:31:\"Mon, 17 Dec 2012 22:32:08 +0000\";s:7:\"attribs\";a:0:{}s:8:\"xml_base\";s:0:\"\";s:17:\"xml_base_explicit\";b:0;s:8:\"xml_lang\";s:0:\"\";}}}s:32:\"http://purl.org/dc/elements/1.1/\";a:1:{s:7:\"creator\";a:1:{i:0;a:5:{s:4:\"data\";s:4:\"Matt\";s:7:\"attribs\";a:0:{}s:8:\"xml_base\";s:0:\"\";s:17:\"xml_base_explicit\";b:0;s:8:\"xml_lang\";s:0:\"\";}}}}}i:41;a:6:{s:4:\"data\";s:13:\"\n	\n	\n	\n	\n	\n	\n\";s:7:\"attribs\";a:0:{}s:8:\"xml_base\";s:0:\"\";s:17:\"xml_base_explicit\";b:0;s:8:\"xml_lang\";s:0:\"\";s:5:\"child\";a:2:{s:0:\"\";a:5:{s:5:\"title\";a:1:{i:0;a:5:{s:4:\"data\";s:58:\"BuddyPress: Re-Thinking College Admissions With BuddyPress\";s:7:\"attribs\";a:0:{}s:8:\"xml_base\";s:0:\"\";s:17:\"xml_base_explicit\";b:0;s:8:\"xml_lang\";s:0:\"\";}}s:4:\"guid\";a:1:{i:0;a:5:{s:4:\"data\";s:31:\"http://buddypress.org/?p=147415\";s:7:\"attribs\";a:0:{}s:8:\"xml_base\";s:0:\"\";s:17:\"xml_base_explicit\";b:0;s:8:\"xml_lang\";s:0:\"\";}}s:4:\"link\";a:1:{i:0;a:5:{s:4:\"data\";s:77:\"http://buddypress.org/2012/12/re-thinking-college-admissions-with-buddypress/\";s:7:\"attribs\";a:0:{}s:8:\"xml_base\";s:0:\"\";s:17:\"xml_base_explicit\";b:0;s:8:\"xml_lang\";s:0:\"\";}}s:11:\"description\";a:1:{i:0;a:5:{s:4:\"data\";s:3849:\"<p><em>This post was written by <a href=\"http://www.7summitsagency.com/author/jdavidson/\">James Davidson</a>, a member of the BuddyPress community and Digital Strategy VP at <a href=\"http://www.7summitsagency.com\">7Summits Agency</a> in Milwaukee, WI.</em></p>\n<p><img class=\"size-medium wp-image-147419 alignleft\" alt=\"Milwaukee School of Engineering\'s Admissions homepage\" src=\"http://buddypress.org/wp-content/uploads/1/2012/12/Untitled-300x213.png\" width=\"300\" height=\"213\" /></p>\n<p>In the spring of 2011, <a href=\"http://www.msoe.edu\">Milwaukee School of Engineering (MSOE)</a> approached 7Summits for some assistance with the University&#8217;s social media efforts. Like most of introductory meetings, we didn&#8217;t know what to expect; we hoped that they didn&#8217;t think we just built Facebook pages. After a brief introduction to 7Summits, we asked MSOE what they wanted to get out the meeting. Their head of Admissions pretty much summed up both their issue and opportunity when he said, &#8220;We need to find a way to connect with the Facebook Generation in new media, before we become irrelevant&#8221;. This meeting was the beginning of an intensive 6-month project that would see the creation of the first truly social admissions website and integrated community, affectionately called, <a href=\"https://admissions.msoe.edu\">&#8220;Bridge&#8221;</a>.</p>\n<p>We built MSOE Bridge on WordPress and BuddyPress, and we&#8217;ve made a number of enhancements and upgrades since launch; perhaps the coolest feature is the integration work our team did with BuddyPress and MSOE&#8217;s existing Admission System of Record/Intake process (Jenzabar ERP). We take a prospective student’s BuddyPress community profile (student record) and link it directly with a custom PHP Application Form we built. From here, we built an integration process that takes the student profile and application form, and bi-directionally sync it with the student record in the ERP. This allows MSOE to correlate how a social interaction in Bridge is driving real measurable business outcomes for MSOE.</p>\n<p>Additionally as a prospective student moves through the college admissions process, their status within the community is updated, and customised content such as people (admissions counselors, faculty, current students, etc.) and tasks/to-dos are presented to them right inside BuddyPress.</p>\n<h3>A resounding success</h3>\n<p>In 2012, MSOE beat Harvard as one of the <a href=\"http://www.onlineuniversities.com/blog/2012/02/the-10-most-innovative-colleges-in-the-country/\">Top 10 most innovative solutions</a> with its Bridge community. But apart from the elegance of the technical solution and pleasing user experience, MSOE has wildly increased its admissions to the school. Since revamping its Admissions process with Bridge, the Admissions team has increased its active/enrollment metric by a full one-third increase year over year. The school had the largest open house ever this year and is over 300 applications ahead of where they were last year.</p>\n<p>MSOE has always been known for its personalization, but Bridge gives the university a relevant human voice. It reaches them where they are – on Facebook, Twitter &#8212; and draws them into a relationship with the school. The community enables the staff to create real connections with other students and demonstrates authentic caring on behalf of the staff before the students ever set foot on campus.</p>\n<p>In nearly every metric the university tracks, the social initiative has resulted in game-changing results. In fact, ABET, the accreditation board for the University cited the Bridge community in its annual review. That&#8217;s the first time in its century-old history that a non-academic feature of the school was cited as a strength in the board&#8217;s report.</p>\n<p></p>\";s:7:\"attribs\";a:0:{}s:8:\"xml_base\";s:0:\"\";s:17:\"xml_base_explicit\";b:0;s:8:\"xml_lang\";s:0:\"\";}}s:7:\"pubDate\";a:1:{i:0;a:5:{s:4:\"data\";s:31:\"Mon, 17 Dec 2012 19:46:30 +0000\";s:7:\"attribs\";a:0:{}s:8:\"xml_base\";s:0:\"\";s:17:\"xml_base_explicit\";b:0;s:8:\"xml_lang\";s:0:\"\";}}}s:32:\"http://purl.org/dc/elements/1.1/\";a:1:{s:7:\"creator\";a:1:{i:0;a:5:{s:4:\"data\";s:10:\"Paul Gibbs\";s:7:\"attribs\";a:0:{}s:8:\"xml_base\";s:0:\"\";s:17:\"xml_base_explicit\";b:0;s:8:\"xml_lang\";s:0:\"\";}}}}}i:42;a:6:{s:4:\"data\";s:13:\"\n	\n	\n	\n	\n	\n	\n\";s:7:\"attribs\";a:0:{}s:8:\"xml_base\";s:0:\"\";s:17:\"xml_base_explicit\";b:0;s:8:\"xml_lang\";s:0:\"\";s:5:\"child\";a:2:{s:0:\"\";a:5:{s:5:\"title\";a:1:{i:0;a:5:{s:4:\"data\";s:60:\"Weblog Tools Collection: WordPress Plugin Releases for 12/17\";s:7:\"attribs\";a:0:{}s:8:\"xml_base\";s:0:\"\";s:17:\"xml_base_explicit\";b:0;s:8:\"xml_lang\";s:0:\"\";}}s:4:\"guid\";a:1:{i:0;a:5:{s:4:\"data\";s:41:\"http://weblogtoolscollection.com/?p=12373\";s:7:\"attribs\";a:0:{}s:8:\"xml_base\";s:0:\"\";s:17:\"xml_base_explicit\";b:0;s:8:\"xml_lang\";s:0:\"\";}}s:4:\"link\";a:1:{i:0;a:5:{s:4:\"data\";s:73:\"http://feedproxy.google.com/~r/weblogtoolscollection/UXMP/~3/XkygWkY8qt8/\";s:7:\"attribs\";a:0:{}s:8:\"xml_base\";s:0:\"\";s:17:\"xml_base_explicit\";b:0;s:8:\"xml_lang\";s:0:\"\";}}s:11:\"description\";a:1:{i:0;a:5:{s:4:\"data\";s:2172:\"<h3>New plugins</h3>\n<p><a href=\"http://wordpress.org/extend/plugins/bulk-city-landing-page-creator/\"><strong>Bulk City Landing Pages</strong></a> allows you to create multiple geographically targeted landing pages.</p>\n<p><a href=\"http://wordpress.org/extend/plugins/cookie-ok/\"><strong>Cookie OK</strong></a> simply adds the CookieOK script to your site to comply with the new EU cookie law.</p>\n<p><a href=\"http://wordpress.org/extend/plugins/coolclock/\"><strong>CoolClock</strong></a> shows an analog clock on your site.</p>\n<p><a href=\"http://wordpress.org/extend/plugins/krux-apps/\"><strong>Krux Apps</strong></a> protects privacy through data-safe sharing and drives traffic growth by connecting your audience with their social networks.</p>\n<h3>Updated plugins</h3>\n<p><a href=\"http://akismet.com/\"><strong>Akismet</strong></a> filters out your comment and track-back spam for you, so you can focus on more important things.</p>\n<p><a href=\"http://wordpress.org/extend/plugins/authy-for-wp/\"><strong>Authy for WordPress</strong></a> allows you to add <a href=\"https://www.authy.com\">Authy</a> two-factor authentication to your site.</p>\n<p><a href=\"http://wordpress.org/extend/plugins/backwpup/\"><strong>BackWPup</strong></a> allows you to backup your WordPress database, files, and more.</p>\n<p><a href=\"http://wordpress.org/extend/plugins/contextual-related-posts/\"><strong>Contextual Related Posts</strong></a> helps you increase reader retention and reduce bounce rates by displaying a set of related posts on your website or in your feed.</p>\n<p><a href=\"http://jetpack.me/\"><strong>Jetpack</strong></a> allows you to supercharge your WordPress site with powerful features previously only available to WordPress.com users.</p>\n<p><a href=\"http://wordpress.org/extend/plugins/liveblog/\"><strong>Liveblog</strong></a> provides quick and simple blogging for following fast-paced events.</p>\n<p><a href=\"http://ocaoimh.ie/wp-super-cache/\"><strong>WP Super Cache</strong></a> is a very fast caching engine for WordPress that produces static html files.</p>\n<img src=\"http://feeds.feedburner.com/~r/weblogtoolscollection/UXMP/~4/XkygWkY8qt8\" height=\"1\" width=\"1\" />\";s:7:\"attribs\";a:0:{}s:8:\"xml_base\";s:0:\"\";s:17:\"xml_base_explicit\";b:0;s:8:\"xml_lang\";s:0:\"\";}}s:7:\"pubDate\";a:1:{i:0;a:5:{s:4:\"data\";s:31:\"Mon, 17 Dec 2012 15:00:09 +0000\";s:7:\"attribs\";a:0:{}s:8:\"xml_base\";s:0:\"\";s:17:\"xml_base_explicit\";b:0;s:8:\"xml_lang\";s:0:\"\";}}}s:32:\"http://purl.org/dc/elements/1.1/\";a:1:{s:7:\"creator\";a:1:{i:0;a:5:{s:4:\"data\";s:5:\"James\";s:7:\"attribs\";a:0:{}s:8:\"xml_base\";s:0:\"\";s:17:\"xml_base_explicit\";b:0;s:8:\"xml_lang\";s:0:\"\";}}}}}i:43;a:6:{s:4:\"data\";s:13:\"\n	\n	\n	\n	\n	\n	\n\";s:7:\"attribs\";a:0:{}s:8:\"xml_base\";s:0:\"\";s:17:\"xml_base_explicit\";b:0;s:8:\"xml_lang\";s:0:\"\";s:5:\"child\";a:2:{s:0:\"\";a:5:{s:5:\"title\";a:1:{i:0;a:5:{s:4:\"data\";s:88:\"WordPress.tv: Anna Belle Leiserson: Search Engine Optimize Your Site in Three Easy Steps\";s:7:\"attribs\";a:0:{}s:8:\"xml_base\";s:0:\"\";s:17:\"xml_base_explicit\";b:0;s:8:\"xml_lang\";s:0:\"\";}}s:4:\"guid\";a:1:{i:0;a:5:{s:4:\"data\";s:28:\"http://wordpress.tv/?p=14246\";s:7:\"attribs\";a:0:{}s:8:\"xml_base\";s:0:\"\";s:17:\"xml_base_explicit\";b:0;s:8:\"xml_lang\";s:0:\"\";}}s:4:\"link\";a:1:{i:0;a:5:{s:4:\"data\";s:105:\"http://wordpress.tv/2012/12/17/anna-belle-leiserson-search-engine-optimize-your-site-in-three-easy-steps/\";s:7:\"attribs\";a:0:{}s:8:\"xml_base\";s:0:\"\";s:17:\"xml_base_explicit\";b:0;s:8:\"xml_lang\";s:0:\"\";}}s:11:\"description\";a:1:{i:0;a:5:{s:4:\"data\";s:710:\"<div id=\"v-Aq24pCaw-1\" class=\"video-player\">\n</div>\n<br />  <a rel=\"nofollow\" href=\"http://feeds.wordpress.com/1.0/gocomments/wptv.wordpress.com/14246/\"><img alt=\"\" border=\"0\" src=\"http://feeds.wordpress.com/1.0/comments/wptv.wordpress.com/14246/\" /></a> <img alt=\"\" border=\"0\" src=\"http://stats.wordpress.com/b.gif?host=wordpress.tv&blog=5089392&post=14246&subd=wptv&ref=&feed=1\" width=\"1\" height=\"1\" /><div><a href=\"http://wordpress.tv/2012/12/17/anna-belle-leiserson-search-engine-optimize-your-site-in-three-easy-steps/\"><img alt=\"annabelleleiserson_wordcamp_nashville\" src=\"http://videos.videopress.com/Aq24pCaw/annabelleleiserson_wordcamp_nashville_std.original.jpg\" width=\"160\" height=\"120\" /></a></div>\";s:7:\"attribs\";a:0:{}s:8:\"xml_base\";s:0:\"\";s:17:\"xml_base_explicit\";b:0;s:8:\"xml_lang\";s:0:\"\";}}s:7:\"pubDate\";a:1:{i:0;a:5:{s:4:\"data\";s:31:\"Mon, 17 Dec 2012 07:25:17 +0000\";s:7:\"attribs\";a:0:{}s:8:\"xml_base\";s:0:\"\";s:17:\"xml_base_explicit\";b:0;s:8:\"xml_lang\";s:0:\"\";}}}s:32:\"http://purl.org/dc/elements/1.1/\";a:1:{s:7:\"creator\";a:1:{i:0;a:5:{s:4:\"data\";s:13:\"Ah So Designs\";s:7:\"attribs\";a:0:{}s:8:\"xml_base\";s:0:\"\";s:17:\"xml_base_explicit\";b:0;s:8:\"xml_lang\";s:0:\"\";}}}}}i:44;a:6:{s:4:\"data\";s:13:\"\n	\n	\n	\n	\n	\n	\n\";s:7:\"attribs\";a:0:{}s:8:\"xml_base\";s:0:\"\";s:17:\"xml_base_explicit\";b:0;s:8:\"xml_lang\";s:0:\"\";s:5:\"child\";a:2:{s:0:\"\";a:5:{s:5:\"title\";a:1:{i:0;a:5:{s:4:\"data\";s:64:\"WordPress.tv: Brad Munro: Effective Marketing in a Digital World\";s:7:\"attribs\";a:0:{}s:8:\"xml_base\";s:0:\"\";s:17:\"xml_base_explicit\";b:0;s:8:\"xml_lang\";s:0:\"\";}}s:4:\"guid\";a:1:{i:0;a:5:{s:4:\"data\";s:28:\"http://wordpress.tv/?p=14407\";s:7:\"attribs\";a:0:{}s:8:\"xml_base\";s:0:\"\";s:17:\"xml_base_explicit\";b:0;s:8:\"xml_lang\";s:0:\"\";}}s:4:\"link\";a:1:{i:0;a:5:{s:4:\"data\";s:81:\"http://wordpress.tv/2012/12/16/brad-munro-effective-marketing-in-a-digital-world/\";s:7:\"attribs\";a:0:{}s:8:\"xml_base\";s:0:\"\";s:17:\"xml_base_explicit\";b:0;s:8:\"xml_lang\";s:0:\"\";}}s:11:\"description\";a:1:{i:0;a:5:{s:4:\"data\";s:698:\"<div id=\"v-JtamirBT-1\" class=\"video-player\">\n</div>\n<br />  <a rel=\"nofollow\" href=\"http://feeds.wordpress.com/1.0/gocomments/wptv.wordpress.com/14407/\"><img alt=\"\" border=\"0\" src=\"http://feeds.wordpress.com/1.0/comments/wptv.wordpress.com/14407/\" /></a> <img alt=\"\" border=\"0\" src=\"http://stats.wordpress.com/b.gif?host=wordpress.tv&blog=5089392&post=14407&subd=wptv&ref=&feed=1\" width=\"1\" height=\"1\" /><div><a href=\"http://wordpress.tv/2012/12/16/brad-munro-effective-marketing-in-a-digital-world/\"><img alt=\"wcto-brad-munro-effective-marketing-digital-world-10-29-2012.mp4\" src=\"http://videos.videopress.com/JtamirBT/video-19d0341010_scruberthumbnail_0.jpg\" width=\"160\" height=\"120\" /></a></div>\";s:7:\"attribs\";a:0:{}s:8:\"xml_base\";s:0:\"\";s:17:\"xml_base_explicit\";b:0;s:8:\"xml_lang\";s:0:\"\";}}s:7:\"pubDate\";a:1:{i:0;a:5:{s:4:\"data\";s:31:\"Sun, 16 Dec 2012 11:35:13 +0000\";s:7:\"attribs\";a:0:{}s:8:\"xml_base\";s:0:\"\";s:17:\"xml_base_explicit\";b:0;s:8:\"xml_lang\";s:0:\"\";}}}s:32:\"http://purl.org/dc/elements/1.1/\";a:1:{s:7:\"creator\";a:1:{i:0;a:5:{s:4:\"data\";s:12:\"WordPress.tv\";s:7:\"attribs\";a:0:{}s:8:\"xml_base\";s:0:\"\";s:17:\"xml_base_explicit\";b:0;s:8:\"xml_lang\";s:0:\"\";}}}}}i:45;a:6:{s:4:\"data\";s:13:\"\n	\n	\n	\n	\n	\n	\n\";s:7:\"attribs\";a:0:{}s:8:\"xml_base\";s:0:\"\";s:17:\"xml_base_explicit\";b:0;s:8:\"xml_lang\";s:0:\"\";s:5:\"child\";a:2:{s:0:\"\";a:5:{s:5:\"title\";a:1:{i:0;a:5:{s:4:\"data\";s:26:\"Matt: Chat Trumps Meetings\";s:7:\"attribs\";a:0:{}s:8:\"xml_base\";s:0:\"\";s:17:\"xml_base_explicit\";b:0;s:8:\"xml_lang\";s:0:\"\";}}s:4:\"guid\";a:1:{i:0;a:5:{s:4:\"data\";s:21:\"http://ma.tt/?p=42057\";s:7:\"attribs\";a:0:{}s:8:\"xml_base\";s:0:\"\";s:17:\"xml_base_explicit\";b:0;s:8:\"xml_lang\";s:0:\"\";}}s:4:\"link\";a:1:{i:0;a:5:{s:4:\"data\";s:42:\"http://ma.tt/2012/12/chat-trumps-meetings/\";s:7:\"attribs\";a:0:{}s:8:\"xml_base\";s:0:\"\";s:17:\"xml_base_explicit\";b:0;s:8:\"xml_lang\";s:0:\"\";}}s:11:\"description\";a:1:{i:0;a:5:{s:4:\"data\";s:753:\"<p>Zach Holman writes on  <a href=\"http://zachholman.com/posts/chat/\">how chat is superior to meetings for most things that businesses do</a>. From the description, Github sounds extremely similar to how Automattic operates. We&#8217;ve been going a slightly different direction though: after 7 years of essentially no meetings, many teams have started to incorporate more regular Google Hangouts in addition to their few-time-a-year in-person meetups. I&#8217;m curious to see how these evolve, right now my theory is these are largely to restore some of the social connectedness you lose when working remotely, with the pleasant side benefit of occasionally knocking out issues or decisions that high-bandwidth communication can facilitate better.</p>\";s:7:\"attribs\";a:0:{}s:8:\"xml_base\";s:0:\"\";s:17:\"xml_base_explicit\";b:0;s:8:\"xml_lang\";s:0:\"\";}}s:7:\"pubDate\";a:1:{i:0;a:5:{s:4:\"data\";s:31:\"Sat, 15 Dec 2012 17:19:05 +0000\";s:7:\"attribs\";a:0:{}s:8:\"xml_base\";s:0:\"\";s:17:\"xml_base_explicit\";b:0;s:8:\"xml_lang\";s:0:\"\";}}}s:32:\"http://purl.org/dc/elements/1.1/\";a:1:{s:7:\"creator\";a:1:{i:0;a:5:{s:4:\"data\";s:4:\"Matt\";s:7:\"attribs\";a:0:{}s:8:\"xml_base\";s:0:\"\";s:17:\"xml_base_explicit\";b:0;s:8:\"xml_lang\";s:0:\"\";}}}}}i:46;a:6:{s:4:\"data\";s:13:\"\n	\n	\n	\n	\n	\n	\n\";s:7:\"attribs\";a:0:{}s:8:\"xml_base\";s:0:\"\";s:17:\"xml_base_explicit\";b:0;s:8:\"xml_lang\";s:0:\"\";s:5:\"child\";a:2:{s:0:\"\";a:5:{s:5:\"title\";a:1:{i:0;a:5:{s:4:\"data\";s:59:\"Weblog Tools Collection: WordPress Theme Releases for 12/15\";s:7:\"attribs\";a:0:{}s:8:\"xml_base\";s:0:\"\";s:17:\"xml_base_explicit\";b:0;s:8:\"xml_lang\";s:0:\"\";}}s:4:\"guid\";a:1:{i:0;a:5:{s:4:\"data\";s:41:\"http://weblogtoolscollection.com/?p=12364\";s:7:\"attribs\";a:0:{}s:8:\"xml_base\";s:0:\"\";s:17:\"xml_base_explicit\";b:0;s:8:\"xml_lang\";s:0:\"\";}}s:4:\"link\";a:1:{i:0;a:5:{s:4:\"data\";s:73:\"http://feedproxy.google.com/~r/weblogtoolscollection/UXMP/~3/iJMckNVw_pY/\";s:7:\"attribs\";a:0:{}s:8:\"xml_base\";s:0:\"\";s:17:\"xml_base_explicit\";b:0;s:8:\"xml_lang\";s:0:\"\";}}s:11:\"description\";a:1:{i:0;a:5:{s:4:\"data\";s:1266:\"<p><img class=\"alignnone  wp-image-12365\" alt=\"screenshot\" src=\"http://i1.wp.com/weblogtoolscollection.com/wp-content/uploads/2012/12/screenshot2.png?w=150\" /></p>\n<p><a href=\"http://wordpress.org/extend/themes/deux-milles-douze\"><strong>Deux Milles Douze</strong></a> is a <a href=\"http://wordpress.org/extend/themes/twentytwelve\">Twenty Twelve</a> child theme which includes a front page template with a its own widgets, an optional display font, styling for post formats on both index and single views, and an optional no-sidebar page template.</p>\n<p><img class=\"alignnone  wp-image-12366\" alt=\"screenshot-1\" src=\"http://i0.wp.com/weblogtoolscollection.com/wp-content/uploads/2012/12/screenshot-12.png?w=150\" /></p>\n<p><a href=\"http://wordpress.org/extend/themes/wp-eden\"><strong>WP Eden</strong></a> is a pure CSS theme.</p>\n<p><img class=\"alignnone  wp-image-12367\" alt=\"screenshot-2\" src=\"http://i0.wp.com/weblogtoolscollection.com/wp-content/uploads/2012/12/screenshot-21.png?w=150\" /></p>\n<p><a href=\"http://wordpress.org/extend/themes/wpsimplicity\"><strong>WPSimplicity</strong></a> is a nice and clean theme that gives your blog a classy look.</p>\n<img src=\"http://feeds.feedburner.com/~r/weblogtoolscollection/UXMP/~4/iJMckNVw_pY\" height=\"1\" width=\"1\" />\";s:7:\"attribs\";a:0:{}s:8:\"xml_base\";s:0:\"\";s:17:\"xml_base_explicit\";b:0;s:8:\"xml_lang\";s:0:\"\";}}s:7:\"pubDate\";a:1:{i:0;a:5:{s:4:\"data\";s:31:\"Sat, 15 Dec 2012 14:45:08 +0000\";s:7:\"attribs\";a:0:{}s:8:\"xml_base\";s:0:\"\";s:17:\"xml_base_explicit\";b:0;s:8:\"xml_lang\";s:0:\"\";}}}s:32:\"http://purl.org/dc/elements/1.1/\";a:1:{s:7:\"creator\";a:1:{i:0;a:5:{s:4:\"data\";s:5:\"James\";s:7:\"attribs\";a:0:{}s:8:\"xml_base\";s:0:\"\";s:17:\"xml_base_explicit\";b:0;s:8:\"xml_lang\";s:0:\"\";}}}}}i:47;a:6:{s:4:\"data\";s:13:\"\n	\n	\n	\n	\n	\n	\n\";s:7:\"attribs\";a:0:{}s:8:\"xml_base\";s:0:\"\";s:17:\"xml_base_explicit\";b:0;s:8:\"xml_lang\";s:0:\"\";s:5:\"child\";a:2:{s:0:\"\";a:5:{s:5:\"title\";a:1:{i:0;a:5:{s:4:\"data\";s:63:\"WordPress.tv: Andrew Nacin and Samuel Wood: Otto and Nacin Show\";s:7:\"attribs\";a:0:{}s:8:\"xml_base\";s:0:\"\";s:17:\"xml_base_explicit\";b:0;s:8:\"xml_lang\";s:0:\"\";}}s:4:\"guid\";a:1:{i:0;a:5:{s:4:\"data\";s:28:\"http://wordpress.tv/?p=14252\";s:7:\"attribs\";a:0:{}s:8:\"xml_base\";s:0:\"\";s:17:\"xml_base_explicit\";b:0;s:8:\"xml_lang\";s:0:\"\";}}s:4:\"link\";a:1:{i:0;a:5:{s:4:\"data\";s:80:\"http://wordpress.tv/2012/12/14/andrew-nacin-and-samuel-wood-otto-and-nacin-show/\";s:7:\"attribs\";a:0:{}s:8:\"xml_base\";s:0:\"\";s:17:\"xml_base_explicit\";b:0;s:8:\"xml_lang\";s:0:\"\";}}s:11:\"description\";a:1:{i:0;a:5:{s:4:\"data\";s:667:\"<div id=\"v-3MSRThQt-1\" class=\"video-player\">\n</div>\n<br />  <a rel=\"nofollow\" href=\"http://feeds.wordpress.com/1.0/gocomments/wptv.wordpress.com/14252/\"><img alt=\"\" border=\"0\" src=\"http://feeds.wordpress.com/1.0/comments/wptv.wordpress.com/14252/\" /></a> <img alt=\"\" border=\"0\" src=\"http://stats.wordpress.com/b.gif?host=wordpress.tv&blog=5089392&post=14252&subd=wptv&ref=&feed=1\" width=\"1\" height=\"1\" /><div><a href=\"http://wordpress.tv/2012/12/14/andrew-nacin-and-samuel-wood-otto-and-nacin-show/\"><img alt=\"ottonacin_wordcamp_nashville\" src=\"http://videos.videopress.com/3MSRThQt/ottonacin_wordcamp_nashville_std.original.jpg\" width=\"160\" height=\"120\" /></a></div>\";s:7:\"attribs\";a:0:{}s:8:\"xml_base\";s:0:\"\";s:17:\"xml_base_explicit\";b:0;s:8:\"xml_lang\";s:0:\"\";}}s:7:\"pubDate\";a:1:{i:0;a:5:{s:4:\"data\";s:31:\"Sat, 15 Dec 2012 01:15:37 +0000\";s:7:\"attribs\";a:0:{}s:8:\"xml_base\";s:0:\"\";s:17:\"xml_base_explicit\";b:0;s:8:\"xml_lang\";s:0:\"\";}}}s:32:\"http://purl.org/dc/elements/1.1/\";a:1:{s:7:\"creator\";a:1:{i:0;a:5:{s:4:\"data\";s:13:\"Ah So Designs\";s:7:\"attribs\";a:0:{}s:8:\"xml_base\";s:0:\"\";s:17:\"xml_base_explicit\";b:0;s:8:\"xml_lang\";s:0:\"\";}}}}}i:48;a:6:{s:4:\"data\";s:13:\"\n	\n	\n	\n	\n	\n	\n\";s:7:\"attribs\";a:0:{}s:8:\"xml_base\";s:0:\"\";s:17:\"xml_base_explicit\";b:0;s:8:\"xml_lang\";s:0:\"\";s:5:\"child\";a:2:{s:0:\"\";a:5:{s:5:\"title\";a:1:{i:0;a:5:{s:4:\"data\";s:58:\"WordPress.tv: Nina East: How to Raise your Web Design Fees\";s:7:\"attribs\";a:0:{}s:8:\"xml_base\";s:0:\"\";s:17:\"xml_base_explicit\";b:0;s:8:\"xml_lang\";s:0:\"\";}}s:4:\"guid\";a:1:{i:0;a:5:{s:4:\"data\";s:28:\"http://wordpress.tv/?p=14366\";s:7:\"attribs\";a:0:{}s:8:\"xml_base\";s:0:\"\";s:17:\"xml_base_explicit\";b:0;s:8:\"xml_lang\";s:0:\"\";}}s:4:\"link\";a:1:{i:0;a:5:{s:4:\"data\";s:48:\"http://wordpress.tv/2012/12/14/uploaded-video-3/\";s:7:\"attribs\";a:0:{}s:8:\"xml_base\";s:0:\"\";s:17:\"xml_base_explicit\";b:0;s:8:\"xml_lang\";s:0:\"\";}}s:11:\"description\";a:1:{i:0;a:5:{s:4:\"data\";s:622:\"<div id=\"v-eiArvRIO-1\" class=\"video-player\">\n</div>\n<br />  <a rel=\"nofollow\" href=\"http://feeds.wordpress.com/1.0/gocomments/wptv.wordpress.com/14366/\"><img alt=\"\" border=\"0\" src=\"http://feeds.wordpress.com/1.0/comments/wptv.wordpress.com/14366/\" /></a> <img alt=\"\" border=\"0\" src=\"http://stats.wordpress.com/b.gif?host=wordpress.tv&blog=5089392&post=14366&subd=wptv&ref=&feed=1\" width=\"1\" height=\"1\" /><div><a href=\"http://wordpress.tv/2012/12/14/uploaded-video-3/\"><img alt=\"WordCamp 2012 Nina East.m4v\" src=\"http://videos.videopress.com/eiArvRIO/video-e021c26703_std.original.jpg\" width=\"160\" height=\"120\" /></a></div>\";s:7:\"attribs\";a:0:{}s:8:\"xml_base\";s:0:\"\";s:17:\"xml_base_explicit\";b:0;s:8:\"xml_lang\";s:0:\"\";}}s:7:\"pubDate\";a:1:{i:0;a:5:{s:4:\"data\";s:31:\"Fri, 14 Dec 2012 20:15:07 +0000\";s:7:\"attribs\";a:0:{}s:8:\"xml_base\";s:0:\"\";s:17:\"xml_base_explicit\";b:0;s:8:\"xml_lang\";s:0:\"\";}}}s:32:\"http://purl.org/dc/elements/1.1/\";a:1:{s:7:\"creator\";a:1:{i:0;a:5:{s:4:\"data\";s:12:\"WordPress.tv\";s:7:\"attribs\";a:0:{}s:8:\"xml_base\";s:0:\"\";s:17:\"xml_base_explicit\";b:0;s:8:\"xml_lang\";s:0:\"\";}}}}}i:49;a:6:{s:4:\"data\";s:13:\"\n	\n	\n	\n	\n	\n	\n\";s:7:\"attribs\";a:0:{}s:8:\"xml_base\";s:0:\"\";s:17:\"xml_base_explicit\";b:0;s:8:\"xml_lang\";s:0:\"\";s:5:\"child\";a:2:{s:0:\"\";a:5:{s:5:\"title\";a:1:{i:0;a:5:{s:4:\"data\";s:19:\"Jane Wells: Changes\";s:7:\"attribs\";a:0:{}s:8:\"xml_base\";s:0:\"\";s:17:\"xml_base_explicit\";b:0;s:8:\"xml_lang\";s:0:\"\";}}s:4:\"guid\";a:1:{i:0;a:5:{s:4:\"data\";s:33:\"http://jane.wordpress.com/?p=1670\";s:7:\"attribs\";a:0:{}s:8:\"xml_base\";s:0:\"\";s:17:\"xml_base_explicit\";b:0;s:8:\"xml_lang\";s:0:\"\";}}s:4:\"link\";a:1:{i:0;a:5:{s:4:\"data\";s:45:\"http://jane.wordpress.com/2012/12/14/changes/\";s:7:\"attribs\";a:0:{}s:8:\"xml_base\";s:0:\"\";s:17:\"xml_base_explicit\";b:0;s:8:\"xml_lang\";s:0:\"\";}}s:11:\"description\";a:1:{i:0;a:5:{s:4:\"data\";s:5352:\"<p>Today I turn 41. It&#8217;s also the end of my quasi-leave of absence, and on Monday I&#8217;ll be returning to full-time work at Automattic on the Dot Org Team. When I do so, it will be in a new role; I&#8217;m posting about it here so that all concerned will know what I&#8217;m doing, why, and that yes, it&#8217;s intentional.</p>\n<p>For 4+ years, I was the UX/Design lead for core. At some point in the first year or so, I also started project managing the core team/core development. Then I started doing some community work, events, and general contributor community management. There were also other things here and there, like trademark for a while, being the team lead of the Dot Org Team at Automattic, and various design forays. You might remember that <a title=\"A Typical Day\" href=\"http://jane.wordpress.com/2011/06/29/a-typical-day/\">this was too much</a>. I&#8217;m not ashamed to admit that I burned out, and needed a break.</p>\n<p>It&#8217;s my birthday, so it&#8217;s a natural time to reflect on where I&#8217;ve come from, where I&#8217;m at, and where I&#8217;m going. When Matt convinced me to take the job at Automattic, one of the things that got me in was that he said I could work on programs to bring women and girls into the WordPress community, especially around programming. In that lunch on a San Francisco sidewalk, I laid out a vision including mentoring programs, school projects, summer camps, trips to the moon&#8230; okay, not trips to the moon, but just about everything under it. And then I never did any of those things because I didn&#8217;t prioritize it over my work on core.</p>\n<p>Don&#8217;t get me wrong, I still think core is mega-important. Core *is* WordPress. Without it there would be no community. That said, core doesn&#8217;t need me to pour my life into it; my offering feedback, some sketching, and advice <em>occasionally</em> can be as much of a help as my doing research, creating wireframes, reviewing every trac ticket, and testing <em>every</em> ui patch.</p>\n<p>In 3.5, I was meant to be on leave (aside from the summit planning), so I  answered some questions and gave some feedback early in the cycle to Dave/Helen/Chelsea/Koop, but otherwise stayed out of it. (P.S. Kudos to Nacin on the project management of 3.5!) My only real involvement was at the end of the community summit, when I spent several hours the last morning sitting with Koop going though the media uploader screen by screen, asking questions (&#8220;What about _____?&#8221; &#8220;What problem does that solve?&#8221;), sketching alternate approaches, and generally dumping every reaction and idea I had about it into Koop&#8217;s head before he left for the airport. Then I didn&#8217;t think about it again. From Skype a few weeks later:</p>\n<blockquote><p><strong>Andrew Nacin 11/27/12 12:28 PM</strong><br />\nfeeling good about 3.5?</p>\n<p><strong>Jane Wells 11/27/12 12:31 PM</strong><br />\ni wasn&#8217;t really involved with it aside from media morning with koop before he left tybee</p>\n<p><strong>Andrew Nacin 11/27/12 12:31 PM</strong><br />\nthat morning was huge. completely re-shaped a lot of our thinking.</p></blockquote>\n<p>That has me thinking that 4 hours here and there will do just fine instead of ALL THE HOURS.</p>\n<p>So! Where does that leave me, if I don&#8217;t need to do core design or project management anymore? I keep going back to that sidewalk lunch and how exciting it was to talk about possibilities around using WordPress as a gateway for women, girls, low-income kids, and minorities of all stripes who are under-represented in our community to get into the web industry (see also #2 in <a href=\"http://jane.wordpress.com/2009/03/11/crossover-sensation/\">this post</a>).</p>\n<p>My first week back at Automattic (starting Monday) I will be doing a week&#8217;s rotation on wordpress.com support with my team, but will then be jumping into a new role focused on our contributor community. It will involve a lot of projects, but one of the first will be aimed at increasing diversity in the contributor groups, starting with the gender gap. These efforts will all happen under the aegis of the new <a href=\"http://make.wordpress.org/community/\">Community Outreach contributor group</a>, so if you are interested in working on this with me (and Andrea Rennick, and Amy Hendrix, and Cátia Kitahara, etc), please join us! I&#8217;ve got a giant list of projects that I&#8217;d like us to tackle in the new year, and we&#8217;ll need people to help make things happen.</p>\n<p>But what about core? And other stuff? I&#8217;m reserving Wednesdays to do design so I don&#8217;t get rusty. These &#8220;office hours&#8221; can be used by the core team to have me look at something, or by an Automattic team. Otherwise, I&#8217;ll use that day to work on designs to improve areas of the WordPress.org site to help with our goals, and/or tools to help us get things done.</p>\n<p>So that&#8217;s the plan.</p>\n<p>What do you think?</p>\n<br />  <a rel=\"nofollow\" href=\"http://feeds.wordpress.com/1.0/gocomments/jane.wordpress.com/1670/\"><img alt=\"\" border=\"0\" src=\"http://feeds.wordpress.com/1.0/comments/jane.wordpress.com/1670/\" /></a> <img alt=\"\" border=\"0\" src=\"http://stats.wordpress.com/b.gif?host=jane.wordpress.com&blog=201&post=1670&subd=jane&ref=&feed=1\" width=\"1\" height=\"1\" />\";s:7:\"attribs\";a:0:{}s:8:\"xml_base\";s:0:\"\";s:17:\"xml_base_explicit\";b:0;s:8:\"xml_lang\";s:0:\"\";}}s:7:\"pubDate\";a:1:{i:0;a:5:{s:4:\"data\";s:31:\"Fri, 14 Dec 2012 18:44:53 +0000\";s:7:\"attribs\";a:0:{}s:8:\"xml_base\";s:0:\"\";s:17:\"xml_base_explicit\";b:0;s:8:\"xml_lang\";s:0:\"\";}}}s:32:\"http://purl.org/dc/elements/1.1/\";a:1:{s:7:\"creator\";a:1:{i:0;a:5:{s:4:\"data\";s:10:\"Jane Wells\";s:7:\"attribs\";a:0:{}s:8:\"xml_base\";s:0:\"\";s:17:\"xml_base_explicit\";b:0;s:8:\"xml_lang\";s:0:\"\";}}}}}}}}}}}}}}}}s:4:\"type\";i:128;s:7:\"headers\";a:9:{s:6:\"server\";s:5:\"nginx\";s:4:\"date\";s:29:\"Wed, 09 Jan 2013 09:31:18 GMT\";s:12:\"content-type\";s:8:\"text/xml\";s:14:\"content-length\";s:6:\"109501\";s:10:\"connection\";s:5:\"close\";s:4:\"vary\";s:15:\"Accept-Encoding\";s:13:\"last-modified\";s:29:\"Wed, 09 Jan 2013 09:15:12 GMT\";s:4:\"x-nc\";s:11:\"HIT luv 139\";s:13:\"accept-ranges\";s:5:\"bytes\";}s:5:\"build\";s:14:\"20121202164312\";}','no'),(136,'_transient_timeout_feed_mod_867bd5c64f85878d03a060509cd2f92c','1357767054','no'),(137,'_transient_feed_mod_867bd5c64f85878d03a060509cd2f92c','1357723854','no'),(142,'recently_activated','a:0:{}','yes'),(146,'ossdl_off_cdn_url','http://91.121.115.56/wordpress','yes'),(147,'ossdl_off_include_dirs','wp-content,wp-includes','yes'),(148,'ossdl_off_exclude','.php','yes'),(149,'ossdl_cname','','yes'),(152,'wpsupercache_start','1357725078','yes'),(153,'wpsupercache_count','0','yes'),(154,'supercache_stats','a:3:{s:9:\"generated\";i:1357725194;s:10:\"supercache\";a:5:{s:7:\"expired\";i:0;s:12:\"expired_list\";a:0:{}s:6:\"cached\";i:0;s:11:\"cached_list\";a:0:{}s:2:\"ts\";i:1357725194;}s:7:\"wpcache\";a:3:{s:6:\"cached\";i:0;s:7:\"expired\";i:0;s:5:\"fsize\";s:3:\"0KB\";}}','yes'),(155,'wpsupercache_gc_time','1408698670','yes'),(189,'_transient_random_seed','88e60b18e28c91c4b90e302cc12e0d97','yes'),(232,'aioseop_options','a:51:{s:12:\"aiosp_donate\";i:0;s:16:\"aiosp_home_title\";N;s:22:\"aiosp_home_description\";s:0:\"\";s:20:\"aiosp_togglekeywords\";i:0;s:19:\"aiosp_home_keywords\";N;s:9:\"aiosp_can\";i:1;s:20:\"aiosp_rewrite_titles\";i:1;s:20:\"aiosp_force_rewrites\";i:1;s:24:\"aiosp_use_original_title\";i:0;s:16:\"aiosp_cap_titles\";i:1;s:14:\"aiosp_cap_cats\";i:1;s:23:\"aiosp_page_title_format\";s:27:\"%page_title% | %blog_title%\";s:23:\"aiosp_post_title_format\";s:27:\"%post_title% | %blog_title%\";s:27:\"aiosp_category_title_format\";s:31:\"%category_title% | %blog_title%\";s:26:\"aiosp_archive_title_format\";s:21:\"%date% | %blog_title%\";s:22:\"aiosp_tag_title_format\";s:20:\"%tag% | %blog_title%\";s:25:\"aiosp_search_title_format\";s:23:\"%search% | %blog_title%\";s:24:\"aiosp_description_format\";s:13:\"%description%\";s:22:\"aiosp_404_title_format\";s:33:\"Nothing found for %request_words%\";s:18:\"aiosp_paged_format\";s:14:\" - Part %page%\";s:17:\"aiosp_enablecpost\";s:2:\"on\";s:19:\"aiosp_cpostadvanced\";i:0;s:17:\"aiosp_cpostactive\";a:2:{i:0;s:4:\"post\";i:1;s:4:\"page\";}s:17:\"aiosp_cposttitles\";i:0;s:21:\"aiosp_posttypecolumns\";a:2:{i:0;s:4:\"post\";i:1;s:4:\"page\";}s:15:\"aiosp_admin_bar\";s:2:\"on\";s:23:\"aiosp_custom_menu_order\";s:2:\"on\";s:19:\"aiosp_google_verify\";s:0:\"\";s:17:\"aiosp_bing_verify\";s:0:\"\";s:22:\"aiosp_pinterest_verify\";s:0:\"\";s:22:\"aiosp_google_publisher\";s:0:\"\";s:28:\"aiosp_google_disable_profile\";i:0;s:25:\"aiosp_google_analytics_id\";N;s:15:\"aiosp_ga_domain\";N;s:21:\"aiosp_ga_multi_domain\";i:0;s:29:\"aiosp_ga_track_outbound_links\";i:0;s:20:\"aiosp_use_categories\";i:0;s:26:\"aiosp_use_tags_as_keywords\";i:1;s:32:\"aiosp_dynamic_postspage_keywords\";i:1;s:22:\"aiosp_category_noindex\";i:1;s:21:\"aiosp_archive_noindex\";i:1;s:18:\"aiosp_tags_noindex\";i:0;s:27:\"aiosp_generate_descriptions\";i:1;s:33:\"aiosp_hide_paginated_descriptions\";i:0;s:20:\"aiosp_unprotect_meta\";i:0;s:14:\"aiosp_ex_pages\";s:0:\"\";s:20:\"aiosp_post_meta_tags\";s:0:\"\";s:20:\"aiosp_page_meta_tags\";s:0:\"\";s:21:\"aiosp_front_meta_tags\";s:0:\"\";s:20:\"aiosp_home_meta_tags\";s:0:\"\";s:12:\"aiosp_do_log\";N;}','yes'),(234,'Yoast_Google_Analytics','a:52:{s:16:\"advancedsettings\";b:0;s:11:\"allowanchor\";b:0;s:9:\"allowhash\";b:0;s:11:\"allowlinker\";b:0;s:11:\"anonymizeip\";b:0;s:10:\"customcode\";s:0:\"\";s:11:\"cv_loggedin\";b:0;s:13:\"cv_authorname\";b:0;s:11:\"cv_category\";b:0;s:17:\"cv_all_categories\";b:0;s:7:\"cv_tags\";b:0;s:7:\"cv_year\";b:0;s:12:\"cv_post_type\";b:0;s:5:\"debug\";b:0;s:12:\"dlextensions\";s:30:\"doc,exe,js,pdf,ppt,tgz,zip,xls\";s:6:\"domain\";s:0:\"\";s:11:\"domainorurl\";s:6:\"domain\";s:7:\"extrase\";b:0;s:10:\"extraseurl\";s:0:\"\";s:11:\"firebuglite\";b:0;s:16:\"ga_api_responses\";a:1:{s:45:\"1/l6zo-s9cf-9XmOYdW7N_zC3kdjL5jszKEz5jNGLw1PE\";a:2:{s:8:\"response\";a:1:{s:4:\"code\";i:200;}s:4:\"body\";s:8760:\"<?xml version=\"1.0\" encoding=\"UTF-8\"?><feed gd:kind=\"analytics#profiles\" xmlns=\"http://www.w3.org/2005/Atom\" xmlns:dxp=\"http://schemas.google.com/analytics/2009\" xmlns:gd=\"http://schemas.google.com/g/2005\" xmlns:openSearch=\"http://a9.com/-/spec/opensearch/1.1/\"><id>https://www.googleapis.com/analytics/v2.4/management/accounts/~all/webproperties/~all/profiles</id><updated>2013-06-17T13:29:37.128Z</updated><title type=\"text\">Google Analytics Profiles for btaufflieb@gmail.com</title><link rel=\"self\" type=\"application/atom+xml\" href=\"https://www.googleapis.com/analytics/v2.4/management/accounts/~all/webproperties/~all/profiles\"/><author><name>Google Analytics</name></author><generator>Google Analytics</generator><openSearch:totalResults>6</openSearch:totalResults><openSearch:startIndex>1</openSearch:startIndex><openSearch:itemsPerPage>1000</openSearch:itemsPerPage><entry gd:kind=\"analytics#profile\"><id>https://www.googleapis.com/analytics/v2.4/management/accounts/13029431/webproperties/UA-13029431-1/profiles/26394197</id><updated>2011-10-21T11:40:49.878Z</updated><title type=\"text\">Google Analytics Profile www.diabolocitron.fr</title><link rel=\"self\" type=\"application/atom+xml\" href=\"https://www.googleapis.com/analytics/v2.4/management/accounts/13029431/webproperties/UA-13029431-1/profiles/26394197\"/><link rel=\"http://schemas.google.com/ga/2009#parent\" type=\"application/atom+xml\" gd:targetKind=\"analytics#webproperty\" href=\"https://www.googleapis.com/analytics/v2.4/management/accounts/13029431/webproperties/UA-13029431-1\"/><link rel=\"http://schemas.google.com/ga/2009#child\" type=\"application/atom+xml\" gd:targetKind=\"analytics#goals\" href=\"https://www.googleapis.com/analytics/v2.4/management/accounts/13029431/webproperties/UA-13029431-1/profiles/26394197/goals\"/><dxp:property name=\"ga:accountId\" value=\"13029431\"/><dxp:property name=\"ga:webPropertyId\" value=\"UA-13029431-1\"/><dxp:property name=\"ga:profileName\" value=\"www.diabolocitron.fr\"/><dxp:property name=\"ga:profileId\" value=\"26394197\"/><dxp:property name=\"dxp:tableId\" value=\"ga:26394197\"/><dxp:property name=\"ga:currency\" value=\"USD\"/><dxp:property name=\"ga:timezone\" value=\"Europe/Paris\"/></entry><entry gd:kind=\"analytics#profile\"><id>https://www.googleapis.com/analytics/v2.4/management/accounts/13029431/webproperties/UA-13029431-2/profiles/37604275</id><updated>2011-10-21T11:40:11.233Z</updated><title type=\"text\">Google Analytics Profile www.diabolocitron.com</title><link rel=\"self\" type=\"application/atom+xml\" href=\"https://www.googleapis.com/analytics/v2.4/management/accounts/13029431/webproperties/UA-13029431-2/profiles/37604275\"/><link rel=\"http://schemas.google.com/ga/2009#parent\" type=\"application/atom+xml\" gd:targetKind=\"analytics#webproperty\" href=\"https://www.googleapis.com/analytics/v2.4/management/accounts/13029431/webproperties/UA-13029431-2\"/><link rel=\"http://schemas.google.com/ga/2009#child\" type=\"application/atom+xml\" gd:targetKind=\"analytics#goals\" href=\"https://www.googleapis.com/analytics/v2.4/management/accounts/13029431/webproperties/UA-13029431-2/profiles/37604275/goals\"/><dxp:property name=\"ga:accountId\" value=\"13029431\"/><dxp:property name=\"ga:webPropertyId\" value=\"UA-13029431-2\"/><dxp:property name=\"ga:profileName\" value=\"www.diabolocitron.com\"/><dxp:property name=\"ga:profileId\" value=\"37604275\"/><dxp:property name=\"dxp:tableId\" value=\"ga:37604275\"/><dxp:property name=\"ga:currency\" value=\"USD\"/><dxp:property name=\"ga:timezone\" value=\"America/Los_Angeles\"/></entry><entry gd:kind=\"analytics#profile\"><id>https://www.googleapis.com/analytics/v2.4/management/accounts/13029431/webproperties/UA-13029431-3/profiles/39466144</id><updated>2010-12-14T13:55:58.643Z</updated><title type=\"text\">Google Analytics Profile diabolocitron.blogspot.com</title><link rel=\"self\" type=\"application/atom+xml\" href=\"https://www.googleapis.com/analytics/v2.4/management/accounts/13029431/webproperties/UA-13029431-3/profiles/39466144\"/><link rel=\"http://schemas.google.com/ga/2009#parent\" type=\"application/atom+xml\" gd:targetKind=\"analytics#webproperty\" href=\"https://www.googleapis.com/analytics/v2.4/management/accounts/13029431/webproperties/UA-13029431-3\"/><link rel=\"http://schemas.google.com/ga/2009#child\" type=\"application/atom+xml\" gd:targetKind=\"analytics#goals\" href=\"https://www.googleapis.com/analytics/v2.4/management/accounts/13029431/webproperties/UA-13029431-3/profiles/39466144/goals\"/><dxp:property name=\"ga:accountId\" value=\"13029431\"/><dxp:property name=\"ga:webPropertyId\" value=\"UA-13029431-3\"/><dxp:property name=\"ga:profileName\" value=\"diabolocitron.blogspot.com\"/><dxp:property name=\"ga:profileId\" value=\"39466144\"/><dxp:property name=\"dxp:tableId\" value=\"ga:39466144\"/><dxp:property name=\"ga:currency\" value=\"USD\"/><dxp:property name=\"ga:timezone\" value=\"America/Los_Angeles\"/></entry><entry gd:kind=\"analytics#profile\"><id>https://www.googleapis.com/analytics/v2.4/management/accounts/21879631/webproperties/UA-21879631-1/profiles/43206139</id><updated>2011-05-27T14:32:17.874Z</updated><title type=\"text\">Google Analytics Profile www.decapub.fr/</title><link rel=\"self\" type=\"application/atom+xml\" href=\"https://www.googleapis.com/analytics/v2.4/management/accounts/21879631/webproperties/UA-21879631-1/profiles/43206139\"/><link rel=\"http://schemas.google.com/ga/2009#parent\" type=\"application/atom+xml\" gd:targetKind=\"analytics#webproperty\" href=\"https://www.googleapis.com/analytics/v2.4/management/accounts/21879631/webproperties/UA-21879631-1\"/><link rel=\"http://schemas.google.com/ga/2009#child\" type=\"application/atom+xml\" gd:targetKind=\"analytics#goals\" href=\"https://www.googleapis.com/analytics/v2.4/management/accounts/21879631/webproperties/UA-21879631-1/profiles/43206139/goals\"/><dxp:property name=\"ga:accountId\" value=\"21879631\"/><dxp:property name=\"ga:webPropertyId\" value=\"UA-21879631-1\"/><dxp:property name=\"ga:profileName\" value=\"www.decapub.fr/\"/><dxp:property name=\"ga:profileId\" value=\"43206139\"/><dxp:property name=\"dxp:tableId\" value=\"ga:43206139\"/><dxp:property name=\"ga:currency\" value=\"USD\"/><dxp:property name=\"ga:timezone\" value=\"Europe/Paris\"/></entry><entry gd:kind=\"analytics#profile\"><id>https://www.googleapis.com/analytics/v2.4/management/accounts/26293533/webproperties/UA-26293533-1/profiles/51559339</id><updated>2011-10-14T10:10:22.498Z</updated><title type=\"text\">Google Analytics Profile www.studio36.org</title><link rel=\"self\" type=\"application/atom+xml\" href=\"https://www.googleapis.com/analytics/v2.4/management/accounts/26293533/webproperties/UA-26293533-1/profiles/51559339\"/><link rel=\"http://schemas.google.com/ga/2009#parent\" type=\"application/atom+xml\" gd:targetKind=\"analytics#webproperty\" href=\"https://www.googleapis.com/analytics/v2.4/management/accounts/26293533/webproperties/UA-26293533-1\"/><link rel=\"http://schemas.google.com/ga/2009#child\" type=\"application/atom+xml\" gd:targetKind=\"analytics#goals\" href=\"https://www.googleapis.com/analytics/v2.4/management/accounts/26293533/webproperties/UA-26293533-1/profiles/51559339/goals\"/><dxp:property name=\"ga:accountId\" value=\"26293533\"/><dxp:property name=\"ga:webPropertyId\" value=\"UA-26293533-1\"/><dxp:property name=\"ga:profileName\" value=\"www.studio36.org\"/><dxp:property name=\"ga:profileId\" value=\"51559339\"/><dxp:property name=\"dxp:tableId\" value=\"ga:51559339\"/><dxp:property name=\"ga:currency\" value=\"USD\"/><dxp:property name=\"ga:timezone\" value=\"Europe/Paris\"/></entry><entry gd:kind=\"analytics#profile\"><id>https://www.googleapis.com/analytics/v2.4/management/accounts/41794097/webproperties/UA-41794097-1/profiles/73601598</id><updated>2013-06-17T13:28:04.196Z</updated><title type=\"text\">Google Analytics Profile Toutes les données du site Web</title><link rel=\"self\" type=\"application/atom+xml\" href=\"https://www.googleapis.com/analytics/v2.4/management/accounts/41794097/webproperties/UA-41794097-1/profiles/73601598\"/><link rel=\"http://schemas.google.com/ga/2009#parent\" type=\"application/atom+xml\" gd:targetKind=\"analytics#webproperty\" href=\"https://www.googleapis.com/analytics/v2.4/management/accounts/41794097/webproperties/UA-41794097-1\"/><link rel=\"http://schemas.google.com/ga/2009#child\" type=\"application/atom+xml\" gd:targetKind=\"analytics#goals\" href=\"https://www.googleapis.com/analytics/v2.4/management/accounts/41794097/webproperties/UA-41794097-1/profiles/73601598/goals\"/><dxp:property name=\"ga:accountId\" value=\"41794097\"/><dxp:property name=\"ga:webPropertyId\" value=\"UA-41794097-1\"/><dxp:property name=\"ga:profileName\" value=\"Toutes les données du site Web\"/><dxp:property name=\"ga:profileId\" value=\"73601598\"/><dxp:property name=\"dxp:tableId\" value=\"ga:73601598\"/><dxp:property name=\"ga:currency\" value=\"USD\"/><dxp:property name=\"ga:timezone\" value=\"Europe/Paris\"/></entry></feed>\";}}s:16:\"gajslocalhosting\";b:0;s:7:\"gajsurl\";s:0:\"\";s:16:\"ignore_userlevel\";s:2:\"11\";s:12:\"internallink\";s:0:\"\";s:17:\"internallinklabel\";s:0:\"\";s:16:\"outboundpageview\";b:0;s:17:\"downloadspageview\";b:0;s:17:\"othercrossdomains\";s:0:\"\";s:8:\"position\";s:6:\"header\";s:18:\"primarycrossdomain\";s:0:\"\";s:13:\"theme_updated\";b:0;s:16:\"trackcommentform\";b:1;s:16:\"trackcrossdomain\";b:0;s:12:\"trackadsense\";b:0;s:13:\"trackoutbound\";b:1;s:17:\"trackregistration\";b:0;s:14:\"rsslinktagging\";b:1;s:8:\"uastring\";s:13:\"UA-41794097-1\";s:7:\"version\";s:5:\"4.3.3\";s:14:\"tracking_popup\";s:4:\"done\";s:14:\"yoast_tracking\";b:0;s:3:\"msg\";s:0:\"\";s:10:\"gawp_oauth\";a:1:{s:12:\"access_token\";a:2:{s:11:\"oauth_token\";s:45:\"1/l6zo-s9cf-9XmOYdW7N_zC3kdjL5jszKEz5jNGLw1PE\";s:18:\"oauth_token_secret\";s:24:\"TxTtZ00dPojypRXyflS1bbDd\";}}s:15:\"gfsubmiteventpv\";s:0:\"\";s:11:\"trackprefix\";s:0:\"\";s:13:\"admintracking\";b:0;s:15:\"manual_uastring\";b:0;s:11:\"taggfsubmit\";b:0;s:13:\"wpec_tracking\";b:0;s:14:\"shopp_tracking\";b:0;s:8:\"ga_token\";s:45:\"1/l6zo-s9cf-9XmOYdW7N_zC3kdjL5jszKEz5jNGLw1PE\";}','yes'),(238,'facebook_migration_10','1','yes'),(239,'facebook_migration_115','1','yes'),(240,'facebook_migration_118','1','yes'),(242,'wysija_post_type_updated','1371202791','yes'),(244,'wysija_post_type_created','1371202791','yes'),(245,'installation_step','16','yes'),(246,'wysija','[encoded data, 8096 characters]','yes'),(248,'wysija_reinstall','0','no'),(249,'wysija_schedules','a:5:{s:5:\"queue\";a:3:{s:13:\"next_schedule\";i:1406358673;s:13:\"prev_schedule\";b:0;s:7:\"running\";b:0;}s:6:\"bounce\";a:3:{s:13:\"next_schedule\";d:100001371202815;s:13:\"prev_schedule\";i:0;s:7:\"running\";b:0;}s:5:\"daily\";a:3:{s:13:\"next_schedule\";i:1406372770;s:13:\"prev_schedule\";b:0;s:7:\"running\";b:0;}s:6:\"weekly\";a:3:{s:13:\"next_schedule\";i:1406797280;s:13:\"prev_schedule\";b:0;s:7:\"running\";b:0;}s:7:\"monthly\";a:3:{s:13:\"next_schedule\";i:1407091568;s:13:\"prev_schedule\";b:0;s:7:\"running\";b:0;}}','yes'),(257,'underConstructionRequiredRole','administrator','yes'),(260,'wysija_check_pn','1406357772.6073','yes'),(271,'theme_mods_twentytwelve','a:1:{s:16:\"sidebars_widgets\";a:2:{s:4:\"time\";i:1371219234;s:4:\"data\";a:4:{s:19:\"wp_inactive_widgets\";a:0:{}s:9:\"sidebar-1\";a:6:{i:0;s:8:\"search-2\";i:1;s:14:\"recent-posts-2\";i:2;s:17:\"recent-comments-2\";i:3;s:10:\"archives-2\";i:4;s:12:\"categories-2\";i:5;s:6:\"meta-2\";}s:9:\"sidebar-2\";a:0:{}s:9:\"sidebar-3\";a:0:{}}}}','yes'),(272,'current_theme','Revoke','yes'),(273,'theme_mods_Revoke','a:2:{i:0;b:0;s:18:\"nav_menu_locations\";a:1:{s:11:\"revoke_menu\";i:13;}}','yes'),(274,'theme_switched','','yes'),(275,'revoke_options','a:34:{s:10:\"logo_image\";s:60:\"http://joelknafo-art.com/wp-content/uploads/2013/06/logo.png\";s:9:\"logo_text\";s:0:\"\";s:15:\"logo_text_color\";s:1:\"a\";s:14:\"logo_text_font\";s:9:\"Open Sans\";s:14:\"logo_text_size\";s:0:\"\";s:7:\"favicon\";s:63:\"http://joelknafo-art.com/wp-content/uploads/2013/06/favicon.png\";s:10:\"custom_css\";s:106:\"input[type=\"text\"],\r\ninput[type=\"email\"],\r\ntextarea\r\n{\r\n    background-color: #f7f7f7;\r\n    width: 80%;\r\n}\";s:10:\"site_color\";s:7:\"#ad0b18\";s:8:\"bg_color\";s:1:\"a\";s:8:\"bg_image\";s:1:\"a\";s:25:\"social_platforms_facebook\";s:85:\"https://www.facebook.com/pages/Joel-Knafo-Art-Gallery/1390492111205726?ref=ts&fref=ts\";s:24:\"social_platforms_twitter\";s:29:\"https://twitter.com/JKGallery\";s:23:\"social_platforms_google\";s:0:\"\";s:26:\"social_platforms_pinterest\";s:31:\"http://pinterest.com/joelknafo/\";s:25:\"social_platforms_linkedin\";s:0:\"\";s:25:\"social_platforms_dribbble\";s:0:\"\";s:24:\"social_platforms_behance\";s:0:\"\";s:24:\"social_platforms_youtube\";s:0:\"\";s:23:\"social_platforms_flickr\";s:0:\"\";s:13:\"tracking_code\";s:0:\"\";s:10:\"blog_title\";s:4:\"News\";s:14:\"footer_company\";s:23:\"Joël Knafo Art Gallery\";s:10:\"footer_url\";s:0:\"\";s:19:\"twitter_consumerkey\";s:0:\"\";s:22:\"twitter_consumersecret\";s:0:\"\";s:19:\"twitter_accesstoken\";s:0:\"\";s:25:\"twitter_accesstokensecret\";s:0:\"\";s:18:\"contact_map_coords\";s:1:\"a\";s:25:\"contact_map_marker_coords\";s:1:\"a\";s:16:\"contact_map_zoom\";s:1:\"a\";s:16:\"contact_map_icon\";s:97:\"http://joelknafo-art.com/wp-content/themes/Revoke/tesla_framework/static/images/mapicons/home.png\";s:13:\"email_contact\";s:28:\"postmaster@joelknafo-art.com\";s:12:\"email_prefix\";s:7:\"Hello !\";s:10:\"form_title\";s:21:\"Formulaire de contact\";}','yes'),(304,'theme_mods_twentyeleven','a:2:{i:0;b:0;s:16:\"sidebars_widgets\";a:2:{s:4:\"time\";i:1371222255;s:4:\"data\";a:6:{s:19:\"wp_inactive_widgets\";a:0:{}s:9:\"sidebar-1\";a:6:{i:0;s:8:\"search-2\";i:1;s:14:\"recent-posts-2\";i:2;s:17:\"recent-comments-2\";i:3;s:10:\"archives-2\";i:4;s:12:\"categories-2\";i:5;s:6:\"meta-2\";}s:9:\"sidebar-2\";a:0:{}s:9:\"sidebar-3\";a:0:{}s:9:\"sidebar-4\";N;s:9:\"sidebar-5\";N;}}}','yes'),(311,'revoke_testimonial_tax_children','a:0:{}','yes'),(314,'underConstructionIPWhitelist','a:1:{i:0;s:14:\"85.170.149.112\";}','yes'),(316,'_site_transient_update_themes','O:8:\"stdClass\":3:{s:12:\"last_checked\";i:1408697316;s:7:\"checked\";a:4:{s:6:\"Revoke\";s:4:\"1.09\";s:12:\"twentyeleven\";s:3:\"1.5\";s:14:\"twentythirteen\";s:3:\"1.0\";s:12:\"twentytwelve\";s:3:\"1.1\";}s:8:\"response\";a:3:{s:12:\"twentyeleven\";a:4:{s:5:\"theme\";s:12:\"twentyeleven\";s:11:\"new_version\";s:3:\"1.8\";s:3:\"url\";s:40:\"http://wordpress.org/themes/twentyeleven\";s:7:\"package\";s:57:\"http://wordpress.org/themes/download/twentyeleven.1.8.zip\";}s:14:\"twentythirteen\";a:4:{s:5:\"theme\";s:14:\"twentythirteen\";s:11:\"new_version\";s:3:\"1.2\";s:3:\"url\";s:42:\"http://wordpress.org/themes/twentythirteen\";s:7:\"package\";s:59:\"http://wordpress.org/themes/download/twentythirteen.1.2.zip\";}s:12:\"twentytwelve\";a:4:{s:5:\"theme\";s:12:\"twentytwelve\";s:11:\"new_version\";s:3:\"1.4\";s:3:\"url\";s:40:\"http://wordpress.org/themes/twentytwelve\";s:7:\"package\";s:57:\"http://wordpress.org/themes/download/twentytwelve.1.4.zip\";}}}','yes'),(396,'_site_transient_timeout_browser_c377e2a63b4081c4e742464989f7c475','1372058033','yes'),(397,'_site_transient_browser_c377e2a63b4081c4e742464989f7c475','a:9:{s:8:\"platform\";s:9:\"Macintosh\";s:4:\"name\";s:7:\"Firefox\";s:7:\"version\";s:4:\"21.0\";s:10:\"update_url\";s:23:\"http://www.firefox.com/\";s:7:\"img_src\";s:50:\"http://s.wordpress.org/images/browsers/firefox.png\";s:11:\"img_src_ssl\";s:49:\"https://wordpress.org/images/browsers/firefox.png\";s:15:\"current_version\";s:2:\"16\";s:7:\"upgrade\";b:0;s:8:\"insecure\";b:0;}','yes'),(432,'nav_menu_options','a:2:{i:0;b:0;s:8:\"auto_add\";a:0:{}}','yes'),(433,'widget_wysija','a:3:{i:2;a:2:{s:5:\"title\";s:32:\"Abonnez-vous à notre newsletter\";s:4:\"form\";s:1:\"1\";}i:3;a:2:{s:5:\"title\";s:23:\"Suivez notre actualité\";s:4:\"form\";s:1:\"1\";}s:12:\"_multiwidget\";i:1;}','yes'),(435,'widget_revoke_flickr','a:1:{s:12:\"_multiwidget\";i:1;}','yes'),(436,'widget_revoke_latest_posts','a:1:{s:12:\"_multiwidget\";i:1;}','yes'),(437,'widget_revoke_contact','a:4:{i:2;a:4:{s:5:\"title\";s:7:\"Contact\";s:7:\"company\";s:23:\"Joël Knafo Art Gallery\";s:4:\"text\";s:38:\"144/146 bd Vincent Auriol\r\n75013 Paris\";s:6:\"filter\";b:1;}i:3;a:4:{s:5:\"title\";s:7:\"Contact\";s:7:\"company\";s:23:\"Joël Knafo Art Gallery\";s:4:\"text\";s:61:\"144/146 bd Vincent Auriol\r\n75013 Paris\r\nTél : 09 84 13 49 21\";s:6:\"filter\";b:1;}i:4;a:4:{s:5:\"title\";s:7:\"Contact\";s:7:\"company\";s:23:\"Joël Knafo Art Gallery\";s:4:\"text\";s:61:\"144/146 bd Vincent Auriol\r\n75013 Paris\r\nTél : 09 84 13 49 21\";s:6:\"filter\";b:1;}s:12:\"_multiwidget\";i:1;}','yes'),(469,'wp_db_backup_excs','a:2:{s:9:\"revisions\";a:0:{}s:4:\"spam\";a:0:{}}','yes'),(483,'widget_facebook-like-box','a:1:{s:12:\"_multiwidget\";i:1;}','yes'),(484,'widget_facebook-activity-feed','a:1:{s:12:\"_multiwidget\";i:1;}','yes'),(547,'wysija_msg','','no'),(548,'wysija_queries','','no'),(549,'wysija_queries_errors','','no'),(650,'facebook_home_features','a:1:{s:4:\"send\";b:1;}','yes'),(651,'facebook_archive_features','a:0:{}','yes'),(652,'facebook_post_features','a:0:{}','yes'),(653,'facebook_page_features','a:0:{}','yes'),(654,'facebook_attachment_features','a:0:{}','yes'),(655,'facebook_wysijap_features','a:0:{}','yes'),(656,'facebook_revoke_main_features','a:0:{}','yes'),(657,'facebook_revoke_clients_features','a:0:{}','yes'),(658,'facebook_revoke_secondary_features','a:0:{}','yes'),(659,'facebook_revoke_portfolio_features','a:1:{s:4:\"send\";b:1;}','yes'),(660,'facebook_revoke_testimonial_features','a:0:{}','yes'),(661,'facebook_like_button','a:2:{s:8:\"position\";s:3:\"top\";s:5:\"width\";i:960;}','yes'),(664,'facebook_application','a:4:{s:6:\"app_id\";s:15:\"105385146162425\";s:10:\"app_secret\";s:32:\"77a0492f50dc0b8c200bb3c0c3d7de96\";s:13:\"app_namespace\";s:14:\"diabolo-citron\";s:12:\"access_token\";s:43:\"105385146162425|6c-0hzsVf_MCoApFs7ditlN3-HY\";}','yes'),(671,'facebook_comments','a:2:{s:5:\"width\";i:960;s:8:\"order_by\";s:6:\"social\";}','yes'),(737,'_site_transient_timeout_browser_7793979e70bb01e23833a4f7789d7a63','1372328731','yes'),(738,'_site_transient_browser_7793979e70bb01e23833a4f7789d7a63','a:9:{s:8:\"platform\";s:7:\"Windows\";s:4:\"name\";s:17:\"Internet Explorer\";s:7:\"version\";s:3:\"9.0\";s:10:\"update_url\";s:51:\"http://www.microsoft.com/windows/internet-explorer/\";s:7:\"img_src\";s:45:\"http://s.wordpress.org/images/browsers/ie.png\";s:11:\"img_src_ssl\";s:44:\"https://wordpress.org/images/browsers/ie.png\";s:15:\"current_version\";s:1:\"9\";s:7:\"upgrade\";b:0;s:8:\"insecure\";b:0;}','yes'),(739,'_site_transient_timeout_browser_e0b858f1249c7bbe85c69dcf5eaac720','1372329041','yes'),(740,'_site_transient_browser_e0b858f1249c7bbe85c69dcf5eaac720','a:9:{s:8:\"platform\";s:7:\"Windows\";s:4:\"name\";s:7:\"Firefox\";s:7:\"version\";s:4:\"21.0\";s:10:\"update_url\";s:23:\"http://www.firefox.com/\";s:7:\"img_src\";s:50:\"http://s.wordpress.org/images/browsers/firefox.png\";s:11:\"img_src_ssl\";s:49:\"https://wordpress.org/images/browsers/firefox.png\";s:15:\"current_version\";s:2:\"16\";s:7:\"upgrade\";b:0;s:8:\"insecure\";b:0;}','yes'),(773,'widget_tag_cloud','a:1:{s:12:\"_multiwidget\";i:1;}','yes'),(774,'_site_transient_timeout_browser_760cc53298a89a85d22ff80ce0bde4bd','1372346949','yes'),(775,'_site_transient_browser_760cc53298a89a85d22ff80ce0bde4bd','a:9:{s:8:\"platform\";s:9:\"Macintosh\";s:4:\"name\";s:7:\"Firefox\";s:7:\"version\";s:4:\"21.0\";s:10:\"update_url\";s:23:\"http://www.firefox.com/\";s:7:\"img_src\";s:50:\"http://s.wordpress.org/images/browsers/firefox.png\";s:11:\"img_src_ssl\";s:49:\"https://wordpress.org/images/browsers/firefox.png\";s:15:\"current_version\";s:2:\"16\";s:7:\"upgrade\";b:0;s:8:\"insecure\";b:0;}','yes'),(868,'icl_sitepress_settings','a:63:{s:19:\"hide_upgrade_notice\";s:5:\"2.8.2\";s:21:\"interview_translators\";i:1;s:34:\"existing_content_language_verified\";i:1;s:25:\"language_negotiation_type\";s:1:\"3\";s:23:\"theme_localization_type\";i:2;s:14:\"icl_lso_header\";i:0;s:18:\"icl_lso_link_empty\";i:0;s:13:\"icl_lso_flags\";i:1;s:19:\"icl_lso_native_lang\";i:1;s:20:\"icl_lso_display_lang\";i:0;s:18:\"sync_page_ordering\";i:1;s:16:\"sync_page_parent\";i:1;s:18:\"sync_page_template\";i:1;s:16:\"sync_ping_status\";i:1;s:19:\"sync_comment_status\";i:1;s:16:\"sync_sticky_flag\";i:1;s:17:\"sync_private_flag\";i:1;s:16:\"sync_post_format\";i:1;s:11:\"sync_delete\";i:0;s:15:\"sync_delete_tax\";i:0;s:20:\"sync_post_taxonomies\";i:1;s:14:\"sync_post_date\";i:0;s:21:\"sync_taxonomy_parents\";i:0;s:25:\"translation_pickup_method\";i:0;s:15:\"notify_complete\";i:1;s:26:\"translated_document_status\";i:1;s:17:\"remote_management\";i:0;s:15:\"auto_adjust_ids\";i:1;s:11:\"alert_delay\";i:0;s:12:\"promote_wpml\";i:0;s:23:\"troubleshooting_options\";a:1:{s:18:\"http_communication\";i:1;}s:18:\"automatic_redirect\";i:1;s:17:\"remember_language\";i:24;s:17:\"icl_lang_sel_type\";s:4:\"list\";s:18:\"icl_lang_sel_stype\";s:6:\"mobile\";s:21:\"icl_widget_title_show\";i:1;s:28:\"translated_document_page_url\";s:13:\"auto-generate\";s:28:\"sync_comments_on_duplicates \";i:0;s:3:\"seo\";a:1:{s:10:\"head_langs\";i:1;}s:22:\"posts_slug_translation\";a:1:{s:2:\"on\";i:0;}s:15:\"languages_order\";a:3:{i:0;s:2:\"fr\";i:1;s:2:\"en\";i:2;s:7:\"zh-hans\";}s:22:\"admin_default_language\";s:2:\"fr\";s:18:\"ajx_health_checked\";i:1;s:27:\"dont_show_help_admin_notice\";b:1;s:17:\"setup_wizard_step\";i:3;s:18:\"default_categories\";a:2:{s:2:\"fr\";s:1:\"1\";s:2:\"en\";i:15;}s:16:\"default_language\";s:2:\"fr\";s:19:\"icl_lang_sel_config\";a:9:{s:19:\"font-current-normal\";s:7:\"#444444\";s:18:\"font-current-hover\";s:7:\"#000000\";s:25:\"background-current-normal\";s:7:\"#ffffff\";s:24:\"background-current-hover\";s:7:\"#eeeeee\";s:17:\"font-other-normal\";s:7:\"#444444\";s:16:\"font-other-hover\";s:7:\"#000000\";s:23:\"background-other-normal\";s:7:\"#ffffff\";s:22:\"background-other-hover\";s:7:\"#eeeeee\";s:6:\"border\";s:7:\"#cdcdcd\";}s:26:\"icl_lang_sel_footer_config\";a:10:{s:19:\"font-current-normal\";s:7:\"#444444\";s:18:\"font-current-hover\";s:7:\"#000000\";s:25:\"background-current-normal\";s:7:\"#ffffff\";s:24:\"background-current-hover\";s:7:\"#eeeeee\";s:17:\"font-other-normal\";s:7:\"#444444\";s:16:\"font-other-hover\";s:7:\"#000000\";s:23:\"background-other-normal\";s:7:\"#ffffff\";s:22:\"background-other-hover\";s:7:\"#eeeeee\";s:6:\"border\";s:7:\"#cdcdcd\";s:10:\"background\";s:7:\"#ffffff\";}s:29:\"icl_language_switcher_sidebar\";s:1:\"0\";s:19:\"icl_lang_sel_footer\";i:0;s:21:\"icl_post_availability\";i:0;s:30:\"icl_post_availability_position\";s:5:\"below\";s:26:\"icl_post_availability_text\";s:44:\"Ce message est également disponible en : %s\";s:29:\"language_selector_initialized\";i:1;s:14:\"setup_complete\";i:1;s:18:\"icl_additional_css\";s:0:\"\";s:18:\"display_ls_in_menu\";i:1;s:11:\"menu_for_ls\";i:13;s:24:\"custom_posts_sync_option\";a:7:{s:7:\"wysijap\";s:1:\"1\";s:11:\"revoke_main\";i:1;s:14:\"revoke_clients\";s:1:\"1\";s:16:\"revoke_secondary\";s:1:\"1\";s:16:\"revoke_portfolio\";i:1;s:18:\"revoke_testimonial\";s:1:\"1\";s:10:\"attachment\";i:1;}s:22:\"taxonomies_sync_option\";a:5:{s:15:\"revoke_main_tax\";i:1;s:18:\"revoke_clients_tax\";s:1:\"1\";s:20:\"revoke_secondary_tax\";s:1:\"1\";s:20:\"revoke_portfolio_tax\";i:1;s:22:\"revoke_testimonial_tax\";s:1:\"1\";}s:22:\"show_translations_flag\";i:1;s:16:\"hidden_languages\";a:1:{i:0;s:2:\"en\";}}','yes'),(869,'_icl_cache','a:8:{s:30:\"revoke_secondarys_per_language\";a:1:{s:3:\"all\";i:0;}s:32:\"revoke_testimonials_per_language\";a:2:{s:3:\"all\";i:1;s:2:\"fr\";s:1:\"1\";}s:25:\"revoke_mains_per_language\";a:2:{s:3:\"all\";i:4;s:2:\"fr\";s:1:\"4\";}s:28:\"revoke_clientss_per_language\";a:2:{s:3:\"all\";i:3;s:2:\"fr\";s:1:\"3\";}s:30:\"revoke_portfolios_per_language\";a:2:{s:3:\"all\";i:8;s:2:\"fr\";s:1:\"8\";}s:17:\"flags_cache_class\";a:3:{s:7:\"zh-hans\";O:8:\"stdClass\":2:{s:4:\"flag\";s:11:\"zh-hans.png\";s:13:\"from_template\";s:1:\"0\";}s:2:\"en\";O:8:\"stdClass\":2:{s:4:\"flag\";s:6:\"en.png\";s:13:\"from_template\";s:1:\"0\";}s:2:\"fr\";O:8:\"stdClass\":2:{s:4:\"flag\";s:6:\"fr.png\";s:13:\"from_template\";s:1:\"0\";}}s:25:\"language_name_cache_class\";a:7:{s:21:\"language_details_frfr\";a:5:{s:4:\"code\";s:2:\"fr\";s:12:\"english_name\";s:6:\"French\";s:5:\"major\";s:1:\"1\";s:6:\"active\";s:1:\"1\";s:12:\"display_name\";s:9:\"Français\";}s:14:\"in_language_fr\";a:2:{i:0;a:7:{s:2:\"id\";s:1:\"1\";s:4:\"code\";s:2:\"en\";s:12:\"english_name\";s:7:\"English\";s:6:\"active\";s:1:\"1\";s:12:\"display_name\";s:7:\"Anglais\";s:10:\"encode_url\";s:1:\"0\";s:3:\"tag\";s:5:\"en-US\";}i:1;a:7:{s:2:\"id\";s:1:\"4\";s:4:\"code\";s:2:\"fr\";s:12:\"english_name\";s:6:\"French\";s:6:\"active\";s:1:\"1\";s:12:\"display_name\";s:9:\"Français\";s:10:\"encode_url\";s:1:\"0\";s:3:\"tag\";s:5:\"fr-FR\";}}s:9:\"languages\";a:2:{i:0;O:8:\"stdClass\":2:{s:13:\"language_code\";s:2:\"en\";s:4:\"name\";s:7:\"English\";}i:1;O:8:\"stdClass\":2:{s:13:\"language_code\";s:2:\"fr\";s:4:\"name\";s:9:\"Français\";}}s:4:\"enen\";s:7:\"English\";s:4:\"enfr\";s:7:\"Anglais\";s:4:\"frfr\";s:9:\"Français\";s:22:\"language_details_allfr\";N;}s:18:\"pages_per_language\";a:3:{s:3:\"all\";i:12;s:2:\"en\";s:1:\"3\";s:2:\"fr\";s:1:\"9\";}}','yes'),(1251,'_site_transient_timeout_browser_8fa2efa04d69eb1da0f0979c38743213','1373130393','yes'),(1252,'_site_transient_browser_8fa2efa04d69eb1da0f0979c38743213','a:9:{s:8:\"platform\";s:9:\"Macintosh\";s:4:\"name\";s:7:\"Firefox\";s:7:\"version\";s:4:\"12.0\";s:10:\"update_url\";s:23:\"http://www.firefox.com/\";s:7:\"img_src\";s:50:\"http://s.wordpress.org/images/browsers/firefox.png\";s:11:\"img_src_ssl\";s:49:\"https://wordpress.org/images/browsers/firefox.png\";s:15:\"current_version\";s:2:\"16\";s:7:\"upgrade\";b:1;s:8:\"insecure\";b:0;}','yes'),(1492,'facebook_send_button','a:1:{s:8:\"position\";s:3:\"top\";}','yes'),(1504,'db_upgraded','','yes'),(1559,'revoke_clients_tax_children','a:0:{}','yes'),(1571,'wysija_polls_views','a:14:{i:7177099;i:1;i:7199642;i:0;i:7199625;i:0;i:7196766;i:0;i:7196752;i:0;i:7196784;i:0;i:7196911;i:0;i:7196646;i:0;i:7196742;i:1;i:7196756;i:0;i:7196770;i:0;i:7196783;i:0;i:7196798;i:0;i:7196805;i:0;}','yes'),(1586,'_site_transient_timeout_browser_8ee5b396adba1384f0e4749d78c2f275','1373477473','yes'),(1587,'_site_transient_browser_8ee5b396adba1384f0e4749d78c2f275','a:9:{s:8:\"platform\";s:9:\"Macintosh\";s:4:\"name\";s:6:\"Safari\";s:7:\"version\";s:5:\"5.0.4\";s:10:\"update_url\";s:28:\"http://www.apple.com/safari/\";s:7:\"img_src\";s:49:\"http://s.wordpress.org/images/browsers/safari.png\";s:11:\"img_src_ssl\";s:48:\"https://wordpress.org/images/browsers/safari.png\";s:15:\"current_version\";s:1:\"5\";s:7:\"upgrade\";b:0;s:8:\"insecure\";b:0;}','yes'),(1627,'category_children','a:0:{}','yes'),(1867,'hmbkp_schedule_default-1','a:4:{s:4:\"type\";s:8:\"complete\";s:12:\"reoccurrence\";s:11:\"hmbkp_daily\";s:11:\"max_backups\";i:5;s:19:\"HMBKP_Email_Service\";a:1:{s:5:\"email\";s:20:\"btaufflieb@gmail.com\";}}','yes'),(1868,'hmbkp_schedule_default-2','a:3:{s:4:\"type\";s:8:\"complete\";s:12:\"reoccurrence\";s:12:\"hmbkp_weekly\";s:11:\"max_backups\";i:12;}','yes'),(1869,'hmbkp_plugin_version','','yes'),(1937,'wpcf7','a:1:{s:7:\"version\";s:5:\"3.5.3\";}','yes'),(2008,'members_db_version','2','yes'),(2009,'members_settings','a:8:{s:12:\"role_manager\";i:1;s:19:\"content_permissions\";i:1;s:25:\"content_permissions_error\";s:85:\"<p class=\"restricted\">Sorry, but you do not have permission to view this content.</p>\";s:17:\"login_form_widget\";i:1;s:12:\"users_widget\";i:1;s:12:\"private_blog\";i:1;s:12:\"private_feed\";i:0;s:18:\"private_feed_error\";s:80:\"<p class=\"restricted\">You must be logged into the site to view this content.</p>\";}','yes'),(2017,'widget_members-widget-users','a:1:{s:12:\"_multiwidget\";i:1;}','yes'),(2018,'widget_members-widget-login','a:1:{s:12:\"_multiwidget\";i:1;}','yes'),(3296,'_transient_timeout_hmbkp_schedule_default-1_filesize','2755660522','no'),(3297,'_transient_hmbkp_schedule_default-1_filesize','61454594','no'),(3302,'hmbkp_default_path','/homez.741/joelknaf/www/wp-content/backupwordpress-74f0ffeaf2-backups','yes'),(3303,'hmbkp_path','/homez.741/joelknaf/www/wp-content/backupwordpress-74f0ffeaf2-backups','yes'),(3305,'_site_transient_timeout_browser_705e32d6542dd416a549f58aff8c0210','1378394401','yes'),(3306,'_site_transient_browser_705e32d6542dd416a549f58aff8c0210','a:9:{s:8:\"platform\";s:9:\"Macintosh\";s:4:\"name\";s:7:\"Firefox\";s:7:\"version\";s:4:\"22.0\";s:10:\"update_url\";s:23:\"http://www.firefox.com/\";s:7:\"img_src\";s:50:\"http://s.wordpress.org/images/browsers/firefox.png\";s:11:\"img_src_ssl\";s:49:\"https://wordpress.org/images/browsers/firefox.png\";s:15:\"current_version\";s:2:\"16\";s:7:\"upgrade\";b:0;s:8:\"insecure\";b:0;}','yes'),(3332,'_transient_timeout_feed_a5420c83891a9c88ad2a4f04584a5efc','1377894902','no'),