-- Table structure for table `pre3303_stock_mvt_reason`
--

CREATE TABLE `pre3303_stock_mvt_reason` (
  `id_stock_mvt_reason` int(11) unsigned NOT NULL AUTO_INCREMENT,
  `sign` tinyint(1) NOT NULL DEFAULT '1',
  `date_add` datetime NOT NULL,
  `date_upd` datetime NOT NULL,
  `deleted` tinyint(1) unsigned NOT NULL DEFAULT '0',
  PRIMARY KEY (`id_stock_mvt_reason`)
) ENGINE=InnoDB AUTO_INCREMENT=13 DEFAULT CHARSET=utf8;

--
-- Dumping data for table `pre3303_stock_mvt_reason`
--

INSERT INTO `pre3303_stock_mvt_reason` VALUES (1,1,'2018-05-23 18:48:11','2018-05-23 18:48:11',0),(2,-1,'2018-05-23 18:48:11','2018-05-23 18:48:11',0),(3,-1,'2018-05-23 18:48:11','2018-05-23 18:48:11',0),(4,-1,'2018-05-23 18:48:11','2018-05-23 18:48:11',0),(5,1,'2018-05-23 18:48:11','2018-05-23 18:48:11',0),(6,-1,'2018-05-23 18:48:11','2018-05-23 18:48:11',0),(7,1,'2018-05-23 18:48:11','2018-05-23 18:48:11',0),(8,1,'2018-05-23 18:48:11','2018-05-23 18:48:11',0),(9,1,'2018-07-09 18:39:26','2018-07-09 18:39:26',0),(10,1,'2018-07-09 18:39:26','2018-07-09 18:39:26',0),(11,1,'2018-07-09 18:39:26','2018-07-09 18:39:26',0),(12,-1,'2018-07-09 18:39:26','2018-07-09 18:39:26',0);

--
-- Table structure for table `pre3303_stock_mvt_reason_lang`
--

CREATE TABLE `pre3303_stock_mvt_reason_lang` (
  `id_stock_mvt_reason` int(11) unsigned NOT NULL,
  `id_lang` int(11) unsigned NOT NULL,
  `name` varchar(255) NOT NULL,
  PRIMARY KEY (`id_stock_mvt_reason`,`id_lang`)
) ENGINE=InnoDB DEFAULT CHARSET=utf8;

--
-- Dumping data for table `pre3303_stock_mvt_reason_lang`
--

INSERT INTO `pre3303_stock_mvt_reason_lang` VALUES (1,1,'Augmentation'),(1,2,'Increase'),(2,1,'Baisse'),(2,2,'Baisse'),(3,1,'Commande client'),(3,2,'Customer Order'),(4,1,'Régularisation suite à inventaire'),(4,2,'Adjustment following an inventory of stock'),(5,1,'Régularisation suite à inventaire'),(5,2,'Adjustment following an inventory of stock'),(6,1,'Transfert vers un autre entrepôt'),(6,2,'Transfer to another warehouse'),(7,1,'Transfert depuis un autre entrepôt'),(7,2,'Transfer from another warehouse'),(8,1,'Commande fournisseur'),(8,2,'Supply Order'),(9,1,'Commande client'),(9,2,'Customer Order'),(10,1,'Retour produit'),(10,2,'Product return'),(11,1,'Employee Edition'),(11,2,'Employee Edition'),(12,1,'Employee Edition'),(12,2,'Employee Edition');

--
-- Table structure for table `pre3303_store`
--

CREATE TABLE `pre3303_store` (
  `id_store` int(10) unsigned NOT NULL AUTO_INCREMENT,
  `id_country` int(10) unsigned NOT NULL,
  `id_state` int(10) unsigned DEFAULT NULL,
  `city` varchar(64) NOT NULL,
  `postcode` varchar(12) NOT NULL,
  `latitude` decimal(13,8) DEFAULT NULL,
  `longitude` decimal(13,8) DEFAULT NULL,
  `phone` varchar(16) DEFAULT NULL,
  `fax` varchar(16) DEFAULT NULL,
  `email` varchar(128) DEFAULT NULL,
  `active` tinyint(1) unsigned NOT NULL DEFAULT '0',
  `date_add` datetime NOT NULL,
  `date_upd` datetime NOT NULL,
  PRIMARY KEY (`id_store`)
) ENGINE=InnoDB AUTO_INCREMENT=9 DEFAULT CHARSET=utf8;

--
-- Dumping data for table `pre3303_store`
--

INSERT INTO `pre3303_store` VALUES (6,8,0,'Paris','75018',48.88482140,2.33551570,'+33(0)781612157','','galerie@litho.online',1,'2018-07-11 16:31:35','2019-01-11 12:46:16'),(7,8,0,'Paris','75018',48.88482140,2.33551570,'+33 (0)781612157','','galerie@streetart-store.com',1,'2018-07-11 16:35:39','2018-09-21 16:38:23'),(8,8,0,'Paris','75008',48.86272500,2.28759200,'+33 (0)781580607','','',1,'2018-07-16 12:41:28','2019-01-11 11:42:12');

--
-- Table structure for table `pre3303_store_lang`
--

CREATE TABLE `pre3303_store_lang` (
  `id_store` int(11) unsigned NOT NULL,
  `id_lang` int(11) unsigned NOT NULL,
  `name` varchar(255) NOT NULL,
  `address1` varchar(255) NOT NULL,
  `address2` varchar(255) DEFAULT NULL,
  `hours` text,
  `note` text,
  PRIMARY KEY (`id_store`,`id_lang`)
) ENGINE=InnoDB DEFAULT CHARSET=utf8;

--
-- Dumping data for table `pre3303_store_lang`
--

INSERT INTO `pre3303_store_lang` VALUES (6,1,'Litho.Online','21 rue Véron','','[[\"Ferm\\u00e9\"],[\"Ferm\\u00e9\"],[\"Ferm\\u00e9\"],[\"13:00-19:00\"],[\"13:00-19:00\"],[\"13:00-19:00\"],[\"Ferm\\u00e9\"]]',''),(6,2,'Litho.Online','21 rue Véron','','[[\"Closed\"],[\"14:00-19:30\"],[\"14:00-19:30\"],[\"14:00-19:30\"],[\"14:00-19:30\"],[\"11:00-20:00\"],[\"Closed\"]]',''),(7,1,'Streetart-store.com','21 rue Véron','','[[\"Ferm\\u00e9\"],[\"14:00-19:30\"],[\"14:00-19:30\"],[\"14:00-19:30\"],[\"14:00-19:30\"],[\"11:00-20:00\"],[\"Ferm\\u00e9\"]]',''),(7,2,'Streetart-store.com','21 rue Véron','','[[\"Closed\"],[\"14:00-19:30\"],[\"14:00-19:30\"],[\"14:00-19:30\"],[\"14:00-19:30\"],[\"11:00-20:00\"],[\"Closed\"]]',''),(8,1,'Galerie Joël Knafo','182 rue du Faubourg Saint-Honoré','','[[\"sur rendez-vous\"],[\"11:00-19:00\"],[\"11:00-19:00\"],[\"11:00-19:00\"],[\"11:00-19:00\"],[\"13:00-19:00\"],[\"sur rendez-vous\"]]',''),(8,2,'Galerie Joël Knafo','182 rue du Faubourg Saint-Honoré','','[[\"with appointment\"],[\"11:00-19:00\"],[\"11:00-19:00\"],[\"11:00-19:00\"],[\"11:00-19:00\"],[\"11:00-19:00\"],[\"with appointment\"]]','');

--
-- Table structure for table `pre3303_store_shop`
--

CREATE TABLE `pre3303_store_shop` (
  `id_store` int(11) unsigned NOT NULL,
  `id_shop` int(11) unsigned NOT NULL,
  PRIMARY KEY (`id_store`,`id_shop`),
  KEY `id_shop` (`id_shop`)
) ENGINE=InnoDB DEFAULT CHARSET=utf8;

--
-- Dumping data for table `pre3303_store_shop`
--

INSERT INTO `pre3303_store_shop` VALUES (8,2),(6,4),(7,5);

--
-- Table structure for table `pre3303_supplier`
--

CREATE TABLE `pre3303_supplier` (
  `id_supplier` int(10) unsigned NOT NULL AUTO_INCREMENT,
  `name` varchar(64) NOT NULL,
  `date_add` datetime NOT NULL,
  `date_upd` datetime NOT NULL,
  `active` tinyint(1) NOT NULL DEFAULT '0',
  PRIMARY KEY (`id_supplier`)
) ENGINE=InnoDB AUTO_INCREMENT=39 DEFAULT CHARSET=utf8;

--
-- Dumping data for table `pre3303_supplier`
--

INSERT INTO `pre3303_supplier` VALUES (4,'Miss Tic','2018-07-12 00:49:14','2018-07-12 00:49:14',1),(5,'Jo Di Bona','2018-07-12 00:49:14','2018-07-12 00:49:14',1),(6,'Philippe Hérard','2018-07-12 00:49:14','2018-07-12 00:49:14',1),(7,'Hush','2018-07-12 00:49:14','2018-07-12 00:49:14',1),(8,'Stoul','2018-07-12 00:49:14','2018-07-12 00:49:14',1),(9,'Jérôme Mesnager','2018-07-12 00:49:14','2018-07-12 00:49:14',1),(11,'Gottfried Salzmann','2018-07-12 00:49:14','2018-07-12 00:49:14',1),(12,'Levalet','2018-07-12 00:49:14','2018-07-12 00:49:14',1),(13,'Romain Froquet','2018-07-12 00:49:14','2018-07-12 00:49:14',1),(14,'Lek','2018-07-12 00:49:14','2018-07-12 00:49:14',1),(15,'EvazéSir','2018-07-12 00:49:15','2018-07-12 00:49:15',1),(16,'Jana & JS','2018-07-12 00:49:15','2018-07-12 00:49:15',1),(17,'Speedy Graphito','2018-07-12 00:49:15','2018-07-12 00:49:15',1),(18,'Guy Denning','2018-07-12 00:49:15','2018-07-12 00:49:15',1),(19,'Jacques Villeglé','2018-07-12 00:49:15','2018-07-12 00:49:15',1),(20,'Annabelle Tattu','2018-07-12 00:49:15','2018-07-12 00:49:15',1),(21,'Zenoy','2018-07-12 00:49:15','2018-07-12 00:49:15',1),(22,'René Botti','2018-07-12 00:49:15','2018-07-12 00:49:15',1),(23,'Gregos','2018-07-12 00:49:15','2018-07-12 00:49:15',1),(24,'JonOne','2018-07-12 00:49:15','2018-07-12 00:49:15',1),(25,'Hervé Di Rosa','2018-07-12 00:49:15','2018-07-12 00:49:15',1),(26,'Bault','2018-07-12 00:49:15','2018-07-12 00:49:15',1),(27,'FKDL','2018-07-12 01:54:39','2018-07-12 01:54:39',1),(28,'Galerie Joel Knafo Art','2018-07-12 01:54:44','2018-07-12 01:54:44',1),(29,'Artiste Ouvrier','2018-07-12 01:54:46','2018-07-12 01:54:46',1),(30,'Collaboration','2018-07-12 01:55:00','2018-07-12 01:55:00',1),(31,'Seen','2018-07-12 01:55:02','2018-07-12 01:55:02',1),(32,'Cleon Peterson','2018-07-12 01:55:28','2018-07-12 01:55:28',1),(33,'C215','2018-07-12 01:55:43','2018-07-12 01:55:43',1),(34,'Shepard Fairey','2018-07-12 19:34:25','2018-07-12 19:34:25',1),(35,'Cornette de Saint Cyr','2018-07-18 12:37:49','2018-07-18 12:37:49',0),(36,'Galeries autres','2018-07-18 12:57:23','2018-07-18 12:57:23',1),(37,'César','2018-07-18 12:57:25','2018-07-18 12:57:25',1),(38,'Barthelemy Toguo','2018-07-28 16:05:22','2018-07-28 16:05:22',0);

--
-- Table structure for table `pre3303_supplier_lang`
--

CREATE TABLE `pre3303_supplier_lang` (
  `id_supplier` int(10) unsigned NOT NULL,
  `id_lang` int(10) unsigned NOT NULL,
  `description` text,
  `meta_title` varchar(128) DEFAULT NULL,
  `meta_keywords` varchar(255) DEFAULT NULL,
  `meta_description` varchar(255) DEFAULT NULL,
  PRIMARY KEY (`id_supplier`,`id_lang`)
) ENGINE=InnoDB DEFAULT CHARSET=utf8;

--
-- Dumping data for table `pre3303_supplier_lang`
--

INSERT INTO `pre3303_supplier_lang` VALUES (4,1,'','Miss Tic','Miss Tic, uvres originales, Multiples','Miss Tic'),(4,2,'','Miss Tic','Miss Tic, uvres originales, Multiples','Miss Tic'),(5,1,'','Jo Di Bona','Jo Di Bona, uvres originales, Multiples','Jo Di Bona'),(5,2,'','Jo Di Bona','Jo Di Bona, uvres originales, Multiples','Jo Di Bona'),(6,1,'Poésies Urbaines\nUne rencontre avec Philippe Hérard provoque toujours une émotion forte, de leffet de surprise à la jubilation.\nDevant ses personnages au regard effacé, le flâneur sarrête pour observer lhistoire qui se joue devant lui. Un rictus le gagne en même temps que des interrogations sur la nature humaine. Souvent simples. Parfois existentielles.\nLe travail de Philippe Hérard est tout en contraste, à limage dun artiste qui livre beaucoup de lui et un peu de nous aussi. Il est de ceux qui puisent leur énergie de vie dans la création, celle qui vient des profondeurs de soi, qui na pas besoin dêtre commentée car tout est déjà dit.\nSes uvres touchent par leur sensibilité, leur humour, leur poésie et la justesse de situations qui pointent les nombreux paradoxes dun Homme en perpétuel questionnement. . Tantôt minimaliste, tantôt saturé par des accumulations improbables, entre équilibre et instabilité, liberté et enfermement, douceur et angoisse, dérision et profondeur, luvre de Philippe Hérard nous promène dans son univers au gré dintentions spontanées.','Philippe Hérard','Philippe Hérard, uvres originales, Multiples','Philippe Hérard'),(6,2,'Poésies Urbaines\nUne rencontre avec Philippe Hérard provoque toujours une émotion forte, de leffet de surprise à la jubilation.\nDevant ses personnages au regard effacé, le flâneur sarrête pour observer lhistoire qui se joue devant lui. Un rictus le gagne en même temps que des interrogations sur la nature humaine. Souvent simples. Parfois existentielles.\nLe travail de Philippe Hérard est tout en contraste, à limage dun artiste qui livre beaucoup de lui et un peu de nous aussi. Il est de ceux qui puisent leur énergie de vie dans la création, celle qui vient des profondeurs de soi, qui na pas besoin dêtre commentée car tout est déjà dit.\nSes uvres touchent par leur sensibilité, leur humour, leur poésie et la justesse de situations qui pointent les nombreux paradoxes dun Homme en perpétuel questionnement. . Tantôt minimaliste, tantôt saturé par des accumulations improbables, entre équilibre et instabilité, liberté et enfermement, douceur et angoisse, dérision et profondeur, luvre de Philippe Hérard nous promène dans son univers au gré dintentions spontanées.','Philippe Hérard','Philippe Hérard, uvres originales, Multiples','Philippe Hérard'),(7,1,'','Hush','Hush, uvres originales, Multiples','Hush'),(7,2,'','Hush','Hush, uvres originales, Multiples','Hush'),(8,1,'','Stoul','Stoul, uvres originales, Multiples','Stoul'),(8,2,'','Stoul','Stoul, uvres originales, Multiples','Stoul'),(9,1,'','Jérôme Mesnager','Jérôme Mesnager, uvres originales, Multiples','Jérôme Mesnager'),(9,2,'','Jérôme Mesnager','Jérôme Mesnager, uvres originales, Multiples','Jérôme Mesnager'),(11,1,'Gottfried Salzmann est un plasticien autrichien qui associe la peinture à la photo et au collage. Depuis son atelier parisien, il développe un univers artistique où laquarelle apporte élégance et fluidité à son uvre.\nNe connaissant aucune limite, ni esthétique ni technologique, son regard photographique traduit des émotions avec une grande intelligence esthétique.\nEn se concentrant actuellement sur des vues urbaines, Salzmann redéfinit lespace et fait surgir des perspectives verticales qui dominent son uvre.\nIl transforme ainsi le papier vierge en un support expressif aussi important que la couleur et devient un élément stabilisateur des compositions. Les éclaboussures deau et de couleurs sont à la fois délicatesse et agressivité venant perturber léquilibre des uvres.\nGottfried Salzmann est un des rares virtuoses de laquarelle de notre temps.','Gottfried Salzmann','Gottfried Salzmann, uvres originales, Multiples','Gottfried Salzmann'),(11,2,'Gottfried Salzmann est un plasticien autrichien qui associe la peinture à la photo et au collage. Depuis son atelier parisien, il développe un univers artistique où laquarelle apporte élégance et fluidité à son uvre.\nNe connaissant aucune limite, ni esthétique ni technologique, son regard photographique traduit des émotions avec une grande intelligence esthétique.\nEn se concentrant actuellement sur des vues urbaines, Salzmann redéfinit lespace et fait surgir des perspectives verticales qui dominent son uvre.\nIl transforme ainsi le papier vierge en un support expressif aussi important que la couleur et devient un élément stabilisateur des compositions. Les éclaboussures deau et de couleurs sont à la fois délicatesse et agressivité venant perturber léquilibre des uvres.\nGottfried Salzmann est un des rares virtuoses de laquarelle de notre temps.','Gottfried Salzmann','Gottfried Salzmann, uvres originales, Multiples','Gottfried Salzmann'),(12,1,'','Levalet','Levalet, uvres originales, Multiples','Levalet'),(12,2,'','Levalet','Levalet, uvres originales, Multiples','Levalet'),(13,1,'','Romain Froquet','Romain Froquet, uvres originales, Multiples','Romain Froquet'),(13,2,'','Romain Froquet','Romain Froquet, uvres originales, Multiples','Romain Froquet'),(14,1,'','Lek','Lek, uvres originales, Multiples','Lek'),(14,2,'','Lek','Lek, uvres originales, Multiples','Lek'),(15,1,'','EvazéSir','EvazéSir, uvres originales, Multiples','EvazéSir'),(15,2,'','EvazéSir','EvazéSir, uvres originales, Multiples','EvazéSir'),(16,1,'','Jana & JS','Jana & JS, uvres originales, Multiples','Jana & JS'),(16,2,'','Jana & JS','Jana & JS, uvres originales, Multiples','Jana & JS'),(17,1,'','Speedy Graphito','Speedy Graphito, uvres originales, Multiples','Speedy Graphito'),(17,2,'','Speedy Graphito','Speedy Graphito, uvres originales, Multiples','Speedy Graphito'),(18,1,'','Guy Denning','Guy Denning, uvres originales, Multiples','Guy Denning'),(18,2,'','Guy Denning','Guy Denning, uvres originales, Multiples','Guy Denning'),(19,1,'','Jacques Villeglé','Jacques Villeglé, uvres originales, Multiples','Jacques Villeglé'),(19,2,'','Jacques Villeglé','Jacques Villeglé, uvres originales, Multiples','Jacques Villeglé'),(20,1,'','Annabelle Tattu','Annabelle Tattu, uvres originales, Multiples','Annabelle Tattu'),(20,2,'','Annabelle Tattu','Annabelle Tattu, uvres originales, Multiples','Annabelle Tattu'),(21,1,'','Zenoy','Zenoy, uvres originales, Multiples','Zenoy'),(21,2,'','Zenoy','Zenoy, uvres originales, Multiples','Zenoy'),(22,1,'','René Botti','René Botti, uvres originales, Multiples','René Botti'),(22,2,'','René Botti','René Botti, uvres originales, Multiples','René Botti'),(23,1,'','Gregos','Gregos, uvres originales, Multiples','Gregos'),(23,2,'','Gregos','Gregos, uvres originales, Multiples','Gregos'),(24,1,'','JonOne','JonOne, uvres originales, Multiples','JonOne'),(24,2,'','JonOne','JonOne, uvres originales, Multiples','JonOne'),(25,1,'','Hervé Di Rosa','Hervé Di Rosa, uvres originales, Multiples','Hervé Di Rosa'),(25,2,'','Hervé Di Rosa','Hervé Di Rosa, uvres originales, Multiples','Hervé Di Rosa'),(26,1,'','Bault','Bault, uvres originales, Multiples','Bault'),(26,2,'','Bault','Bault, uvres originales, Multiples','Bault'),(27,1,'','','',''),(27,2,'','','',''),(28,1,'','','',''),(28,2,'','','',''),(29,1,'','','',''),(29,2,'','','',''),(30,1,'','','',''),(30,2,'','','',''),(31,1,'','','',''),(31,2,'','','',''),(32,1,'','','',''),(32,2,'','','',''),(33,1,'','','',''),(33,2,'','','',''),(34,1,'','','',''),(34,2,'','','',''),(35,1,'<p>Maisons de vente</p>\n<p><span class=\"footertexteCp\">Agrément 2002-379 / 2002-364 <br /> Tél : 33 (0)1 47 27 11 24<br /><a href=\"mailto:info@cornette-saintcyr.com\">info@cornette-saintcyr.com</a></span></p>','','',''),(35,2,'','','',''),(36,1,'','','',''),(36,2,'','','',''),(37,1,'','','',''),(37,2,'','','',''),(38,1,'','','',''),(38,2,'','','','');

--
-- Table structure for table `pre3303_supplier_shop`
--

CREATE TABLE `pre3303_supplier_shop` (
  `id_supplier` int(11) unsigned NOT NULL,
  `id_shop` int(11) unsigned NOT NULL,
  PRIMARY KEY (`id_supplier`,`id_shop`),
  KEY `id_shop` (`id_shop`)
) ENGINE=InnoDB DEFAULT CHARSET=utf8;

--
-- Dumping data for table `pre3303_supplier_shop`
--

INSERT INTO `pre3303_supplier_shop` VALUES (4,2),(5,2),(6,2),(7,2),(8,2),(9,2),(11,2),(12,2),(13,2),(14,2),(15,2),(16,2),(17,2),(18,2),(19,2),(20,2),(21,2),(22,2),(23,2),(24,2),(25,2),(26,2),(31,2),(35,2),(38,2),(4,4),(5,4),(6,4),(7,4),(8,4),(9,4),(11,4),(12,4),(13,4),(14,4),(15,4),(16,4),(17,4),(18,4),(19,4),(20,4),(21,4),(22,4),(23,4),(24,4),(25,4),(26,4),(27,4),(28,4),(29,4),(30,4),(31,4),(32,4),(33,4),(34,4),(35,4),(36,4),(37,4),(38,4),(4,5),(5,5),(6,5),(7,5),(8,5),(9,5),(11,5),(12,5),(13,5),(14,5),(15,5),(16,5),(17,5),(18,5),(19,5),(20,5),(21,5),(22,5),(23,5),(24,5),(25,5),(26,5),(31,5),(34,5),(35,5),(38,5);

--
-- Table structure for table `pre3303_supply_order`
--

CREATE TABLE `pre3303_supply_order` (
  `id_supply_order` int(11) unsigned NOT NULL AUTO_INCREMENT,
  `id_supplier` int(11) unsigned NOT NULL,
  `supplier_name` varchar(64) NOT NULL,
  `id_lang` int(11) unsigned NOT NULL,
  `id_warehouse` int(11) unsigned NOT NULL,
  `id_supply_order_state` int(11) unsigned NOT NULL,
  `id_currency` int(11) unsigned NOT NULL,
  `id_ref_currency` int(11) unsigned NOT NULL,
  `reference` varchar(64) NOT NULL,
  `date_add` datetime NOT NULL,
  `date_upd` datetime NOT NULL,
  `date_delivery_expected` datetime DEFAULT NULL,
  `total_te` decimal(20,6) DEFAULT '0.000000',
  `total_with_discount_te` decimal(20,6) DEFAULT '0.000000',
  `total_tax` decimal(20,6) DEFAULT '0.000000',
  `total_ti` decimal(20,6) DEFAULT '0.000000',
  `discount_rate` decimal(20,6) DEFAULT '0.000000',
  `discount_value_te` decimal(20,6) DEFAULT '0.000000',
  `is_template` tinyint(1) DEFAULT '0',
  PRIMARY KEY (`id_supply_order`),
  KEY `id_supplier` (`id_supplier`),
  KEY `id_warehouse` (`id_warehouse`),
  KEY `reference` (`reference`)
) ENGINE=InnoDB DEFAULT CHARSET=utf8;

--
-- Dumping data for table `pre3303_supply_order`
--


--
-- Table structure for table `pre3303_supply_order_detail`
--

CREATE TABLE `pre3303_supply_order_detail` (
  `id_supply_order_detail` int(11) unsigned NOT NULL AUTO_INCREMENT,
  `id_supply_order` int(11) unsigned NOT NULL,
  `id_currency` int(11) unsigned NOT NULL,
  `id_product` int(11) unsigned NOT NULL,
  `id_product_attribute` int(11) unsigned NOT NULL,
  `reference` varchar(32) NOT NULL,
  `supplier_reference` varchar(32) NOT NULL,
  `name` varchar(128) NOT NULL,
  `ean13` varchar(13) DEFAULT NULL,
  `isbn` varchar(32) DEFAULT NULL,
  `upc` varchar(12) DEFAULT NULL,
  `exchange_rate` decimal(20,6) DEFAULT '0.000000',
  `unit_price_te` decimal(20,6) DEFAULT '0.000000',
  `quantity_expected` int(11) unsigned NOT NULL,
  `quantity_received` int(11) unsigned NOT NULL,
  `price_te` decimal(20,6) DEFAULT '0.000000',
  `discount_rate` decimal(20,6) DEFAULT '0.000000',
  `discount_value_te` decimal(20,6) DEFAULT '0.000000',
  `price_with_discount_te` decimal(20,6) DEFAULT '0.000000',
  `tax_rate` decimal(20,6) DEFAULT '0.000000',
  `tax_value` decimal(20,6) DEFAULT '0.000000',
  `price_ti` decimal(20,6) DEFAULT '0.000000',
  `tax_value_with_order_discount` decimal(20,6) DEFAULT '0.000000',
  `price_with_order_discount_te` decimal(20,6) DEFAULT '0.000000',
  PRIMARY KEY (`id_supply_order_detail`),
  KEY `id_supply_order` (`id_supply_order`,`id_product`),
  KEY `id_product_attribute` (`id_product_attribute`),
  KEY `id_product_product_attribute` (`id_product`,`id_product_attribute`)
) ENGINE=InnoDB DEFAULT CHARSET=utf8;

--
-- Dumping data for table `pre3303_supply_order_detail`
--


--
-- Table structure for table `pre3303_supply_order_history`
--

CREATE TABLE `pre3303_supply_order_history` (
  `id_supply_order_history` int(11) unsigned NOT NULL AUTO_INCREMENT,
  `id_supply_order` int(11) unsigned NOT NULL,
  `id_employee` int(11) unsigned NOT NULL,
  `employee_lastname` varchar(32) DEFAULT '',
  `employee_firstname` varchar(32) DEFAULT '',
  `id_state` int(11) unsigned NOT NULL,
  `date_add` datetime NOT NULL,
  PRIMARY KEY (`id_supply_order_history`),
  KEY `id_supply_order` (`id_supply_order`),
  KEY `id_employee` (`id_employee`),
  KEY `id_state` (`id_state`)
) ENGINE=InnoDB DEFAULT CHARSET=utf8;

--
-- Dumping data for table `pre3303_supply_order_history`
--


--
-- Table structure for table `pre3303_supply_order_receipt_history`
--

CREATE TABLE `pre3303_supply_order_receipt_history` (
  `id_supply_order_receipt_history` int(11) unsigned NOT NULL AUTO_INCREMENT,
  `id_supply_order_detail` int(11) unsigned NOT NULL,
  `id_employee` int(11) unsigned NOT NULL,
  `employee_lastname` varchar(32) DEFAULT '',
  `employee_firstname` varchar(32) DEFAULT '',
  `id_supply_order_state` int(11) unsigned NOT NULL,
  `quantity` int(11) unsigned NOT NULL,
  `date_add` datetime NOT NULL,
  PRIMARY KEY (`id_supply_order_receipt_history`),
  KEY `id_supply_order_detail` (`id_supply_order_detail`),
  KEY `id_supply_order_state` (`id_supply_order_state`)
) ENGINE=InnoDB DEFAULT CHARSET=utf8;

--
-- Dumping data for table `pre3303_supply_order_receipt_history`
--


--
-- Table structure for table `pre3303_supply_order_state`
--

CREATE TABLE `pre3303_supply_order_state` (
  `id_supply_order_state` int(11) unsigned NOT NULL AUTO_INCREMENT,
  `delivery_note` tinyint(1) NOT NULL DEFAULT '0',
  `editable` tinyint(1) NOT NULL DEFAULT '0',
  `receipt_state` tinyint(1) NOT NULL DEFAULT '0',
  `pending_receipt` tinyint(1) NOT NULL DEFAULT '0',
  `enclosed` tinyint(1) NOT NULL DEFAULT '0',
  `color` varchar(32) DEFAULT NULL,
  PRIMARY KEY (`id_supply_order_state`)
) ENGINE=InnoDB AUTO_INCREMENT=7 DEFAULT CHARSET=utf8;

--
-- Dumping data for table `pre3303_supply_order_state`
--

INSERT INTO `pre3303_supply_order_state` VALUES (1,0,1,0,0,0,'#faab00'),(2,1,0,0,0,0,'#273cff'),(3,0,0,0,1,0,'#ff37f5'),(4,0,0,1,1,0,'#ff3e33'),(5,0,0,1,0,1,'#00d60c'),(6,0,0,0,0,1,'#666666');

--
-- Table structure for table `pre3303_supply_order_state_lang`
--

CREATE TABLE `pre3303_supply_order_state_lang` (
  `id_supply_order_state` int(11) unsigned NOT NULL,
  `id_lang` int(11) unsigned NOT NULL,
  `name` varchar(128) DEFAULT NULL,
  PRIMARY KEY (`id_supply_order_state`,`id_lang`)
) ENGINE=InnoDB DEFAULT CHARSET=utf8;

--
-- Dumping data for table `pre3303_supply_order_state_lang`
--

INSERT INTO `pre3303_supply_order_state_lang` VALUES (1,1,'1 - En cours de création'),(1,2,'1 - Creation in progress'),(2,1,'2 - Commande validée'),(2,2,'2 - Order validated'),(3,1,'3 - En attente de réception'),(3,2,'3 - Pending receipt'),(4,1,'4 - Commande reçue partiellement'),(4,2,'4 - Order received in part'),(5,1,'5 - Commande reçue intégralement'),(5,2,'5 - Order received completely'),(6,1,'6 - Commande annulée'),(6,2,'6 - Order canceled');

--
-- Table structure for table `pre3303_tab`
--

CREATE TABLE `pre3303_tab` (
  `id_tab` int(11) NOT NULL AUTO_INCREMENT,
  `id_parent` int(11) NOT NULL,
  `position` int(11) NOT NULL,
  `module` varchar(64) COLLATE utf8_unicode_ci DEFAULT NULL,
  `class_name` varchar(64) COLLATE utf8_unicode_ci DEFAULT NULL,
  `active` tinyint(1) NOT NULL,
  `hide_host_mode` tinyint(1) NOT NULL,
  `icon` varchar(32) COLLATE utf8_unicode_ci DEFAULT NULL,
  PRIMARY KEY (`id_tab`)
) ENGINE=InnoDB AUTO_INCREMENT=193 DEFAULT CHARSET=utf8 COLLATE=utf8_unicode_ci;

--
-- Dumping data for table `pre3303_tab`
--

INSERT INTO `pre3303_tab` VALUES (1,0,1,NULL,'AdminDashboard',1,0,'trending_up'),(2,0,2,NULL,'SELL',1,0,''),(3,2,1,NULL,'AdminParentOrders',1,0,'shopping_basket'),(4,3,1,NULL,'AdminOrders',1,0,''),(5,3,2,NULL,'AdminInvoices',1,0,''),(6,3,3,NULL,'AdminSlip',1,0,''),(7,3,4,NULL,'AdminDeliverySlip',1,0,''),(8,3,5,NULL,'AdminCarts',1,0,''),(9,2,2,NULL,'AdminCatalog',1,0,'store'),(10,9,1,NULL,'AdminProducts',1,0,''),(11,9,2,NULL,'AdminCategories',1,0,''),(12,9,3,NULL,'AdminTracking',1,0,''),(13,9,4,NULL,'AdminParentAttributesGroups',1,0,''),(14,13,1,NULL,'AdminAttributesGroups',1,0,''),(15,13,2,NULL,'AdminFeatures',1,0,''),(16,9,5,NULL,'AdminParentManufacturers',1,0,''),(17,16,1,NULL,'AdminManufacturers',1,0,''),(18,16,2,NULL,'AdminSuppliers',1,0,''),(19,9,6,NULL,'AdminAttachments',1,0,''),(20,9,7,NULL,'AdminParentCartRules',1,0,''),(21,20,1,NULL,'AdminCartRules',1,0,''),(22,20,2,NULL,'AdminSpecificPriceRule',1,0,''),(23,2,3,NULL,'AdminParentCustomer',1,0,'account_circle'),(24,23,1,NULL,'AdminCustomers',1,0,''),(25,23,2,NULL,'AdminAddresses',1,0,''),(26,23,3,'','AdminOutstanding',0,0,''),(27,2,4,NULL,'AdminParentCustomerThreads',1,0,'chat'),(28,27,1,NULL,'AdminCustomerThreads',1,0,''),(29,27,2,NULL,'AdminOrderMessage',1,0,''),(30,27,3,NULL,'AdminReturn',1,0,''),(31,2,5,NULL,'AdminStats',1,0,'assessment'),(32,2,6,NULL,'AdminStock',1,0,'store'),(33,32,1,NULL,'AdminWarehouses',1,0,''),(34,32,2,NULL,'AdminParentStockManagement',1,0,''),(35,34,1,NULL,'AdminStockManagement',1,0,''),(36,35,1,NULL,'AdminStockMvt',1,0,''),(37,35,2,NULL,'AdminStockInstantState',1,0,''),(38,35,3,NULL,'AdminStockCover',1,0,''),(39,32,3,NULL,'AdminSupplyOrders',1,0,''),(40,32,4,NULL,'AdminStockConfiguration',1,0,''),(41,0,3,NULL,'IMPROVE',1,0,''),(42,41,1,NULL,'AdminParentModulesSf',1,0,'extension'),(43,42,1,NULL,'AdminModulesSf',1,0,''),(44,42,2,NULL,'AdminModules',0,0,''),(45,42,3,NULL,'AdminAddonsCatalog',1,0,''),(46,41,2,NULL,'AdminParentThemes',1,0,'desktop_mac'),(47,46,1,NULL,'AdminThemes',1,0,''),(48,46,2,NULL,'AdminThemesCatalog',1,0,''),(49,46,3,NULL,'AdminCmsContent',1,0,''),(50,46,4,NULL,'AdminModulesPositions',1,0,''),(51,46,5,NULL,'AdminImages',1,0,''),(52,41,3,NULL,'AdminParentShipping',1,0,'local_shipping'),(53,52,1,NULL,'AdminCarriers',1,0,''),(54,52,2,NULL,'AdminShipping',1,0,''),(55,41,4,NULL,'AdminParentPayment',1,0,'payment'),(56,55,1,NULL,'AdminPayment',1,0,''),(57,55,2,NULL,'AdminPaymentPreferences',1,0,''),(58,41,5,NULL,'AdminInternational',1,0,'language'),(59,58,1,NULL,'AdminParentLocalization',1,0,''),(60,59,1,NULL,'AdminLocalization',1,0,''),(61,59,2,NULL,'AdminLanguages',1,0,''),(62,59,3,NULL,'AdminCurrencies',1,0,''),(63,59,4,NULL,'AdminGeolocation',1,0,''),(64,58,2,NULL,'AdminParentCountries',1,0,''),(65,64,2,NULL,'AdminCountries',1,0,''),(66,64,1,NULL,'AdminZones',1,0,''),(67,64,3,NULL,'AdminStates',1,0,''),(68,58,3,NULL,'AdminParentTaxes',1,0,''),(69,68,1,NULL,'AdminTaxes',1,0,''),(70,68,2,NULL,'AdminTaxRulesGroup',1,0,''),(71,58,4,NULL,'AdminTranslations',1,0,''),(72,0,4,NULL,'CONFIGURE',1,0,''),(73,72,1,NULL,'ShopParameters',1,0,'settings'),(74,73,1,NULL,'AdminParentPreferences',1,0,''),(75,74,1,NULL,'AdminPreferences',1,0,''),(76,74,2,NULL,'AdminMaintenance',1,0,''),(77,73,2,NULL,'AdminParentOrderPreferences',1,0,''),(78,77,1,NULL,'AdminOrderPreferences',1,0,''),(79,77,2,NULL,'AdminStatuses',1,0,''),(80,73,3,NULL,'AdminPPreferences',1,0,''),(81,73,4,NULL,'AdminParentCustomerPreferences',1,0,''),(82,81,1,NULL,'AdminCustomerPreferences',1,0,''),(83,81,2,NULL,'AdminGroups',1,0,''),(84,81,3,NULL,'AdminGenders',1,0,''),(85,73,5,NULL,'AdminParentStores',1,0,''),(86,85,1,NULL,'AdminContacts',1,0,''),(87,85,2,NULL,'AdminStores',1,0,''),(88,73,6,NULL,'AdminParentMeta',1,0,''),(89,88,1,NULL,'AdminMeta',1,0,''),(90,88,2,NULL,'AdminSearchEngines',1,0,''),(91,88,3,NULL,'AdminReferrers',1,0,''),(92,73,7,NULL,'AdminParentSearchConf',1,0,''),(93,92,1,NULL,'AdminSearchConf',1,0,''),(94,92,2,NULL,'AdminTags',1,0,''),(95,72,2,NULL,'AdminAdvancedParameters',1,0,'settings_applications'),(96,95,1,NULL,'AdminInformation',1,0,''),(97,95,2,NULL,'AdminPerformance',1,0,''),(98,95,3,NULL,'AdminAdminPreferences',1,0,''),(99,95,4,NULL,'AdminEmails',1,0,''),(100,95,5,NULL,'AdminImport',1,0,''),(101,95,6,NULL,'AdminParentEmployees',1,0,''),(102,101,1,NULL,'AdminEmployees',1,0,''),(103,101,2,NULL,'AdminProfiles',1,0,''),(104,101,3,NULL,'AdminAccess',1,0,''),(105,95,7,NULL,'AdminParentRequestSql',1,0,''),(106,105,1,NULL,'AdminRequestSql',1,0,''),(107,105,2,NULL,'AdminBackup',1,0,''),(108,95,8,NULL,'AdminLogs',1,0,''),(109,95,9,NULL,'AdminWebservice',1,0,''),(110,95,10,'','AdminShopGroup',1,0,''),(111,95,11,NULL,'AdminShopUrl',0,0,''),(112,-1,1,NULL,'AdminQuickAccesses',1,0,''),(113,0,5,NULL,'DEFAULT',1,0,''),(114,-1,2,NULL,'AdminPatterns',1,0,''),(115,-1,3,'dashgoals','AdminDashgoals',1,0,''),(116,46,6,'ps_linklist','AdminLinkWidget',1,0,''),(117,73,8,'gamification','AdminGamification',1,0,''),(118,-1,4,'cronjobs','AdminCronJobs',1,0,''),(119,113,1,'autoupgrade','AdminSelfUpgrade',1,0,''),(120,9,8,NULL,'AdminStockManagement',1,0,''),(151,52,3,'sendcloud','AdminSendcloud',1,0,''),(152,-1,5,'seoimg','AdminSeoimg',1,0,''),(153,-1,6,'seoexpert','AdminSeohelping',1,0,''),(158,41,6,'appagebuilder','AdminApPageBuilder',1,0,'tab'),(159,158,1,'appagebuilder','AdminApPageBuilderProfiles',1,0,''),(160,158,2,'appagebuilder','AdminApPageBuilderPositions',1,0,''),(161,158,3,'appagebuilder','AdminApPageBuilderShortcode',1,0,''),(162,-1,7,'appagebuilder','AdminApPageBuilderHome',1,0,''),(163,158,4,'appagebuilder','AdminApPageBuilderProducts',1,0,''),(164,158,5,'appagebuilder','AdminApPageBuilderDetails',1,0,''),(165,158,6,'appagebuilder','AdminApPageBuilderHook',1,0,''),(166,158,7,'appagebuilder','AdminApPageBuilderThemeEditor',1,0,''),(167,158,8,'appagebuilder','AdminApPageBuilderModule',1,0,''),(168,158,9,'appagebuilder','AdminApPageBuilderThemeConfiguration',1,0,''),(169,-1,8,'appagebuilder','AdminApPageBuilderImages',1,0,''),(170,-1,9,'appagebuilder','AdminApPageBuilderShortcodes',1,0,''),(171,41,7,'leoblog','AdminLeoblogManagement',1,0,'create'),(172,171,1,'leoblog','AdminLeoblogDashboard',1,0,''),(173,171,2,'leoblog','AdminLeoblogCategories',1,0,''),(174,171,3,'leoblog','AdminLeoblogBlogs',1,0,''),(175,171,4,'leoblog','AdminLeoblogComments',1,0,''),(176,171,5,'leoblog','AdminLeoblogModule',1,0,''),(177,42,4,'leobootstrapmenu','AdminLeoBootstrapMenuModule',1,0,''),(178,-1,10,'leobootstrapmenu','AdminLeoWidgets',1,0,''),(179,-1,11,'leoslideshow','AdminLeoSlideshow',1,0,''),(180,42,5,'leoslideshow','AdminLeoSlideshowMenuModule',1,0,''),(181,41,8,'leofeature','AdminLeofeatureManagement',1,0,'star'),(182,181,1,'leofeature','AdminLeofeatureModule',1,0,''),(183,181,2,'leofeature','AdminLeofeatureReviews',1,0,''),(184,-1,12,'psgdpr','AdminAjaxPsgdpr',1,0,''),(185,-1,13,'psgdpr','AdminDownloadInvoicesPsgdpr',1,0,''),(186,43,1,'','AdminModulesManage',1,0,NULL),(187,43,2,'','AdminModulesCatalog',1,0,NULL),(188,43,3,'','AdminModulesNotifications',1,0,NULL),(189,95,12,'cdc_googletagmanager','AdminCdcGoogletagmanagerOrders',1,0,''),(190,-1,14,'ganalytics','AdminGanalyticsAjax',0,0,'');

--
-- Table structure for table `pre3303_tab_advice`
--

CREATE TABLE `pre3303_tab_advice` (
  `id_tab` int(11) NOT NULL,
  `id_advice` int(11) NOT NULL,
  PRIMARY KEY (`id_tab`,`id_advice`)
) ENGINE=InnoDB DEFAULT CHARSET=utf8;

--
-- Dumping data for table `pre3303_tab_advice`
--

INSERT INTO `pre3303_tab_advice` VALUES (0,14),(0,78),(0,142),(1,10),(1,18),(1,20),(1,21),(1,22),(1,23),(1,24),(1,25),(1,26),(1,27),(1,28),(1,29),(1,30),(1,31),(1,32),(1,33),(1,34),(1,35),(1,36),(1,37),(1,38),(1,39),(1,40),(1,41),(1,42),(1,43),(1,44),(1,45),(1,46),(1,47),(1,48),(1,49),(1,50),(1,51),(1,52),(1,53),(1,54),(1,55),(1,56),(1,57),(1,58),(1,59),(1,60),(1,61),(1,62),(1,63),(1,64),(1,74),(1,82),(1,84),(1,85),(1,86),(1,87),(1,88),(1,89),(1,90),(1,91),(1,92),(1,93),(1,94),(1,95),(1,96),(1,97),(1,98),(1,99),(1,100),(1,101),(1,102),(1,103),(1,104),(1,105),(1,106),(1,107),(1,108),(1,109),(1,110),(1,111),(1,112),(1,113),(1,114),(1,115),(1,116),(1,117),(1,118),(1,119),(1,120),(1,121),(1,122),(1,123),(1,124),(1,125),(1,126),(1,127),(1,128),(1,138),(1,146),(1,148),(1,149),(1,150),(1,151),(1,152),(1,153),(1,154),(1,155),(1,156),(1,157),(1,158),(1,159),(1,160),(1,161),(1,162),(1,163),(1,164),(1,165),(1,166),(1,167),(1,168),(1,169),(1,170),(1,171),(1,172),(1,173),(1,174),(1,175),(1,176),(1,177),(1,178),(1,179),(1,180),(1,181),(1,182),(1,183),(1,184),(1,185),(1,186),(1,187),(1,188),(1,189),(1,190),(1,200),(1,208),(1,210),(1,211),(1,212),(1,213),(1,214),(1,215),(1,216),(1,217),(1,218),(1,219),(1,220),(1,221),(1,222),(1,223),(1,224),(1,225),(1,226),(1,227),(1,228),(1,229),(1,230),(1,231),(1,232),(1,233),(1,234),(1,235),(1,236),(1,237),(1,238),(1,239),(1,240),(1,241),(1,242),(1,243),(1,244),(1,245),(1,246),(1,247),(1,248),(1,249),(1,250),(1,251),(1,252),(1,262),(1,270),(1,272),(1,273),(1,274),(1,275),(1,276),(1,277),(1,278),(1,279),(1,280),(1,281),(1,282),(1,283),(1,284),(1,285),(1,286),(1,287),(1,288),(1,289),(1,290),(1,291),(1,292),(1,293),(1,294),(1,295),(1,296),(1,297),(1,298),(1,299),(1,300),(1,301),(1,302),(1,303),(1,304),(1,305),(1,306),(1,307),(1,308),(1,309),(1,310),(1,311),(1,312),(1,313),(1,314),(1,324),(1,332),(1,334),(1,335),(1,336),(1,337),(1,338),(1,339),(1,340),(1,341),(1,342),(1,343),(1,344),(1,345),(1,346),(1,347),(1,348),(1,349),(1,350),(1,351),(1,352),(1,353),(1,354),(1,355),(1,356),(1,357),(1,358),(1,359),(1,360),(1,361),(1,362),(1,363),(1,364),(1,365),(1,366),(1,367),(1,368),(1,369),(1,370),(1,371),(1,372),(1,373),(1,374),(1,375),(1,376),(1,386),(1,394),(1,396),(1,397),(1,398),(1,399),(1,400),(1,401),(1,402),(1,403),(1,404),(1,405),(1,406),(1,407),(1,408),(1,409),(1,410),(1,411),(1,412),(1,413),(1,414),(1,415),(1,416),(1,417),(1,418),(1,419),(1,420),(1,421),(1,422),(1,423),(1,424),(1,425),(1,426),(1,427),(1,428),(1,429),(1,430),(1,431),(1,432),(1,433),(1,434),(1,435),(1,436),(1,437),(1,438),(1,448),(1,456),(1,458),(1,459),(1,460),(1,461),(1,462),(1,463),(1,464),(1,465),(1,466),(1,467),(1,468),(1,469),(1,470),(1,471),(1,472),(1,473),(1,474),(1,475),(1,476),(1,477),(1,478),(1,479),(1,480),(1,481),(1,482),(1,483),(1,484),(1,485),(1,486),(1,487),(1,488),(1,489),(1,490),(1,491),(1,492),(1,493),(1,494),(1,495),(1,496),(1,497),(1,498),(1,499),(1,500),(1,510),(1,518),(1,520),(1,521),(1,522),(1,523),(1,524),(1,525),(1,526),(1,527),(1,528),(1,529),(1,530),(1,531),(1,532),(1,533),(1,534),(1,535),(1,536),(1,537),(1,538),(1,539),(1,540),(1,541),(1,542),(1,543),(1,544),(1,545),(1,546),(1,547),(1,548),(1,549),(1,550),(1,551),(1,552),(1,553),(1,554),(1,555),(1,556),(1,557),(1,558),(1,559),(1,560),(1,561),(1,562),(1,572),(1,580),(1,582),(1,583),(1,584),(1,585),(1,586),(1,587),(1,588),(1,589),(1,590),(1,591),(1,592),(1,593),(1,594),(1,595),(1,596),(1,597),(1,598),(1,599),(1,600),(1,601),(1,602),(1,603),(1,604),(1,605),(1,606),(1,607),(1,608),(1,609),(1,610),(1,611),(1,612),(1,613),(1,614),(1,615),(1,616),(1,617),(1,618),(1,619),(1,620),(1,621),(1,622),(1,623),(1,624),(1,634),(1,642),(1,644),(1,645),(1,646),(1,647),(1,648),(1,649),(1,650),(1,651),(1,652),(1,653),(1,654),(1,655),(1,656),(1,657),(1,658),(1,659),(1,660),(1,661),(1,662),(1,663),(1,664),(1,665),(1,666),(1,667),(1,668),(1,669),(1,670),(1,671),(1,672),(1,673),(1,674),(1,675),(1,676),(1,677),(1,678),(1,679),(1,680),(1,681),(1,682),(1,683),(1,684),(1,685),(1,686),(1,691),(1,697),(1,698),(1,699),(1,700),(1,701),(1,702),(1,703),(1,704),(1,705),(1,706),(1,707),(1,708),(1,709),(1,710),(1,711),(1,712),(1,713),(1,714),(1,715),(1,716),(1,717),(1,718),(1,719),(1,720),(1,721),(1,722),(1,723),(1,724),(1,725),(1,726),(1,727),(1,728),(1,729),(1,730),(1,731),(1,732),(1,733),(1,734),(1,735),(1,736),(1,737),(1,738),(1,739),(1,748),(1,758),(1,766),(1,768),(1,769),(1,770),(1,771),(1,772),(1,773),(1,774),(1,775),(1,776),(1,777),(1,778),(1,779),(1,780),(1,781),(1,782),(1,783),(1,784),(1,785),(1,786),(1,787),(1,788),(1,789),(1,790),(1,791),(1,792),(1,793),(1,794),(1,795),(1,796),(1,797),(1,798),(1,799),(1,800),(1,801),(1,802),(1,803),(1,804),(1,805),(1,806),(1,807),(1,808),(1,809),(1,810),(1,820),(1,828),(1,830),(1,831),(1,832),(1,833),(1,834),(1,835),(1,836),(1,837),(1,838),(1,839),(1,840),(1,841),(1,842),(1,843),(1,844),(1,845),(1,846),(1,847),(1,848),(1,849),(1,850),(1,851),(1,852),(1,853),(1,854),(1,855),(1,856),(1,857),(1,858),(1,859),(1,860),(1,861),(1,862),(1,863),(1,864),(1,865),(1,866),(1,867),(1,868),(1,869),(1,870),(1,871),(1,872),(1,882),(1,890),(1,892),(1,893),(1,894),(1,895),(1,896),(1,897),(1,898),(1,899),(1,900),(1,901),(1,902),(1,903),(1,904),(1,905),(1,906),(1,907),(1,908),(1,909),(1,910),(1,911),(1,912),(1,913),(1,914),(1,915),(1,916),(1,917),(1,918),(1,919),(1,920),(1,921),(1,922),(1,923),(1,924),(1,925),(1,926),(1,927),(1,928),(1,929),(1,930),(1,931),(1,932),(1,933),(1,934),(1,944),(1,952),(1,954),(1,955),(1,956),(1,957),(1,958),(1,959),(1,960),(1,961),(1,962),(1,963),(1,964),(1,965),(1,966),(1,967),(1,968),(1,969),(1,970),(1,971),(1,972),(1,973),(1,974),(1,975),(1,976),(1,977),(1,978),(1,979),(1,980),(1,981),(1,982),(1,983),(1,984),(1,985),(1,986),(1,987),(1,988),(1,989),(1,990),(1,991),(1,992),(1,993),(1,994),(1,995),(1,996),(1,1006),(1,1014),(1,1016),(1,1017),(1,1018),(1,1019),(1,1020),(1,1021),(1,1022),(1,1023),(1,1024),(1,1025),(1,1026),(1,1027),(1,1028),(1,1029),(1,1030),(1,1031),(1,1032),(1,1033),(1,1034),(1,1035),(1,1036),(1,1037),(1,1038),(1,1039),(1,1040),(1,1041),(1,1042),(1,1043),(1,1044),(1,1045),(1,1046),(1,1047),(1,1048),(1,1049),(1,1050),(1,1051),(1,1052),(1,1053),(1,1054),(1,1055),(1,1056),(1,1057),(1,1058),(1,1068),(1,1076),(1,1078),(1,1079),(1,1080),(1,1081),(1,1082),(1,1083),(1,1084),(1,1085),(1,1086),(1,1087),(1,1088),(1,1089),(1,1090),(1,1091),(1,1092),(1,1093),(1,1094),(1,1095),(1,1096),(1,1097),(1,1098),(1,1099),(1,1100),(1,1101),(1,1102),(1,1103),(1,1104),(1,1105),(1,1106),(1,1107),(1,1108),(1,1109),(1,1110),(1,1111),(1,1112),(1,1113),(1,1114),(1,1115),(1,1116),(1,1117),(1,1118),(1,1119),(1,1120),(1,1130),(1,1138),(1,1140),(1,1141),(1,1142),(1,1143),(1,1144),(1,1145),(1,1146),(1,1147),(1,1148),(1,1149),(1,1150),(1,1151),(1,1152),(1,1153),(1,1154),(1,1155),(1,1156),(1,1157),(1,1158),(1,1159),(1,1160),(1,1161),(1,1162),(1,1163),(1,1164),(1,1165),(1,1166),(1,1167),(1,1168),(1,1169),(1,1170),(1,1171),(1,1172),(1,1173),(1,1174),(1,1175),(1,1176),(1,1177),(1,1178),(1,1179),(1,1180),(1,1181),(1,1182),(1,1192),(1,1200),(1,1202),(1,1203),(1,1204),(1,1205),(1,1206),(1,1207),(1,1208),(1,1209),(1,1210),(1,1211),(1,1212),(1,1213),(1,1214),(1,1215),(1,1216),(1,1217),(1,1218),(1,1219),(1,1220),(1,1221),(1,1222),(1,1223),(1,1224),(1,1225),(1,1226),(1,1227),(1,1228),(1,1229),(1,1230),(1,1231),(1,1232),(1,1233),(1,1234),(1,1235),(1,1236),(1,1237),(1,1238),(1,1239),(1,1240),(1,1241),(1,1242),(1,1243),(1,1244),(1,1254),(1,1262),(1,1264),(1,1265),(1,1266),(1,1267),(1,1268),(1,1269),(1,1270),(1,1271),(1,1272),(1,1273),(1,1274),(1,1275),(1,1276),(1,1277),(1,1278),(1,1279),(1,1280),(1,1281),(1,1282),(1,1283),(1,1284),(1,1285),(1,1286),(1,1287),(1,1288),(1,1289),(1,1290),(1,1291),(1,1292),(1,1293),(1,1294),(1,1295),(1,1296),(1,1297),(1,1298),(1,1299),(1,1300),(1,1301),(1,1302),(1,1303),(1,1304),(1,1305),(1,1306),(1,1311),(1,1317),(1,1318),(1,1319),(1,1320),(1,1321),(1,1322),(1,1323),(1,1324),(1,1325),(1,1326),(1,1327),(1,1328),(1,1329),(1,1330),(1,1331),(1,1332),(1,1333),(1,1334),(1,1335),(1,1336),(1,1337),(1,1338),(1,1339),(1,1340),(1,1341),(1,1342),(1,1343),(1,1344),(1,1345),(1,1346),(1,1347),(1,1348),(1,1349),(1,1350),(1,1351),(1,1352),(1,1353),(1,1354),(1,1355),(1,1356),(1,1357),(1,1358),(1,1359),(1,1368),(1,1373),(1,1379),(1,1380),(1,1381),(1,1382),(1,1383),(1,1384),(1,1385),(1,1386),(1,1387),(1,1388),(1,1389),(1,1390),(1,1391),(1,1392),(1,1393),(1,1394),(1,1395),(1,1396),(1,1397),(1,1398),(1,1399),(1,1400),(1,1401),(1,1402),(1,1403),(1,1404),(1,1405),(1,1406),(1,1407),(1,1408),(1,1409),(1,1410),(1,1411),(1,1412),(1,1413),(1,1414),(1,1415),(1,1416),(1,1417),(1,1418),(1,1419),(1,1420),(1,1421),(1,1431),(1,1439),(1,1441),(1,1442),(1,1443),(1,1444),(1,1445),(1,1446),(1,1447),(1,1448),(1,1449),(1,1450),(1,1451),(1,1452),(1,1453),(1,1454),(1,1455),(1,1456),(1,1457),(1,1458),(1,1459),(1,1460),(1,1461),(1,1462),(1,1463),(1,1464),(1,1465),(1,1466),(1,1467),(1,1468),(1,1469),(1,1470),(1,1471),(1,1472),(1,1473),(1,1474),(1,1475),(1,1476),(1,1477),(1,1478),(1,1479),(1,1480),(1,1481),(1,1482),(1,1483),(1,1493),(1,1501),(1,1503),(1,1504),(1,1505),(1,1506),(1,1507),(1,1508),(1,1509),(1,1510),(1,1511),(1,1512),(1,1513),(1,1514),(1,1515),(1,1516),(1,1517),(1,1518),(1,1519),(1,1520),(1,1521),(1,1522),(1,1523),(1,1524),(1,1525),(1,1526),(1,1527),(1,1528),(1,1529),(1,1530),(1,1531),(1,1532),(1,1533),(1,1534),(1,1535),(1,1536),(1,1537),(1,1538),(1,1539),(1,1540),(1,1541),(1,1542),(1,1543),(1,1544),(1,1545),(1,1550),(1,1556),(1,1557),(1,1558),(1,1559),(1,1560),(1,1561),(1,1562),(1,1563),(1,1564),(1,1565),(1,1566),(1,1567),(1,1568),(1,1569),(1,1570),(1,1571),(1,1572),(1,1573),(1,1574),(1,1575),(1,1576),(1,1577),(1,1578),(1,1579),(1,1580),(1,1581),(1,1582),(1,1583),(1,1584),(1,1585),(1,1586),(1,1587),(1,1588),(1,1589),(1,1590),(1,1591),(1,1592),(1,1593),(1,1594),(1,1595),(1,1596),(1,1597),(1,1598),(1,1607),(1,1617),(1,1625),(1,1627),(1,1628),(1,1629),(1,1630),(1,1631),(1,1632),(1,1633),(1,1634),(1,1635),(1,1636),(1,1637),(1,1638),(1,1639),(1,1640),(1,1641),(1,1642),(1,1643),(1,1644),(1,1645),(1,1646),(1,1647),(1,1648),(1,1649),(1,1650),(1,1651),(1,1652),(1,1653),(1,1654),(1,1655),(1,1656),(1,1657),(1,1658),(1,1659),(1,1660),(1,1661),(1,1662),(1,1663),(1,1664),(1,1665),(1,1666),(1,1667),(1,1668),(1,1669),(1,1679),(1,1687),(1,1689),(1,1690),(1,1691),(1,1692),(1,1693),(1,1694),(1,1695),(1,1696),(1,1697),(1,1698),(1,1699),(1,1700),(1,1701),(1,1702),(1,1703),(1,1704),(1,1705),(1,1706),(1,1707),(1,1708),(1,1709),(1,1710),(1,1711),(1,1712),(1,1713),(1,1714),(1,1715),(1,1716),(1,1717),(1,1718),(1,1719),(1,1720),(1,1721),(1,1722),(1,1723),(1,1724),(1,1725),(1,1726),(1,1727),(1,1728),(1,1729),(1,1730),(1,1731),(1,1736),(1,1742),(1,1743),(1,1744),(1,1745),(1,1746),(1,1747),(1,1748),(1,1749),(1,1750),(1,1751),(1,1752),(1,1753),(1,1754),(1,1755),(1,1756),(1,1757),(1,1758),(1,1759),(1,1760),(1,1761),(1,1762),(1,1763),(1,1764),(1,1765),(1,1766),(1,1767),(1,1768),(1,1769),(1,1770),(1,1771),(1,1772),(1,1773),(1,1774),(1,1775),(1,1776),(1,1777),(1,1778),(1,1779),(1,1780),(1,1781),(1,1782),(1,1783),(1,1784),(1,1793),(1,1798),(1,1804),(1,1805),(1,1806),(1,1807),(1,1808),(1,1809),(1,1810),(1,1811),(1,1812),(1,1813),(1,1814),(1,1815),(1,1816),(1,1817),(1,1818),(1,1819),(1,1820),(1,1821),(1,1822),(1,1823),(1,1824),(1,1825),(1,1826),(1,1827),(1,1828),(1,1829),(1,1830),(1,1831),(1,1832),(1,1833),(1,1834),(1,1835),(1,1836),(1,1837),(1,1838),(1,1839),(1,1840),(1,1841),(1,1842),(1,1843),(1,1844),(1,1845),(1,1846),(1,1856),(1,1864),(1,1866),(1,1867),(1,1868),(1,1869),(1,1870),(1,1871),(1,1872),(1,1873),(1,1874),(1,1875),(1,1876),(1,1877),(1,1878),(1,1879),(1,1880),(1,1881),(1,1882),(1,1883),(1,1884),(1,1885),(1,1886),(1,1887),(1,1888),(1,1889),(1,1890),(1,1891),(1,1892),(1,1893),(1,1894),(1,1895),(1,1896),(1,1897),(1,1898),(1,1899),(1,1900),(1,1901),(1,1902),(1,1903),(1,1904),(1,1905),(1,1906),(1,1907),(1,1908),(1,1918),(1,1926),(1,1928),(1,1929),(1,1930),(1,1931),(1,1932),(1,1933),(1,1934),(1,1935),(1,1936),(1,1937),(1,1938),(1,1939),(1,1940),(1,1941),(1,1942),(1,1943),(1,1944),(1,1945),(1,1946),(1,1947),(1,1948),(1,1949),(1,1950),(1,1951),(1,1952),(1,1953),(1,1954),(1,1955),(1,1956),(1,1957),(1,1958),(1,1959),(1,1960),(1,1961),(1,1962),(1,1963),(1,1964),(1,1965),(1,1966),(1,1967),(1,1968),(1,1969),(1,1970),(1,1980),(1,1988),(1,1990),(1,1991),(1,1992),(1,1993),(1,1994),(1,1995),(1,1996),(1,1997),(1,1998),(1,1999),(1,2000),(1,2001),(1,2002),(1,2003),(1,2004),(1,2005),(1,2006),(1,2007),(1,2008),(1,2009),(1,2010),(1,2011),(1,2012),(1,2013),(1,2014),(1,2015),(1,2016),(1,2017),(1,2018),(1,2019),(1,2020),(1,2021),(1,2022),(1,2023),(1,2024),(1,2025),(1,2026),(1,2027),(1,2028),(1,2029),(1,2030),(1,2031),(1,2032),(1,2042),(1,2050),(1,2052),(1,2053),(1,2054),(1,2055),(1,2056),(1,2057),(1,2058),(1,2059),(1,2060),(1,2061),(1,2062),(1,2063),(1,2064),(1,2065),(1,2066),(1,2067),(1,2068),(1,2069),(1,2070),(1,2071),(1,2072),(1,2073),(1,2074),(1,2075),(1,2076),(1,2077),(1,2078),(1,2079),(1,2080),(1,2081),(1,2082),(1,2083),(1,2084),(1,2085),(1,2086),(1,2087),(1,2088),(1,2089),(1,2090),(1,2091),(1,2092),(1,2093),(1,2094),(1,2104),(1,2112),(1,2114),(1,2115),(1,2116),(1,2117),(1,2118),(1,2119),(1,2120),(1,2121),(1,2122),(1,2123),(1,2124),(1,2125),(1,2126),(1,2127),(1,2128),(1,2129),(1,2130),(1,2131),(1,2132),(1,2133),(1,2134),(1,2135),(1,2136),(1,2137),(1,2138),(1,2139),(1,2140),(1,2141),(1,2142),(1,2143),(1,2144),(1,2145),(1,2146),(1,2147),(1,2148),(1,2149),(1,2150),(1,2151),(1,2152),(1,2153),(1,2154),(1,2155),(1,2156),(1,2166),(1,2174),(1,2176),(1,2177),(1,2178),(1,2179),(1,2180),(1,2181),(1,2182),(1,2183),(1,2184),(1,2185),(1,2186),(1,2187),(1,2188),(1,2189),(1,2190),(1,2191),(1,2192),(1,2193),(1,2194),(1,2195),(1,2196),(1,2197),(1,2198),(1,2199),(1,2200),(1,2201),(1,2202),(1,2203),(1,2204),(1,2205),(1,2206),(1,2207),(1,2208),(1,2209),(1,2210),(1,2211),(1,2212),(1,2213),(1,2214),(1,2215),(1,2216),(1,2217),(1,2218),(1,2228),(1,2236),(1,2238),(1,2239),(1,2240),(1,2241),(1,2242),(1,2243),(1,2244),(1,2245),(1,2246),(1,2247),(1,2248),(1,2249),(1,2250),(1,2251),(1,2252),(1,2253),(1,2254),(1,2255),(1,2256),(1,2257),(1,2258),(1,2259),(1,2260),(1,2261),(1,2262),(1,2263),(1,2264),(1,2265),(1,2266),(1,2267),(1,2268),(1,2269),(1,2270),(1,2271),(1,2272),(1,2273),(1,2274),(1,2275),(1,2276),(1,2277),(1,2278),(1,2279),(1,2280),(1,2290),(1,2298),(1,2300),(1,2301),(1,2302),(1,2303),(1,2304),(1,2305),(1,2306),(1,2307),(1,2308),(1,2309),(1,2310),(1,2311),(1,2312),(1,2313),(1,2314),(1,2315),(1,2316),(1,2317),(1,2318),(1,2319),(1,2320),(1,2321),(1,2322),(1,2323),(1,2324),(1,2325),(1,2326),(1,2327),(1,2328),(1,2329),(1,2330),(1,2331),(1,2332),(1,2333),(1,2334),(1,2335),(1,2336),(1,2337),(1,2338),(1,2339),(1,2340),(1,2341),(1,2342),(1,2352),(1,2360),(1,2362),(1,2363),(1,2364),(1,2365),(1,2366),(1,2367),(1,2368),(1,2369),(1,2370),(1,2371),(1,2372),(1,2373),(1,2374),(1,2375),(1,2376),(1,2377),(1,2378),(1,2379),(1,2380),(1,2381),(1,2382),(1,2383),(1,2384),(1,2385),(1,2386),(1,2387),(1,2388),(1,2389),(1,2390),(1,2391),(1,2392),(1,2393),(1,2394),(1,2395),(1,2396),(1,2397),(1,2398),(1,2399),(1,2400),(1,2401),(1,2402),(1,2403),(1,2404),(1,2414),(1,2422),(1,2424),(1,2425),(1,2426),(1,2427),(1,2428),(1,2429),(1,2430),(1,2431),(1,2432),(1,2433),(1,2434),(1,2435),(1,2436),(1,2437),(1,2438),(1,2439),(1,2440),(1,2441),(1,2442),(1,2443),(1,2444),(1,2445),(1,2446),(1,2447),(1,2448),(1,2449),(1,2450),(1,2451),(1,2452),(1,2453),(1,2454),(1,2455),(1,2456),(1,2457),(1,2458),(1,2459),(1,2460),(1,2461),(1,2462),(1,2463),(1,2464),(1,2465),(1,2466),(1,2476),(1,2484),(1,2486),(1,2487),(1,2488),(1,2489),(1,2490),(1,2491),(1,2492),(1,2493),(1,2494),(1,2495),(1,2496),(1,2497),(1,2498),(1,2499),(1,2500),(1,2501),(1,2502),(1,2503),(1,2504),(1,2505),(1,2506),(1,2507),(1,2508),(1,2509),(1,2510),(1,2511),(1,2512),(1,2513),(1,2514),(1,2515),(1,2516),(1,2517),(1,2518),(1,2519),(1,2520),(1,2521),(1,2522),(1,2523),(1,2524),(1,2525),(1,2526),(1,2527),(1,2528),(1,2538),(1,2546),(1,2548),(1,2549),(1,2550),(1,2551),(1,2552),(1,2553),(1,2554),(1,2555),(1,2556),(1,2557),(1,2558),(1,2559),(1,2560),(1,2561),(1,2562),(1,2563),(1,2564),(1,2565),(1,2566),(1,2567),(1,2568),(1,2569),(1,2570),(1,2571),(1,2572),(1,2573),(1,2574),(1,2575),(1,2576),(1,2577),(1,2578),(1,2579),(1,2580),(1,2581),(1,2582),(1,2583),(1,2584),(1,2585),(1,2586),(1,2587),(1,2588),(1,2589),(1,2590),(1,2600),(1,2608),(1,2610),(1,2611),(1,2612),(1,2613),(1,2614),(1,2615),(1,2616),(1,2617),(1,2618),(1,2619),(1,2620),(1,2621),(1,2622),(1,2623),(1,2624),(1,2625),(1,2626),(1,2627),(1,2628),(1,2629),(1,2630),(1,2631),(1,2632),(1,2633),(1,2634),(1,2635),(1,2636),(1,2637),(1,2638),(1,2639),(1,2640),(1,2641),(1,2642),(1,2643),(1,2644),(1,2645),(1,2646),(1,2647),(1,2648),(1,2649),(1,2650),(1,2651),(1,2652),(1,2662),(1,2670),(1,2672),(1,2673),(1,2674),(1,2675),(1,2676),(1,2677),(1,2678),(1,2679),(1,2680),(1,2681),(1,2682),(1,2683),(1,2684),(1,2685),(1,2686),(1,2687),(1,2688),(1,2689),(1,2690),(1,2691),(1,2692),(1,2693),(1,2694),(1,2695),(1,2696),(1,2697),(1,2698),(1,2699),(1,2700),(1,2701),(1,2702),(1,2703),(1,2704),(1,2705),(1,2706),(1,2707),(1,2708),(1,2709),(1,2710),(1,2711),(1,2712),(1,2713),(1,2714),(1,2724),(1,2732),(1,2734),(1,2735),(1,2736),(1,2737),(1,2738),(1,2739),(1,2740),(1,2741),(1,2742),(1,2743),(1,2744),(1,2745),(1,2746),(1,2747),(1,2748),(1,2749),(1,2750),(1,2751),(1,2752),(1,2753),(1,2754),(1,2755),(1,2756),(1,2757),(1,2758),(1,2759),(1,2760),(1,2761),(1,2762),(1,2763),(1,2764),(1,2765),(1,2766),(1,2767),(1,2768),(1,2769),(1,2770),(1,2771),(1,2772),(1,2773),(1,2774),(1,2775),(1,2776),(1,2786),(1,2794),(1,2796),(1,2797),(1,2798),(1,2799),(1,2800),(1,2801),(1,2802),(1,2803),(1,2804),(1,2805),(1,2806),(1,2807),(1,2808),(1,2809),(1,2810),(1,2811),(1,2812),(1,2813),(1,2814),(1,2815),(1,2816),(1,2817),(1,2818),(1,2819),(1,2820),(1,2821),(1,2822),(1,2823),(1,2824),(1,2825),(1,2826),(1,2827),(1,2828),(1,2829),(1,2830),(1,2831),(1,2832),(1,2833),(1,2834),(1,2835),(1,2836),(1,2837),(1,2838),(1,2848),(1,2856),(1,2858),(1,2859),(1,2860),(1,2861),(1,2862),(1,2863),(1,2864),(1,2865),(1,2866),(1,2867),(1,2868),(1,2869),(1,2870),(1,2871),(1,2872),(1,2873),(1,2874),(1,2875),(1,2876),(1,2877),(1,2878),(1,2879),(1,2880),(1,2881),(1,2882),(1,2883),(1,2884),(1,2885),(1,2886),(1,2887),(1,2888),(1,2889),(1,2890),(1,2891),(1,2892),(1,2893),(1,2894),(1,2895),(1,2896),(1,2897),(1,2898),(1,2899),(1,2900),(1,2910),(1,2918),(1,2920),(1,2921),(1,2922),(1,2923),(1,2924),(1,2925),(1,2926),(1,2927),(1,2928),(1,2929),(1,2930),(1,2931),(1,2932),(1,2933),(1,2934),(1,2935),(1,2936),(1,2937),(1,2938),(1,2939),(1,2940),(1,2941),(1,2942),(1,2943),(1,2944),(1,2945),(1,2946),(1,2947),(1,2948),(1,2949),(1,2950),(1,2951),(1,2952),(1,2953),(1,2954),(1,2955),(1,2956),(1,2957),(1,2958),(1,2959),(1,2960),(1,2961),(1,2962),(1,2972),(1,2980),(1,2982),(1,2983),(1,2984),(1,2985),(1,2986),(1,2987),(1,2988),(1,2989),(1,2990),(1,2991),(1,2992),(1,2993),(1,2994),(1,2995),(1,2996),(1,2997),(1,2998),(1,2999),(1,3000),(1,3001),(1,3002),(1,3003),(1,3004),(1,3005),(1,3006),(1,3007),(1,3008),(1,3009),(1,3010),(1,3011),(1,3012),(1,3013),(1,3014),(1,3015),(1,3016),(1,3017),(1,3018),(1,3019),(1,3020),(1,3021),(1,3022),(1,3023),(1,3024),(1,3034),(1,3042),(1,3044),(1,3045),(1,3046),(1,3047),(1,3048),(1,3049),(1,3050),(1,3051),(1,3052),(1,3053),(1,3054),(1,3055),(1,3056),(1,3057),(1,3058),(1,3059),(1,3060),(1,3061),(1,3062),(1,3063),(1,3064),(1,3065),(1,3066),(1,3067),(1,3068),(1,3069),(1,3070),(1,3071),(1,3072),(1,3073),(1,3074),(1,3075),(1,3076),(1,3077),(1,3078),(1,3079),(1,3080),(1,3081),(1,3082),(1,3083),(1,3084),(1,3085),(1,3086),(1,3096),(1,3104),(1,3106),(1,3107),(1,3108),(1,3109),(1,3110),(1,3111),(1,3112),(1,3113),(1,3114),(1,3115),(1,3116),(1,3117),(1,3118),(1,3119),(1,3120),(1,3121),(1,3122),(1,3123),(1,3124),(1,3125),(1,3126),(1,3127),(1,3128),(1,3129),(1,3130),(1,3131),(1,3132),(1,3133),(1,3134),(1,3135),(1,3136),(1,3137),(1,3138),(1,3139),(1,3140),(1,3141),(1,3142),(1,3143),(1,3144),(1,3145),(1,3146),(1,3147),(1,3148),(1,3158),(1,3166),(1,3168),(1,3169),(1,3170),(1,3171),(1,3172),(1,3173),(1,3174),(1,3175),(1,3176),(1,3177),(1,3178),(1,3179),(1,3180),(1,3181),(1,3182),(1,3183),(1,3184),(1,3185),(1,3186),(1,3187),(1,3188),(1,3189),(1,3190),(1,3191),(1,3192),(1,3193),(1,3194),(1,3195),(1,3196),(1,3197),(1,3198),(1,3199),(1,3200),(1,3201),(1,3202),(1,3203),(1,3204),(1,3205),(1,3206),(1,3207),(1,3208),(1,3218),(1,3226),(1,3228),(1,3229),(1,3230),(1,3231),(1,3232),(1,3233),(1,3234),(1,3235),(1,3236),(1,3237),(1,3238),(1,3239),(1,3240),(1,3241),(1,3242),(1,3243),(1,3244),(1,3245),(1,3246),(1,3247),(1,3248),(1,3249),(1,3250),(1,3251),(1,3252),(1,3253),(1,3254),(1,3255),(1,3256),(1,3257),(1,3258),(1,3259),(1,3260),(1,3261),(1,3262),(1,3263),(1,3264),(1,3265),(1,3266),(1,3267),(1,3268),(1,3278),(1,3286),(1,3288),(1,3289),(1,3290),(1,3291),(1,3292),(1,3293),(1,3294),(1,3295),(1,3296),(1,3297),(1,3298),(1,3299),(1,3300),(1,3301),(1,3302),(1,3303),(1,3304),(1,3305),(1,3306),(1,3307),(1,3308),(1,3309),(1,3310),(1,3311),(1,3312),(1,3313),(1,3314),(1,3315),(1,3316),(1,3317),(1,3318),(1,3319),(1,3320),(1,3321),(1,3322),(1,3323),(1,3324),(1,3325),(1,3326),(1,3327),(1,3328),(1,3338),(1,3346),(1,3348),(1,3349),(1,3350),(1,3351),(1,3352),(1,3353),(1,3354),(1,3355),(1,3356),(1,3357),(1,3358),(1,3359),(1,3360),(1,3361),(1,3362),(1,3363),(1,3364),(1,3365),(1,3366),(1,3367),(1,3368),(1,3369),(1,3370),(1,3371),(1,3372),(1,3373),(1,3374),(1,3375),(1,3376),(1,3377),(1,3378),(1,3379),(1,3380),(1,3381),(1,3382),(1,3383),(1,3384),(1,3385),(1,3386),(1,3387),(1,3388),(1,3398),(1,3406),(1,3408),(1,3409),(1,3410),(1,3411),(1,3412),(1,3413),(1,3414),(1,3415),(1,3416),(1,3417),(1,3418),(1,3419),(1,3420),(1,3421),(1,3422),(1,3423),(1,3424),(1,3425),(1,3426),(1,3427),(1,3428),(1,3429),(1,3430),(1,3431),(1,3432),(1,3433),(1,3434),(1,3435),(1,3436),(1,3437),(1,3438),(1,3439),(1,3440),(1,3441),(1,3442),(1,3443),(1,3444),(1,3445),(1,3446),(1,3447),(1,3448),(1,3458),(1,3466),(1,3468),(1,3469),(1,3470),(1,3471),(1,3472),(1,3473),(1,3474),(1,3475),(1,3476),(1,3477),(1,3478),(1,3479),(1,3480),(1,3481),(1,3482),(1,3483),(1,3484),(1,3485),(1,3486),(1,3487),(1,3488),(1,3489),(1,3490),(1,3491),(1,3492),(1,3493),(1,3494),(1,3495),(1,3496),(1,3497),(1,3498),(1,3499),(1,3500),(1,3501),(1,3502),(1,3503),(1,3504),(1,3505),(1,3506),(1,3507),(1,3508),(1,3518),(1,3526),(1,3528),(1,3529),(1,3530),(1,3531),(1,3532),(1,3533),(1,3534),(1,3535),(1,3536),(1,3537),(1,3538),(1,3539),(1,3540),(1,3541),(1,3542),(1,3543),(1,3544),(1,3545),(1,3546),(1,3547),(1,3548),(1,3549),(1,3550),(1,3551),(1,3552),(1,3553),(1,3554),(1,3555),(1,3556),(1,3557),(1,3558),(1,3559),(1,3560),(1,3561),(1,3562),(1,3563),(1,3564),(1,3565),(1,3566),(1,3567),(1,3568),(1,3578),(1,3586),(1,3588),(1,3589),(1,3590),(1,3591),(1,3592),(1,3593),(1,3594),(1,3595),(1,3596),(1,3597),(1,3598),(1,3599),(1,3600),(1,3601),(1,3602),(1,3603),(1,3604),(1,3605),(1,3606),(1,3607),(1,3608),(1,3609),(1,3610),(1,3611),(1,3612),(1,3613),(1,3614),(1,3615),(1,3616),(1,3617),(1,3618),(1,3619),(1,3620),(1,3621),(1,3622),(1,3623),(1,3624),(1,3625),(1,3626),(1,3627),(1,3637),(1,3645),(1,3647),(1,3648),(1,3649),(1,3650),(1,3651),(1,3652),(1,3653),(1,3654),(1,3655),(1,3656),(1,3657),(1,3658),(1,3659),(1,3660),(1,3661),(1,3662),(1,3663),(1,3664),(1,3665),(1,3666),(1,3667),(1,3668),(1,3669),(1,3670),(1,3671),(1,3672),(1,3673),(1,3674),(1,3675),(1,3676),(1,3677),(1,3678),(1,3679),(1,3680),(1,3681),(1,3682),(1,3683),(1,3684),(1,3685),(1,3686),(1,3696),(1,3704),(1,3706),(1,3707),(1,3708),(1,3709),(1,3710),(1,3711),(1,3712),(1,3713),(1,3714),(1,3715),(1,3716),(1,3717),(1,3718),(1,3719),(1,3720),(1,3721),(1,3722),(1,3723),(1,3724),(1,3725),(1,3726),(1,3727),(1,3728),(1,3729),(1,3730),(1,3731),(1,3732),(1,3733),(1,3734),(1,3735),(1,3736),(1,3737),(1,3738),(1,3739),(1,3740),(1,3741),(1,3742),(1,3743),(1,3744),(1,3745),(1,3755),(1,3763),(1,3765),(1,3766),(1,3767),(1,3768),(1,3769),(1,3770),(1,3771),(1,3772),(1,3773),(1,3774),(1,3775),(1,3776),(1,3777),(1,3778),(1,3779),(1,3780),(1,3781),(1,3782),(1,3783),(1,3784),(1,3785),(1,3786),(1,3787),(1,3788),(1,3789),(1,3790),(1,3791),(1,3792),(1,3793),(1,3794),(1,3795),(1,3796),(1,3797),(1,3798),(1,3799),(1,3800),(1,3801),(1,3802),(1,3803),(1,3804),(1,3814),(1,3822),(1,3824),(1,3825),(1,3826),(1,3827),(1,3828),(1,3829),(1,3830),(1,3831),(1,3832),(1,3833),(1,3834),(1,3835),(1,3836),(1,3837),(1,3838),(1,3839),(1,3840),(1,3841),(1,3842),(1,3843),(1,3844),(1,3845),(1,3846),(1,3847),(1,3848),(1,3849),(1,3850),(1,3851),(1,3852),(1,3853),(1,3854),(1,3855),(1,3856),(1,3857),(1,3858),(1,3859),(1,3860),(1,3861),(1,3862),(1,3863),(1,3873),(1,3881),(1,3883),(1,3884),(1,3885),(1,3886),(1,3887),(1,3888),(1,3889),(1,3890),(1,3891),(1,3892),(1,3893),(1,3894),(1,3895),(1,3896),(1,3897),(1,3898),(1,3899),(1,3900),(1,3901),(1,3902),(1,3903),(1,3904),(1,3905),(1,3906),(1,3907),(1,3908),(1,3909),(1,3910),(1,3911),(1,3912),(1,3913),(1,3914),(1,3915),(1,3916),(1,3917),(1,3918),(1,3919),(1,3920),(1,3921),(1,3922),(1,3932),(1,3940),(1,3942),(1,3943),(1,3944),(1,3945),(1,3946),(1,3947),(1,3948),(1,3949),(1,3950),(1,3951),(1,3952),(1,3953),(1,3954),(1,3955),(1,3956),(1,3957),(1,3958),(1,3959),(1,3960),(1,3961),(1,3962),(1,3963),(1,3964),(1,3965),(1,3966),(1,3967),(1,3968),(1,3969),(1,3970),(1,3971),(1,3972),(1,3973),(1,3974),(1,3975),(1,3976),(1,3977),(1,3978),(1,3979),(1,3980),(1,3981),(1,3991),(1,3999),(1,4001),(1,4002),(1,4003),(1,4004),(1,4005),(1,4006),(1,4007),(1,4008),(1,4009),(1,4010),(1,4011),(1,4012),(1,4013),(1,4014),(1,4015),(1,4016),(1,4017),(1,4018),(1,4019),(1,4020),(1,4021),(1,4022),(1,4023),(1,4024),(1,4025),(1,4026),(1,4027),(1,4028),(1,4029),(1,4030),(1,4031),(1,4032),(1,4033),(1,4034),(1,4035),(1,4036),(1,4037),(1,4038),(1,4039),(1,4040),(1,4050),(1,4058),(1,4060),(1,4061),(1,4062),(1,4063),(1,4064),(1,4065),(1,4066),(1,4067),(1,4068),(1,4069),(1,4070),(1,4071),(1,4072),(1,4073),(1,4074),(1,4075),(1,4076),(1,4077),(1,4078),(1,4079),(1,4080),(1,4081),(1,4082),(1,4083),(1,4084),(1,4085),(1,4086),(1,4087),(1,4088),(1,4089),(1,4090),(1,4091),(1,4092),(1,4093),(1,4094),(1,4095),(1,4096),(1,4097),(1,4098),(1,4099),(1,4109),(1,4117),(1,4119),(1,4120),(1,4121),(1,4122),(1,4123),(1,4124),(1,4125),(1,4126),(1,4127),(1,4128),(1,4129),(1,4130),(1,4131),(1,4132),(1,4133),(1,4134),(1,4135),(1,4136),(1,4137),(1,4138),(1,4139),(1,4140),(1,4141),(1,4142),(1,4143),(1,4144),(1,4145),(1,4146),(1,4147),(1,4148),(1,4149),(1,4150),(1,4151),(1,4152),(1,4153),(1,4154),(1,4155),(1,4156),(1,4157),(1,4158),(1,4168),(1,4176),(1,4178),(1,4179),(1,4180),(1,4181),(1,4182),(1,4183),(1,4184),(1,4185),(1,4186),(1,4187),(1,4188),(1,4189),(1,4190),(1,4191),(1,4192),(1,4193),(1,4194),(1,4195),(1,4196),(1,4197),(1,4198),(1,4199),(1,4200),(1,4201),(1,4202),(1,4203),(1,4204),(1,4205),(1,4206),(1,4207),(1,4208),(1,4209),(1,4210),(1,4211),(1,4212),(1,4213),(1,4214),(1,4215),(1,4216),(1,4217),(1,4227),(1,4235),(1,4237),(1,4238),(1,4239),(1,4240),(1,4241),(1,4242),(1,4243),(1,4244),(1,4245),(1,4246),(1,4247),(1,4248),(1,4249),(1,4250),(1,4251),(1,4252),(1,4253),(1,4254),(1,4255),(1,4256),(1,4257),(1,4258),(1,4259),(1,4260),(1,4261),(1,4262),(1,4263),(1,4264),(1,4265),(1,4266),(1,4267),(1,4268),(1,4269),(1,4270),(1,4271),(1,4272),(1,4273),(1,4274),(1,4275),(1,4276),(1,4286),(1,4294),(1,4296),(1,4297),(1,4298),(1,4299),(1,4300),(1,4301),(1,4302),(1,4303),(1,4304),(1,4305),(1,4306),(1,4307),(1,4308),(1,4309),(1,4310),(1,4311),(1,4312),(1,4313),(1,4314),(1,4315),(1,4316),(1,4317),(1,4318),(1,4319),(1,4320),(1,4321),(1,4322),(1,4323),(1,4324),(1,4325),(1,4326),(1,4327),(1,4328),(1,4329),(1,4330),(1,4331),(1,4332),(1,4333),(1,4334),(1,4335),(1,4345),(1,4353),(1,4355),(1,4356),(1,4357),(1,4358),(1,4359),(1,4360),(1,4361),(1,4362),(1,4363),(1,4364),(1,4365),(1,4366),(1,4367),(1,4368),(1,4369),(1,4370),(1,4371),(1,4372),(1,4373),(1,4374),(1,4375),(1,4376),(1,4377),(1,4378),(1,4379),(1,4380),(1,4381),(1,4382),(1,4383),(1,4384),(1,4385),(1,4386),(1,4387),(1,4388),(1,4389),(1,4390),(1,4391),(1,4392),(1,4402),(1,4410),(1,4412),(1,4413),(1,4414),(1,4415),(1,4416),(1,4417),(1,4418),(1,4419),(1,4420),(1,4421),(1,4422),(1,4423),(1,4424),(1,4425),(1,4426),(1,4427),(1,4428),(1,4429),(1,4430),(1,4431),(1,4432),(1,4433),(1,4434),(1,4435),(1,4436),(1,4437),(1,4438),(1,4439),(1,4440),(1,4441),(1,4442),(1,4443),(1,4444),(1,4445),(1,4446),(1,4447),(1,4448),(1,4449),(1,4459),(1,4467),(1,4469),(1,4470),(1,4471),(1,4472),(1,4473),(1,4474),(1,4475),(1,4476),(1,4477),(1,4478),(1,4479),(1,4480),(1,4481),(1,4482),(1,4483),(1,4484),(1,4485),(1,4486),(1,4487),(1,4488),(1,4489),(1,4490),(1,4491),(1,4492),(1,4493),(1,4494),(1,4495),(1,4496),(1,4497),(1,4498),(1,4499),(1,4500),(1,4501),(1,4502),(1,4503),(1,4504),(1,4505),(1,4506),(1,4516),(1,4524),(1,4526),(1,4527),(1,4528),(1,4529),(1,4530),(1,4531),(1,4532),(1,4533),(1,4534),(1,4535),(1,4536),(1,4537),(1,4538),(1,4539),(1,4540),(1,4541),(1,4542),(1,4543),(1,4544),(1,4545),(1,4546),(1,4547),(1,4548),(1,4549),(1,4550),(1,4551),(1,4552),(1,4553),(1,4554),(1,4555),(1,4556),(1,4557),(1,4558),(1,4559),(1,4560),(1,4561),(1,4562),(1,4563),(1,4573),(1,4581),(1,4583),(1,4584),(1,4585),(1,4586),(1,4587),(1,4588),(1,4589),(1,4590),(1,4591),(1,4592),(1,4593),(1,4594),(1,4595),(1,4596),(1,4597),(1,4598),(1,4599),(1,4600),(1,4601),(1,4602),(1,4603),(1,4604),(1,4605),(1,4606),(1,4607),(1,4608),(1,4609),(1,4610),(1,4611),(1,4612),(1,4613),(1,4614),(1,4615),(1,4616),(1,4617),(1,4618),(1,4619),(1,4620),(1,4630),(1,4638),(1,4640),(1,4641),(1,4642),(1,4643),(1,4644),(1,4645),(1,4646),(1,4647),(1,4648),(1,4649),(1,4650),(1,4651),(1,4652),(1,4653),(1,4654),(1,4655),(1,4656),(1,4657),(1,4658),(1,4659),(1,4660),(1,4661),(1,4662),(1,4663),(1,4664),(1,4665),(1,4666),(1,4667),(1,4668),(1,4669),(1,4670),(1,4671),(1,4672),(1,4673),(1,4674),(1,4675),(1,4676),(1,4677),(1,4687),(1,4695),(1,4697),(1,4698),(1,4699),(1,4700),(1,4701),(1,4702),(1,4703),(1,4704),(1,4705),(1,4706),(1,4707),(1,4708),(1,4709),(1,4710),(1,4711),(1,4712),(1,4713),(1,4714),(1,4715),(1,4716),(1,4717),(1,4718),(1,4719),(1,4720),(1,4721),(1,4722),(1,4723),(1,4724),(1,4725),(1,4726),(1,4727),(1,4728),(1,4729),(1,4730),(1,4731),(1,4732),(1,4733),(1,4734),(1,4744),(1,4752),(1,4754),(1,4755),(1,4756),(1,4757),(1,4758),(1,4759),(1,4760),(1,4761),(1,4762),(1,4763),(1,4764),(1,4765),(1,4766),(1,4767),(1,4768),(1,4769),(1,4770),(1,4771),(1,4772),(1,4773),(1,4774),(1,4775),(1,4776),(1,4777),(1,4778),(1,4779),(1,4780),(1,4781),(1,4782),(1,4783),(1,4784),(1,4785),(1,4786),(1,4787),(1,4788),(1,4789),(1,4790),(1,4791),(1,4801),(1,4809),(1,4811),(1,4812),(1,4813),(1,4814),(1,4815),(1,4816),(1,4817),(1,4818),(1,4819),(1,4820),(1,4821),(1,4822),(1,4823),(1,4824),(1,4825),(1,4826),(1,4827),(1,4828),(1,4829),(1,4830),(1,4831),(1,4832),(1,4833),(1,4834),(1,4835),(1,4836),(1,4837),(1,4838),(1,4839),(1,4840),(1,4841),(1,4842),(1,4843),(1,4844),(1,4845),(1,4846),(1,4847),(1,4848),(1,4858),(1,4866),(1,4868),(1,4869),(1,4870),(1,4871),(1,4872),(1,4873),(1,4874),(1,4875),(1,4876),(1,4877),(1,4878),(1,4879),(1,4880),(1,4881),(1,4882),(1,4883),(1,4884),(1,4885),(1,4886),(1,4887),(1,4888),(1,4889),(1,4890),(1,4891),(1,4892),(1,4893),(1,4894),(1,4895),(1,4896),(1,4897),(1,4898),(1,4899),(1,4900),(1,4901),(1,4902),(1,4903),(1,4904),(1,4905),(1,4915),(1,4923),(1,4925),(1,4926),(1,4927),(1,4928),(1,4929),(1,4930),(1,4931),(1,4932),(1,4933),(1,4934),(1,4935),(1,4936),(1,4937),(1,4938),(1,4939),(1,4940),(1,4941),(1,4942),(1,4943),(1,4944),(1,4945),(1,4946),(1,4947),(1,4948),(1,4949),(1,4950),(1,4951),(1,4952),(1,4953),(1,4954),(1,4955),(1,4956),(1,4957),(1,4958),(1,4959),(1,4960),(1,4961),(1,4962),(1,4972),(1,4980),(1,4982),(1,4983),(1,4984),(1,4985),(1,4986),(1,4987),(1,4988),(1,4989),(1,4990),(1,4991),(1,4992),(1,4993),(1,4994),(1,4995),(1,4996),(1,4997),(1,4998),(1,4999),(1,5000),(1,5001),(1,5002),(1,5003),(1,5004),(1,5005),(1,5006),(1,5007),(1,5008),(1,5009),(1,5010),(1,5011),(1,5012),(1,5013),(1,5014),(1,5015),(1,5016),(1,5017),(1,5018),(1,5019),(1,5029),(1,5037),(1,5039),(1,5040),(1,5041),(1,5042),(1,5043),(1,5044),(1,5045),(1,5046),(1,5047),(1,5048),(1,5049),(1,5050),(1,5051),(1,5052),(1,5053),(1,5054),(1,5055),(1,5056),(1,5057),(1,5058),(1,5059),(1,5060),(1,5061),(1,5062),(1,5063),(1,5064),(1,5065),(1,5066),(1,5067),(1,5068),(1,5069),(1,5070),(1,5071),(1,5072),(1,5073),(1,5074),(1,5075),(1,5076),(1,5086),(1,5094),(1,5096),(1,5097),(1,5098),(1,5099),(1,5100),(1,5101),(1,5102),(1,5103),(1,5104),(1,5105),(1,5106),(1,5107),(1,5108),(1,5109),(1,5110),(1,5111),(1,5112),(1,5113),(1,5114),(1,5115),(1,5116),(1,5117),(1,5118),(1,5119),(1,5120),(1,5121),(1,5122),(1,5123),(1,5124),(1,5125),(1,5126),(1,5127),(1,5128),(1,5129),(1,5130),(1,5131),(1,5132),(1,5133),(1,5143),(1,5151),(1,5153),(1,5154),(1,5155),(1,5156),(1,5157),(1,5158),(1,5159),(1,5160),(1,5161),(1,5162),(1,5163),(1,5164),(1,5165),(1,5166),(1,5167),(1,5168),(1,5169),(1,5170),(1,5171),(1,5172),(1,5173),(1,5174),(1,5175),(1,5176),(1,5177),(1,5178),(1,5179),(1,5180),(1,5181),(1,5182),(1,5183),(1,5184),(1,5185),(1,5186),(1,5187),(1,5188),(1,5189),(1,5190),(1,5200),(1,5208),(1,5210),(1,5211),(1,5212),(1,5213),(1,5214),(1,5215),(1,5216),(1,5217),(1,5218),(1,5219),(1,5220),(1,5221),(1,5222),(1,5223),(1,5224),(1,5225),(1,5226),(1,5227),(1,5228),(1,5229),(1,5230),(1,5231),(1,5232),(1,5233),(1,5234),(1,5235),(1,5236),(1,5237),(1,5238),(1,5239),(1,5240),(1,5241),(1,5242),(1,5243),(1,5244),(1,5245),(1,5246),(1,5247),(1,5257),(1,5265),(1,5267),(1,5268),(1,5269),(1,5270),(1,5271),(1,5272),(1,5273),(1,5274),(1,5275),(1,5276),(1,5277),(1,5278),(1,5279),(1,5280),(1,5281),(1,5282),(1,5283),(1,5284),(1,5285),(1,5286),(1,5287),(1,5288),(1,5289),(1,5290),(1,5291),(1,5292),(1,5293),(1,5294),(1,5295),(1,5296),(1,5297),(1,5298),(1,5299),(1,5300),(1,5301),(1,5302),(1,5303),(1,5304),(1,5314),(1,5322),(1,5324),(1,5325),(1,5326),(1,5327),(1,5328),(1,5329),(1,5330),(1,5331),(1,5332),(1,5333),(1,5334),(1,5335),(1,5336),(1,5337),(1,5338),(1,5339),(1,5340),(1,5341),(1,5342),(1,5343),(1,5344),(1,5345),(1,5346),(1,5347),(1,5348),(1,5349),(1,5350),(1,5351),(1,5352),(1,5353),(1,5354),(1,5355),(1,5356),(1,5357),(1,5358),(1,5359),(1,5360),(1,5361),(1,5371),(1,5379),(1,5381),(1,5382),(1,5383),(1,5384),(1,5385),(1,5386),(1,5387),(1,5388),(1,5389),(1,5390),(1,5391),(1,5392),(1,5393),(1,5394),(1,5395),(1,5396),(1,5397),(1,5398),(1,5399),(1,5400),(1,5401),(1,5402),(1,5403),(1,5404),(1,5405),(1,5406),(1,5407),(1,5408),(1,5409),(1,5410),(1,5411),(1,5412),(1,5413),(1,5414),(1,5415),(1,5416),(1,5417),(1,5418),(1,5428),(1,5436),(1,5438),(1,5439),(1,5440),(1,5441),(1,5442),(1,5443),(1,5444),(1,5445),(1,5446),(1,5447),(1,5448),(1,5449),(1,5450),(1,5451),(1,5452),(1,5453),(1,5454),(1,5455),(1,5456),(1,5457),(1,5458),(1,5459),(1,5460),(1,5461),(1,5462),(1,5463),(1,5464),(1,5465),(1,5466),(1,5467),(1,5468),(1,5469),(1,5470),(1,5471),(1,5472),(1,5473),(1,5474),(1,5475),(1,5485),(1,5493),(1,5495),(1,5496),(1,5497),(1,5498),(1,5499),(1,5500),(1,5501),(1,5502),(1,5503),(1,5504),(1,5505),(1,5506),(1,5507),(1,5508),(1,5509),(1,5510),(1,5511),(1,5512),(1,5513),(1,5514),(1,5515),(1,5516),(1,5517),(1,5518),(1,5519),(1,5520),(1,5521),(1,5522),(1,5523),(1,5524),(1,5525),(1,5526),(1,5527),(1,5528),(1,5529),(1,5530),(1,5531),(1,5532),(1,5542),(1,5550),(1,5552),(1,5553),(1,5554),(1,5555),(1,5556),(1,5557),(1,5558),(1,5559),(1,5560),(1,5561),(1,5562),(1,5563),(1,5564),(1,5565),(1,5566),(1,5567),(1,5568),(1,5569),(1,5570),(1,5571),(1,5572),(1,5573),(1,5574),(1,5575),(1,5576),(1,5577),(1,5578),(1,5579),(1,5580),(1,5581),(1,5582),(1,5583),(1,5584),(1,5585),(1,5586),(1,5587),(1,5588),(1,5589),(1,5599),(1,5607),(1,5609),(1,5610),(1,5611),(1,5612),(1,5613),(1,5614),(1,5615),(1,5616),(1,5617),(1,5618),(1,5619),(1,5620),(1,5621),(1,5622),(1,5623),(1,5624),(1,5625),(1,5626),(1,5627),(1,5628),(1,5629),(1,5630),(1,5631),(1,5632),(1,5633),(1,5634),(1,5635),(1,5636),(1,5637),(1,5638),(1,5639),(1,5640),(1,5641),(1,5642),(1,5643),(1,5644),(1,5645),(1,5646),(1,5656),(1,5664),(1,5666),(1,5667),(1,5668),(1,5669),(1,5670),(1,5671),(1,5672),(1,5673),(1,5674),(1,5675),(1,5676),(1,5677),(1,5678),(1,5679),(1,5680),(1,5681),(1,5682),(1,5683),(1,5684),(1,5685),(1,5686),(1,5687),(1,5688),(1,5689),(1,5690),(1,5691),(1,5692),(1,5693),(1,5694),(1,5695),(1,5696),(1,5697),(1,5698),(1,5699),(1,5700),(1,5701),(1,5702),(1,5703),(1,5713),(1,5721),(1,5723),(1,5724),(1,5725),(1,5726),(1,5727),(1,5728),(1,5729),(1,5730),(1,5731),(1,5732),(1,5733),(1,5734),(1,5735),(1,5736),(1,5737),(1,5738),(1,5739),(1,5740),(1,5741),(1,5742),(1,5743),(1,5744),(1,5745),(1,5746),(1,5747),(1,5748),(1,5749),(1,5750),(1,5751),(1,5752),(1,5753),(1,5754),(1,5755),(1,5756),(1,5757),(1,5758),(1,5759),(1,5760),(1,5770),(1,5778),(1,5780),(1,5781),(1,5782),(1,5783),(1,5784),(1,5785),(1,5786),(1,5787),(1,5788),(1,5789),(1,5790),(1,5791),(1,5792),(1,5793),(1,5794),(1,5795),(1,5796),(1,5797),(1,5798),(1,5799),(1,5800),(1,5801),(1,5802),(1,5803),(1,5804),(1,5805),(1,5806),(1,5807),(1,5808),(1,5809),(1,5810),(1,5811),(1,5812),(1,5813),(1,5814),(1,5815),(1,5816),(1,5817),(1,5827),(1,5835),(1,5837),(1,5838),(1,5839),(1,5840),(1,5841),(1,5842),(1,5843),(1,5844),(1,5845),(1,5846),(1,5847),(1,5848),(1,5849),(1,5850),(1,5851),(1,5852),(1,5853),(1,5854),(1,5855),(1,5856),(1,5857),(1,5858),(1,5859),(1,5860),(1,5861),(1,5862),(1,5863),(1,5864),(1,5865),(1,5866),(1,5867),(1,5868),(1,5869),(1,5870),(1,5871),(1,5872),(1,5873),(1,5874),(1,5884),(1,5892),(1,5894),(1,5895),(1,5896),(1,5897),(1,5898),(1,5899),(1,5900),(1,5901),(1,5902),(1,5903),(1,5904),(1,5905),(1,5906),(1,5907),(1,5908),(1,5909),(1,5910),(1,5911),(1,5912),(1,5913),(1,5914),(1,5915),(1,5916),(1,5917),(1,5918),(1,5919),(1,5920),(1,5921),(1,5922),(1,5923),(1,5924),(1,5925),(1,5926),(1,5927),(1,5928),(1,5929),(1,5930),(1,5931),(1,5941),(1,5949),(1,5951),(1,5952),(1,5953),(1,5954),(1,5955),(1,5956),(1,5957),(1,5958),(1,5959),(1,5960),(1,5961),(1,5962),(1,5963),(1,5964),(1,5965),(1,5966),(1,5967),(1,5968),(1,5969),(1,5970),(1,5971),(1,5972),(1,5973),(1,5974),(1,5975),(1,5976),(1,5977),(1,5978),(1,5979),(1,5980),(1,5981),(1,5982),(1,5983),(1,5984),(1,5985),(1,5986),(1,5987),(1,5988),(1,5998),(1,6006),(1,6008),(1,6009),(1,6010),(1,6011),(1,6012),(1,6013),(1,6014),(1,6015),(1,6016),(1,6017),(1,6018),(1,6019),(1,6020),(1,6021),(1,6022),(1,6023),(1,6024),(1,6025),(1,6026),(1,6027),(1,6028),(1,6029),(1,6030),(1,6031),(1,6032),(1,6033),(1,6034),(1,6035),(1,6036),(1,6037),(1,6038),(1,6039),(1,6040),(1,6041),(1,6042),(1,6043),(1,6044),(1,6045),(1,6055),(1,6063),(1,6065),(1,6066),(1,6067),(1,6068),(1,6069),(1,6070),(1,6071),(1,6072),(1,6073),(1,6074),(1,6075),(1,6076),(1,6077),(1,6078),(1,6079),(1,6080),(1,6081),(1,6082),(1,6083),(1,6084),(1,6085),(1,6086),(1,6087),(1,6088),(1,6089),(1,6090),(1,6091),(1,6092),(1,6093),(1,6094),(1,6095),(1,6096),(1,6097),(1,6098),(1,6099),(1,6100),(1,6101),(1,6102),(1,6105),(1,6110),(1,6112),(1,6113),(1,6114),(1,6115),(1,6116),(1,6117),(1,6118),(1,6119),(1,6120),(1,6121),(1,6122),(1,6123),(1,6124),(1,6125),(1,6126),(1,6127),(1,6128),(1,6129),(1,6130),(1,6131),(1,6132),(1,6133),(1,6134),(1,6135),(1,6136),(1,6137),(1,6138),(1,6139),(1,6140),(1,6141),(1,6142),(1,6143),(1,6144),(1,6145),(1,6146),(1,6147),(1,6148),(1,6149),(1,6152),(1,6157),(1,6159),(1,6160),(1,6161),(1,6162),(1,6163),(1,6164),(1,6165),(1,6166),(1,6167),(1,6168),(1,6169),(1,6170),(1,6171),(1,6172),(1,6173),(1,6174),(1,6175),(1,6176),(1,6177),(1,6178),(1,6179),(1,6180),(1,6181),(1,6182),(1,6183),(1,6184),(1,6185),(1,6186),(1,6187),(1,6188),(1,6189),(1,6190),(1,6191),(1,6192),(1,6193),(1,6194),(1,6195),(1,6196),(1,6199),(1,6204),(1,6206),(1,6207),(1,6208),(1,6209),(1,6210),(1,6211),(1,6212),(1,6213),(1,6214),(1,6215),(1,6216),(1,6217),(1,6218),(1,6219),(1,6220),(1,6221),(1,6222),(1,6223),(1,6224),(1,6225),(1,6226),(1,6227),(1,6228),(1,6229),(1,6230),(1,6231),(1,6232),(1,6233),(1,6234),(1,6235),(1,6236),(1,6237),(1,6238),(1,6239),(1,6240),(1,6241),(1,6242),(1,6243),(1,6246),(1,6251),(1,6253),(1,6254),(1,6255),(1,6256),(1,6257),(1,6258),(1,6259),(1,6260),(1,6261),(1,6262),(1,6263),(1,6264),(1,6265),(1,6266),(1,6267),(1,6268),(1,6269),(1,6270),(1,6271),(1,6272),(1,6273),(1,6274),(1,6275),(1,6276),(1,6277),(1,6278),(1,6279),(1,6280),(1,6281),(1,6282),(1,6283),(1,6284),(1,6285),(1,6286),(1,6287),(1,6288),(1,6289),(1,6290),(1,6293),(1,6298),(1,6300),(1,6301),(1,6302),(1,6303),(1,6304),(1,6305),(1,6306),(1,6307),(1,6308),(1,6309),(1,6310),(1,6311),(1,6312),(1,6313),(1,6314),(1,6315),(1,6316),(1,6317),(1,6318),(1,6319),(1,6320),(1,6321),(1,6322),(1,6323),(1,6324),(1,6325),(1,6326),(1,6327),(1,6328),(1,6329),(1,6330),(1,6331),(1,6332),(1,6333),(1,6334),(1,6335),(1,6336),(1,6337),(1,6340),(1,6345),(1,6347),(1,6348),(1,6349),(1,6350),(1,6351),(1,6352),(1,6353),(1,6354),(1,6355),(1,6356),(1,6357),(1,6358),(1,6359),(1,6360),(1,6361),(1,6362),(1,6363),(1,6364),(1,6365),(1,6366),(1,6367),(1,6368),(1,6369),(1,6370),(1,6371),(1,6372),(1,6373),(1,6374),(1,6375),(1,6376),(1,6377),(1,6378),(1,6379),(1,6380),(1,6381),(1,6382),(1,6383),(1,6384),(1,6387),(1,6392),(1,6394),(1,6395),(1,6396),(1,6397),(1,6398),(1,6399),(1,6400),(1,6401),(1,6402),(1,6403),(1,6404),(1,6405),(1,6406),(1,6407),(1,6408),(1,6409),(1,6410),(1,6411),(1,6412),(1,6413),(1,6414),(1,6415),(1,6416),(1,6417),(1,6418),(1,6419),(1,6420),(1,6421),(1,6422),(1,6423),(1,6424),(1,6425),(1,6426),(1,6427),(1,6428),(1,6429),(1,6430),(1,6431),(1,6434),(1,6439),(1,6441),(1,6442),(1,6443),(1,6444),(1,6445),(1,6446),(1,6447),(1,6448),(1,6449),(1,6450),(1,6451),(1,6452),(1,6453),(1,6454),(1,6455),(1,6456),(1,6457),(1,6458),(1,6459),(1,6460),(1,6461),(1,6462),(1,6463),(1,6464),(1,6465),(1,6466),(1,6467),(1,6468),(1,6469),(1,6470),(1,6471),(1,6472),(1,6473),(1,6474),(1,6475),(1,6476),(1,6477),(1,6478),(1,6481),(1,6486),(1,6488),(1,6489),(1,6490),(1,6491),(1,6492),(1,6493),(1,6494),(1,6495),(1,6496),(1,6497),(1,6498),(1,6499),(1,6500),(1,6501),(1,6502),(1,6503),(1,6504),(1,6505),(1,6506),(1,6507),(1,6508),(1,6509),(1,6510),(1,6511),(1,6512),(1,6513),(1,6514),(1,6515),(1,6516),(1,6517),(1,6518),(1,6519),(1,6520),(1,6521),(1,6522),(1,6523),(1,6524),(1,6525),(1,6528),(1,6533),(1,6535),(1,6536),(1,6537),(1,6538),(1,6539),(1,6540),(1,6541),(1,6542),(1,6543),(1,6544),(1,6545),(1,6546),(1,6547),(1,6548),(1,6549),(1,6550),(1,6551),(1,6552),(1,6553),(1,6554),(1,6555),(1,6556),(1,6557),(1,6558),(1,6559),(1,6560),(1,6561),(1,6562),(1,6563),(1,6564),(1,6565),(1,6566),(1,6567),(1,6568),(1,6569),(1,6570),(1,6571),(1,6572),(1,6575),(1,6580),(1,6582),(1,6583),(1,6584),(1,6585),(1,6586),(1,6587),(1,6588),(1,6589),(1,6590),(1,6591),(1,6592),(1,6593),(1,6594),(1,6595),(1,6596),(1,6597),(1,6598),(1,6599),(1,6600),(1,6601),(1,6602),(1,6603),(1,6604),(1,6605),(1,6606),(1,6607),(1,6608),(1,6609),(1,6610),(1,6611),(1,6612),(1,6613),(1,6614),(1,6615),(1,6616),(1,6617),(1,6618),(1,6619),(1,6622),(1,6627),(1,6629),(1,6630),(1,6631),(1,6632),(1,6633),(1,6634),(1,6635),(1,6636),(1,6637),(1,6638),(1,6639),(1,6640),(1,6641),(1,6642),(1,6643),(1,6644),(1,6645),(1,6646),(1,6647),(1,6648),(1,6649),(1,6650),(1,6651),(1,6652),(1,6653),(1,6654),(1,6655),(1,6656),(1,6657),(1,6658),(1,6659),(1,6660),(1,6661),(1,6662),(1,6663),(1,6664),(1,6665),(1,6666),(1,6669),(1,6674),(1,6676),(1,6677),(1,6678),(1,6679),(1,6680),(1,6681),(1,6682),(1,6683),(1,6684),(1,6685),(1,6686),(1,6687),(1,6688),(1,6689),(1,6690),(1,6691),(1,6692),(1,6693),(1,6694),(1,6695),(1,6696),(1,6697),(1,6698),(1,6699),(1,6700),(1,6701),(1,6702),(1,6703),(1,6704),(1,6705),(1,6706),(1,6707),(1,6708),(1,6709),(1,6710),(1,6711),(1,6712),(1,6713),(1,6716),(1,6721),(1,6723),(1,6724),(1,6725),(1,6726),(1,6727),(1,6728),(1,6729),(1,6730),(1,6731),(1,6732),(1,6733),(1,6734),(1,6735),(1,6736),(1,6737),(1,6738),(1,6739),(1,6740),(1,6741),(1,6742),(1,6743),(1,6744),(1,6745),(1,6746),(1,6747),(1,6748),(1,6749),(1,6750),(1,6751),(1,6752),(1,6753),(1,6754),(1,6755),(1,6756),(1,6757),(1,6758),(1,6759),(1,6760),(1,6763),(1,6768),(1,6770),(1,6771),(1,6772),(1,6773),(1,6774),(1,6775),(1,6776),(1,6777),(1,6778),(1,6779),(1,6780),(1,6781),(1,6782),(1,6783),(1,6784),(1,6785),(1,6786),(1,6787),(1,6788),(1,6789),(1,6790),(1,6791),(1,6792),(1,6793),(1,6794),(1,6795),(1,6796),(1,6797),(1,6798),(1,6799),(1,6800),(1,6801),(1,6802),(1,6803),(1,6804),(1,6805),(1,6806),(1,6807),(1,6810),(1,6815),(1,6817),(1,6818),(1,6819),(1,6820),(1,6821),(1,6822),(1,6823),(1,6824),(1,6825),(1,6826),(1,6827),(1,6828),(1,6829),(1,6830),(1,6831),(1,6832),(1,6833),(1,6834),(1,6835),(1,6836),(1,6837),(1,6838),(1,6839),(1,6840),(1,6841),(1,6842),(1,6843),(1,6844),(1,6845),(1,6846),(1,6847),(1,6848),(1,6849),(1,6850),(1,6851),(1,6852),(1,6853),(1,6854),(1,6857),(1,6862),(1,6864),(1,6865),(1,6866),(1,6867),(1,6868),(1,6869),(1,6870),(1,6871),(1,6872),(1,6873),(1,6874),(1,6875),(1,6876),(1,6877),(1,6878),(1,6879),(1,6880),(1,6881),(1,6882),(1,6883),(1,6884),(1,6885),(1,6886),(1,6887),(1,6888),(1,6889),(1,6890),(1,6891),(1,6892),(1,6893),(1,6894),(1,6895),(1,6896),(1,6897),(1,6898),(1,6899),(1,6900),(1,6901),(1,6904),(1,6909),(1,6911),(1,6912),(1,6913),(1,6914),(1,6915),(1,6916),(1,6917),(1,6918),(1,6919),(1,6920),(1,6921),(1,6922),(1,6923),(1,6924),(1,6925),(1,6926),(1,6927),(1,6928),(1,6929),(1,6930),(1,6931),(1,6932),(1,6933),(1,6934),(1,6935),(1,6936),(1,6937),(1,6938),(1,6939),(1,6940),(1,6941),(1,6942),(1,6943),(1,6944),(1,6945),(1,6946),(1,6947),(1,6948),(1,6951),(1,6956),(1,6958),(1,6959),(1,6960),(1,6961),(1,6962),(1,6963),(1,6964),(1,6965),(1,6966),(1,6967),(1,6968),(1,6969),(1,6970),(1,6971),(1,6972),(1,6973),(1,6974),(1,6975),(1,6976),(1,6977),(1,6978),(1,6979),(1,6980),(1,6981),(1,6982),(1,6983),(1,6984),(1,6985),(1,6986),(1,6987),(1,6988),(1,6989),(1,6990),(1,6991),(1,6992),(1,6993),(1,6994),(1,6995),(1,6998),(1,7003),(1,7005),(1,7006),(1,7007),(1,7008),(1,7009),(1,7010),(1,7011),(1,7012),(1,7013),(1,7014),(1,7015),(1,7016),(1,7017),(1,7018),(1,7019),(1,7020),(1,7021),(1,7022),(1,7023),(1,7024),(1,7025),(1,7026),(1,7027),(1,7028),(1,7029),(1,7030),(1,7031),(1,7032),(1,7033),(1,7034),(1,7035),(1,7036),(1,7037),(1,7038),(1,7039),(1,7040),(1,7041),(1,7042),(1,7045),(1,7050),(1,7052),(1,7053),(1,7054),(1,7055),(1,7056),(1,7057),(1,7058),(1,7059),(1,7060),(1,7061),(1,7062),(1,7063),(1,7064),(1,7065),(1,7066),(1,7067),(1,7068),(1,7069),(1,7070),(1,7071),(1,7072),(1,7073),(1,7074),(1,7075),(1,7076),(1,7077),(1,7078),(1,7079),(1,7080),(1,7081),(1,7082),(1,7083),(1,7084),(1,7085),(1,7086),(1,7087),(1,7088),(1,7089),(1,7092),(1,7097),(1,7099),(1,7100),(1,7101),(1,7102),(1,7103),(1,7104),(1,7105),(1,7106),(1,7107),(1,7108),(1,7109),(1,7110),(1,7111),(1,7112),(1,7113),(1,7114),(1,7115),(1,7116),(1,7117),(1,7118),(1,7119),(1,7120),(1,7121),(1,7122),(1,7123),(1,7124),(1,7125),(1,7126),(1,7127),(1,7128),(1,7129),(1,7130),(1,7131),(1,7132),(1,7133),(1,7134),(1,7135),(1,7136),(1,7139),(1,7144),(1,7146),(1,7147),(1,7148),(1,7149),(1,7150),(1,7151),(1,7152),(1,7153),(1,7154),(1,7155),(1,7156),(1,7157),(1,7158),(1,7159),(1,7160),(1,7161),(1,7162),(1,7163),(1,7164),(1,7165),(1,7166),(1,7167),(1,7168),(1,7169),(1,7170),(1,7171),(1,7172),(1,7173),(1,7174),(1,7175),(1,7176),(1,7177),(1,7178),(1,7179),(1,7180),(1,7181),(1,7182),(1,7183),(1,7186),(1,7191),(1,7193),(1,7194),(1,7195),(1,7196),(1,7197),(1,7198),(1,7199),(1,7200),(1,7201),(1,7202),(1,7203),(1,7204),(1,7205),(1,7206),(1,7207),(1,7208),(1,7209),(1,7210),(1,7211),(1,7212),(1,7213),(1,7214),(1,7215),(1,7216),(1,7217),(1,7218),(1,7219),(1,7220),(1,7221),(1,7222),(1,7223),(1,7224),(1,7225),(1,7226),(1,7227),(1,7228),(1,7229),(1,7230),(1,7233),(1,7238),(1,7240),(1,7241),(1,7242),(1,7243),(1,7244),(1,7245),(1,7246),(1,7247),(1,7248),(1,7249),(1,7250),(1,7251),(1,7252),(1,7253),(1,7254),(1,7255),(1,7256),(1,7257),(1,7258),(1,7259),(1,7260),(1,7261),(1,7262),(1,7263),(1,7264),(1,7265),(1,7266),(1,7267),(1,7268),(1,7269),(1,7270),(1,7271),(1,7272),(1,7273),(1,7274),(1,7275),(1,7276),(1,7277),(1,7280),(1,7285),(1,7287),(1,7288),(1,7289),(1,7290),(1,7291),(1,7292),(1,7293),(1,7294),(1,7295),(1,7296),(1,7297),(1,7298),(1,7299),(1,7300),(1,7301),(1,7302),(1,7303),(1,7304),(1,7305),(1,7306),(1,7307),(1,7308),(1,7309),(1,7310),(1,7311),(1,7312),(1,7313),(1,7314),(1,7315),(1,7316),(1,7317),(1,7318),(1,7319),(1,7320),(1,7321),(1,7322),(1,7323),(1,7324),(1,7327),(1,7332),(1,7334),(1,7335),(1,7336),(1,7337),(1,7338),(1,7339),(1,7340),(1,7341),(1,7342),(1,7343),(1,7344),(1,7345),(1,7346),(1,7347),(1,7348),(1,7349),(1,7350),(1,7351),(1,7352),(1,7353),(1,7354),(1,7355),(1,7356),(1,7357),(1,7358),(1,7359),(1,7360),(1,7361),(1,7362),(1,7363),(1,7364),(1,7365),(1,7366),(1,7367),(1,7368),(1,7369),(1,7370),(1,7371),(1,7374),(1,7379),(1,7381),(1,7382),(1,7383),(1,7384),(1,7385),(1,7386),(1,7387),(1,7388),(1,7389),(1,7390),(1,7391),(1,7392),(1,7393),(1,7394),(1,7395),(1,7396),(1,7397),(1,7398),(1,7399),(1,7400),(1,7401),(1,7402),(1,7403),(1,7404),(1,7405),(1,7406),(1,7407),(1,7408),(1,7409),(1,7410),(1,7411),(1,7412),(1,7413),(1,7414),(1,7415),(1,7416),(1,7417),(1,7418),(1,7421),(1,7426),(1,7428),(1,7429),(1,7430),(1,7431),(1,7432),(1,7433),(1,7434),(1,7435),(1,7436),(1,7437),(1,7438),(1,7439),(1,7440),(1,7441),(1,7442),(1,7443),(1,7444),(1,7445),(1,7446),(1,7447),(1,7448),(1,7449),(1,7450),(1,7451),(1,7452),(1,7453),(1,7454),(1,7455),(1,7456),(1,7457),(1,7458),(1,7459),(1,7460),(1,7461),(1,7462),(1,7463),(1,7464),(1,7465),(1,7468),(1,7473),(1,7475),(1,7476),(1,7477),(1,7478),(1,7479),(1,7480),(1,7481),(1,7482),(1,7483),(1,7484),(1,7485),(1,7486),(1,7487),(1,7488),(1,7489),(1,7490),(1,7491),(1,7492),(1,7493),(1,7494),(1,7495),(1,7496),(1,7497),(1,7498),(1,7499),(1,7500),(1,7501),(1,7502),(1,7503),(1,7504),(1,7505),(1,7506),(1,7507),(1,7508),(1,7509),(1,7510),(1,7511),(1,7512),(1,7515),(1,7520),(1,7522),(1,7523),(1,7524),(1,7525),(1,7526),(1,7527),(1,7528),(1,7529),(1,7530),(1,7531),(1,7532),(1,7533),(1,7534),(1,7535),(1,7536),(1,7537),(1,7538),(1,7539),(1,7540),(1,7541),(1,7542),(1,7543),(1,7544),(1,7545),(1,7546),(1,7547),(1,7548),(1,7549),(1,7550),(1,7551),(1,7552),(1,7553),(1,7554),(1,7555),(1,7556),(1,7557),(1,7558),(1,7559),(1,7562),(1,7567),(1,7569),(1,7570),(1,7571),(1,7572),(1,7573),(1,7574),(1,7575),(1,7576),(1,7577),(1,7578),(1,7579),(1,7580),(1,7581),(1,7582),(1,7583),(1,7584),(1,7585),(1,7586),(1,7587),(1,7588),(1,7589),(1,7590),(1,7591),(1,7592),(1,7593),(1,7594),(1,7595),(1,7596),(1,7597),(1,7598),(1,7599),(1,7600),(1,7601),(1,7602),(1,7603),(1,7604),(1,7605),(1,7606),(1,7609),(1,7614),(1,7616),(1,7617),(1,7618),(1,7619),(1,7620),(1,7621),(1,7622),(1,7623),(1,7624),(1,7625),(1,7626),(1,7627),(1,7628),(1,7629),(1,7630),(1,7631),(1,7632),(1,7633),(1,7634),(1,7635),(1,7636),(1,7637),(1,7638),(1,7639),(1,7640),(1,7641),(1,7642),(1,7643),(1,7644),(1,7645),(1,7646),(1,7647),(1,7648),(1,7649),(1,7650),(1,7651),(1,7652),(1,7653),(1,7656),(1,7661),(1,7663),(1,7664),(1,7665),(1,7666),(1,7667),(1,7668),(1,7669),(1,7670),(1,7671),(1,7672),(1,7673),(1,7674),(1,7675),(1,7676),(1,7677),(1,7678),(1,7679),(1,7680),(1,7681),(1,7682),(1,7683),(1,7684),(1,7685),(1,7686),(1,7687),(1,7688),(1,7689),(1,7690),(1,7691),(1,7692),(1,7693),(1,7694),(1,7695),(1,7696),(1,7697),(1,7698),(1,7699),(1,7700),(1,7701),(1,7702),(1,7703),(1,7704),(1,7705),(1,7706),(1,7707),(1,7708),(1,7709),(1,7710),(1,7711),(1,7712),(1,7713),(1,7716),(1,7721),(1,7723),(1,7724),(1,7725),(1,7726),(1,7727),(1,7728),(1,7729),(1,7730),(1,7731),(1,7732),(1,7733),(1,7734),(1,7735),(1,7736),(1,7737),(1,7738),(1,7739),(1,7740),(1,7741),(1,7742),(1,7743),(1,7744),(1,7745),(1,7746),(1,7747),(1,7748),(1,7749),(1,7750),(1,7751),(1,7752),(1,7753),(1,7754),(1,7755),(1,7756),(1,7757),(1,7758),(1,7759),(1,7760),(1,7761),(1,7762),(1,7763),(1,7764),(1,7765),(1,7766),(1,7767),(1,7768),(1,7769),(1,7770),(1,7771),(1,7772),(1,7773),(1,7776),(1,7781),(1,7783),(1,7784),(1,7785),(1,7786),(1,7787),(1,7788),(1,7789),(1,7790),(1,7791),(1,7792),(1,7793),(1,7794),(1,7795),(1,7796),(1,7797),(1,7798),(1,7799),(1,7800),(1,7801),(1,7802),(1,7803),(1,7804),(1,7805),(1,7806),(1,7807),(1,7808),(1,7809),(1,7810),(1,7811),(1,7812),(1,7813),(1,7814),(1,7815),(1,7816),(1,7817),(1,7818),(1,7819),(1,7820),(1,7823),(1,7828),(1,7830),(1,7831),(1,7832),(1,7833),(1,7834),(1,7835),(1,7836),(1,7837),(1,7838),(1,7839),(1,7840),(1,7841),(1,7842),(1,7843),(1,7844),(1,7845),(1,7846),(1,7847),(1,7848),(1,7849),(1,7850),(1,7851),(1,7852),(1,7853),(1,7854),(1,7855),(1,7856),(1,7857),(1,7858),(1,7859),(1,7860),(1,7861),(1,7862),(1,7863),(1,7864),(1,7865),(1,7866),(1,7867),(1,7870),(1,7875),(1,7877),(1,7878),(1,7879),(1,7880),(1,7881),(1,7882),(1,7883),(1,7884),(1,7885),(1,7886),(1,7887),(1,7888),(1,7889),(1,7890),(1,7891),(1,7892),(1,7893),(1,7894),(1,7895),(1,7896),(1,7897),(1,7898),(1,7899),(1,7900),(1,7901),(1,7902),(1,7903),(1,7904),(1,7905),(1,7906),(1,7907),(1,7908),(1,7909),(1,7910),(1,7911),(1,7912),(1,7913),(1,7914),(1,7917),(1,7922),(1,7924),(1,7925),(1,7926),(1,7927),(1,7928),(1,7929),(1,7930),(1,7931),(1,7932),(1,7933),(1,7934),(1,7935),(1,7936),(1,7937),(1,7938),(1,7939),(1,7940),(1,7941),(1,7942),(1,7943),(1,7944),(1,7945),(1,7946),(1,7947),(1,7948),(1,7949),(1,7950),(1,7951),(1,7952),(1,7953),(1,7954),(1,7955),(1,7956),(1,7957),(1,7958),(1,7959),(1,7960),(1,7961),(1,7964),(1,7969),(1,7971),(1,7972),(1,7973),(1,7974),(1,7975),(1,7976),(1,7977),(1,7978),(1,7979),(1,7980),(1,7981),(1,7982),(1,7983),(1,7984),(1,7985),(1,7986),(1,7987),(1,7988),(1,7989),(1,7990),(1,7991),(1,7992),(1,7993),(1,7994),(1,7995),(1,7996),(1,7997),(1,7998),(1,7999),(1,8000),(1,8001),(1,8002),(1,8003),(1,8004),(1,8005),(1,8006),(1,8007),(1,8008),(1,8011),(1,8016),(1,8018),(1,8019),(1,8020),(1,8021),(1,8022),(1,8023),(1,8024),(1,8025),(1,8026),(1,8027),(1,8028),(1,8029),(1,8030),(1,8031),(1,8032),(1,8033),(1,8034),(1,8035),(1,8036),(1,8037),(1,8038),(1,8039),(1,8040),(1,8041),(1,8042),(1,8043),(1,8044),(1,8045),(1,8046),(1,8047),(1,8048),(1,8049),(1,8050),(1,8051),(1,8052),(1,8053),(1,8054),(1,8055),(1,8058),(1,8063),(1,8065),(1,8066),(1,8067),(1,8068),(1,8069),(1,8070),(1,8071),(1,8072),(1,8073),(1,8074),(1,8075),(1,8076),(1,8077),(1,8078),(1,8079),(1,8080),(1,8081),(1,8082),(1,8083),(1,8084),(1,8085),(1,8086),(1,8087),(1,8088),(1,8089),(1,8090),(1,8091),(1,8092),(1,8093),(1,8094),(1,8095),(1,8096),(1,8097),(1,8098),(1,8099),(1,8100),(1,8101),(1,8102),(1,8105),(1,8110),(1,8112),(1,8113),(1,8114),(1,8115),(1,8116),(1,8117),(1,8118),(1,8119),(1,8120),(1,8121),(1,8122),(1,8123),(1,8124),(1,8125),(1,8126),(1,8127),(1,8128),(1,8129),(1,8130),(1,8131),(1,8132),(1,8133),(1,8134),(1,8135),(1,8136),(1,8137),(1,8138),(1,8139),(1,8140),(1,8141),(1,8142),(1,8143),(1,8144),(1,8145),(1,8146),(1,8147),(1,8148),(1,8149),(1,8152),(1,8157),(1,8159),(1,8160),(1,8161),(1,8162),(1,8163),(1,8164),(1,8165),(1,8166),(1,8167),(1,8168),(1,8169),(1,8170),(1,8171),(1,8172),(1,8173),(1,8174),(1,8175),(1,8176),(1,8177),(1,8178),(1,8179),(1,8180),(1,8181),(1,8182),(1,8183),(1,8184),(1,8185),(1,8186),(1,8187),(1,8188),(1,8189),(1,8190),(1,8191),(1,8192),(1,8193),(1,8194),(1,8195),(1,8196),(1,8199),(1,8204),(1,8206),(1,8207),(1,8208),(1,8209),(1,8210),(1,8211),(1,8212),(1,8213),(1,8214),(1,8215),(1,8216),(1,8217),(1,8218),(1,8219),(1,8220),(1,8221),(1,8222),(1,8223),(1,8224),(1,8225),(1,8226),(1,8227),(1,8228),(1,8229),(1,8230),(1,8231),(1,8232),(1,8233),(1,8234),(1,8235),(1,8236),(1,8237),(1,8238),(1,8239),(1,8240),(1,8241),(1,8242),(1,8243),(1,8246),(1,8251),(1,8253),(1,8254),(1,8255),(1,8256),(1,8257),(1,8258),(1,8259),(1,8260),(1,8261),(1,8262),(1,8263),(1,8264),(1,8265),(1,8266),(1,8267),(1,8268),(1,8269),(1,8270),(1,8271),(1,8272),(1,8273),(1,8274),(1,8275),(1,8276),(1,8277),(1,8278),(1,8279),(1,8280),(1,8281),(1,8282),(1,8283),(1,8284),(1,8285),(1,8286),(1,8287),(1,8288),(1,8289),(1,8290),(1,8293),(1,8298),(1,8300),(1,8301),(1,8302),(1,8303),(1,8304),(1,8305),(1,8306),(1,8307),(1,8308),(1,8309),(1,8310),(1,8311),(1,8312),(1,8313),(1,8314),(1,8315),(1,8316),(1,8317),(1,8318),(1,8319),(1,8320),(1,8321),(1,8322),(1,8323),(1,8324),(1,8325),(1,8326),(1,8327),(1,8328),(1,8329),(1,8330),(1,8331),(1,8332),(1,8333),(1,8334),(1,8335),(1,8336),(1,8337),(1,8340),(1,8345),(1,8347),(1,8348),(1,8349),(1,8350),(1,8351),(1,8352),(1,8353),(1,8354),(1,8355),(1,8356),(1,8357),(1,8358),(1,8359),(1,8360),(1,8361),(1,8362),(1,8363),(1,8364),(1,8365),(1,8366),(1,8367),(1,8368),(1,8369),(1,8370),(1,8371),(1,8372),(1,8373),(1,8374),(1,8375),(1,8376),(1,8377),(1,8378),(1,8379),(1,8380),(1,8381),(1,8382),(1,8383),(1,8384),(1,8387),(1,8392),(1,8394),(1,8395),(1,8396),(1,8397),(1,8398),(1,8399),(1,8400),(1,8401),(1,8402),(1,8403),(1,8404),(1,8405),(1,8406),(1,8407),(1,8408),(1,8409),(1,8410),(1,8411),(1,8412),(1,8413),(1,8414),(1,8415),(1,8416),(1,8417),(1,8418),(1,8419),(1,8420),(1,8421),(1,8422),(1,8423),(1,8424),(1,8425),(1,8426),(1,8427),(1,8428),(1,8429),(1,8430),(1,8431),(1,8434),(1,8439),(1,8443),(1,8448),(1,8452),(1,8457),(1,8461),(1,8466),(1,8470),(1,8475),(1,8477),(1,8478),(1,8479),(1,8480),(1,8481),(1,8482),(1,8483),(1,8484),(1,8485),(1,8486),(1,8487),(1,8488),(1,8489),(1,8490),(1,8491),(1,8492),(1,8493),(1,8494),(1,8495),(1,8496),(1,8497),(1,8498),(1,8499),(1,8500),(1,8501),(1,8502),(1,8503),(1,8504),(1,8505),(1,8506),(1,8507),(1,8508),(1,8509),(1,8510),(1,8511),(1,8512),(1,8513),(1,8514),(1,8515),(1,8516),(1,8517),(1,8518),(1,8519),(1,8520),(1,8521),(1,8522),(1,8523),(1,8524),(1,8525),(1,8526),(1,8527),(1,8528),(1,8529),(1,8530),(1,8531),(1,8532),(1,8533),(1,8534),(1,8535),(1,8536),(1,8537),(1,8538),(1,8539),(1,8540),(1,8541),(1,8542),(1,8543),(1,8544),(1,8545),(1,8546),(1,8547),(1,8548),(1,8549),(1,8550),(1,8551),(1,8552),(1,8553),(1,8554),(1,8555),(1,8556),(1,8557),(1,8558),(1,8559),(1,8560),(1,8561),(1,8562),(1,8563),(1,8564),(1,8565),(1,8566),(1,8567),(1,8568),(1,8569),(1,8570),(1,8571),(1,8572),(1,8573),(1,8574),(1,8575),(1,8576),(1,8577),(1,8578),(1,8579),(1,8580),(1,8581),(1,8582),(1,8583),(1,8584),(1,8585),(1,8586),(1,8587),(1,8588),(1,8589),(1,8590),(1,8591),(1,8592),(1,8593),(1,8594),(1,8595),(1,8596),(1,8597),(1,8598),(1,8599),(1,8600),(1,8601),(1,8602),(1,8603),(1,8604),(1,8605),(1,8606),(1,8607),(1,8608),(1,8609),(1,8610),(1,8611),(1,8612),(1,8613),(1,8614),(1,8615),(1,8616),(1,8617),(1,8618),(1,8619),(1,8620),(1,8621),(1,8622),(1,8623),(1,8624),(1,8625),(1,8626),(1,8627),(1,8628),(1,8629),(1,8630),(1,8631),(1,8632),(1,8633),(1,8634),(1,8635),(1,8636),(1,8637),(1,8638),(1,8639),(1,8640),(1,8641),(1,8642),(1,8643),(1,8644),(1,8645),(1,8646),(1,8647),(1,8648),(1,8649),(1,8650),(1,8651),(1,8652),(1,8653),(1,8654),(1,8655),(1,8656),(1,8657),(1,8658),(1,8659),(1,8660),(1,8661),(1,8662),(1,8663),(1,8664),(1,8665),(1,8666),(1,8667),(1,8668),(1,8669),(1,8670),(1,8671),(1,8672),(1,8673),(1,8674),(1,8675),(1,8676),(1,8677),(1,8678),(1,8679),(1,8680),(1,8681),(1,8682),(1,8683),(1,8684),(1,8685),(1,8686),(1,8687),(1,8688),(1,8689),(1,8690),(1,8691),(1,8692),(1,8693),(1,8694),(1,8695),(1,8696),(1,8697),(1,8698),(1,8699),(1,8700),(1,8701),(1,8702),(1,8703),(1,8704),(1,8705),(1,8706),(1,8707),(1,8708),(1,8709),(1,8710),(1,8711),(1,8712),(1,8713),(1,8714),(1,8715),(1,8716),(1,8717),(1,8718),(1,8719),(1,8720),(1,8721),(1,8722),(1,8723),(1,8724),(1,8725),(1,8726),(1,8727),(1,8728),(1,8729),(1,8730),(1,8731),(1,8732),(1,8733),(1,8734),(1,8735),(1,8736),(1,8737),(1,8738),(1,8739),(1,8740),(1,8741),(1,8742),(1,8743),(1,8744),(1,8745),(1,8746),(1,8747),(1,8748),(1,8749),(1,8750),(1,8751),(1,8752),(1,8753),(1,8754),(1,8755),(1,8756),(1,8757),(1,8758),(1,8759),(1,8760),(1,8761),(1,8762),(1,8763),(1,8764),(1,8765),(1,8766),(1,8767),(1,8768),(1,8769),(1,8770),(1,8771),(1,8772),(1,8774),(1,8775),(1,8776),(1,8777),(1,8778),(1,8779),(1,8780),(1,8781),(1,8782),(1,8783),(1,8784),(1,8785),(1,8786),(1,8787),(1,8788),(1,8790),(1,8791),(1,8792),(1,8793),(1,8794),(1,8795),(1,8796),(1,8797),(1,8798),(1,8799),(1,8800),(1,8801),(1,8802),(1,8803),(1,8804),(1,8805),(1,8806),(1,8807),(1,8808),(1,8809),(1,8810),(1,8811),(1,8812),(1,8813),(1,8814),(1,8815),(1,8816),(1,8817),(1,8818),(1,8819),(1,8820),(1,8821),(1,8822),(1,8823),(1,8824),(1,8825),(1,8826),(1,8827),(1,8828),(1,8829),(1,8830),(1,8831),(1,8832),(1,8833),(1,8834),(1,8835),(1,8836),(1,8837),(1,8838),(1,8839),(1,8840),(1,8841),(1,8842),(1,8843),(1,8844),(1,8845),(1,8846),(1,8847),(1,8848),(1,8849),(1,8850),(1,8851),(1,8852),(1,8853),(1,8854),(1,8855),(1,8856),(1,8857),(1,8858),(1,8859),(1,8860),(1,8861),(1,8862),(1,8863),(1,8864),(1,8865),(1,8866),(1,8867),(1,8868),(1,8869),(1,8870),(1,8871),(1,8872),(1,8873),(1,8874),(1,8875),(1,8876),(1,8877),(1,8878),(1,8879),(1,8880),(1,8881),(1,8882),(1,8883),(1,8884),(1,8885),(1,8886),(1,8887),(1,8888),(1,8889),(1,8890),(1,8891),(1,8892),(1,8893),(1,8894),(1,8895),(1,8896),(1,8897),(1,8898),(1,8899),(1,8900),(1,8901),(1,8902),(1,8903),(1,8904),(1,8905),(1,8906),(1,8907),(1,8908),(1,8909),(1,8910),(1,8911),(1,8912),(1,8913),(1,8914),(1,8915),(1,8916),(1,8917),(1,8918),(1,8919),(1,8920),(1,8921),(1,8922),(1,8923),(1,8924),(1,8925),(1,8926),(1,8927),(1,8928),(1,8929),(1,8930),(1,8931),(1,8932),(1,8933),(1,8934),(1,8935),(1,8936),(1,8937),(1,8938),(1,8939),(1,8940),(1,8941),(1,8942),(1,8943),(1,8944),(1,8945),(1,8946),(1,8947),(1,8948),(1,8949),(1,8950),(1,8951),(1,8952),(1,8953),(1,8954),(1,8955),(1,8956),(1,8957),(1,8958),(1,8959),(1,8960),(1,8961),(1,8962),(1,8963),(1,8964),(1,8965),(1,8966),(1,8967),(1,8968),(1,8969),(1,8970),(1,8971),(1,8972),(1,8973),(1,8974),(1,8975),(1,8976),(1,8977),(1,8978),(1,8979),(1,8980),(1,8981),(1,8982),(1,8983),(1,8984),(1,8985),(1,8986),(1,8987),(1,8988),(1,8989),(1,8990),(1,8991),(1,8992),(1,8993),(1,8994),(1,8995),(1,8996),(1,8997),(1,8998),(1,8999),(1,9000),(1,9001),(1,9002),(1,9003),(1,9004),(1,9005),(1,9006),(1,9007),(1,9008),(1,9009),(1,9010),(1,9011),(1,9012),(1,9013),(1,9014),(1,9015),(1,9016),(1,9017),(1,9018),(1,9019),(1,9020),(1,9021),(1,9022),(1,9023),(1,9024),(1,9025),(1,9026),(1,9027),(1,9028),(1,9029),(1,9030),(1,9031),(1,9032),(1,9033),(1,9034),(1,9035),(1,9036),(1,9037),(1,9038),(1,9039),(1,9040),(1,9041),(1,9042),(1,9043),(1,9044),(1,9045),(1,9046),(1,9047),(1,9048),(1,9049),(1,9050),(1,9051),(1,9052),(1,9053),(1,9054),(1,9055),(1,9056),(1,9057),(1,9058),(1,9059),(1,9060),(1,9061),(1,9062),(1,9063),(1,9064),(1,9065),(1,9066),(1,9067),(1,9068),(1,9069),(1,9070),(1,9071),(1,9072),(1,9073),(1,9074),(1,9075),(1,9076),(1,9077),(1,9078),(1,9079),(1,9080),(1,9081),(1,9082),(1,9083),(1,9084),(1,9085),(1,9086),(1,9087),(1,9088),(1,9089),(1,9090),(1,9091),(1,9092),(1,9093),(1,9094),(1,9095),(1,9096),(1,9097),(1,9098),(1,9099),(1,9100),(1,9101),(1,9102),(1,9103),(1,9104),(1,9105),(1,9106),(1,9107),(1,9108),(1,9109),(1,9110),(1,9111),(1,9112),(1,9113),(1,9114),(1,9115),(1,9116),(1,9117),(1,9118),(1,9119),(1,9120),(1,9121),(1,9122),(1,9123),(1,9124),(1,9125),(1,9126),(1,9127),(1,9128),(1,9129),(1,9130),(1,9131),(1,9132),(1,9133),(1,9134),(1,9135),(1,9136),(1,9137),(1,9138),(1,9139),(1,9140),(1,9141),(1,9142),(1,9143),(1,9144),(1,9145),(1,9146),(1,9147),(1,9148),(1,9149),(1,9150),(1,9151),(1,9152),(1,9153),(1,9154),(1,9155),(1,9156),(1,9157),(1,9158),(1,9159),(1,9160),(1,9161),(1,9162),(1,9163),(1,9164),(1,9165),(1,9166),(1,9167),(1,9168),(1,9169),(1,9170),(1,9171),(1,9172),(1,9173),(1,9174),(1,9175),(1,9176),(1,9177),(1,9178),(1,9179),(1,9180),(1,9181),(1,9182),(1,9183),(1,9184),(1,9185),(1,9186),(1,9187),(1,9188),(1,9189),(1,9190),(1,9191),(1,9192),(1,9193),(1,9194),(1,9195),(1,9196),(1,9197),(1,9198),(1,9199),(1,9200),(1,9201),(1,9202),(1,9203),(1,9204),(1,9205),(1,9206),(1,9207),(1,9208),(1,9209),(1,9210),(1,9211),(1,9212),(1,9213),(1,9214),(1,9215),(1,9216),(1,9217),(1,9218),(1,9219),(1,9220),(1,9221),(1,9222),(1,9223),(1,9224),(1,9225),(1,9226),(1,9227),(1,9228),(1,9229),(1,9230),(1,9231),(1,9232),(1,9233),(1,9234),(1,9235),(1,9236),(1,9237),(1,9238),(1,9239),(1,9240),(1,9241),(1,9242),(1,9243),(1,9244),(1,9245),(1,9246),(1,9247),(1,9248),(1,9249),(1,9250),(1,9251),(1,9252),(1,9253),(1,9254),(1,9255),(1,9256),(1,9257),(1,9258),(1,9259),(1,9260),(1,9261),(1,9262),(1,9263),(1,9264),(1,9265),(1,9266),(1,9267),(1,9268),(1,9269),(1,9270),(1,9271),(1,9272),(1,9273),(1,9274),(1,9275),(1,9276),(1,9277),(1,9278),(1,9279),(1,9280),(1,9281),(1,9282),(1,9283),(1,9284),(1,9285),(1,9286),(1,9287),(1,9288),(1,9289),(1,9290),(1,9291),(1,9292),(1,9293),(1,9294),(1,9295),(1,9296),(1,9297),(1,9298),(1,9299),(1,9300),(1,9301),(1,9302),(1,9303),(1,9304),(1,9305),(1,9306),(1,9307),(1,9308),(1,9309),(1,9310),(1,9311),(1,9312),(1,9313),(1,9314),(1,9315),(1,9316),(1,9317),(1,9318),(1,9319),(1,9320),(1,9321),(1,9322),(1,9323),(1,9324),(1,9325),(1,9326),(1,9327),(1,9328),(1,9329),(1,9330),(1,9331),(1,9332),(1,9333),(1,9334),(1,9335),(1,9336),(1,9337),(1,9338),(1,9339),(1,9340),(1,9341),(1,9342),(1,9343),(1,9344),(1,9345),(1,9346),(1,9347),(1,9348),(1,9349),(1,9350),(1,9351),(1,9352),(1,9353),(1,9354),(1,9355),(1,9356),(1,9357),(1,9358),(1,9359),(1,9360),(1,9361),(1,9362),(1,9363),(1,9364),(1,9365),(1,9366),(1,9367),(1,9368),(1,9369),(1,9370),(1,9371),(1,9372),(1,9373),(1,9374),(1,9375),(1,9376),(1,9377),(1,9378),(1,9379),(1,9380),(1,9381),(1,9382),(1,9383),(1,9384),(1,9385),(1,9386),(1,9387),(1,9388),(1,9389),(1,9390),(1,9391),(1,9392),(1,9393),(1,9394),(1,9395),(1,9396),(1,9397),(1,9398),(1,9399),(1,9400),(1,9401),(1,9402),(1,9403),(1,9404),(1,9405),(1,9406),(1,9407),(1,9408),(1,9409),(1,9410),(1,9411),(1,9412),(1,9413),(1,9414),(1,9415),(1,9416),(1,9417),(1,9418),(1,9419),(1,9420),(1,9421),(1,9422),(1,9423),(1,9424),(1,9425),(1,9426),(1,9427),(1,9428),(1,9429),(1,9430),(1,9431),(1,9432),(1,9433),(1,9434),(1,9435),(1,9436),(1,9437),(1,9438),(1,9439),(1,9440),(1,9441),(1,9442),(1,9443),(1,9444),(1,9445),(1,9446),(1,9447),(1,9448),(1,9449),(1,9450),(1,9451),(1,9452),(1,9453),(1,9454),(1,9455),(1,9456),(1,9457),(1,9458),(1,9459),(1,9460),(1,9461),(1,9462),(1,9463),(1,9464),(1,9465),(1,9466),(1,9467),(1,9468),(1,9469),(1,9470),(1,9471),(1,9472),(1,9473),(1,9474),(1,9475),(1,9476),(1,9477),(1,9478),(1,9479),(1,9480),(1,9481),(1,9482),(1,9483),(1,9484),(1,9485),(1,9486),(1,9487),(1,9488),(1,9489),(1,9490),(1,9491),(1,9492),(1,9493),(1,9494),(1,9495),(1,9496),(1,9497),(1,9498),(1,9499),(1,9500),(1,9501),(1,9502),(1,9503),(1,9504),(1,9505),(1,9506),(1,9507),(1,9508),(1,9509),(1,9510),(1,9511),(1,9512),(1,9513),(1,9514),(1,9515),(1,9516),(1,9517),(1,9518),(1,9519),(1,9520),(1,9521),(1,9522),(1,9523),(1,9524),(1,9525),(1,9526),(1,9527),(1,9528),(1,9529),(1,9530),(1,9531),(1,9532),(1,9533),(1,9534),(1,9535),(1,9536),(1,9537),(1,9538),(1,9539),(1,9540),(1,9541),(1,9542),(1,9543),(1,9544),(1,9545),(1,9546),(1,9547),(1,9548),(1,9549),(1,9550),(1,9551),(1,9552),(1,9553),(1,9554),(1,9555),(1,9556),(1,9557),(1,9558),(1,9559),(1,9560),(1,9561),(1,9562),(1,9563),(1,9564),(1,9565),(1,9566),(1,9567),(1,9568),(1,9569),(1,9570),(1,9571),(1,9572),(1,9573),(1,9574),(1,9575),(1,9576),(1,9577),(1,9578),(1,9579),(1,9580),(1,9581),(1,9582),(1,9583),(1,9584),(1,9585),(1,9586),(1,9587),(1,9588),(1,9589),(1,9590),(1,9591),(1,9592),(1,9593),(1,9594),(1,9595),(1,9596),(1,9597),(1,9598),(1,9599),(1,9600),(1,9601),(1,9602),(1,9603),(1,9604),(1,9605),(1,9606),(1,9607),(1,9608),(1,9609),(1,9610),(1,9611),(1,9612),(1,9613),(1,9614),(1,9615),(1,9616),(1,9617),(1,9618),(1,9619),(1,9620),(1,9621),(1,9622),(1,9623),(1,9624),(1,9625),(1,9626),(1,9627),(1,9628),(1,9629),(1,9630),(1,9631),(1,9632),(1,9633),(1,9634),(1,9635),(1,9636),(1,9637),(1,9638),(1,9639),(1,9640),(1,9641),(1,9642),(1,9643),(1,9644),(1,9645),(1,9646),(1,9647),(1,9648),(1,9649),(1,9650),(1,9651),(1,9652),(1,9653),(1,9654),(1,9655),(1,9656),(1,9657),(1,9658),(1,9659),(1,9660),(1,9661),(1,9662),(1,9663),(1,9664),(1,9665),(1,9666),(1,9667),(1,9668),(1,9669),(1,9670),(1,9671),(1,9672),(1,9673),(1,9674),(1,9675),(1,9676),(1,9677),(1,9678),(1,9679),(1,9680),(1,9681),(1,9682),(1,9683),(1,9684),(1,9685),(1,9686),(1,9687),(1,9688),(1,9689),(1,9690),(1,9691),(1,9692),(1,9693),(1,9694),(1,9695),(1,9696),(1,9697),(1,9698),(1,9699),(1,9700),(1,9701),(1,9702),(1,9703),(1,9704),(1,9705),(1,9706),(1,9707),(1,9708),(1,9709),(1,9710),(1,9711),(1,9712),(1,9713),(1,9714),(1,9715),(1,9716),(1,9717),(1,9718),(1,9719),(1,9720),(1,9721),(1,9722),(1,9723),(1,9724),(1,9725),(1,9726),(1,9727),(1,9728),(1,9729),(1,9730),(1,9731),(1,9732),(1,9733),(1,9734),(1,9735),(1,9736),(1,9737),(1,9738),(1,9739),(1,9740),(1,9741),(1,9742),(1,9743),(1,9744),(1,9745),(1,9746),(1,9747),(1,9748),(1,9749),(1,9750),(1,9751),(1,9752),(1,9753),(1,9754),(1,9755),(1,9756),(1,9757),(1,9758),(1,9759),(1,9760),(1,9761),(1,9762),(1,9763),(1,9764),(1,9765),(1,9766),(1,9767),(1,9768),(1,9769),(1,9770),(1,9771),(1,9772),(1,9773),(1,9774),(1,9775),(1,9776),(1,9777),(1,9778),(1,9779),(1,9780),(1,9781),(1,9782),(1,9783),(1,9784),(1,9785),(1,9786),(1,9787),(1,9788),(1,9789),(1,9790),(1,9791),(1,9792),(1,9793),(1,9794),(1,9795),(1,9796),(1,9797),(1,9798),(1,9799),(1,9800),(1,9801),(1,9802),(1,9803),(1,9804),(1,9805),(1,9806),(1,9807),(1,9808),(1,9809),(1,9810),(1,9811),(1,9812),(1,9813),(1,9814),(1,9815),(1,9816),(1,9817),(1,9818),(1,9819),(1,9820),(1,9821),(1,9822),(1,9823),(1,9824),(1,9825),(1,9826),(1,9827),(1,9828),(1,9829),(1,9830),(1,9831),(1,9832),(1,9833),(1,9834),(1,9835),(1,9836),(1,9837),(1,9838),(1,9839),(1,9840),(1,9841),(1,9842),(1,9843),(1,9844),(1,9845),(1,9846),(1,9847),(1,9848),(1,9849),(1,9850),(1,9851),(1,9852),(1,9853),(1,9854),(1,9855),(1,9856),(1,9857),(1,9858),(1,9859),(1,9860),(1,9861),(1,9862),(1,9863),(1,9864),(1,9865),(1,9866),(1,9867),(1,9868),(1,9869),(1,9870),(1,9871),(1,9872),(1,9873),(1,9874),(1,9875),(1,9876),(1,9877),(1,9878),(1,9879),(1,9880),(1,9881),(1,9882),(1,9883),(1,9884),(1,9885),(1,9886),(1,9887),(1,9888),(1,9889),(1,9890),(1,9891),(1,9892),(1,9893),(1,9894),(1,9895),(1,9896),(1,9897),(1,9898),(1,9899),(1,9900),(1,9901),(1,9902),(1,9903),(1,9904),(1,9905),(1,9906),(1,9907),(1,9908),(1,9909),(1,9910),(1,9911),(1,9912),(1,9913),(1,9914),(1,9915),(1,9916),(1,9917),(1,9918),(1,9919),(1,9920),(1,9921),(1,9922),(1,9923),(1,9924),(1,9925),(1,9926),(1,9927),(1,9928),(1,9929),(1,9930),(1,9931),(1,9932),(1,9933),(1,9934),(1,9935),(1,9936),(1,9937),(1,9938),(1,9939),(1,9940),(1,9941),(1,9942),(1,9943),(1,9944),(1,9945),(1,9946),(1,9947),(1,9948),(1,9949),(1,9950),(1,9951),(1,9952),(1,9953),(1,9954),(1,9955),(1,9956),(1,9957),(1,9958),(1,9959),(1,9960),(1,9961),(1,9962),(1,9963),(1,9964),(1,9965),(1,9966),(1,9967),(1,9968),(1,9969),(1,9970),(1,9971),(1,9972),(1,9973),(1,9974),(1,9975),(1,9976),(1,9977),(1,9978),(1,9979),(1,9980),(1,9981),(1,9982),(1,9983),(1,9984),(1,9985),(1,9986),(1,9987),(1,9988),(1,9989),(1,9990),(1,9991),(1,9992),(1,9993),(1,9994),(1,9995),(1,9996),(1,9997),(1,9998),(1,9999),(1,10000),(1,10001),(1,10002),(1,10003),(1,10004),(1,10005),(1,10006),(1,10007),(1,10008),(1,10009),(1,10010),(1,10011),(1,10012),(1,10013),(1,10014),(1,10015),(1,10016),(1,10017),(1,10018),(1,10019),(1,10020),(1,10021),(1,10022),(1,10023),(1,10024),(1,10025),(1,10026),(1,10027),(1,10028),(1,10029),(1,10030),(1,10031),(1,10032),(1,10033),(1,10034),(1,10035),(1,10036),(1,10037),(1,10038),(1,10039),(1,10040),(1,10041),(1,10042),(1,10043),(1,10044),(1,10045),(1,10046),(1,10047),(1,10048),(1,10049),(1,10050),(1,10051),(1,10052),(1,10053),(1,10054),(1,10055),(1,10056),(1,10057),(1,10058),(1,10059),(1,10060),(1,10061),(1,10062),(1,10063),(1,10064),(1,10065),(1,10066),(1,10067),(1,10068),(1,10069),(1,10070),(1,10071),(1,10072),(1,10073),(1,10074),(1,10075),(1,10076),(1,10077),(1,10078),(1,10079),(1,10080),(1,10081),(1,10082),(1,10083),(1,10084),(1,10085),(1,10086),(1,10087),(1,10088),(1,10089),(1,10090),(1,10091),(1,10092),(1,10093),(1,10094),(1,10095),(1,10096),(1,10097),(1,10098),(1,10099),(1,10100),(1,10101),(1,10102),(1,10103),(1,10104),(1,10105),(1,10106),(1,10107),(1,10108),(1,10109),(1,10110),(1,10111),(1,10112),(1,10113),(1,10114),(1,10115),(1,10116),(1,10117),(1,10118),(1,10119),(1,10120),(1,10121),(1,10122),(1,10123),(1,10124),(1,10125),(1,10126),(1,10127),(1,10128),(1,10129),(1,10130),(1,10131),(1,10132),(1,10133),(1,10134),(1,10135),(1,10136),(1,10137),(1,10138),(1,10139),(1,10140),(1,10141),(1,10142),(1,10143),(1,10144),(1,10145),(1,10146),(1,10147),(1,10148),(1,10149),(1,10150),(1,10151),(1,10152),(1,10153),(1,10154),(1,10155),(1,10156),(1,10157),(1,10158),(1,10159),(1,10160),(1,10161),(1,10162),(1,10163),(1,10164),(1,10165),(1,10166),(1,10167),(1,10168),(1,10169),(1,10170),(1,10171),(1,10172),(1,10173),(1,10174),(1,10175),(1,10176),(1,10177),(1,10178),(1,10179),(1,10180),(1,10181),(1,10182),(1,10183),(1,10184),(1,10185),(1,10186),(1,10187),(1,10188),(1,10189),(1,10190),(1,10191),(1,10192),(1,10193),(1,10194),(1,10195),(1,10196),(1,10197),(1,10198),(1,10199),(1,10200),(1,10201),(1,10202),(1,10203),(1,10204),(1,10205),(1,10206),(1,10207),(1,10208),(1,10209),(1,10210),(1,10211),(1,10212),(1,10213),(1,10214),(1,10215),(1,10216),(1,10217),(1,10218),(1,10219),(1,10220),(1,10221),(1,10222),(1,10223),(1,10224),(1,10225),(1,10226),(1,10227),(1,10228),(1,10229),(1,10230),(1,10231),(1,10232),(1,10233),(1,10234),(1,10235),(1,10236),(1,10237),(1,10238),(1,10239),(1,10240),(1,10241),(1,10242),(1,10243),(1,10244),(1,10245),(1,10246),(1,10247),(1,10248),(1,10249),(1,10250),(1,10251),(1,10252),(1,10253),(1,10254),(1,10255),(1,10256),(1,10257),(1,10258),(1,10259),(1,10260),(1,10261),(1,10262),(1,10263),(1,10264),(1,10265),(1,10266),(1,10267),(1,10268),(1,10269),(1,10270),(1,10271),(1,10272),(1,10273),(1,10274),(1,10275),(1,10276),(1,10277),(1,10278),(1,10279),(1,10280),(1,10281),(1,10282),(1,10283),(1,10284),(1,10285),(1,10286),(1,10287),(1,10288),(1,10289),(1,10290),(1,10291),(1,10292),(1,10293),(1,10294),(1,10295),(1,10296),(1,10297),(1,10298),(1,10299),(1,10300),(1,10301),(1,10302),(1,10303),(1,10304),(1,10305),(1,10306),(1,10307),(1,10308),(1,10309),(1,10310),(1,10311),(1,10312),(1,10313),(1,10314),(1,10315),(1,10316),(1,10317),(1,10318),(1,10319),(1,10320),(1,10321),(1,10322),(1,10323),(1,10324),(1,10325),(1,10326),(1,10327),(1,10328),(1,10329),(1,10330),(1,10331),(1,10332),(1,10333),(1,10334),(1,10335),(1,10336),(1,10337),(1,10338),(1,10339),(1,10340),(1,10341),(1,10342),(1,10343),(1,10344),(1,10345),(1,10346),(1,10347),(1,10348),(1,10349),(1,10350),(1,10351),(1,10352),(1,10353),(1,10354),(1,10355),(1,10356),(1,10357),(1,10358),(1,10359),(1,10360),(1,10361),(1,10362),(1,10363),(1,10364),(1,10365),(1,10366),(1,10367),(1,10368),(1,10369),(1,10370),(1,10371),(1,10372),(1,10373),(1,10374),(1,10375),(1,10376),(1,10377),(1,10378),(1,10379),(1,10380),(1,10381),(1,10382),(1,10383),(1,10384),(1,10385),(1,10386),(1,10387),(1,10388),(1,10389),(1,10390),(1,10391),(1,10392),(1,10393),(1,10394),(1,10395),(1,10396),(1,10397),(1,10398),(1,10399),(1,10400),(1,10401),(1,10402),(1,10403),(1,10404),(1,10405),(1,10406),(1,10407),(1,10408),(1,10409),(1,10410),(1,10411),(1,10412),(1,10413),(1,10414),(1,10415),(1,10416),(1,10417),(1,10418),(1,10419),(1,10420),(1,10421),(1,10422),(1,10423),(1,10424),(1,10425),(1,10426),(1,10427),(1,10428),(1,10429),(1,10430),(1,10431),(1,10432),(1,10433),(1,10434),(1,10435),(1,10436),(1,10437),(1,10438),(1,10439),(1,10440),(1,10441),(1,10442),(1,10443),(1,10444),(1,10445),(1,10446),(1,10447),(1,10448),(1,10449),(1,10450),(1,10451),(1,10452),(1,10453),(1,10454),(1,10455),(1,10456),(1,10457),(1,10458),(1,10459),(1,10460),(1,10461),(1,10462),(1,10463),(1,10464),(1,10465),(1,10466),(1,10467),(1,10468),(1,10469),(1,10470),(1,10471),(1,10472),(1,10473),(1,10474),(1,10475),(1,10476),(1,10477),(1,10478),(1,10479),(1,10480),(1,10481),(1,10482),(1,10483),(1,10484),(1,10485),(1,10486),(1,10487),(1,10488),(1,10489),(1,10490),(1,10491),(1,10492),(1,10493),(1,10494),(1,10495),(1,10496),(1,10497),(1,10498),(1,10499),(1,10500),(1,10501),(1,10502),(1,10503),(1,10504),(1,10505),(1,10506),(1,10507),(1,10508),(1,10509),(1,10510),(1,10511),(1,10512),(1,10513),(1,10514),(1,10515),(1,10516),(1,10517),(1,10518),(1,10519),(1,10520),(1,10521),(1,10522),(1,10523),(1,10524),(1,10525),(1,10526),(1,10527),(1,10528),(1,10529),(1,10530),(1,10531),(1,10532),(1,10533),(1,10534),(1,10535),(1,10536),(1,10537),(1,10538),(1,10539),(1,10540),(1,10541),(1,10542),(1,10543),(1,10544),(1,10545),(1,10546),(1,10547),(1,10548),(1,10549),(1,10550),(1,10551),(1,10552),(1,10553),(1,10554),(1,10555),(1,10556),(1,10557),(1,10558),(1,10559),(1,10560),(1,10561),(1,10562),(1,10563),(1,10564),(1,10565),(1,10566),(1,10567),(1,10568),(1,10569),(1,10570),(1,10571),(1,10572),(1,10573),(1,10574),(1,10575),(1,10576),(1,10577),(1,10578),(1,10579),(1,10580),(1,10581),(1,10582),(1,10583),(1,10584),(1,10585),(1,10586),(1,10587),(1,10588),(1,10589),(1,10590),(1,10591),(1,10592),(1,10593),(1,10594),(1,10595),(1,10596),(1,10597),(1,10598),(1,10599),(1,10600),(1,10601),(1,10602),(1,10603),(1,10604),(1,10605),(1,10606),(1,10607),(1,10608),(1,10609),(1,10610),(1,10611),(1,10612),(1,10613),(1,10614),(1,10615),(1,10616),(1,10617),(1,10618),(1,10619),(1,10620),(1,10621),(1,10622),(1,10623),(1,10624),(1,10625),(1,10626),(1,10627),(1,10628),(1,10629),(1,10630),(1,10631),(1,10632),(1,10633),(1,10634),(1,10635),(1,10636),(1,10637),(1,10638),(1,10639),(1,10640),(1,10641),(1,10642),(1,10643),(1,10644),(1,10645),(1,10646),(1,10647),(1,10648),(1,10649),(1,10650),(1,10651),(1,10652),(1,10653),(1,10654),(1,10655),(1,10656),(1,10657),(1,10658),(1,10659),(1,10660),(1,10661),(1,10662),(1,10663),(1,10664),(1,10665),(1,10666),(1,10667),(1,10668),(1,10669),(1,10670),(1,10671),(1,10672),(1,10673),(1,10674),(1,10675),(1,10676),(1,10677),(1,10678),(1,10679),(1,10680),(1,10681),(1,10682),(1,10683),(1,10684),(1,10685),(1,10686),(1,10687),(1,10688),(1,10689),(1,10690),(1,10691),(1,10692),(1,10693),(1,10694),(1,10695),(1,10696),(1,10697),(1,10698),(1,10699),(1,10700),(1,10701),(1,10702),(1,10703),(1,10704),(1,10705),(1,10706),(1,10707),(1,10708),(1,10709),(1,10710),(1,10711),(1,10712),(1,10713),(1,10714),(1,10715),(1,10716),(1,10717),(1,10718),(1,10719),(1,10720),(1,10721),(1,10722),(1,10723),(1,10724),(1,10725),(1,10726),(1,10727),(1,10728),(1,10729),(1,10730),(1,10731),(1,10732),(1,10733),(1,10734),(1,10735),(1,10736),(1,10737),(1,10738),(1,10739),(1,10740),(1,10741),(1,10742),(1,10743),(1,10744),(1,10745),(1,10746),(1,10747),(1,10748),(1,10749),(1,10750),(1,10751),(1,10752),(1,10753),(1,10754),(1,10755),(1,10756),(1,10757),(1,10758),(1,10759),(1,10760),(1,10761),(1,10762),(1,10763),(1,10764),(1,10765),(1,10766),(1,10767),(1,10768),(1,10769),(1,10770),(1,10771),(1,10772),(1,10773),(1,10774),(1,10775),(1,10776),(1,10777),(1,10778),(1,10779),(1,10780),(1,10781),(1,10782),(1,10783),(1,10784),(1,10785),(1,10786),(1,10787),(1,10788),(1,10789),(1,10790),(1,10791),(1,10792),(1,10793),(1,10794),(1,10795),(1,10796),(1,10797),(1,10798),(1,10799),(1,10800),(1,10801),(1,10802),(1,10803),(1,10804),(1,10805),(1,10806),(1,10807),(1,10808),(1,10809),(1,10810),(1,10811),(1,10812),(1,10813),(1,10814),(1,10815),(1,10816),(1,10817),(1,10818),(1,10819),(1,10820),(1,10821),(1,10822),(1,10823),(1,10824),(1,10825),(1,10826),(1,10827),(1,10828),(1,10829),(1,10830),(1,10831),(1,10832),(1,10833),(1,10834),(1,10835),(1,10836),(1,10837),(1,10838),(1,10839),(1,10840),(1,10841),(1,10842),(1,10843),(1,10844),(1,10845),(1,10846),(1,10847),(1,10848),(1,10849),(1,10850),(1,10851),(1,10852),(1,10853),(1,10854),(1,10855),(1,10856),(1,10857),(1,10858),(1,10859),(1,10860),(1,10861),(1,10862),(1,10863),(1,10864),(1,10865),(1,10866),(1,10867),(1,10868),(1,10869),(1,10870),(1,10871),(1,10872),(1,10873),(1,10874),(1,10875),(1,10876),(1,10877),(1,10878),(1,10879),(1,10880),(1,10881),(1,10882),(1,10883),(1,10884),(1,10885),(1,10886),(1,10887),(1,10888),(1,10889),(1,10890),(1,10891),(1,10892),(1,10893),(1,10894),(1,10895),(1,10896),(1,10897),(1,10898),(1,10899),(1,10900),(1,10901),(1,10902),(1,10903),(1,10904),(1,10905),(1,10906),(1,10907),(1,10908),(1,10909),(1,10910),(1,10911),(1,10912),(1,10913),(1,10914),(1,10915),(1,10916),(1,10917),(1,10918),(1,10919),(1,10920),(1,10921),(1,10922),(1,10923),(1,10924),(1,10925),(1,10926),(1,10927),(1,10928),(1,10929),(1,10930),(1,10931),(1,10932),(1,10933),(1,10934),(1,10935),(1,10936),(1,10937),(1,10938),(1,10939),(1,10940),(1,10941),(1,10942),(1,10943),(1,10944),(1,10945),(1,10946),(1,10947),(1,10948),(1,10949),(1,10950),(1,10951),(1,10952),(1,10953),(1,10954),(1,10955),(1,10956),(1,10957),(1,10958),(1,10959),(1,10960),(1,10961),(1,10962),(1,10963),(1,10964),(1,10965),(1,10966),(1,10967),(1,10968),(1,10969),(1,10970),(1,10971),(1,10972),(1,10973),(1,10974),(1,10975),(1,10976),(1,10977),(1,10978),(1,10979),(1,10980),(1,10981),(1,10982),(1,10983),(1,10984),(1,10985),(1,10986),(1,10987),(1,10988),(1,10989),(1,10990),(1,10991),(1,10992),(1,10993),(1,10994),(1,10995),(1,10996),(1,10997),(1,10998),(1,10999),(1,11000),(1,11001),(1,11002),(1,11003),(1,11004),(1,11005),(1,11006),(1,11007),(1,11008),(1,11009),(1,11010),(1,11011),(1,11012),(1,11013),(1,11014),(1,11015),(1,11016),(1,11017),(1,11018),(1,11019),(1,11020),(1,11021),(1,11022),(1,11023),(1,11024),(1,11025),(1,11026),(1,11027),(1,11028),(1,11029),(1,11030),(1,11031),(1,11032),(1,11033),(1,11034),(1,11035),(1,11036),(1,11037),(1,11038),(1,11039),(1,11040),(1,11041),(1,11042),(1,11043),(1,11044),(1,11045),(1,11046),(1,11047),(1,11048),(1,11049),(1,11050),(1,11051),(1,11052),(1,11053),(1,11054),(1,11055),(1,11056),(1,11057),(1,11058),(1,11059),(1,11060),(1,11061),(1,11062),(1,11063),(1,11064),(1,11065),(1,11066),(1,11067),(1,11068),(1,11069),(1,11070),(1,11071),(1,11072),(1,11073),(1,11074),(1,11075),(1,11076),(1,11077),(1,11078),(1,11079),(1,11080),(1,11081),(1,11082),(1,11083),(1,11084),(1,11085),(1,11086),(1,11087),(1,11088),(1,11089),(1,11090),(1,11091),(1,11092),(1,11093),(1,11094),(1,11095),(1,11096),(1,11097),(1,11098),(1,11099),(1,11100),(1,11101),(1,11102),(1,11103),(1,11104),(1,11105),(1,11106),(1,11107),(1,11108),(1,11109),(1,11110),(1,11111),(1,11112),(1,11113),(1,11114),(1,11115),(1,11116),(1,11117),(1,11118),(1,11119),(1,11120),(1,11121),(1,11122),(1,11123),(1,11124),(1,11125),(1,11126),(1,11127),(1,11128),(1,11129),(1,11130),(1,11131),(1,11132),(1,11133),(1,11134),(1,11135),(1,11136),(1,11137),(1,11138),(1,11139),(1,11140),(1,11141),(1,11142),(1,11143),(1,11144),(1,11145),(1,11146),(1,11147),(1,11148),(1,11149),(1,11150),(1,11151),(1,11152),(1,11153),(1,11154),(1,11155),(1,11156),(1,11157),(1,11158),(1,11159),(1,11160),(1,11161),(1,11162),(1,11163),(1,11164),(1,11165),(1,11166),(1,11167),(1,11168),(1,11169),(1,11170),(1,11171),(1,11172),(1,11173),(1,11174),(1,11175),(1,11176),(1,11177),(1,11178),(1,11179),(1,11180),(1,11181),(1,11182),(1,11183),(1,11184),(1,11185),(1,11186),(1,11187),(1,11188),(1,11189),(1,11190),(1,11191),(1,11192),(1,11193),(1,11194),(1,11195),(1,11196),(1,11197),(1,11198),(1,11199),(1,11200),(1,11201),(1,11202),(1,11203),(1,11204),(1,11205),(1,11206),(1,11207),(1,11208),(1,11209),(1,11210),(1,11211),(1,11212),(1,11213),(1,11214),(1,11215),(1,11216),(1,11217),(1,11218),(1,11219),(1,11220),(1,11221),(1,11222),(1,11223),(1,11224),(1,11225),(1,11226),(1,11227),(1,11228),(1,11229),(1,11230),(1,11231),(1,11232),(1,11233),(1,11234),(1,11235),(1,11236),(1,11237),(1,11238),(1,11239),(1,11240),(1,11241),(1,11242),(1,11243),(1,11244),(1,11245),(1,11246),(1,11247),(1,11248),(1,11249),(1,11250),(1,11251),(1,11252),(1,11253),(1,11254),(1,11255),(1,11256),(1,11257),(1,11258),(1,11259),(1,11260),(1,11261),(1,11262),(1,11263),(1,11264),(1,11265),(1,11266),(1,11267),(1,11268),(1,11269),(1,11270),(1,11271),(1,11272),(1,11273),(1,11274),(1,11275),(1,11276),(1,11277),(1,11278),(1,11279),(1,11280),(1,11281),(1,11282),(1,11283),(1,11284),(1,11285),(1,11286),(1,11287),(1,11288),(1,11289),(1,11290),(1,11291),(1,11292),(1,11293),(1,11294),(1,11295),(1,11296),(1,11297),(1,11298),(1,11299),(1,11300),(1,11301),(1,11302),(1,11303),(1,11304),(1,11305),(1,11306),(1,11307),(1,11308),(1,11309),(1,11310),(1,11311),(1,11312),(1,11313),(1,11314),(1,11315),(1,11316),(1,11317),(1,11318),(1,11319),(1,11320),(1,11321),(1,11322),(1,11323),(1,11324),(1,11325),(1,11326),(1,11327),(1,11328),(1,11329),(1,11330),(1,11331),(1,11332),(1,11333),(1,11334),(1,11335),(1,11336),(4,2),(4,3),(4,4),(4,66),(4,67),(4,68),(4,130),(4,131),(4,132),(4,192),(4,193),(4,194),(4,254),(4,255),(4,256),(4,316),(4,317),(4,318),(4,378),(4,379),(4,380),(4,440),(4,441),(4,442),(4,502),(4,503),(4,504),(4,564),(4,565),(4,566),(4,626),(4,627),(4,628),(4,688),(4,740),(4,741),(4,750),(4,751),(4,752),(4,812),(4,813),(4,814),(4,874),(4,875),(4,876),(4,936),(4,937),(4,938),(4,998),(4,999),(4,1000),(4,1060),(4,1061),(4,1062),(4,1122),(4,1123),(4,1124),(4,1184),(4,1185),(4,1186),(4,1246),(4,1247),(4,1248),(4,1308),(4,1360),(4,1361),(4,1370),(4,1423),(4,1424),(4,1425),(4,1485),(4,1486),(4,1487),(4,1547),(4,1599),(4,1600),(4,1609),(4,1610),(4,1611),(4,1671),(4,1672),(4,1673),(4,1733),(4,1785),(4,1786),(4,1795),(4,1848),(4,1849),(4,1850),(4,1910),(4,1911),(4,1912),(4,1972),(4,1973),(4,1974),(4,2034),(4,2035),(4,2036),(4,2096),(4,2097),(4,2098),(4,2158),(4,2159),(4,2160),(4,2220),(4,2221),(4,2222),(4,2282),(4,2283),(4,2284),(4,2344),(4,2345),(4,2346),(4,2406),(4,2407),(4,2408),(4,2468),(4,2469),(4,2470),(4,2530),(4,2531),(4,2532),(4,2592),(4,2593),(4,2594),(4,2654),(4,2655),(4,2656),(4,2716),(4,2717),(4,2718),(4,2778),(4,2779),(4,2780),(4,2840),(4,2841),(4,2842),(4,2902),(4,2903),(4,2904),(4,2964),(4,2965),(4,2966),(4,3026),(4,3027),(4,3028),(4,3088),(4,3089),(4,3090),(4,3150),(4,3151),(4,3152),(4,3210),(4,3211),(4,3212),(4,3270),(4,3271),(4,3272),(4,3330),(4,3331),(4,3332),(4,3390),(4,3391),(4,3392),(4,3450),(4,3451),(4,3452),(4,3510),(4,3511),(4,3512),(4,3570),(4,3571),(4,3572),(4,3629),(4,3630),(4,3631),(4,3688),(4,3689),(4,3690),(4,3747),(4,3748),(4,3749),(4,3806),(4,3807),(4,3808),(4,3865),(4,3866),(4,3867),(4,3924),(4,3925),(4,3926),(4,3983),(4,3984),(4,3985),(4,4042),(4,4043),(4,4044),(4,4101),(4,4102),(4,4103),(4,4160),(4,4161),(4,4162),(4,4219),(4,4220),(4,4221),(4,4278),(4,4279),(4,4280),(4,4337),(4,4338),(4,4339),(4,4394),(4,4395),(4,4396),(4,4451),(4,4452),(4,4453),(4,4508),(4,4509),(4,4510),(4,4565),(4,4566),(4,4567),(4,4622),(4,4623),(4,4624),(4,4679),(4,4680),(4,4681),(4,4736),(4,4737),(4,4738),(4,4793),(4,4794),(4,4795),(4,4850),(4,4851),(4,4852),(4,4907),(4,4908),(4,4909),(4,4964),(4,4965),(4,4966),(4,5021),(4,5022),(4,5023),(4,5078),(4,5079),(4,5080),(4,5135),(4,5136),(4,5137),(4,5192),(4,5193),(4,5194),(4,5249),(4,5250),(4,5251),(4,5306),(4,5307),(4,5308),(4,5363),(4,5364),(4,5365),(4,5420),(4,5421),(4,5422),(4,5477),(4,5478),(4,5479),(4,5534),(4,5535),(4,5536),(4,5591),(4,5592),(4,5593),(4,5648),(4,5649),(4,5650),(4,5705),(4,5706),(4,5707),(4,5762),(4,5763),(4,5764),(4,5819),(4,5820),(4,5821),(4,5876),(4,5877),(4,5878),(4,5933),(4,5934),(4,5935),(4,5990),(4,5991),(4,5992),(4,6047),(4,6048),(4,6049),(5,4),(5,68),(5,132),(5,194),(5,256),(5,318),(5,380),(5,442),(5,504),(5,566),(5,628),(5,688),(5,752),(5,814),(5,876),(5,938),(5,1000),(5,1062),(5,1124),(5,1186),(5,1248),(5,1308),(5,1370),(5,1425),(5,1487),(5,1547),(5,1611),(5,1673),(5,1733),(5,1795),(5,1850),(5,1912),(5,1974),(5,2036),(5,2098),(5,2160),(5,2222),(5,2284),(5,2346),(5,2408),(5,2470),(5,2532),(5,2594),(5,2656),(5,2718),(5,2780),(5,2842),(5,2904),(5,2966),(5,3028),(5,3090),(5,3152),(5,3212),(5,3272),(5,3332),(5,3392),(5,3452),(5,3512),(5,3572),(5,3631),(5,3690),(5,3749),(5,3808),(5,3867),(5,3926),(5,3985),(5,4044),(5,4103),(5,4162),(5,4221),(5,4280),(5,4339),(5,4396),(5,4453),(5,4510),(5,4567),(5,4624),(5,4681),(5,4738),(5,4795),(5,4852),(5,4909),(5,4966),(5,5023),(5,5080),(5,5137),(5,5194),(5,5251),(5,5308),(5,5365),(5,5422),(5,5479),(5,5536),(5,5593),(5,5650),(5,5707),(5,5764),(5,5821),(5,5878),(5,5935),(5,5992),(5,6049),(5,6103),(5,6150),(5,6197),(5,6244),(5,6291),(5,6338),(5,6385),(5,6432),(5,6479),(5,6526),(5,6573),(5,6620),(5,6667),(5,6714),(5,6761),(5,6808),(5,6855),(5,6902),(5,6949),(5,6996),(5,7043),(5,7090),(5,7137),(5,7184),(5,7231),(5,7278),(5,7325),(5,7372),(5,7419),(5,7466),(5,7513),(5,7560),(5,7607),(5,7654),(5,7714),(5,7774),(5,7821),(5,7868),(5,7915),(5,7962),(5,8009),(5,8056),(5,8103),(5,8150),(5,8197),(5,8244),(5,8291),(5,8338),(5,8385),(5,8432),(5,8441),(5,8450),(5,8459),(5,8468),(9,6),(9,70),(9,134),(9,196),(9,258),(9,320),(9,382),(9,444),(9,506),(9,568),(9,630),(9,743),(9,754),(9,816),(9,878),(9,940),(9,1002),(9,1064),(9,1126),(9,1188),(9,1250),(9,1363),(9,1427),(9,1489),(9,1602),(9,1613),(9,1675),(9,1788),(9,1852),(9,1914),(9,1976),(9,2038),(9,2100),(9,2162),(9,2224),(9,2286),(9,2348),(9,2410),(9,2472),(9,2534),(9,2596),(9,2658),(9,2720),(9,2782),(9,2844),(9,2906),(9,2968),(9,3030),(9,3092),(9,3154),(9,3214),(9,3274),(9,3334),(9,3394),(9,3454),(9,3514),(9,3574),(9,3633),(9,3692),(9,3751),(9,3810),(9,3869),(9,3928),(9,3987),(9,4046),(9,4105),(9,4164),(9,4223),(9,4282),(9,4341),(9,4398),(9,4455),(9,4512),(9,4569),(9,4626),(9,4683),(9,4740),(9,4797),(9,4854),(9,4911),(9,4968),(9,5025),(9,5082),(9,5139),(9,5196),(9,5253),(9,5310),(9,5367),(9,5424),(9,5481),(9,5538),(9,5595),(9,5652),(9,5709),(9,5766),(9,5823),(9,5880),(9,5937),(9,5994),(9,6051),(10,4),(10,6),(10,7),(10,8),(10,15),(10,17),(10,68),(10,70),(10,71),(10,72),(10,79),(10,81),(10,132),(10,134),(10,135),(10,136),(10,143),(10,145),(10,194),(10,196),(10,197),(10,198),(10,205),(10,207),(10,256),(10,258),(10,259),(10,260),(10,267),(10,269),(10,318),(10,320),(10,321),(10,322),(10,329),(10,331),(10,380),(10,382),(10,383),(10,384),(10,391),(10,393),(10,442),(10,444),(10,445),(10,446),(10,453),(10,455),(10,504),(10,506),(10,507),(10,508),(10,515),(10,517),(10,566),(10,568),(10,569),(10,570),(10,577),(10,579),(10,628),(10,630),(10,631),(10,632),(10,639),(10,641),(10,688),(10,689),(10,695),(10,743),(10,744),(10,747),(10,752),(10,754),(10,755),(10,756),(10,763),(10,765),(10,814),(10,816),(10,817),(10,818),(10,825),(10,827),(10,876),(10,878),(10,879),(10,880),(10,887),(10,889),(10,938),(10,940),(10,941),(10,942),(10,949),(10,951),(10,1000),(10,1002),(10,1003),(10,1004),(10,1011),(10,1013),(10,1062),(10,1064),(10,1065),(10,1066),(10,1073),(10,1075),(10,1124),(10,1126),(10,1127),(10,1128),(10,1135),(10,1137),(10,1186),(10,1188),(10,1189),(10,1190),(10,1197),(10,1199),(10,1248),(10,1250),(10,1251),(10,1252),(10,1259),(10,1261),(10,1308),(10,1309),(10,1315),(10,1363),(10,1364),(10,1367),(10,1370),(10,1371),(10,1377),(10,1425),(10,1427),(10,1428),(10,1429),(10,1436),(10,1438),(10,1487),(10,1489),(10,1490),(10,1491),(10,1498),(10,1500),(10,1547),(10,1548),(10,1554),(10,1602),(10,1603),(10,1606),(10,1611),(10,1613),(10,1614),(10,1615),(10,1622),(10,1624),(10,1673),(10,1675),(10,1676),(10,1677),(10,1684),(10,1686),(10,1733),(10,1734),(10,1740),(10,1788),(10,1789),(10,1792),(10,1795),(10,1796),(10,1802),(10,1850),(10,1852),(10,1853),(10,1854),(10,1861),(10,1863),(10,1912),(10,1914),(10,1915),(10,1916),(10,1923),(10,1925),(10,1974),(10,1976),(10,1977),(10,1978),(10,1985),(10,1987),(10,2036),(10,2038),(10,2039),(10,2040),(10,2047),(10,2049),(10,2098),(10,2100),(10,2101),(10,2102),(10,2109),(10,2111),(10,2160),(10,2162),(10,2163),(10,2164),(10,2171),(10,2173),(10,2222),(10,2224),(10,2225),(10,2226),(10,2233),(10,2235),(10,2284),(10,2286),(10,2287),(10,2288),(10,2295),(10,2297),(10,2346),(10,2348),(10,2349),(10,2350),(10,2357),(10,2359),(10,2408),(10,2410),(10,2411),(10,2412),(10,2419),(10,2421),(10,2470),(10,2472),(10,2473),(10,2474),(10,2481),(10,2483),(10,2532),(10,2534),(10,2535),(10,2536),(10,2543),(10,2545),(10,2594),(10,2596),(10,2597),(10,2598),(10,2605),(10,2607),(10,2656),(10,2658),(10,2659),(10,2660),(10,2667),(10,2669),(10,2718),(10,2720),(10,2721),(10,2722),(10,2729),(10,2731),(10,2780),(10,2782),(10,2783),(10,2784),(10,2791),(10,2793),(10,2842),(10,2844),(10,2845),(10,2846),(10,2853),(10,2855),(10,2904),(10,2906),(10,2907),(10,2908),(10,2915),(10,2917),(10,2966),(10,2968),(10,2969),(10,2970),(10,2977),(10,2979),(10,3028),(10,3030),(10,3031),(10,3032),(10,3039),(10,3041),(10,3090),(10,3092),(10,3093),(10,3094),(10,3101),(10,3103),(10,3152),(10,3154),(10,3155),(10,3156),(10,3163),(10,3165),(10,3212),(10,3214),(10,3215),(10,3216),(10,3223),(10,3225),(10,3272),(10,3274),(10,3275),(10,3276),(10,3283),(10,3285),(10,3332),(10,3334),(10,3335),(10,3336),(10,3343),(10,3345),(10,3392),(10,3394),(10,3395),(10,3396),(10,3403),(10,3405),(10,3452),(10,3454),(10,3455),(10,3456),(10,3463),(10,3465),(10,3512),(10,3514),(10,3515),(10,3516),(10,3523),(10,3525),(10,3572),(10,3574),(10,3575),(10,3576),(10,3583),(10,3585),(10,3631),(10,3633),(10,3634),(10,3635),(10,3642),(10,3644),(10,3690),(10,3692),(10,3693),(10,3694),(10,3701),(10,3703),(10,3749),(10,3751),(10,3752),(10,3753),(10,3760),(10,3762),(10,3808),(10,3810),(10,3811),(10,3812),(10,3819),(10,3821),(10,3867),(10,3869),(10,3870),(10,3871),(10,3878),(10,3880),(10,3926),(10,3928),(10,3929),(10,3930),(10,3937),(10,3939),(10,3985),(10,3987),(10,3988),(10,3989),(10,3996),(10,3998),(10,4044),(10,4046),(10,4047),(10,4048),(10,4055),(10,4057),(10,4103),(10,4105),(10,4106),(10,4107),(10,4114),(10,4116),(10,4162),(10,4164),(10,4165),(10,4166),(10,4173),(10,4175),(10,4221),(10,4223),(10,4224),(10,4225),(10,4232),(10,4234),(10,4280),(10,4282),(10,4283),(10,4284),(10,4291),(10,4293),(10,4339),(10,4341),(10,4342),(10,4343),(10,4350),(10,4352),(10,4396),(10,4398),(10,4399),(10,4400),(10,4407),(10,4409),(10,4453),(10,4455),(10,4456),(10,4457),(10,4464),(10,4466),(10,4510),(10,4512),(10,4513),(10,4514),(10,4521),(10,4523),(10,4567),(10,4569),(10,4570),(10,4571),(10,4578),(10,4580),(10,4624),(10,4626),(10,4627),(10,4628),(10,4635),(10,4637),(10,4681),(10,4683),(10,4684),(10,4685),(10,4692),(10,4694),(10,4738),(10,4740),(10,4741),(10,4742),(10,4749),(10,4751),(10,4795),(10,4797),(10,4798),(10,4799),(10,4806),(10,4808),(10,4852),(10,4854),(10,4855),(10,4856),(10,4863),(10,4865),(10,4909),(10,4911),(10,4912),(10,4913),(10,4920),(10,4922),(10,4966),(10,4968),(10,4969),(10,4970),(10,4977),(10,4979),(10,5023),(10,5025),(10,5026),(10,5027),(10,5034),(10,5036),(10,5080),(10,5082),(10,5083),(10,5084),(10,5091),(10,5093),(10,5137),(10,5139),(10,5140),(10,5141),(10,5148),(10,5150),(10,5194),(10,5196),(10,5197),(10,5198),(10,5205),(10,5207),(10,5251),(10,5253),(10,5254),(10,5255),(10,5262),(10,5264),(10,5308),(10,5310),(10,5311),(10,5312),(10,5319),(10,5321),(10,5365),(10,5367),(10,5368),(10,5369),(10,5376),(10,5378),(10,5422),(10,5424),(10,5425),(10,5426),(10,5433),(10,5435),(10,5479),(10,5481),(10,5482),(10,5483),(10,5490),(10,5492),(10,5536),(10,5538),(10,5539),(10,5540),(10,5547),(10,5549),(10,5593),(10,5595),(10,5596),(10,5597),(10,5604),(10,5606),(10,5650),(10,5652),(10,5653),(10,5654),(10,5661),(10,5663),(10,5707),(10,5709),(10,5710),(10,5711),(10,5718),(10,5720),(10,5764),(10,5766),(10,5767),(10,5768),(10,5775),(10,5777),(10,5821),(10,5823),(10,5824),(10,5825),(10,5832),(10,5834),(10,5878),(10,5880),(10,5881),(10,5882),(10,5889),(10,5891),(10,5935),(10,5937),(10,5938),(10,5939),(10,5946),(10,5948),(10,5992),(10,5994),(10,5995),(10,5996),(10,6003),(10,6005),(10,6049),(10,6051),(10,6052),(10,6053),(10,6060),(10,6062),(10,6103),(10,6107),(10,6108),(10,6110),(10,6150),(10,6154),(10,6155),(10,6157),(10,6197),(10,6201),(10,6202),(10,6204),(10,6244),(10,6248),(10,6249),(10,6251),(10,6291),(10,6295),(10,6296),(10,6298),(10,6338),(10,6342),(10,6343),(10,6345),(10,6385),(10,6389),(10,6390),(10,6392),(10,6432),(10,6436),(10,6437),(10,6439),(10,6479),(10,6483),(10,6484),(10,6486),(10,6526),(10,6530),(10,6531),(10,6533),(10,6573),(10,6577),(10,6578),(10,6580),(10,6620),(10,6624),(10,6625),(10,6627),(10,6667),(10,6671),(10,6672),(10,6674),(10,6714),(10,6718),(10,6719),(10,6721),(10,6761),(10,6765),(10,6766),(10,6768),(10,6808),(10,6812),(10,6813),(10,6815),(10,6855),(10,6859),(10,6860),(10,6862),(10,6902),(10,6906),(10,6907),(10,6909),(10,6949),(10,6953),(10,6954),(10,6956),(10,6996),(10,7000),(10,7001),(10,7003),(10,7043),(10,7047),(10,7048),(10,7050),(10,7090),(10,7094),(10,7095),(10,7097),(10,7137),(10,7141),(10,7142),(10,7144),(10,7184),(10,7188),(10,7189),(10,7191),(10,7231),(10,7235),(10,7236),(10,7238),(10,7278),(10,7282),(10,7283),(10,7285),(10,7325),(10,7329),(10,7330),(10,7332),(10,7372),(10,7376),(10,7377),(10,7379),(10,7419),(10,7423),(10,7424),(10,7426),(10,7466),(10,7470),(10,7471),(10,7473),(10,7513),(10,7517),(10,7518),(10,7520),(10,7560),(10,7564),(10,7565),(10,7567),(10,7607),(10,7611),(10,7612),(10,7614),(10,7654),(10,7658),(10,7659),(10,7661),(10,7714),(10,7718),(10,7719),(10,7721),(10,7774),(10,7778),(10,7779),(10,7781),(10,7821),(10,7825),(10,7826),(10,7828),(10,7868),(10,7872),(10,7873),(10,7875),(10,7915),(10,7919),(10,7920),(10,7922),(10,7962),(10,7966),(10,7967),(10,7969),(10,8009),(10,8013),(10,8014),(10,8016),(10,8056),(10,8060),(10,8061),(10,8063),(10,8103),(10,8107),(10,8108),(10,8110),(10,8150),(10,8154),(10,8155),(10,8157),(10,8197),(10,8201),(10,8202),(10,8204),(10,8244),(10,8248),(10,8249),(10,8251),(10,8291),(10,8295),(10,8296),(10,8298),(10,8338),(10,8342),(10,8343),(10,8345),(10,8385),(10,8389),(10,8390),(10,8392),(10,8432),(10,8436),(10,8437),(10,8439),(10,8441),(10,8445),(10,8446),(10,8448),(10,8450),(10,8454),(10,8455),(10,8457),(10,8459),(10,8463),(10,8464),(10,8466),(10,8468),(10,8472),(10,8473),(10,8475),(11,4),(11,19),(11,68),(11,83),(11,132),(11,147),(11,194),(11,209),(11,256),(11,271),(11,318),(11,333),(11,380),(11,395),(11,442),(11,457),(11,504),(11,519),(11,566),(11,581),(11,628),(11,643),(11,688),(11,696),(11,752),(11,767),(11,814),(11,829),(11,876),(11,891),(11,938),(11,953),(11,1000),(11,1015),(11,1062),(11,1077),(11,1124),(11,1139),(11,1186),(11,1201),(11,1248),(11,1263),(11,1308),(11,1316),(11,1370),(11,1378),(11,1425),(11,1440),(11,1487),(11,1502),(11,1547),(11,1555),(11,1611),(11,1626),(11,1673),(11,1688),(11,1733),(11,1741),(11,1795),(11,1803),(11,1850),(11,1865),(11,1912),(11,1927),(11,1974),(11,1989),(11,2036),(11,2051),(11,2098),(11,2113),(11,2160),(11,2175),(11,2222),(11,2237),(11,2284),(11,2299),(11,2346),(11,2361),(11,2408),(11,2423),(11,2470),(11,2485),(11,2532),(11,2547),(11,2594),(11,2609),(11,2656),(11,2671),(11,2718),(11,2733),(11,2780),(11,2795),(11,2842),(11,2857),(11,2904),(11,2919),(11,2966),(11,2981),(11,3028),(11,3043),(11,3090),(11,3105),(11,3152),(11,3167),(11,3212),(11,3227),(11,3272),(11,3287),(11,3332),(11,3347),(11,3392),(11,3407),(11,3452),(11,3467),(11,3512),(11,3527),(11,3572),(11,3587),(11,3631),(11,3646),(11,3690),(11,3705),(11,3749),(11,3764),(11,3808),(11,3823),(11,3867),(11,3882),(11,3926),(11,3941),(11,3985),(11,4000),(11,4044),(11,4059),(11,4103),(11,4118),(11,4162),(11,4177),(11,4221),(11,4236),(11,4280),(11,4295),(11,4339),(11,4354),(11,4396),(11,4411),(11,4453),(11,4468),(11,4510),(11,4525),(11,4567),(11,4582),(11,4624),(11,4639),(11,4681),(11,4696),(11,4738),(11,4753),(11,4795),(11,4810),(11,4852),(11,4867),(11,4909),(11,4924),(11,4966),(11,4981),(11,5023),(11,5038),(11,5080),(11,5095),(11,5137),(11,5152),(11,5194),(11,5209),(11,5251),(11,5266),(11,5308),(11,5323),(11,5365),(11,5380),(11,5422),(11,5437),(11,5479),(11,5494),(11,5536),(11,5551),(11,5593),(11,5608),(11,5650),(11,5665),(11,5707),(11,5722),(11,5764),(11,5779),(11,5821),(11,5836),(11,5878),(11,5893),(11,5935),(11,5950),(11,5992),(11,6007),(11,6049),(11,6064),(11,6103),(11,6110),(11,6111),(11,6150),(11,6157),(11,6158),(11,6197),(11,6204),(11,6205),(11,6244),(11,6251),(11,6252),(11,6291),(11,6298),(11,6299),(11,6338),(11,6345),(11,6346),(11,6385),(11,6392),(11,6393),(11,6432),(11,6439),(11,6440),(11,6479),(11,6486),(11,6487),(11,6526),(11,6533),(11,6534),(11,6573),(11,6580),(11,6581),(11,6620),(11,6627),(11,6628),(11,6667),(11,6674),(11,6675),(11,6714),(11,6721),(11,6722),(11,6761),(11,6768),(11,6769),(11,6808),(11,6815),(11,6816),(11,6855),(11,6862),(11,6863),(11,6902),(11,6909),(11,6910),(11,6949),(11,6956),(11,6957),(11,6996),(11,7003),(11,7004),(11,7043),(11,7050),(11,7051),(11,7090),(11,7097),(11,7098),(11,7137),(11,7144),(11,7145),(11,7184),(11,7191),(11,7192),(11,7231),(11,7238),(11,7239),(11,7278),(11,7285),(11,7286),(11,7325),(11,7332),(11,7333),(11,7372),(11,7379),(11,7380),(11,7419),(11,7426),(11,7427),(11,7466),(11,7473),(11,7474),(11,7513),(11,7520),(11,7521),(11,7560),(11,7567),(11,7568),(11,7607),(11,7614),(11,7615),(11,7654),(11,7661),(11,7662),(11,7714),(11,7721),(11,7722),(11,7774),(11,7781),(11,7782),(11,7821),(11,7828),(11,7829),(11,7868),(11,7875),(11,7876),(11,7915),(11,7922),(11,7923),(11,7962),(11,7969),(11,7970),(11,8009),(11,8016),(11,8017),(11,8056),(11,8063),(11,8064),(11,8103),(11,8110),(11,8111),(11,8150),(11,8157),(11,8158),(11,8197),(11,8204),(11,8205),(11,8244),(11,8251),(11,8252),(11,8291),(11,8298),(11,8299),(11,8338),(11,8345),(11,8346),(11,8385),(11,8392),(11,8393),(11,8432),(11,8439),(11,8440),(11,8441),(11,8448),(11,8449),(11,8450),(11,8457),(11,8458),(11,8459),(11,8466),(11,8467),(11,8468),(11,8475),(11,8476),(24,4),(24,16),(24,68),(24,80),(24,132),(24,144),(24,194),(24,206),(24,256),(24,268),(24,318),(24,330),(24,380),(24,392),(24,442),(24,454),(24,504),(24,516),(24,566),(24,578),(24,628),(24,640),(24,688),(24,694),(24,752),(24,764),(24,814),(24,826),(24,876),(24,888),(24,938),(24,950),(24,1000),(24,1012),(24,1062),(24,1074),(24,1124),(24,1136),(24,1186),(24,1198),(24,1248),(24,1260),(24,1308),(24,1314),(24,1370),(24,1376),(24,1425),(24,1437),(24,1487),(24,1499),(24,1547),(24,1553),(24,1611),(24,1623),(24,1673),(24,1685),(24,1733),(24,1739),(24,1795),(24,1801),(24,1850),(24,1862),(24,1912),(24,1924),(24,1974),(24,1986),(24,2036),(24,2048),(24,2098),(24,2110),(24,2160),(24,2172),(24,2222),(24,2234),(24,2284),(24,2296),(24,2346),(24,2358),(24,2408),(24,2420),(24,2470),(24,2482),(24,2532),(24,2544),(24,2594),(24,2606),(24,2656),(24,2668),(24,2718),(24,2730),(24,2780),(24,2792),(24,2842),(24,2854),(24,2904),(24,2916),(24,2966),(24,2978),(24,3028),(24,3040),(24,3090),(24,3102),(24,3152),(24,3164),(24,3212),(24,3224),(24,3272),(24,3284),(24,3332),(24,3344),(24,3392),(24,3404),(24,3452),(24,3464),(24,3512),(24,3524),(24,3572),(24,3584),(24,3631),(24,3643),(24,3690),(24,3702),(24,3749),(24,3761),(24,3808),(24,3820),(24,3867),(24,3879),(24,3926),(24,3938),(24,3985),(24,3997),(24,4044),(24,4056),(24,4103),(24,4115),(24,4162),(24,4174),(24,4221),(24,4233),(24,4280),(24,4292),(24,4339),(24,4351),(24,4396),(24,4408),(24,4453),(24,4465),(24,4510),(24,4522),(24,4567),(24,4579),(24,4624),(24,4636),(24,4681),(24,4693),(24,4738),(24,4750),(24,4795),(24,4807),(24,4852),(24,4864),(24,4909),(24,4921),(24,4966),(24,4978),(24,5023),(24,5035),(24,5080),(24,5092),(24,5137),(24,5149),(24,5194),(24,5206),(24,5251),(24,5263),(24,5308),(24,5320),(24,5365),(24,5377),(24,5422),(24,5434),(24,5479),(24,5491),(24,5536),(24,5548),(24,5593),(24,5605),(24,5650),(24,5662),(24,5707),(24,5719),(24,5764),(24,5776),(24,5821),(24,5833),(24,5878),(24,5890),(24,5935),(24,5947),(24,5992),(24,6004),(24,6049),(24,6061),(24,6109),(24,6156),(24,6203),(24,6250),(24,6297),(24,6344),(24,6391),(24,6438),(24,6485),(24,6532),(24,6579),(24,6626),(24,6673),(24,6720),(24,6767),(24,6814),(24,6861),(24,6908),(24,6955),(24,7002),(24,7049),(24,7096),(24,7143),(24,7190),(24,7237),(24,7284),(24,7331),(24,7378),(24,7425),(24,7472),(24,7519),(24,7566),(24,7613),(24,7660),(24,7720),(24,7780),(24,7827),(24,7874),(24,7921),(24,7968),(24,8015),(24,8062),(24,8109),(24,8156),(24,8203),(24,8250),(24,8297),(24,8344),(24,8391),(24,8438),(24,8447),(24,8456),(24,8465),(24,8474),(28,16),(28,80),(28,144),(28,206),(28,268),(28,330),(28,392),(28,454),(28,516),(28,578),(28,640),(28,694),(28,764),(28,826),(28,888),(28,950),(28,1012),(28,1074),(28,1136),(28,1198),(28,1260),(28,1314),(28,1376),(28,1437),(28,1499),(28,1553),(28,1623),(28,1685),(28,1739),(28,1801),(28,1862),(28,1924),(28,1986),(28,2048),(28,2110),(28,2172),(28,2234),(28,2296),(28,2358),(28,2420),(28,2482),(28,2544),(28,2606),(28,2668),(28,2730),(28,2792),(28,2854),(28,2916),(28,2978),(28,3040),(28,3102),(28,3164),(28,3224),(28,3284),(28,3344),(28,3404),(28,3464),(28,3524),(28,3584),(28,3643),(28,3702),(28,3761),(28,3820),(28,3879),(28,3938),(28,3997),(28,4056),(28,4115),(28,4174),(28,4233),(28,4292),(28,4351),(28,4408),(28,4465),(28,4522),(28,4579),(28,4636),(28,4693),(28,4750),(28,4807),(28,4864),(28,4921),(28,4978),(28,5035),(28,5092),(28,5149),(28,5206),(28,5263),(28,5320),(28,5377),(28,5434),(28,5491),(28,5548),(28,5605),(28,5662),(28,5719),(28,5776),(28,5833),(28,5890),(28,5947),(28,6004),(28,6061),(28,6109),(28,6156),(28,6203),(28,6250),(28,6297),(28,6344),(28,6391),(28,6438),(28,6485),(28,6532),(28,6579),(28,6626),(28,6673),(28,6720),(28,6767),(28,6814),(28,6861),(28,6908),(28,6955),(28,7002),(28,7049),(28,7096),(28,7143),(28,7190),(28,7237),(28,7284),(28,7331),(28,7378),(28,7425),(28,7472),(28,7519),(28,7566),(28,7613),(28,7660),(28,7720),(28,7780),(28,7827),(28,7874),(28,7921),(28,7968),(28,8015),(28,8062),(28,8109),(28,8156),(28,8203),(28,8250),(28,8297),(28,8344),(28,8391),(28,8438),(28,8447),(28,8456),(28,8465),(28,8474),(31,5),(31,8),(31,69),(31,72),(31,133),(31,136),(31,195),(31,198),(31,257),(31,260),(31,319),(31,322),(31,381),(31,384),(31,443),(31,446),(31,505),(31,508),(31,567),(31,570),(31,629),(31,632),(31,689),(31,742),(31,753),(31,756),(31,815),(31,818),(31,877),(31,880),(31,939),(31,942),(31,1001),(31,1004),(31,1063),(31,1066),(31,1125),(31,1128),(31,1187),(31,1190),(31,1249),(31,1252),(31,1309),(31,1362),(31,1371),(31,1426),(31,1429),(31,1488),(31,1491),(31,1548),(31,1601),(31,1612),(31,1615),(31,1674),(31,1677),(31,1734),(31,1787),(31,1796),(31,1851),(31,1854),(31,1913),(31,1916),(31,1975),(31,1978),(31,2037),(31,2040),(31,2099),(31,2102),(31,2161),(31,2164),(31,2223),(31,2226),(31,2285),(31,2288),(31,2347),(31,2350),(31,2409),(31,2412),(31,2471),(31,2474),(31,2533),(31,2536),(31,2595),(31,2598),(31,2657),(31,2660),(31,2719),(31,2722),(31,2781),(31,2784),(31,2843),(31,2846),(31,2905),(31,2908),(31,2967),(31,2970),(31,3029),(31,3032),(31,3091),(31,3094),(31,3153),(31,3156),(31,3213),(31,3216),(31,3273),(31,3276),(31,3333),(31,3336),(31,3393),(31,3396),(31,3453),(31,3456),(31,3513),(31,3516),(31,3573),(31,3576),(31,3632),(31,3635),(31,3691),(31,3694),(31,3750),(31,3753),(31,3809),(31,3812),(31,3868),(31,3871),(31,3927),(31,3930),(31,3986),(31,3989),(31,4045),(31,4048),(31,4104),(31,4107),(31,4163),(31,4166),(31,4222),(31,4225),(31,4281),(31,4284),(31,4340),(31,4343),(31,4397),(31,4400),(31,4454),(31,4457),(31,4511),(31,4514),(31,4568),(31,4571),(31,4625),(31,4628),(31,4682),(31,4685),(31,4739),(31,4742),(31,4796),(31,4799),(31,4853),(31,4856),(31,4910),(31,4913),(31,4967),(31,4970),(31,5024),(31,5027),(31,5081),(31,5084),(31,5138),(31,5141),(31,5195),(31,5198),(31,5252),(31,5255),(31,5309),(31,5312),(31,5366),(31,5369),(31,5423),(31,5426),(31,5480),(31,5483),(31,5537),(31,5540),(31,5594),(31,5597),(31,5651),(31,5654),(31,5708),(31,5711),(31,5765),(31,5768),(31,5822),(31,5825),(31,5879),(31,5882),(31,5936),(31,5939),(31,5993),(31,5996),(31,6050),(31,6053),(44,6110),(44,6157),(44,6204),(44,6251),(44,6298),(44,6345),(44,6392),(44,6439),(44,6486),(44,6533),(44,6580),(44,6627),(44,6674),(44,6721),(44,6768),(44,6815),(44,6862),(44,6909),(44,6956),(44,7003),(44,7050),(44,7097),(44,7144),(44,7191),(44,7238),(44,7285),(44,7332),(44,7379),(44,7426),(44,7473),(44,7520),(44,7567),(44,7614),(44,7661),(44,7721),(44,7781),(44,7828),(44,7875),(44,7922),(44,7969),(44,8016),(44,8063),(44,8110),(44,8157),(44,8204),(44,8251),(44,8298),(44,8345),(44,8392),(44,8439),(44,8448),(44,8457),(44,8466),(44,8475),(47,18),(47,82),(47,146),(47,208),(47,270),(47,332),(47,394),(47,456),(47,518),(47,580),(47,642),(47,748),(47,766),(47,828),(47,890),(47,952),(47,1014),(47,1076),(47,1138),(47,1200),(47,1262),(47,1368),(47,1439),(47,1501),(47,1607),(47,1625),(47,1687),(47,1793),(47,1864),(47,1926),(47,1988),(47,2050),(47,2112),(47,2174),(47,2236),(47,2298),(47,2360),(47,2422),(47,2484),(47,2546),(47,2608),(47,2670),(47,2732),(47,2794),(47,2856),(47,2918),(47,2980),(47,3042),(47,3104),(47,3166),(47,3226),(47,3286),(47,3346),(47,3406),(47,3466),(47,3526),(47,3586),(47,3645),(47,3704),(47,3763),(47,3822),(47,3881),(47,3940),(47,3999),(47,4058),(47,4117),(47,4176),(47,4235),(47,4294),(47,4353),(47,4410),(47,4467),(47,4524),(47,4581),(47,4638),(47,4695),(47,4752),(47,4809),(47,4866),(47,4923),(47,4980),(47,5037),(47,5094),(47,5151),(47,5208),(47,5265),(47,5322),(47,5379),(47,5436),(47,5493),(47,5550),(47,5607),(47,5664),(47,5721),(47,5778),(47,5835),(47,5892),(47,5949),(47,6006),(47,6063),(47,6110),(47,6157),(47,6204),(47,6251),(47,6298),(47,6345),(47,6392),(47,6439),(47,6486),(47,6533),(47,6580),(47,6627),(47,6674),(47,6721),(47,6768),(47,6815),(47,6862),(47,6909),(47,6956),(47,7003),(47,7050),(47,7097),(47,7144),(47,7191),(47,7238),(47,7285),(47,7332),(47,7379),(47,7426),(47,7473),(47,7520),(47,7567),(47,7614),(47,7661),(47,7721),(47,7781),(47,7828),(47,7875),(47,7922),(47,7969),(47,8016),(47,8063),(47,8110),(47,8157),(47,8204),(47,8251),(47,8298),(47,8345),(47,8392),(47,8439),(47,8448),(47,8457),(47,8466),(47,8475),(49,6110),(49,6157),(49,6204),(49,6251),(49,6298),(49,6345),(49,6392),(49,6439),(49,6486),(49,6533),(49,6580),(49,6627),(49,6674),(49,6721),(49,6768),(49,6815),(49,6862),(49,6909),(49,6956),(49,7003),(49,7050),(49,7097),(49,7144),(49,7191),(49,7238),(49,7285),(49,7332),(49,7379),(49,7426),(49,7473),(49,7520),(49,7567),(49,7614),(49,7661),(49,7721),(49,7781),(49,7828),(49,7875),(49,7922),(49,7969),(49,8016),(49,8063),(49,8110),(49,8157),(49,8204),(49,8251),(49,8298),(49,8345),(49,8392),(49,8439),(49,8448),(49,8457),(49,8466),(49,8475),(51,5),(51,69),(51,133),(51,195),(51,257),(51,319),(51,381),(51,443),(51,505),(51,567),(51,629),(51,742),(51,753),(51,815),(51,877),(51,939),(51,1001),(51,1063),(51,1125),(51,1187),(51,1249),(51,1362),(51,1426),(51,1488),(51,1601),(51,1612),(51,1674),(51,1787),(51,1851),(51,1913),(51,1975),(51,2037),(51,2099),(51,2161),(51,2223),(51,2285),(51,2347),(51,2409),(51,2471),(51,2533),(51,2595),(51,2657),(51,2719),(51,2781),(51,2843),(51,2905),(51,2967),(51,3029),(51,3091),(51,3153),(51,3213),(51,3273),(51,3333),(51,3393),(51,3453),(51,3513),(51,3573),(51,3632),(51,3691),(51,3750),(51,3809),(51,3868),(51,3927),(51,3986),(51,4045),(51,4104),(51,4163),(51,4222),(51,4281),(51,4340),(51,4397),(51,4454),(51,4511),(51,4568),(51,4625),(51,4682),(51,4739),(51,4796),(51,4853),(51,4910),(51,4967),(51,5024),(51,5081),(51,5138),(51,5195),(51,5252),(51,5309),(51,5366),(51,5423),(51,5480),(51,5537),(51,5594),(51,5651),(51,5708),(51,5765),(51,5822),(51,5879),(51,5936),(51,5993),(51,6050),(53,1),(53,65),(53,129),(53,191),(53,253),(53,315),(53,377),(53,439),(53,501),(53,563),(53,625),(53,687),(53,749),(53,811),(53,873),(53,935),(53,997),(53,1059),(53,1121),(53,1183),(53,1245),(53,1307),(53,1369),(53,1422),(53,1484),(53,1546),(53,1608),(53,1670),(53,1732),(53,1794),(53,1847),(53,1909),(53,1971),(53,2033),(53,2095),(53,2157),(53,2219),(53,2281),(53,2343),(53,2405),(53,2467),(53,2529),(53,2591),(53,2653),(53,2715),(53,2777),(53,2839),(53,2901),(53,2963),(53,3025),(53,3087),(53,3149),(53,3209),(53,3269),(53,3329),(53,3389),(53,3449),(53,3509),(53,3569),(53,3628),(53,3687),(53,3746),(53,3805),(53,3864),(53,3923),(53,3982),(53,4041),(53,4100),(53,4159),(53,4218),(53,4277),(53,4336),(53,4393),(53,4450),(53,4507),(53,4564),(53,4621),(53,4678),(53,4735),(53,4792),(53,4849),(53,4906),(53,4963),(53,5020),(53,5077),(53,5134),(53,5191),(53,5248),(53,5305),(53,5362),(53,5419),(53,5476),(53,5533),(53,5590),(53,5647),(53,5704),(53,5761),(53,5818),(53,5875),(53,5932),(53,5989),(53,6046),(56,12),(56,76),(56,140),(56,202),(56,264),(56,326),(56,388),(56,450),(56,512),(56,574),(56,636),(56,692),(56,760),(56,822),(56,884),(56,946),(56,1008),(56,1070),(56,1132),(56,1194),(56,1256),(56,1312),(56,1374),(56,1433),(56,1495),(56,1551),(56,1619),(56,1681),(56,1737),(56,1799),(56,1858),(56,1920),(56,1982),(56,2044),(56,2106),(56,2168),(56,2230),(56,2292),(56,2354),(56,2416),(56,2478),(56,2540),(56,2602),(56,2664),(56,2726),(56,2788),(56,2850),(56,2912),(56,2974),(56,3036),(56,3098),(56,3160),(56,3220),(56,3280),(56,3340),(56,3400),(56,3460),(56,3520),(56,3580),(56,3639),(56,3698),(56,3757),(56,3816),(56,3875),(56,3934),(56,3993),(56,4052),(56,4111),(56,4170),(56,4229),(56,4288),(56,4347),(56,4404),(56,4461),(56,4518),(56,4575),(56,4632),(56,4689),(56,4746),(56,4803),(56,4860),(56,4917),(56,4974),(56,5031),(56,5088),(56,5145),(56,5202),(56,5259),(56,5316),(56,5373),(56,5430),(56,5487),(56,5544),(56,5601),(56,5658),(56,5715),(56,5772),(56,5829),(56,5886),(56,5943),(56,6000),(56,6057),(60,18),(60,82),(60,146),(60,208),(60,270),(60,332),(60,394),(60,456),(60,518),(60,580),(60,642),(60,748),(60,766),(60,828),(60,890),(60,952),(60,1014),(60,1076),(60,1138),(60,1200),(60,1262),(60,1368),(60,1439),(60,1501),(60,1607),(60,1625),(60,1687),(60,1793),(60,1864),(60,1926),(60,1988),(60,2050),(60,2112),(60,2174),(60,2236),(60,2298),(60,2360),(60,2422),(60,2484),(60,2546),(60,2608),(60,2670),(60,2732),(60,2794),(60,2856),(60,2918),(60,2980),(60,3042),(60,3104),(60,3166),(60,3226),(60,3286),(60,3346),(60,3406),(60,3466),(60,3526),(60,3586),(60,3645),(60,3704),(60,3763),(60,3822),(60,3881),(60,3940),(60,3999),(60,4058),(60,4117),(60,4176),(60,4235),(60,4294),(60,4353),(60,4410),(60,4467),(60,4524),(60,4581),(60,4638),(60,4695),(60,4752),(60,4809),(60,4866),(60,4923),(60,4980),(60,5037),(60,5094),(60,5151),(60,5208),(60,5265),(60,5322),(60,5379),(60,5436),(60,5493),(60,5550),(60,5607),(60,5664),(60,5721),(60,5778),(60,5835),(60,5892),(60,5949),(60,6006),(60,6063),(66,11),(66,75),(66,139),(66,201),(66,263),(66,325),(66,387),(66,449),(66,511),(66,573),(66,635),(66,745),(66,759),(66,821),(66,883),(66,945),(66,1007),(66,1069),(66,1131),(66,1193),(66,1255),(66,1365),(66,1432),(66,1494),(66,1604),(66,1618),(66,1680),(66,1790),(66,1857),(66,1919),(66,1981),(66,2043),(66,2105),(66,2167),(66,2229),(66,2291),(66,2353),(66,2415),(66,2477),(66,2539),(66,2601),(66,2663),(66,2725),(66,2787),(66,2849),(66,2911),(66,2973),(66,3035),(66,3097),(66,3159),(66,3219),(66,3279),(66,3339),(66,3399),(66,3459),(66,3519),(66,3579),(66,3638),(66,3697),(66,3756),(66,3815),(66,3874),(66,3933),(66,3992),(66,4051),(66,4110),(66,4169),(66,4228),(66,4287),(66,4346),(66,4403),(66,4460),(66,4517),(66,4574),(66,4631),(66,4688),(66,4745),(66,4802),(66,4859),(66,4916),(66,4973),(66,5030),(66,5087),(66,5144),(66,5201),(66,5258),(66,5315),(66,5372),(66,5429),(66,5486),(66,5543),(66,5600),(66,5657),(66,5714),(66,5771),(66,5828),(66,5885),(66,5942),(66,5999),(66,6056),(71,6),(71,9),(71,70),(71,73),(71,134),(71,137),(71,196),(71,199),(71,258),(71,261),(71,320),(71,323),(71,382),(71,385),(71,444),(71,447),(71,506),(71,509),(71,568),(71,571),(71,630),(71,633),(71,690),(71,743),(71,754),(71,757),(71,816),(71,819),(71,878),(71,881),(71,940),(71,943),(71,1002),(71,1005),(71,1064),(71,1067),(71,1126),(71,1129),(71,1188),(71,1191),(71,1250),(71,1253),(71,1310),(71,1363),(71,1372),(71,1427),(71,1430),(71,1489),(71,1492),(71,1549),(71,1602),(71,1613),(71,1616),(71,1675),(71,1678),(71,1735),(71,1788),(71,1797),(71,1852),(71,1855),(71,1914),(71,1917),(71,1976),(71,1979),(71,2038),(71,2041),(71,2100),(71,2103),(71,2162),(71,2165),(71,2224),(71,2227),(71,2286),(71,2289),(71,2348),(71,2351),(71,2410),(71,2413),(71,2472),(71,2475),(71,2534),(71,2537),(71,2596),(71,2599),(71,2658),(71,2661),(71,2720),(71,2723),(71,2782),(71,2785),(71,2844),(71,2847),(71,2906),(71,2909),(71,2968),(71,2971),(71,3030),(71,3033),(71,3092),(71,3095),(71,3154),(71,3157),(71,3214),(71,3217),(71,3274),(71,3277),(71,3334),(71,3337),(71,3394),(71,3397),(71,3454),(71,3457),(71,3514),(71,3517),(71,3574),(71,3577),(71,3633),(71,3636),(71,3692),(71,3695),(71,3751),(71,3754),(71,3810),(71,3813),(71,3869),(71,3872),(71,3928),(71,3931),(71,3987),(71,3990),(71,4046),(71,4049),(71,4105),(71,4108),(71,4164),(71,4167),(71,4223),(71,4226),(71,4282),(71,4285),(71,4341),(71,4344),(71,4398),(71,4401),(71,4455),(71,4458),(71,4512),(71,4515),(71,4569),(71,4572),(71,4626),(71,4629),(71,4683),(71,4686),(71,4740),(71,4743),(71,4797),(71,4800),(71,4854),(71,4857),(71,4911),(71,4914),(71,4968),(71,4971),(71,5025),(71,5028),(71,5082),(71,5085),(71,5139),(71,5142),(71,5196),(71,5199),(71,5253),(71,5256),(71,5310),(71,5313),(71,5367),(71,5370),(71,5424),(71,5427),(71,5481),(71,5484),(71,5538),(71,5541),(71,5595),(71,5598),(71,5652),(71,5655),(71,5709),(71,5712),(71,5766),(71,5769),(71,5823),(71,5826),(71,5880),(71,5883),(71,5937),(71,5940),(71,5994),(71,5997),(71,6051),(71,6054),(71,6104),(71,6151),(71,6198),(71,6245),(71,6292),(71,6339),(71,6386),(71,6433),(71,6480),(71,6527),(71,6574),(71,6621),(71,6668),(71,6715),(71,6762),(71,6809),(71,6856),(71,6903),(71,6950),(71,6997),(71,7044),(71,7091),(71,7138),(71,7185),(71,7232),(71,7279),(71,7326),(71,7373),(71,7420),(71,7467),(71,7514),(71,7561),(71,7608),(71,7655),(71,7715),(71,7775),(71,7822),(71,7869),(71,7916),(71,7963),(71,8010),(71,8057),(71,8104),(71,8151),(71,8198),(71,8245),(71,8292),(71,8339),(71,8386),(71,8433),(71,8442),(71,8451),(71,8460),(71,8469),(78,13),(78,77),(78,141),(78,203),(78,265),(78,327),(78,389),(78,451),(78,513),(78,575),(78,637),(78,746),(78,761),(78,823),(78,885),(78,947),(78,1009),(78,1071),(78,1133),(78,1195),(78,1257),(78,1366),(78,1434),(78,1496),(78,1605),(78,1620),(78,1682),(78,1791),(78,1859),(78,1921),(78,1983),(78,2045),(78,2107),(78,2169),(78,2231),(78,2293),(78,2355),(78,2417),(78,2479),(78,2541),(78,2603),(78,2665),(78,2727),(78,2789),(78,2851),(78,2913),(78,2975),(78,3037),(78,3099),(78,3161),(78,3221),(78,3281),(78,3341),(78,3401),(78,3461),(78,3521),(78,3581),(78,3640),(78,3699),(78,3758),(78,3817),(78,3876),(78,3935),(78,3994),(78,4053),(78,4112),(78,4171),(78,4230),(78,4289),(78,4348),(78,4405),(78,4462),(78,4519),(78,4576),(78,4633),(78,4690),(78,4747),(78,4804),(78,4861),(78,4918),(78,4975),(78,5032),(78,5089),(78,5146),(78,5203),(78,5260),(78,5317),(78,5374),(78,5431),(78,5488),(78,5545),(78,5602),(78,5659),(78,5716),(78,5773),(78,5830),(78,5887),(78,5944),(78,6001),(78,6058),(83,5),(83,69),(83,133),(83,195),(83,257),(83,319),(83,381),(83,443),(83,505),(83,567),(83,629),(83,742),(83,753),(83,815),(83,877),(83,939),(83,1001),(83,1063),(83,1125),(83,1187),(83,1249),(83,1362),(83,1426),(83,1488),(83,1601),(83,1612),(83,1674),(83,1787),(83,1851),(83,1913),(83,1975),(83,2037),(83,2099),(83,2161),(83,2223),(83,2285),(83,2347),(83,2409),(83,2471),(83,2533),(83,2595),(83,2657),(83,2719),(83,2781),(83,2843),(83,2905),(83,2967),(83,3029),(83,3091),(83,3153),(83,3213),(83,3273),(83,3333),(83,3393),(83,3453),(83,3513),(83,3573),(83,3632),(83,3691),(83,3750),(83,3809),(83,3868),(83,3927),(83,3986),(83,4045),(83,4104),(83,4163),(83,4222),(83,4281),(83,4340),(83,4397),(83,4454),(83,4511),(83,4568),(83,4625),(83,4682),(83,4739),(83,4796),(83,4853),(83,4910),(83,4967),(83,5024),(83,5081),(83,5138),(83,5195),(83,5252),(83,5309),(83,5366),(83,5423),(83,5480),(83,5537),(83,5594),(83,5651),(83,5708),(83,5765),(83,5822),(83,5879),(83,5936),(83,5993),(83,6050),(87,6103),(87,6150),(87,6197),(87,6244),(87,6291),(87,6338),(87,6385),(87,6432),(87,6479),(87,6526),(87,6573),(87,6620),(87,6667),(87,6714),(87,6761),(87,6808),(87,6855),(87,6902),(87,6949),(87,6996),(87,7043),(87,7090),(87,7137),(87,7184),(87,7231),(87,7278),(87,7325),(87,7372),(87,7419),(87,7466),(87,7513),(87,7560),(87,7607),(87,7654),(87,7714),(87,7774),(87,7821),(87,7868),(87,7915),(87,7962),(87,8009),(87,8056),(87,8103),(87,8150),(87,8197),(87,8244),(87,8291),(87,8338),(87,8385),(87,8432),(87,8441),(87,8450),(87,8459),(87,8468),(89,7),(89,18),(89,71),(89,82),(89,135),(89,146),(89,197),(89,208),(89,259),(89,270),(89,321),(89,332),(89,383),(89,394),(89,445),(89,456),(89,507),(89,518),(89,569),(89,580),(89,631),(89,642),(89,744),(89,748),(89,755),(89,766),(89,817),(89,828),(89,879),(89,890),(89,941),(89,952),(89,1003),(89,1014),(89,1065),(89,1076),(89,1127),(89,1138),(89,1189),(89,1200),(89,1251),(89,1262),(89,1364),(89,1368),(89,1428),(89,1439),(89,1490),(89,1501),(89,1603),(89,1607),(89,1614),(89,1625),(89,1676),(89,1687),(89,1789),(89,1793),(89,1853),(89,1864),(89,1915),(89,1926),(89,1977),(89,1988),(89,2039),(89,2050),(89,2101),(89,2112),(89,2163),(89,2174),(89,2225),(89,2236),(89,2287),(89,2298),(89,2349),(89,2360),(89,2411),(89,2422),(89,2473),(89,2484),(89,2535),(89,2546),(89,2597),(89,2608),(89,2659),(89,2670),(89,2721),(89,2732),(89,2783),(89,2794),(89,2845),(89,2856),(89,2907),(89,2918),(89,2969),(89,2980),(89,3031),(89,3042),(89,3093),(89,3104),(89,3155),(89,3166),(89,3215),(89,3226),(89,3275),(89,3286),(89,3335),(89,3346),(89,3395),(89,3406),(89,3455),(89,3466),(89,3515),(89,3526),(89,3575),(89,3586),(89,3634),(89,3645),(89,3693),(89,3704),(89,3752),(89,3763),(89,3811),(89,3822),(89,3870),(89,3881),(89,3929),(89,3940),(89,3988),(89,3999),(89,4047),(89,4058),(89,4106),(89,4117),(89,4165),(89,4176),(89,4224),(89,4235),(89,4283),(89,4294),(89,4342),(89,4353),(89,4399),(89,4410),(89,4456),(89,4467),(89,4513),(89,4524),(89,4570),(89,4581),(89,4627),(89,4638),(89,4684),(89,4695),(89,4741),(89,4752),(89,4798),(89,4809),(89,4855),(89,4866),(89,4912),(89,4923),(89,4969),(89,4980),(89,5026),(89,5037),(89,5083),(89,5094),(89,5140),(89,5151),(89,5197),(89,5208),(89,5254),(89,5265),(89,5311),(89,5322),(89,5368),(89,5379),(89,5425),(89,5436),(89,5482),(89,5493),(89,5539),(89,5550),(89,5596),(89,5607),(89,5653),(89,5664),(89,5710),(89,5721),(89,5767),(89,5778),(89,5824),(89,5835),(89,5881),(89,5892),(89,5938),(89,5949),(89,5995),(89,6006),(89,6052),(89,6063),(91,8),(91,72),(91,136),(91,198),(91,260),(91,322),(91,384),(91,446),(91,508),(91,570),(91,632),(91,689),(91,756),(91,818),(91,880),(91,942),(91,1004),(91,1066),(91,1128),(91,1190),(91,1252),(91,1309),(91,1371),(91,1429),(91,1491),(91,1548),(91,1615),(91,1677),(91,1734),(91,1796),(91,1854),(91,1916),(91,1978),(91,2040),(91,2102),(91,2164),(91,2226),(91,2288),(91,2350),(91,2412),(91,2474),(91,2536),(91,2598),(91,2660),(91,2722),(91,2784),(91,2846),(91,2908),(91,2970),(91,3032),(91,3094),(91,3156),(91,3216),(91,3276),(91,3336),(91,3396),(91,3456),(91,3516),(91,3576),(91,3635),(91,3694),(91,3753),(91,3812),(91,3871),(91,3930),(91,3989),(91,4048),(91,4107),(91,4166),(91,4225),(91,4284),(91,4343),(91,4400),(91,4457),(91,4514),(91,4571),(91,4628),(91,4685),(91,4742),(91,4799),(91,4856),(91,4913),(91,4970),(91,5027),(91,5084),(91,5141),(91,5198),(91,5255),(91,5312),(91,5369),(91,5426),(91,5483),(91,5540),(91,5597),(91,5654),(91,5711),(91,5768),(91,5825),(91,5882),(91,5939),(91,5996),(91,6053),(99,5),(99,69),(99,133),(99,195),(99,257),(99,319),(99,381),(99,443),(99,505),(99,567),(99,629),(99,742),(99,753),(99,815),(99,877),(99,939),(99,1001),(99,1063),(99,1125),(99,1187),(99,1249),(99,1362),(99,1426),(99,1488),(99,1601),(99,1612),(99,1674),(99,1787),(99,1851),(99,1913),(99,1975),(99,2037),(99,2099),(99,2161),(99,2223),(99,2285),(99,2347),(99,2409),(99,2471),(99,2533),(99,2595),(99,2657),(99,2719),(99,2781),(99,2843),(99,2905),(99,2967),(99,3029),(99,3091),(99,3153),(99,3213),(99,3273),(99,3333),(99,3393),(99,3453),(99,3513),(99,3573),(99,3632),(99,3691),(99,3750),(99,3809),(99,3868),(99,3927),(99,3986),(99,4045),(99,4104),(99,4163),(99,4222),(99,4281),(99,4340),(99,4397),(99,4454),(99,4511),(99,4568),(99,4625),(99,4682),(99,4739),(99,4796),(99,4853),(99,4910),(99,4967),(99,5024),(99,5081),(99,5138),(99,5195),(99,5252),(99,5309),(99,5366),(99,5423),(99,5480),(99,5537),(99,5594),(99,5651),(99,5708),(99,5765),(99,5822),(99,5879),(99,5936),(99,5993),(99,6050),(100,6110),(100,6157),(100,6204),(100,6251),(100,6298),(100,6345),(100,6392),(100,6439),(100,6486),(100,6533),(100,6580),(100,6627),(100,6674),(100,6721),(100,6768),(100,6815),(100,6862),(100,6909),(100,6956),(100,7003),(100,7050),(100,7097),(100,7144),(100,7191),(100,7238),(100,7285),(100,7332),(100,7379),(100,7426),(100,7473),(100,7520),(100,7567),(100,7614),(100,7661),(100,7721),(100,7781),(100,7828),(100,7875),(100,7922),(100,7969),(100,8016),(100,8063),(100,8110),(100,8157),(100,8204),(100,8251),(100,8298),(100,8345),(100,8392),(100,8439),(100,8448),(100,8457),(100,8466),(100,8475),(107,5),(107,6),(107,69),(107,70),(107,133),(107,134),(107,195),(107,196),(107,257),(107,258),(107,319),(107,320),(107,381),(107,382),(107,443),(107,444),(107,505),(107,506),(107,567),(107,568),(107,629),(107,630),(107,742),(107,743),(107,753),(107,754),(107,815),(107,816),(107,877),(107,878),(107,939),(107,940),(107,1001),(107,1002),(107,1063),(107,1064),(107,1125),(107,1126),(107,1187),(107,1188),(107,1249),(107,1250),(107,1362),(107,1363),(107,1426),(107,1427),(107,1488),(107,1489),(107,1601),(107,1602),(107,1612),(107,1613),(107,1674),(107,1675),(107,1787),(107,1788),(107,1851),(107,1852),(107,1913),(107,1914),(107,1975),(107,1976),(107,2037),(107,2038),(107,2099),(107,2100),(107,2161),(107,2162),(107,2223),(107,2224),(107,2285),(107,2286),(107,2347),(107,2348),(107,2409),(107,2410),(107,2471),(107,2472),(107,2533),(107,2534),(107,2595),(107,2596),(107,2657),(107,2658),(107,2719),(107,2720),(107,2781),(107,2782),(107,2843),(107,2844),(107,2905),(107,2906),(107,2967),(107,2968),(107,3029),(107,3030),(107,3091),(107,3092),(107,3153),(107,3154),(107,3213),(107,3214),(107,3273),(107,3274),(107,3333),(107,3334),(107,3393),(107,3394),(107,3453),(107,3454),(107,3513),(107,3514),(107,3573),(107,3574),(107,3632),(107,3633),(107,3691),(107,3692),(107,3750),(107,3751),(107,3809),(107,3810),(107,3868),(107,3869),(107,3927),(107,3928),(107,3986),(107,3987),(107,4045),(107,4046),(107,4104),(107,4105),(107,4163),(107,4164),(107,4222),(107,4223),(107,4281),(107,4282),(107,4340),(107,4341),(107,4397),(107,4398),(107,4454),(107,4455),(107,4511),(107,4512),(107,4568),(107,4569),(107,4625),(107,4626),(107,4682),(107,4683),(107,4739),(107,4740),(107,4796),(107,4797),(107,4853),(107,4854),(107,4910),(107,4911),(107,4967),(107,4968),(107,5024),(107,5025),(107,5081),(107,5082),(107,5138),(107,5139),(107,5195),(107,5196),(107,5252),(107,5253),(107,5309),(107,5310),(107,5366),(107,5367),(107,5423),(107,5424),(107,5480),(107,5481),(107,5537),(107,5538),(107,5594),(107,5595),(107,5651),(107,5652),(107,5708),(107,5709),(107,5765),(107,5766),(107,5822),(107,5823),(107,5879),(107,5880),(107,5936),(107,5937),(107,5993),(107,5994),(107,6050),(107,6051),(119,204),(119,266),(119,328),(119,390),(119,452),(119,514),(119,576),(119,638),(119,693),(119,762),(119,824),(119,886),(119,948),(119,1010),(119,1072),(119,1134),(119,1196),(119,1258),(119,1313),(119,1375),(119,1435),(119,1497),(119,1552),(119,1621),(119,1683),(119,1738),(119,1800),(119,1860),(119,1922),(119,1984),(119,2046),(119,2108),(119,2170),(119,2232),(119,2294),(119,2356),(119,2418),(119,2480),(119,2542),(119,2604),(119,2666),(119,2728),(119,2790),(119,2852),(119,2914),(119,2976),(119,3038),(119,3100),(119,3162),(119,3222),(119,3282),(119,3342),(119,3402),(119,3462),(119,3522),(119,3582),(119,3641),(119,3700),(119,3759),(119,3818),(119,3877),(119,3936),(119,3995),(119,4054),(119,4113),(119,4172),(119,4231),(119,4290),(119,4349),(119,4406),(119,4463),(119,4520),(119,4577),(119,4634),(119,4691),(119,4748),(119,4805),(119,4862),(119,4919),(119,4976),(119,5033),(119,5090),(119,5147),(119,5204),(119,5261),(119,5318),(119,5375),(119,5432),(119,5489),(119,5546),(119,5603),(119,5660),(119,5717),(119,5774),(119,5831),(119,5888),(119,5945),(119,6002),(119,6059),(119,6106),(119,6153),(119,6200),(119,6247),(119,6294),(119,6341),(119,6388),(119,6435),(119,6482),(119,6529),(119,6576),(119,6623),(119,6670),(119,6717),(119,6764),(119,6811),(119,6858),(119,6905),(119,6952),(119,6999),(119,7046),(119,7093),(119,7140),(119,7187),(119,7234),(119,7281),(119,7328),(119,7375),(119,7422),(119,7469),(119,7516),(119,7563),(119,7610),(119,7657),(119,7717),(119,7777),(119,7824),(119,7871),(119,7918),(119,7965),(119,8012),(119,8059),(119,8106),(119,8153),(119,8200),(119,8247),(119,8294),(119,8341),(119,8388),(119,8435),(119,8444),(119,8453),(119,8462),(119,8471);

--
-- Table structure for table `pre3303_tab_lang`
--

CREATE TABLE `pre3303_tab_lang` (
  `id_tab` int(11) NOT NULL,
  `id_lang` int(11) NOT NULL,
  `name` varchar(128) COLLATE utf8_unicode_ci NOT NULL,
  PRIMARY KEY (`id_tab`,`id_lang`),
  KEY `IDX_A0D19EAEED47AB56` (`id_tab`)
) ENGINE=InnoDB DEFAULT CHARSET=utf8 COLLATE=utf8_unicode_ci;

--
-- Dumping data for table `pre3303_tab_lang`
--

INSERT INTO `pre3303_tab_lang` VALUES (1,1,'Tableau de Bord'),(1,2,'Tableau de Bord'),(2,1,'Vendre'),(2,2,'Sell'),(3,1,'Commandes'),(3,2,'Order Settings'),(4,1,'Commandes'),(4,2,'Order Settings'),(5,1,'Factures'),(5,2,'Invoices'),(6,1,'Avoirs'),(6,2,'Credit Slips'),(7,1,'Bons de livraison'),(7,2,'Delivery Slips'),(8,1,'Paniers'),(8,2,'Shopping Carts'),(9,1,'Catalogue'),(9,2,'Catalog'),(10,1,'Produits'),(10,2,'Product Settings'),(11,1,'Catégories'),(11,2,'Categories'),(12,1,'Suivi'),(12,2,'Monitoring'),(13,1,'Attributs & caractéristiques'),(13,2,'Attributes & Features'),(14,1,'Attributs'),(14,2,'Attributes'),(15,1,'Caractéristiques'),(15,2,'Features'),(16,1,'Marques et fournisseurs'),(16,2,'Brands & Suppliers'),(17,1,'Marques'),(17,2,'Brands'),(18,1,'Fournisseurs'),(18,2,'Suppliers'),(19,1,'Documents joints'),(19,2,'Documents joints'),(20,1,'Promotions'),(20,2,'Promotions'),(21,1,'Règles paniers'),(21,2,'Règles paniers'),(22,1,'Règles de prix catalogue'),(22,2,'Catalog Price Rules'),(23,1,'Clients'),(23,2,'Customer Settings'),(24,1,'Clients'),(24,2,'Customer Settings'),(25,1,'Adresses'),(25,2,'Addresses'),(26,1,'Encours'),(26,2,'Encours'),(27,1,'Service client'),(27,2,'Service client'),(28,1,'Service client'),(28,2,'Service client'),(29,1,'Messages prédéfinis'),(29,2,'Order Messages'),(30,1,'Retours produits'),(30,2,'Merchandise Returns'),(31,1,'Statistiques'),(31,2,'Stats'),(33,1,'Entrepôts'),(33,2,'Warehouses'),(34,1,'Gestion du stock'),(34,2,'Stock Management'),(35,1,'Gestion du stock'),(35,2,'Stock Management'),(36,1,'Mouvements de stock'),(36,2,'Stock Movement'),(37,1,'Etat instantané du stock'),(37,2,'Etat instantané du stock'),(38,1,'Couverture du stock'),(38,2,'Stock Coverage'),(39,1,'Commandes fournisseurs'),(39,2,'Supply orders'),(40,1,'Paramètres'),(40,2,'Configuration'),(41,1,'Personnaliser'),(41,2,'Improve'),(42,1,'Modules'),(42,2,'Modules'),(43,1,'Modules et services'),(43,2,'Modules & Services'),(45,1,'Catalogue de modules'),(45,2,'Modules Catalog'),(46,1,'Apparence'),(46,2,'Design'),(47,1,'Thème et logo'),(47,2,'Theme & Logo'),(48,1,'Catalogue de thèmes'),(48,2,'Theme Catalog'),(49,1,'Pages CMS'),(49,2,'Pages'),(50,1,'Positions'),(50,2,'Positions'),(51,1,'Images'),(51,2,'Image Settings'),(52,1,'Transport'),(52,2,'Transport'),(53,1,'Transporteurs'),(53,2,'Carriers'),(54,1,'Préférences'),(54,2,'Preferences'),(55,1,'Paiement'),(55,2,'Payment'),(56,1,'Modes de paiement'),(56,2,'Payment Methods'),(57,1,'Préférences'),(57,2,'Preferences'),(58,1,'International'),(58,2,'International'),(59,1,'Localisation'),(59,2,'Localization'),(60,1,'Localisation'),(60,2,'Localization'),(61,1,'Langues'),(61,2,'Languages'),(62,1,'Devises'),(62,2,'Currencies'),(63,1,'Géolocalisation'),(63,2,'Geolocation'),(64,1,'Zones géographiques'),(64,2,'Locations'),(65,1,'Pays'),(65,2,'Countries'),(66,1,'Zones'),(66,2,'Zones'),(67,1,'États'),(67,2,'States'),(68,1,'Taxes'),(68,2,'Taxes'),(69,1,'Taxes'),(69,2,'Taxes'),(70,1,'Règles de taxes'),(70,2,'Tax Rules'),(71,1,'Traductions'),(71,2,'Translations'),(72,1,'Configurer'),(72,2,'Configure'),(73,1,'Paramètres de la boutique'),(73,2,'Shop Parameters'),(74,1,'Général'),(74,2,'Général'),(75,1,'Général'),(75,2,'Général'),(76,1,'Maintenance'),(76,2,'Maintenance'),(77,1,'Commandes'),(77,2,'Order Settings'),(78,1,'Commandes'),(78,2,'Order Settings'),(79,1,'États'),(79,2,'States'),(80,1,'Produits'),(80,2,'Product Settings'),(81,1,'Clients'),(81,2,'Customer Settings'),(82,1,'Clients'),(82,2,'Customer Settings'),(83,1,'Groupes'),(83,2,'Groups'),(84,1,'Titres de civilité'),(84,2,'Titles'),(85,1,'Contact'),(85,2,'Contact'),(86,1,'Contacts'),(86,2,'Contacts'),(87,1,'Coordonnées & magasins'),(87,2,'Coordonnées & magasins'),(88,1,'Trafic et SEO'),(88,2,'Traffic & SEO'),(89,1,'SEO & URL'),(89,2,'SEO & URLs'),(90,1,'Moteurs de recherche'),(90,2,'Search Engines'),(91,1,'Affiliation'),(91,2,'Affiliation'),(92,1,'Recherche'),(92,2,'Recherche'),(93,1,'Recherche'),(93,2,'Recherche'),(94,1,'Mots-clés'),(94,2,'Tags'),(95,1,'Paramètres avancés'),(95,2,'Advanced Parameters'),(96,1,'Informations'),(96,2,'Information'),(97,1,'Performances'),(97,2,'Performance'),(98,1,'Administration'),(98,2,'Administration'),(99,1,'Emails'),(99,2,'Emails'),(100,1,'Importer'),(100,2,'Import'),(101,1,'Équipe'),(101,2,'Team'),(102,1,'Employés'),(102,2,'Employees'),(103,1,'Profils'),(103,2,'Profiles'),(104,1,'Autorisations'),(104,2,'Autorisations'),(105,1,'Base de données'),(105,2,'Database'),(106,1,'Gestionnaire SQL'),(106,2,'SQL Manager'),(107,1,'Sauvegarde BDD'),(107,2,'DB Backup'),(108,1,'Log'),(108,2,'Log'),(109,1,'Service web'),(109,2,'Service web'),(110,1,'Multiboutique'),(110,2,'Multistore'),(111,1,'Multiboutique'),(111,2,'Multistore'),(112,1,'Accès rapide'),(112,2,'Quick Access'),(113,1,'Autres'),(113,2,'Autres'),(115,1,'Dashgoals'),(115,2,'Dashgoals'),(116,1,'Link Widget'),(116,2,'Link Widget'),(117,1,'Merchant Expertise'),(117,2,'Merchant Expertise'),(118,1,'Cron Jobs'),(118,2,'Cron Jobs'),(119,1,'1-Click Upgrade'),(119,2,'1-Click Upgrade'),(120,1,'Stock'),(120,2,'Stock'),(151,1,'SendCloud'),(151,2,'SendCloud'),(152,1,'SEO (Search Engine Optimization)'),(152,2,'SEO (Search Engine Optimization)'),(153,1,'SEO (Search Engine Optimization)'),(153,2,'SEO (Search Engine Optimization)'),(158,1,'Ap PageBuilder'),(158,2,'Ap PageBuilder'),(159,1,'Ap Profiles Manage'),(159,2,'Ap Profiles Manage'),(160,1,'Ap Positions Manage'),(160,2,'Ap Positions Manage'),(161,1,'Ap ShortCode Manage'),(161,2,'Ap ShortCode Manage'),(162,1,'Ap Hook Builder'),(162,2,'Ap Hook Builder'),(163,1,'Ap Products List Builder'),(163,2,'Ap Products List Builder'),(164,1,'Ap Products Details Builder'),(164,2,'Ap Products Details Builder'),(165,1,'Ap Hook Control Panel'),(165,2,'Ap Hook Control Panel'),(166,1,'Ap Live Theme Editor'),(166,2,'Ap Live Theme Editor'),(167,1,'Ap Module Configuration'),(167,2,'Ap Module Configuration'),(168,1,'Ap Theme Configuration'),(168,2,'Ap Theme Configuration'),(169,1,'Ap Image Manage'),(169,2,'Ap Image Manage'),(170,1,'Ap Shortcodes Builder'),(170,2,'Ap Shortcodes Builder'),(171,1,'Leo Blog Gestion'),(171,2,'Leo Blog Gestion'),(172,1,'Blog Dashboard'),(172,2,'Blog Dashboard'),(173,1,'Categories Management'),(173,2,'Categories Management'),(174,1,'Blogs Management'),(174,2,'Blogs Management'),(175,1,'Comment Management'),(175,2,'Comment Management'),(176,1,'Leo Blog Configuration'),(176,2,'Leo Blog Configuration'),(177,1,'Leo Megamenu Configuration'),(177,2,'Leo Megamenu Configuration'),(178,1,'Leo Widgets'),(178,2,'Leo Widgets'),(179,1,'LeoSlideShow'),(179,2,'LeoSlideShow'),(180,1,'Leo Slideshow Configuration'),(180,2,'Leo Slideshow Configuration'),(181,1,'Leo Management Feature'),(181,2,'Leo Management Feature'),(182,1,'Leo Feature Configuration'),(182,2,'Leo Feature Configuration'),(183,1,'Product Review Management'),(183,2,'Product Review Management'),(184,1,'psgdpr'),(184,2,'psgdpr'),(185,1,'psgdpr'),(185,2,'psgdpr'),(186,1,'Modules installés'),(186,2,'Installed modules'),(187,1,'Selection'),(187,2,'Selection'),(188,1,'Notifications'),(188,2,'Notifications'),(189,1,'GTM Orders'),(189,2,'GTM Orders'),(190,1,'Google Analytics Ajax'),(190,2,'Google Analytics Ajax');

--
-- Table structure for table `pre3303_tab_module_preference`
--

CREATE TABLE `pre3303_tab_module_preference` (
  `id_tab_module_preference` int(11) NOT NULL AUTO_INCREMENT,
  `id_employee` int(11) NOT NULL,
  `id_tab` int(11) NOT NULL,
  `module` varchar(255) NOT NULL,
  PRIMARY KEY (`id_tab_module_preference`),
  UNIQUE KEY `employee_module` (`id_employee`,`id_tab`,`module`)
) ENGINE=InnoDB DEFAULT CHARSET=utf8;

--
-- Dumping data for table `pre3303_tab_module_preference`
--


--
-- Table structure for table `pre3303_tag`
--

CREATE TABLE `pre3303_tag` (
  `id_tag` int(10) unsigned NOT NULL AUTO_INCREMENT,
  `id_lang` int(10) unsigned NOT NULL,
  `name` varchar(32) NOT NULL,
  PRIMARY KEY (`id_tag`),
  KEY `tag_name` (`name`),
  KEY `id_lang` (`id_lang`)
) ENGINE=InnoDB DEFAULT CHARSET=utf8;

--
-- Dumping data for table `pre3303_tag`
--


--
-- Table structure for table `pre3303_tag_count`
--

CREATE TABLE `pre3303_tag_count` (
  `id_group` int(10) unsigned NOT NULL DEFAULT '0',
  `id_tag` int(10) unsigned NOT NULL DEFAULT '0',
  `id_lang` int(10) unsigned NOT NULL DEFAULT '0',
  `id_shop` int(11) unsigned NOT NULL DEFAULT '0',
  `counter` int(10) unsigned NOT NULL DEFAULT '0',
  PRIMARY KEY (`id_group`,`id_tag`),
  KEY `id_group` (`id_group`,`id_lang`,`id_shop`,`counter`)
) ENGINE=InnoDB DEFAULT CHARSET=utf8;

--
-- Dumping data for table `pre3303_tag_count`
--


--
-- Table structure for table `pre3303_tax`
--

CREATE TABLE `pre3303_tax` (
  `id_tax` int(10) unsigned NOT NULL AUTO_INCREMENT,
  `rate` decimal(10,3) NOT NULL,
  `active` tinyint(1) unsigned NOT NULL DEFAULT '1',
  `deleted` tinyint(1) unsigned NOT NULL DEFAULT '0',
  PRIMARY KEY (`id_tax`)
) ENGINE=InnoDB AUTO_INCREMENT=33 DEFAULT CHARSET=utf8;

--
-- Dumping data for table `pre3303_tax`
--

INSERT INTO `pre3303_tax` VALUES (1,20.000,1,0),(2,10.000,1,0),(3,5.500,1,0),(4,2.100,1,0),(5,20.000,1,0),(6,21.000,1,0),(7,20.000,1,0),(8,19.000,1,0),(9,21.000,1,0),(10,19.000,1,0),(11,25.000,1,0),(12,20.000,1,0),(13,21.000,1,0),(14,24.000,1,0),(15,20.000,1,0),(16,23.000,1,0),(17,25.000,1,0),(18,27.000,1,0),(19,23.000,1,0),(20,22.000,1,0),(21,21.000,1,0),(22,17.000,1,0),(23,21.000,1,0),(24,18.000,1,0),(25,21.000,1,0),(26,23.000,1,0),(27,23.000,1,0),(28,20.000,1,0),(29,25.000,1,0),(30,22.000,1,0),(31,20.000,1,0),(32,0.000,1,0);

--
-- Table structure for table `pre3303_tax_lang`
--

CREATE TABLE `pre3303_tax_lang` (
  `id_tax` int(10) unsigned NOT NULL,
  `id_lang` int(10) unsigned NOT NULL,
  `name` varchar(32) NOT NULL,
  PRIMARY KEY (`id_tax`,`id_lang`)
) ENGINE=InnoDB DEFAULT CHARSET=utf8;

--
-- Dumping data for table `pre3303_tax_lang`
--

INSERT INTO `pre3303_tax_lang` VALUES (1,1,'TVA FR 20%'),(1,2,'TVA FR 20%'),(2,1,'TVA FR 10%'),(2,2,'TVA FR 10%'),(3,1,'TVA FR 5.5%'),(3,2,'TVA FR 5.5%'),(4,1,'TVA FR 2.1%'),(4,2,'TVA FR 2.1%'),(5,1,'USt. AT 20%'),(5,2,'USt. AT 20%'),(6,1,'TVA BE 21%'),(6,2,'TVA BE 21%'),(7,1,'ДДС BG 20%'),(7,2,'ДДС BG 20%'),(8,1,'ΦΠΑ CY 19%'),(8,2,'ΦΠΑ CY 19%'),(9,1,'DPH CZ 21%'),(9,2,'DPH CZ 21%'),(10,1,'MwSt. DE 19%'),(10,2,'MwSt. DE 19%'),(11,1,'moms DK 25%'),(11,2,'moms DK 25%'),(12,1,'km EE 20%'),(12,2,'km EE 20%'),(13,1,'IVA ES 21%'),(13,2,'IVA ES 21%'),(14,1,'ALV FI 24%'),(14,2,'ALV FI 24%'),(15,1,'VAT UK 20%'),(15,2,'VAT UK 20%'),(16,1,'ΦΠΑ GR 23%'),(16,2,'ΦΠΑ GR 23%'),(17,1,'Croatia PDV 25%'),(17,2,'Croatia PDV 25%'),(18,1,'ÁFA HU 27%'),(18,2,'ÁFA HU 27%'),(19,1,'VAT IE 23%'),(19,2,'VAT IE 23%'),(20,1,'IVA IT 22%'),(20,2,'IVA IT 22%'),(21,1,'PVM LT 21%'),(21,2,'PVM LT 21%'),(22,1,'TVA LU 17%'),(22,2,'TVA LU 17%'),(23,1,'PVN LV 21%'),(23,2,'PVN LV 21%'),(24,1,'VAT MT 18%'),(24,2,'VAT MT 18%'),(25,1,'BTW NL 21%'),(25,2,'BTW NL 21%'),(26,1,'PTU PL 23%'),(26,2,'PTU PL 23%'),(27,1,'IVA PT 23%'),(27,2,'IVA PT 23%'),(28,1,'TVA RO 20%'),(28,2,'TVA RO 20%'),(29,1,'Moms SE 25%'),(29,2,'Moms SE 25%'),(30,1,'DDV SI 22%'),(30,2,'DDV SI 22%'),(31,1,'DPH SK 20%'),(31,2,'DPH SK 20%'),(32,1,'TVA FR Marge'),(32,2,'TVA FR Marge');

--
-- Table structure for table `pre3303_tax_rule`
--

CREATE TABLE `pre3303_tax_rule` (
  `id_tax_rule` int(11) NOT NULL AUTO_INCREMENT,
  `id_tax_rules_group` int(11) NOT NULL,
  `id_country` int(11) NOT NULL,
  `id_state` int(11) NOT NULL,
  `zipcode_from` varchar(12) NOT NULL,
  `zipcode_to` varchar(12) NOT NULL,
  `id_tax` int(11) NOT NULL,
  `behavior` int(11) NOT NULL,
  `description` varchar(100) NOT NULL,
  PRIMARY KEY (`id_tax_rule`),
  KEY `id_tax_rules_group` (`id_tax_rules_group`),
  KEY `id_tax` (`id_tax`),
  KEY `category_getproducts` (`id_tax_rules_group`,`id_country`,`id_state`,`zipcode_from`)
) ENGINE=InnoDB AUTO_INCREMENT=441 DEFAULT CHARSET=utf8;

--
-- Dumping data for table `pre3303_tax_rule`
--

INSERT INTO `pre3303_tax_rule` VALUES (1,1,3,0,'0','0',1,0,''),(2,1,236,0,'0','0',1,0,''),(3,1,16,0,'0','0',1,0,''),(4,1,20,0,'0','0',1,0,''),(5,1,1,0,'0','0',1,0,''),(6,1,86,0,'0','0',1,0,''),(7,1,9,0,'0','0',1,0,''),(8,1,6,0,'0','0',1,0,''),(9,1,8,0,'0','0',1,0,''),(10,1,26,0,'0','0',1,0,''),(11,1,10,0,'0','0',1,0,''),(12,1,76,0,'0','0',1,0,''),(13,1,125,0,'0','0',1,0,''),(14,1,131,0,'0','0',1,0,''),(15,1,12,0,'0','0',1,0,''),(16,1,143,0,'0','0',1,0,''),(17,1,139,0,'0','0',1,0,''),(18,1,13,0,'0','0',1,0,''),(19,1,2,0,'0','0',1,0,''),(20,1,14,0,'0','0',1,0,''),(21,1,15,0,'0','0',1,0,''),(22,1,36,0,'0','0',1,0,''),(23,1,193,0,'0','0',1,0,''),(24,1,37,0,'0','0',1,0,''),(25,1,7,0,'0','0',1,0,''),(26,1,18,0,'0','0',1,0,''),(27,2,3,0,'0','0',2,0,''),(28,2,236,0,'0','0',2,0,''),(29,2,16,0,'0','0',2,0,''),(30,2,20,0,'0','0',2,0,''),(31,2,1,0,'0','0',2,0,''),(32,2,86,0,'0','0',2,0,''),(33,2,9,0,'0','0',2,0,''),(34,2,6,0,'0','0',2,0,''),(35,2,8,0,'0','0',2,0,''),(36,2,26,0,'0','0',2,0,''),(37,2,10,0,'0','0',2,0,''),(38,2,76,0,'0','0',2,0,''),(39,2,125,0,'0','0',2,0,''),(40,2,131,0,'0','0',2,0,''),(41,2,12,0,'0','0',2,0,''),(42,2,143,0,'0','0',2,0,''),(43,2,139,0,'0','0',2,0,''),(44,2,13,0,'0','0',2,0,''),(45,2,2,0,'0','0',2,0,''),(46,2,14,0,'0','0',2,0,''),(47,2,15,0,'0','0',2,0,''),(48,2,36,0,'0','0',2,0,''),(49,2,193,0,'0','0',2,0,''),(50,2,37,0,'0','0',2,0,''),(51,2,7,0,'0','0',2,0,''),(52,2,18,0,'0','0',2,0,''),(53,3,3,0,'0','0',3,0,''),(54,3,236,0,'0','0',3,0,''),(55,3,16,0,'0','0',3,0,''),(56,3,20,0,'0','0',3,0,''),(57,3,1,0,'0','0',3,0,''),(58,3,86,0,'0','0',3,0,''),(59,3,9,0,'0','0',3,0,''),(60,3,6,0,'0','0',3,0,''),(61,3,8,0,'0','0',3,0,''),(62,3,26,0,'0','0',3,0,''),(63,3,10,0,'0','0',3,0,''),(64,3,76,0,'0','0',3,0,''),(65,3,125,0,'0','0',3,0,''),(66,3,131,0,'0','0',3,0,''),(67,3,12,0,'0','0',3,0,''),(68,3,143,0,'0','0',3,0,''),(69,3,139,0,'0','0',3,0,''),(70,3,13,0,'0','0',3,0,''),(71,3,2,0,'0','0',3,0,''),(72,3,14,0,'0','0',3,0,''),(73,3,15,0,'0','0',3,0,''),(74,3,36,0,'0','0',3,0,''),(75,3,193,0,'0','0',3,0,''),(76,3,37,0,'0','0',3,0,''),(77,3,7,0,'0','0',3,0,''),(78,3,18,0,'0','0',3,0,''),(79,4,3,0,'0','0',4,0,''),(80,4,236,0,'0','0',4,0,''),(81,4,16,0,'0','0',4,0,''),(82,4,20,0,'0','0',4,0,''),(83,4,1,0,'0','0',4,0,''),(84,4,86,0,'0','0',4,0,''),(85,4,9,0,'0','0',4,0,''),(86,4,6,0,'0','0',4,0,''),(87,4,8,0,'0','0',4,0,''),(88,4,26,0,'0','0',4,0,''),(89,4,10,0,'0','0',4,0,''),(90,4,76,0,'0','0',4,0,''),(91,4,125,0,'0','0',4,0,''),(92,4,131,0,'0','0',4,0,''),(93,4,12,0,'0','0',4,0,''),(94,4,143,0,'0','0',4,0,''),(95,4,139,0,'0','0',4,0,''),(96,4,13,0,'0','0',4,0,''),(97,4,2,0,'0','0',4,0,''),(98,4,14,0,'0','0',4,0,''),(99,4,15,0,'0','0',4,0,''),(100,4,36,0,'0','0',4,0,''),(101,4,193,0,'0','0',4,0,''),(102,4,37,0,'0','0',4,0,''),(103,4,7,0,'0','0',4,0,''),(104,4,18,0,'0','0',4,0,''),(105,5,8,0,'0','0',1,0,''),(106,5,2,0,'0','0',5,0,''),(107,5,3,0,'0','0',6,0,''),(108,5,236,0,'0','0',7,0,''),(109,5,76,0,'0','0',8,0,''),(110,5,16,0,'0','0',9,0,''),(111,5,1,0,'0','0',10,0,''),(112,5,20,0,'0','0',11,0,''),(113,5,86,0,'0','0',12,0,''),(114,5,6,0,'0','0',13,0,''),(115,5,7,0,'0','0',14,0,''),(116,5,17,0,'0','0',15,0,''),(117,5,9,0,'0','0',16,0,''),(118,5,74,0,'0','0',17,0,''),(119,5,143,0,'0','0',18,0,''),(120,5,26,0,'0','0',19,0,''),(121,5,10,0,'0','0',20,0,''),(122,5,131,0,'0','0',21,0,''),(123,5,12,0,'0','0',22,0,''),(124,5,125,0,'0','0',23,0,''),(125,5,139,0,'0','0',24,0,''),(126,5,13,0,'0','0',25,0,''),(127,5,14,0,'0','0',26,0,''),(128,5,15,0,'0','0',27,0,''),(129,5,36,0,'0','0',28,0,''),(130,5,18,0,'0','0',29,0,''),(131,5,193,0,'0','0',30,0,''),(132,5,37,0,'0','0',31,0,''),(133,6,231,0,'0','0',32,0,''),(134,6,30,0,'0','0',32,0,''),(135,6,230,0,'0','0',32,0,''),(136,6,38,0,'0','0',32,0,''),(137,6,1,0,'0','0',32,0,''),(138,6,40,0,'0','0',32,0,''),(139,6,41,0,'0','0',32,0,''),(140,6,42,0,'0','0',32,0,''),(141,6,232,0,'0','0',32,0,''),(142,6,43,0,'0','0',32,0,''),(143,6,157,0,'0','0',32,0,''),(144,6,188,0,'0','0',32,0,''),(145,6,44,0,'0','0',32,0,''),(146,6,45,0,'0','0',32,0,''),(147,6,46,0,'0','0',32,0,''),(148,6,24,0,'0','0',32,0,''),(149,6,2,0,'0','0',32,0,''),(150,6,47,0,'0','0',32,0,''),(151,6,48,0,'0','0',32,0,''),(152,6,49,0,'0','0',32,0,''),(153,6,50,0,'0','0',32,0,''),(154,6,51,0,'0','0',32,0,''),(155,6,3,0,'0','0',32,0,''),(156,6,53,0,'0','0',32,0,''),(157,6,54,0,'0','0',32,0,''),(158,6,55,0,'0','0',32,0,''),(159,6,56,0,'0','0',32,0,''),(160,6,52,0,'0','0',32,0,''),(161,6,34,0,'0','0',32,0,''),(162,6,233,0,'0','0',32,0,''),(163,6,57,0,'0','0',32,0,''),(164,6,58,0,'0','0',32,0,''),(165,6,59,0,'0','0',32,0,''),(166,6,236,0,'0','0',32,0,''),(167,6,60,0,'0','0',32,0,''),(168,6,62,0,'0','0',32,0,''),(169,6,63,0,'0','0',32,0,''),(170,6,64,0,'0','0',32,0,''),(171,6,4,0,'0','0',32,0,''),(172,6,65,0,'0','0',32,0,''),(173,6,68,0,'0','0',32,0,''),(174,6,5,0,'0','0',32,0,''),(175,6,76,0,'0','0',32,0,''),(176,6,69,0,'0','0',32,0,''),(177,6,70,0,'0','0',32,0,''),(178,6,72,0,'0','0',32,0,''),(179,6,71,0,'0','0',32,0,''),(180,6,121,0,'0','0',32,0,''),(181,6,28,0,'0','0',32,0,''),(182,6,73,0,'0','0',32,0,''),(183,6,32,0,'0','0',32,0,''),(184,6,74,0,'0','0',32,0,''),(185,6,75,0,'0','0',32,0,''),(186,6,20,0,'0','0',32,0,''),(187,6,77,0,'0','0',32,0,''),(188,6,78,0,'0','0',32,0,''),(189,6,82,0,'0','0',32,0,''),(190,6,83,0,'0','0',32,0,''),(191,6,217,0,'0','0',32,0,''),(192,6,81,0,'0','0',32,0,''),(193,6,85,0,'0','0',32,0,''),(194,6,6,0,'0','0',32,0,''),(195,6,86,0,'0','0',32,0,''),(196,6,107,0,'0','0',32,0,''),(197,6,146,0,'0','0',32,0,''),(198,6,21,0,'0','0',32,0,''),(199,6,87,0,'0','0',32,0,''),(200,6,90,0,'0','0',32,0,''),(201,6,7,0,'0','0',32,0,''),(202,6,8,0,'0','0',32,0,''),(203,6,91,0,'0','0',32,0,''),(204,6,92,0,'0','0',32,0,''),(205,6,93,0,'0','0',32,0,''),(206,6,94,0,'0','0',32,0,''),(207,6,97,0,'0','0',32,0,''),(208,6,9,0,'0','0',32,0,''),(209,6,95,0,'0','0',32,0,''),(210,6,96,0,'0','0',32,0,''),(211,6,98,0,'0','0',32,0,''),(212,6,99,0,'0','0',32,0,''),(213,6,100,0,'0','0',32,0,''),(214,6,101,0,'0','0',32,0,''),(215,6,102,0,'0','0',32,0,''),(216,6,84,0,'0','0',32,0,''),(217,6,103,0,'0','0',32,0,''),(218,6,104,0,'0','0',32,0,''),(219,6,241,0,'0','0',32,0,''),(220,6,105,0,'0','0',32,0,''),(221,6,108,0,'0','0',32,0,''),(222,6,143,0,'0','0',32,0,''),(223,6,234,0,'0','0',32,0,''),(224,6,238,0,'0','0',32,0,''),(225,6,114,0,'0','0',32,0,''),(226,6,162,0,'0','0',32,0,''),(227,6,244,0,'0','0',32,0,''),(228,6,237,0,'0','0',32,0,''),(229,6,239,0,'0','0',32,0,''),(230,6,240,0,'0','0',32,0,''),(231,6,89,0,'0','0',32,0,''),(232,6,196,0,'0','0',32,0,''),(233,6,106,0,'0','0',32,0,''),(234,6,88,0,'0','0',32,0,''),(235,6,163,0,'0','0',32,0,''),(236,6,140,0,'0','0',32,0,''),(237,6,194,0,'0','0',32,0,''),(238,6,213,0,'0','0',32,0,''),(239,6,223,0,'0','0',32,0,''),(240,6,224,0,'0','0',32,0,''),(241,6,110,0,'0','0',32,0,''),(242,6,111,0,'0','0',32,0,''),(243,6,113,0,'0','0',32,0,''),(244,6,112,0,'0','0',32,0,''),(245,6,26,0,'0','0',32,0,''),(246,6,109,0,'0','0',32,0,''),(247,6,29,0,'0','0',32,0,''),(248,6,10,0,'0','0',32,0,''),(249,6,115,0,'0','0',32,0,''),(250,6,11,0,'0','0',32,0,''),(251,6,116,0,'0','0',32,0,''),(252,6,117,0,'0','0',32,0,''),(253,6,118,0,'0','0',32,0,''),(254,6,119,0,'0','0',32,0,''),(255,6,123,0,'0','0',32,0,''),(256,6,120,0,'0','0',32,0,''),(257,6,122,0,'0','0',32,0,''),(258,6,176,0,'0','0',32,0,''),(259,6,124,0,'0','0',32,0,''),(260,6,127,0,'0','0',32,0,''),(261,6,125,0,'0','0',32,0,''),(262,6,126,0,'0','0',32,0,''),(263,6,128,0,'0','0',32,0,''),(264,6,129,0,'0','0',32,0,''),(265,6,130,0,'0','0',32,0,''),(266,6,131,0,'0','0',32,0,''),(267,6,12,0,'0','0',32,0,''),(268,6,133,0,'0','0',32,0,''),(269,6,134,0,'0','0',32,0,''),(270,6,136,0,'0','0',32,0,''),(271,6,135,0,'0','0',32,0,''),(272,6,137,0,'0','0',32,0,''),(273,6,138,0,'0','0',32,0,''),(274,6,139,0,'0','0',32,0,''),(275,6,152,0,'0','0',32,0,''),(276,6,141,0,'0','0',32,0,''),(277,6,35,0,'0','0',32,0,''),(278,6,142,0,'0','0',32,0,''),(279,6,144,0,'0','0',32,0,''),(280,6,145,0,'0','0',32,0,''),(281,6,147,0,'0','0',32,0,''),(282,6,148,0,'0','0',32,0,''),(283,6,149,0,'0','0',32,0,''),(284,6,150,0,'0','0',32,0,''),(285,6,151,0,'0','0',32,0,''),(286,6,153,0,'0','0',32,0,''),(287,6,61,0,'0','0',32,0,''),(288,6,154,0,'0','0',32,0,''),(289,6,155,0,'0','0',32,0,''),(290,6,156,0,'0','0',32,0,''),(291,6,159,0,'0','0',32,0,''),(292,6,160,0,'0','0',32,0,''),(293,6,31,0,'0','0',32,0,''),(294,6,161,0,'0','0',32,0,''),(295,6,23,0,'0','0',32,0,''),(296,6,158,0,'0','0',32,0,''),(297,6,27,0,'0','0',32,0,''),(298,6,164,0,'0','0',32,0,''),(299,6,215,0,'0','0',32,0,''),(300,6,219,0,'0','0',32,0,''),(301,6,165,0,'0','0',32,0,''),(302,6,166,0,'0','0',32,0,''),(303,6,168,0,'0','0',32,0,''),(304,6,169,0,'0','0',32,0,''),(305,6,170,0,'0','0',32,0,''),(306,6,13,0,'0','0',32,0,''),(307,6,171,0,'0','0',32,0,''),(308,6,172,0,'0','0',32,0,''),(309,6,173,0,'0','0',32,0,''),(310,6,14,0,'0','0',32,0,''),(311,6,242,0,'0','0',32,0,''),(312,6,174,0,'0','0',32,0,''),(313,6,15,0,'0','0',32,0,''),(314,6,175,0,'0','0',32,0,''),(315,6,22,0,'0','0',32,0,''),(316,6,132,0,'0','0',32,0,''),(317,6,66,0,'0','0',32,0,''),(318,6,79,0,'0','0',32,0,''),(319,6,16,0,'0','0',32,0,''),(320,6,36,0,'0','0',32,0,''),(321,6,17,0,'0','0',32,0,''),(322,6,177,0,'0','0',32,0,''),(323,6,178,0,'0','0',32,0,''),(324,6,226,0,'0','0',32,0,''),(325,6,179,0,'0','0',32,0,''),(326,6,180,0,'0','0',32,0,''),(327,6,186,0,'0','0',32,0,''),(328,6,182,0,'0','0',32,0,''),(329,6,183,0,'0','0',32,0,''),(330,6,184,0,'0','0',32,0,''),(331,6,181,0,'0','0',32,0,''),(332,6,185,0,'0','0',32,0,''),(333,6,39,0,'0','0',32,0,''),(334,6,187,0,'0','0',32,0,''),(335,6,189,0,'0','0',32,0,''),(336,6,190,0,'0','0',32,0,''),(337,6,191,0,'0','0',32,0,''),(338,6,192,0,'0','0',32,0,''),(339,6,25,0,'0','0',32,0,''),(340,6,37,0,'0','0',32,0,''),(341,6,193,0,'0','0',32,0,''),(342,6,195,0,'0','0',32,0,''),(343,6,198,0,'0','0',32,0,''),(344,6,197,0,'0','0',32,0,''),(345,6,18,0,'0','0',32,0,''),(346,6,19,0,'0','0',32,0,''),(347,6,199,0,'0','0',32,0,''),(348,6,200,0,'0','0',32,0,''),(349,6,201,0,'0','0',32,0,''),(350,6,202,0,'0','0',32,0,''),(351,6,204,0,'0','0',32,0,''),(352,6,203,0,'0','0',32,0,''),(353,6,205,0,'0','0',32,0,''),(354,6,67,0,'0','0',32,0,''),(355,6,243,0,'0','0',32,0,''),(356,6,235,0,'0','0',32,0,''),(357,6,167,0,'0','0',32,0,''),(358,6,206,0,'0','0',32,0,''),(359,6,80,0,'0','0',32,0,''),(360,6,33,0,'0','0',32,0,''),(361,6,207,0,'0','0',32,0,''),(362,6,208,0,'0','0',32,0,''),(363,6,209,0,'0','0',32,0,''),(364,6,210,0,'0','0',32,0,''),(365,6,212,0,'0','0',32,0,''),(366,6,211,0,'0','0',32,0,''),(367,6,214,0,'0','0',32,0,''),(368,6,216,0,'0','0',32,0,''),(369,6,218,0,'0','0',32,0,''),(370,6,220,0,'0','0',32,0,''),(371,6,221,0,'0','0',32,0,''),(372,6,222,0,'0','0',32,0,''),(373,6,225,0,'0','0',32,0,''),(374,6,227,0,'0','0',32,0,''),(375,6,228,0,'0','0',32,0,''),(376,6,229,0,'0','0',32,0,''),(377,7,3,0,'0','0',1,0,''),(378,7,236,0,'0','0',1,0,''),(379,7,16,0,'0','0',1,0,''),(380,7,20,0,'0','0',1,0,''),(381,7,1,0,'0','0',1,0,''),(382,7,86,0,'0','0',1,0,''),(383,7,9,0,'0','0',1,0,''),(384,7,6,0,'0','0',1,0,''),(385,7,8,0,'0','0',1,0,''),(386,7,26,0,'0','0',1,0,''),(387,7,10,0,'0','0',1,0,''),(388,7,76,0,'0','0',1,0,''),(389,7,125,0,'0','0',1,0,''),(390,7,131,0,'0','0',1,0,''),(391,7,12,0,'0','0',1,0,''),(392,7,143,0,'0','0',1,0,''),(393,7,139,0,'0','0',1,0,''),(394,7,13,0,'0','0',1,0,''),(395,7,2,0,'0','0',1,0,''),(396,7,14,0,'0','0',1,0,''),(397,7,15,0,'0','0',1,0,''),(398,7,36,0,'0','0',1,0,''),(399,7,193,0,'0','0',1,0,''),(400,7,37,0,'0','0',1,0,''),(401,7,7,0,'0','0',1,0,''),(402,7,18,0,'0','0',1,0,''),(408,7,4,0,'0','0',1,0,''),(409,8,3,0,'0','0',1,0,''),(410,8,236,0,'0','0',1,0,''),(411,8,16,0,'0','0',1,0,''),(412,8,20,0,'0','0',1,0,''),(413,8,1,0,'0','0',1,0,''),(414,8,86,0,'0','0',1,0,''),(415,8,9,0,'0','0',1,0,''),(416,8,6,0,'0','0',1,0,''),(417,8,8,0,'0','0',1,0,''),(418,8,26,0,'0','0',1,0,''),(419,8,10,0,'0','0',1,0,''),(420,8,76,0,'0','0',1,0,''),(421,8,125,0,'0','0',1,0,''),(422,8,131,0,'0','0',1,0,''),(423,8,12,0,'0','0',1,0,''),(424,8,143,0,'0','0',1,0,''),(425,8,139,0,'0','0',1,0,''),(426,8,13,0,'0','0',1,0,''),(427,8,2,0,'0','0',1,0,''),(428,8,14,0,'0','0',1,0,''),(429,8,15,0,'0','0',1,0,''),(430,8,36,0,'0','0',1,0,''),(431,8,193,0,'0','0',1,0,''),(432,8,37,0,'0','0',1,0,''),(433,8,7,0,'0','0',1,0,''),(434,8,18,0,'0','0',1,0,''),(435,8,4,0,'0','0',1,0,''),(440,8,21,0,'0','0',1,0,'');

--
-- Table structure for table `pre3303_tax_rules_group`
--

CREATE TABLE `pre3303_tax_rules_group` (
  `id_tax_rules_group` int(11) NOT NULL AUTO_INCREMENT,
  `name` varchar(50) NOT NULL,
  `active` int(11) NOT NULL,
  `deleted` tinyint(1) unsigned NOT NULL,
  `date_add` datetime NOT NULL,
  `date_upd` datetime NOT NULL,
  PRIMARY KEY (`id_tax_rules_group`)
) ENGINE=InnoDB AUTO_INCREMENT=9 DEFAULT CHARSET=utf8;

--
-- Dumping data for table `pre3303_tax_rules_group`
--

INSERT INTO `pre3303_tax_rules_group` VALUES (1,'FR Taux standard (20%)',1,1,'2018-05-23 18:48:12','2019-05-25 13:59:32'),(2,'FR Taux réduit (10%)',1,0,'2018-05-23 18:48:13','2018-05-23 18:48:13'),(3,'FR Taux réduit (5.5%)',1,0,'2018-05-23 18:48:13','2018-05-23 18:48:13'),(4,'FR Taux super réduit (2.1%)',1,0,'2018-05-23 18:48:13','2018-05-23 18:48:13'),(5,'EU VAT For Virtual Products',1,0,'2018-05-23 18:48:13','2018-05-23 18:48:13'),(6,'FR TVA sur Marge',1,0,'2018-08-04 17:04:27','2018-08-04 17:06:31'),(7,'FR Taux standard (20%)',1,1,'2018-05-23 18:48:12','2019-05-29 11:43:20'),(8,'FR Taux standard (20%)',1,0,'2018-05-23 18:48:12','2019-05-29 11:43:20');

--
-- Table structure for table `pre3303_tax_rules_group_shop`
--

CREATE TABLE `pre3303_tax_rules_group_shop` (
  `id_tax_rules_group` int(11) unsigned NOT NULL,
  `id_shop` int(11) unsigned NOT NULL,
  PRIMARY KEY (`id_tax_rules_group`,`id_shop`),
  KEY `id_shop` (`id_shop`)
) ENGINE=InnoDB DEFAULT CHARSET=utf8;

--
-- Dumping data for table `pre3303_tax_rules_group_shop`
--

INSERT INTO `pre3303_tax_rules_group_shop` VALUES (1,2),(2,2),(3,2),(4,2),(5,2),(6,2),(7,2),(8,2),(1,4),(2,4),(3,4),(4,4),(5,4),(6,4),(7,4),(8,4),(1,5),(2,5),(3,5),(4,5),(5,5),(6,5),(7,5),(8,5);

--
-- Table structure for table `pre3303_timezone`
--

CREATE TABLE `pre3303_timezone` (
  `id_timezone` int(10) unsigned NOT NULL AUTO_INCREMENT,
  `name` varchar(32) NOT NULL,
  PRIMARY KEY (`id_timezone`)
) ENGINE=InnoDB AUTO_INCREMENT=561 DEFAULT CHARSET=utf8;

--
-- Dumping data for table `pre3303_timezone`
--

INSERT INTO `pre3303_timezone` VALUES (1,'Africa/Abidjan'),(2,'Africa/Accra'),(3,'Africa/Addis_Ababa'),(4,'Africa/Algiers'),(5,'Africa/Asmara'),(6,'Africa/Asmera'),(7,'Africa/Bamako'),(8,'Africa/Bangui'),(9,'Africa/Banjul'),(10,'Africa/Bissau'),(11,'Africa/Blantyre'),(12,'Africa/Brazzaville'),(13,'Africa/Bujumbura'),(14,'Africa/Cairo'),(15,'Africa/Casablanca'),(16,'Africa/Ceuta'),(17,'Africa/Conakry'),(18,'Africa/Dakar'),(19,'Africa/Dar_es_Salaam'),(20,'Africa/Djibouti'),(21,'Africa/Douala'),(22,'Africa/El_Aaiun'),(23,'Africa/Freetown'),(24,'Africa/Gaborone'),(25,'Africa/Harare'),(26,'Africa/Johannesburg'),(27,'Africa/Kampala'),(28,'Africa/Khartoum'),(29,'Africa/Kigali'),(30,'Africa/Kinshasa'),(31,'Africa/Lagos'),(32,'Africa/Libreville'),(33,'Africa/Lome'),(34,'Africa/Luanda'),(35,'Africa/Lubumbashi'),(36,'Africa/Lusaka'),(37,'Africa/Malabo'),(38,'Africa/Maputo'),(39,'Africa/Maseru'),(40,'Africa/Mbabane'),(41,'Africa/Mogadishu'),(42,'Africa/Monrovia'),(43,'Africa/Nairobi'),(44,'Africa/Ndjamena'),(45,'Africa/Niamey'),(46,'Africa/Nouakchott'),(47,'Africa/Ouagadougou'),(48,'Africa/Porto-Novo'),(49,'Africa/Sao_Tome'),(50,'Africa/Timbuktu'),(51,'Africa/Tripoli'),(52,'Africa/Tunis'),(53,'Africa/Windhoek'),(54,'America/Adak'),(55,'America/Anchorage '),(56,'America/Anguilla'),(57,'America/Antigua'),(58,'America/Araguaina'),(59,'America/Argentina/Buenos_Aires'),(60,'America/Argentina/Catamarca'),(61,'America/Argentina/ComodRivadavia'),(62,'America/Argentina/Cordoba'),(63,'America/Argentina/Jujuy'),(64,'America/Argentina/La_Rioja'),(65,'America/Argentina/Mendoza'),(66,'America/Argentina/Rio_Gallegos'),(67,'America/Argentina/Salta'),(68,'America/Argentina/San_Juan'),(69,'America/Argentina/San_Luis'),(70,'America/Argentina/Tucuman'),(71,'America/Argentina/Ushuaia'),(72,'America/Aruba'),(73,'America/Asuncion'),(74,'America/Atikokan'),(75,'America/Atka'),(76,'America/Bahia'),(77,'America/Barbados'),(78,'America/Belem'),(79,'America/Belize'),(80,'America/Blanc-Sablon'),(81,'America/Boa_Vista'),(82,'America/Bogota'),(83,'America/Boise'),(84,'America/Buenos_Aires'),(85,'America/Cambridge_Bay'),(86,'America/Campo_Grande'),(87,'America/Cancun'),(88,'America/Caracas'),(89,'America/Catamarca'),(90,'America/Cayenne'),(91,'America/Cayman'),(92,'America/Chicago'),(93,'America/Chihuahua'),(94,'America/Coral_Harbour'),(95,'America/Cordoba'),(96,'America/Costa_Rica'),(97,'America/Cuiaba'),(98,'America/Curacao'),(99,'America/Danmarkshavn'),(100,'America/Dawson'),(101,'America/Dawson_Creek'),(102,'America/Denver'),(103,'America/Detroit'),(104,'America/Dominica'),(105,'America/Edmonton'),(106,'America/Eirunepe'),(107,'America/El_Salvador'),(108,'America/Ensenada'),(109,'America/Fort_Wayne'),(110,'America/Fortaleza'),(111,'America/Glace_Bay'),(112,'America/Godthab'),(113,'America/Goose_Bay'),(114,'America/Grand_Turk'),(115,'America/Grenada'),(116,'America/Guadeloupe'),(117,'America/Guatemala'),(118,'America/Guayaquil'),(119,'America/Guyana'),(120,'America/Halifax'),(121,'America/Havana'),(122,'America/Hermosillo'),(123,'America/Indiana/Indianapolis'),(124,'America/Indiana/Knox'),(125,'America/Indiana/Marengo'),(126,'America/Indiana/Petersburg'),(127,'America/Indiana/Tell_City'),(128,'America/Indiana/Vevay'),(129,'America/Indiana/Vincennes'),(130,'America/Indiana/Winamac'),(131,'America/Indianapolis'),(132,'America/Inuvik'),(133,'America/Iqaluit'),(134,'America/Jamaica'),(135,'America/Jujuy'),(136,'America/Juneau'),(137,'America/Kentucky/Louisville'),(138,'America/Kentucky/Monticello'),(139,'America/Knox_IN'),(140,'America/La_Paz'),(141,'America/Lima'),(142,'America/Los_Angeles'),(143,'America/Louisville'),(144,'America/Maceio'),(145,'America/Managua'),(146,'America/Manaus'),(147,'America/Marigot'),(148,'America/Martinique'),(149,'America/Mazatlan'),(150,'America/Mendoza'),(151,'America/Menominee'),(152,'America/Merida'),(153,'America/Mexico_City'),(154,'America/Miquelon'),(155,'America/Moncton'),(156,'America/Monterrey'),(157,'America/Montevideo'),(158,'America/Montreal'),(159,'America/Montserrat'),(160,'America/Nassau'),(161,'America/New_York'),(162,'America/Nipigon'),(163,'America/Nome'),(164,'America/Noronha'),(165,'America/North_Dakota/Center'),(166,'America/North_Dakota/New_Salem'),(167,'America/Panama'),(168,'America/Pangnirtung'),(169,'America/Paramaribo'),(170,'America/Phoenix'),(171,'America/Port-au-Prince'),(172,'America/Port_of_Spain'),(173,'America/Porto_Acre'),(174,'America/Porto_Velho'),(175,'America/Puerto_Rico'),(176,'America/Rainy_River'),(177,'America/Rankin_Inlet'),(178,'America/Recife'),(179,'America/Regina'),(180,'America/Resolute'),(181,'America/Rio_Branco'),(182,'America/Rosario'),(183,'America/Santarem'),(184,'America/Santiago'),(185,'America/Santo_Domingo'),(186,'America/Sao_Paulo'),(187,'America/Scoresbysund'),(188,'America/Shiprock'),(189,'America/St_Barthelemy'),(190,'America/St_Johns'),(191,'America/St_Kitts'),(192,'America/St_Lucia'),(193,'America/St_Thomas'),(194,'America/St_Vincent'),(195,'America/Swift_Current'),(196,'America/Tegucigalpa'),(197,'America/Thule'),(198,'America/Thunder_Bay'),(199,'America/Tijuana'),(200,'America/Toronto'),(201,'America/Tortola'),(202,'America/Vancouver'),(203,'America/Virgin'),(204,'America/Whitehorse'),(205,'America/Winnipeg'),(206,'America/Yakutat'),(207,'America/Yellowknife'),(208,'Antarctica/Casey'),(209,'Antarctica/Davis'),(210,'Antarctica/DumontDUrville'),(211,'Antarctica/Mawson'),(212,'Antarctica/McMurdo'),(213,'Antarctica/Palmer'),(214,'Antarctica/Rothera'),(215,'Antarctica/South_Pole'),(216,'Antarctica/Syowa'),(217,'Antarctica/Vostok'),(218,'Arctic/Longyearbyen'),(219,'Asia/Aden'),(220,'Asia/Almaty'),(221,'Asia/Amman'),(222,'Asia/Anadyr'),(223,'Asia/Aqtau'),(224,'Asia/Aqtobe'),(225,'Asia/Ashgabat'),(226,'Asia/Ashkhabad'),(227,'Asia/Baghdad'),(228,'Asia/Bahrain'),(229,'Asia/Baku'),(230,'Asia/Bangkok'),(231,'Asia/Beirut'),(232,'Asia/Bishkek'),(233,'Asia/Brunei'),(234,'Asia/Calcutta'),(235,'Asia/Choibalsan'),(236,'Asia/Chongqing'),(237,'Asia/Chungking'),(238,'Asia/Colombo'),(239,'Asia/Dacca'),(240,'Asia/Damascus'),(241,'Asia/Dhaka'),(242,'Asia/Dili'),(243,'Asia/Dubai'),(244,'Asia/Dushanbe'),(245,'Asia/Gaza'),(246,'Asia/Harbin'),(247,'Asia/Ho_Chi_Minh'),(248,'Asia/Hong_Kong'),(249,'Asia/Hovd'),(250,'Asia/Irkutsk'),(251,'Asia/Istanbul'),(252,'Asia/Jakarta'),(253,'Asia/Jayapura'),(254,'Asia/Jerusalem'),(255,'Asia/Kabul'),(256,'Asia/Kamchatka'),(257,'Asia/Karachi'),(258,'Asia/Kashgar'),(259,'Asia/Kathmandu'),(260,'Asia/Katmandu'),(261,'Asia/Kolkata'),(262,'Asia/Krasnoyarsk'),(263,'Asia/Kuala_Lumpur'),(264,'Asia/Kuching'),(265,'Asia/Kuwait'),(266,'Asia/Macao'),(267,'Asia/Macau'),(268,'Asia/Magadan'),(269,'Asia/Makassar'),(270,'Asia/Manila'),(271,'Asia/Muscat'),(272,'Asia/Nicosia'),(273,'Asia/Novosibirsk'),(274,'Asia/Omsk'),(275,'Asia/Oral'),(276,'Asia/Phnom_Penh'),(277,'Asia/Pontianak'),(278,'Asia/Pyongyang'),(279,'Asia/Qatar'),(280,'Asia/Qyzylorda'),(281,'Asia/Rangoon'),(282,'Asia/Riyadh'),(283,'Asia/Saigon'),(284,'Asia/Sakhalin'),(285,'Asia/Samarkand'),(286,'Asia/Seoul'),(287,'Asia/Shanghai'),(288,'Asia/Singapore'),(289,'Asia/Taipei'),(290,'Asia/Tashkent'),(291,'Asia/Tbilisi'),(292,'Asia/Tehran'),(293,'Asia/Tel_Aviv'),(294,'Asia/Thimbu'),(295,'Asia/Thimphu'),(296,'Asia/Tokyo'),(297,'Asia/Ujung_Pandang'),(298,'Asia/Ulaanbaatar'),(299,'Asia/Ulan_Bator'),(300,'Asia/Urumqi'),(301,'Asia/Vientiane'),(302,'Asia/Vladivostok'),(303,'Asia/Yakutsk'),(304,'Asia/Yekaterinburg'),(305,'Asia/Yerevan'),(306,'Atlantic/Azores'),(307,'Atlantic/Bermuda'),(308,'Atlantic/Canary'),(309,'Atlantic/Cape_Verde'),(310,'Atlantic/Faeroe'),(311,'Atlantic/Faroe'),(312,'Atlantic/Jan_Mayen'),(313,'Atlantic/Madeira'),(314,'Atlantic/Reykjavik'),(315,'Atlantic/South_Georgia'),(316,'Atlantic/St_Helena'),(317,'Atlantic/Stanley'),(318,'Australia/ACT'),(319,'Australia/Adelaide'),(320,'Australia/Brisbane'),(321,'Australia/Broken_Hill'),(322,'Australia/Canberra'),(323,'Australia/Currie'),(324,'Australia/Darwin'),(325,'Australia/Eucla'),(326,'Australia/Hobart'),(327,'Australia/LHI'),(328,'Australia/Lindeman'),(329,'Australia/Lord_Howe'),(330,'Australia/Melbourne'),(331,'Australia/North'),(332,'Australia/NSW'),(333,'Australia/Perth'),(334,'Australia/Queensland'),(335,'Australia/South'),(336,'Australia/Sydney'),(337,'Australia/Tasmania'),(338,'Australia/Victoria'),(339,'Australia/West'),(340,'Australia/Yancowinna'),(341,'Europe/Amsterdam'),(342,'Europe/Andorra'),(343,'Europe/Athens'),(344,'Europe/Belfast'),(345,'Europe/Belgrade'),(346,'Europe/Berlin'),(347,'Europe/Bratislava'),(348,'Europe/Brussels'),(349,'Europe/Bucharest'),(350,'Europe/Budapest'),(351,'Europe/Chisinau'),(352,'Europe/Copenhagen'),(353,'Europe/Dublin'),(354,'Europe/Gibraltar'),(355,'Europe/Guernsey'),(356,'Europe/Helsinki'),(357,'Europe/Isle_of_Man'),(358,'Europe/Istanbul'),(359,'Europe/Jersey'),(360,'Europe/Kaliningrad'),(361,'Europe/Kiev'),(362,'Europe/Lisbon'),(363,'Europe/Ljubljana'),(364,'Europe/London'),(365,'Europe/Luxembourg'),(366,'Europe/Madrid'),(367,'Europe/Malta'),(368,'Europe/Mariehamn'),(369,'Europe/Minsk'),(370,'Europe/Monaco'),(371,'Europe/Moscow'),(372,'Europe/Nicosia'),(373,'Europe/Oslo'),(374,'Europe/Paris'),(375,'Europe/Podgorica'),(376,'Europe/Prague'),(377,'Europe/Riga'),(378,'Europe/Rome'),(379,'Europe/Samara'),(380,'Europe/San_Marino'),(381,'Europe/Sarajevo'),(382,'Europe/Simferopol'),(383,'Europe/Skopje'),(384,'Europe/Sofia'),(385,'Europe/Stockholm'),(386,'Europe/Tallinn'),(387,'Europe/Tirane'),(388,'Europe/Tiraspol'),(389,'Europe/Uzhgorod'),(390,'Europe/Vaduz'),(391,'Europe/Vatican'),(392,'Europe/Vienna'),(393,'Europe/Vilnius'),(394,'Europe/Volgograd'),(395,'Europe/Warsaw'),(396,'Europe/Zagreb'),(397,'Europe/Zaporozhye'),(398,'Europe/Zurich'),(399,'Indian/Antananarivo'),(400,'Indian/Chagos'),(401,'Indian/Christmas'),(402,'Indian/Cocos'),(403,'Indian/Comoro'),(404,'Indian/Kerguelen'),(405,'Indian/Mahe'),(406,'Indian/Maldives'),(407,'Indian/Mauritius'),(408,'Indian/Mayotte'),(409,'Indian/Reunion'),(410,'Pacific/Apia'),(411,'Pacific/Auckland'),(412,'Pacific/Chatham'),(413,'Pacific/Easter'),(414,'Pacific/Efate'),(415,'Pacific/Enderbury'),(416,'Pacific/Fakaofo'),(417,'Pacific/Fiji'),(418,'Pacific/Funafuti'),(419,'Pacific/Galapagos'),(420,'Pacific/Gambier'),(421,'Pacific/Guadalcanal'),(422,'Pacific/Guam'),(423,'Pacific/Honolulu'),(424,'Pacific/Johnston'),(425,'Pacific/Kiritimati'),(426,'Pacific/Kosrae'),(427,'Pacific/Kwajalein'),(428,'Pacific/Majuro'),(429,'Pacific/Marquesas'),(430,'Pacific/Midway'),(431,'Pacific/Nauru'),(432,'Pacific/Niue'),(433,'Pacific/Norfolk'),(434,'Pacific/Noumea'),(435,'Pacific/Pago_Pago'),(436,'Pacific/Palau'),(437,'Pacific/Pitcairn'),(438,'Pacific/Ponape'),(439,'Pacific/Port_Moresby'),(440,'Pacific/Rarotonga'),(441,'Pacific/Saipan'),(442,'Pacific/Samoa'),(443,'Pacific/Tahiti'),(444,'Pacific/Tarawa'),(445,'Pacific/Tongatapu'),(446,'Pacific/Truk'),(447,'Pacific/Wake'),(448,'Pacific/Wallis'),(449,'Pacific/Yap'),(450,'Brazil/Acre'),(451,'Brazil/DeNoronha'),(452,'Brazil/East'),(453,'Brazil/West'),(454,'Canada/Atlantic'),(455,'Canada/Central'),(456,'Canada/East-Saskatchewan'),(457,'Canada/Eastern'),(458,'Canada/Mountain'),(459,'Canada/Newfoundland'),(460,'Canada/Pacific'),(461,'Canada/Saskatchewan'),(462,'Canada/Yukon'),(463,'CET'),(464,'Chile/Continental'),(465,'Chile/EasterIsland'),(466,'CST6CDT'),(467,'Cuba'),(468,'EET'),(469,'Egypt'),(470,'Eire'),(471,'EST'),(472,'EST5EDT'),(473,'Etc/GMT'),(474,'Etc/GMT+0'),(475,'Etc/GMT+1'),(476,'Etc/GMT+10'),(477,'Etc/GMT+11'),(478,'Etc/GMT+12'),(479,'Etc/GMT+2'),(480,'Etc/GMT+3'),(481,'Etc/GMT+4'),(482,'Etc/GMT+5'),(483,'Etc/GMT+6'),(484,'Etc/GMT+7'),(485,'Etc/GMT+8'),(486,'Etc/GMT+9'),(487,'Etc/GMT-0'),(488,'Etc/GMT-1'),(489,'Etc/GMT-10'),(490,'Etc/GMT-11'),(491,'Etc/GMT-12'),(492,'Etc/GMT-13'),(493,'Etc/GMT-14'),(494,'Etc/GMT-2'),(495,'Etc/GMT-3'),(496,'Etc/GMT-4'),(497,'Etc/GMT-5'),(498,'Etc/GMT-6'),(499,'Etc/GMT-7'),(500,'Etc/GMT-8'),(501,'Etc/GMT-9'),(502,'Etc/GMT0'),(503,'Etc/Greenwich'),(504,'Etc/UCT'),(505,'Etc/Universal'),(506,'Etc/UTC'),(507,'Etc/Zulu'),(508,'Factory'),(509,'GB'),(510,'GB-Eire'),(511,'GMT'),(512,'GMT+0'),(513,'GMT-0'),(514,'GMT0'),(515,'Greenwich'),(516,'Hongkong'),(517,'HST'),(518,'Iceland'),(519,'Iran'),(520,'Israel'),(521,'Jamaica'),(522,'Japan'),(523,'Kwajalein'),(524,'Libya'),(525,'MET'),(526,'Mexico/BajaNorte'),(527,'Mexico/BajaSur'),(528,'Mexico/General'),(529,'MST'),(530,'MST7MDT'),(531,'Navajo'),(532,'NZ'),(533,'NZ-CHAT'),(534,'Poland'),(535,'Portugal'),(536,'PRC'),(537,'PST8PDT'),(538,'ROC'),(539,'ROK'),(540,'Singapore'),(541,'Turkey'),(542,'UCT'),(543,'Universal'),(544,'US/Alaska'),(545,'US/Aleutian'),(546,'US/Arizona'),(547,'US/Central'),(548,'US/East-Indiana'),(549,'US/Eastern'),(550,'US/Hawaii'),(551,'US/Indiana-Starke'),(552,'US/Michigan'),(553,'US/Mountain'),(554,'US/Pacific'),(555,'US/Pacific-New'),(556,'US/Samoa'),(557,'UTC'),(558,'W-SU'),(559,'WET'),(560,'Zulu');

--
-- Table structure for table `pre3303_translation`
--

CREATE TABLE `pre3303_translation` (
  `id_translation` int(11) NOT NULL AUTO_INCREMENT,
  `id_lang` int(11) NOT NULL,
  `key` text COLLATE utf8_unicode_ci NOT NULL,
  `translation` text COLLATE utf8_unicode_ci NOT NULL,
  `domain` varchar(80) COLLATE utf8_unicode_ci NOT NULL,
  `theme` varchar(32) COLLATE utf8_unicode_ci DEFAULT NULL,
  PRIMARY KEY (`id_translation`),
  KEY `IDX_6C5FE202BA299860` (`id_lang`),
  KEY `key` (`domain`)
) ENGINE=InnoDB AUTO_INCREMENT=151 DEFAULT CHARSET=utf8 COLLATE=utf8_unicode_ci;

--
-- Dumping data for table `pre3303_translation`
--

INSERT INTO `pre3303_translation` VALUES (1,1,'manufacturers','artistes','ShopNavigation','classic'),(2,1,'All brands','Tous les artistes','ModulesBrandlistShop','classic'),(3,1,'Brands','Artistes','ModulesBrandlistShop','classic'),(4,1,'Brand','Artiste','ModulesFacetedsearchShop','classic'),(5,1,'List of products by brand %brand_name%','Liste des oeuvres de l\'artiste %brand_name%','ShopThemeCatalog','classic'),(6,1,'List of all brands','Liste de tous les artistes','ShopThemeCatalog','classic'),(7,1,'Brands','Artistes','ShopThemeCatalog','classic'),(8,1,'Brand','Artiste','ShopThemeCatalog','classic'),(9,1,'All brands','Tous les artistes','ShopThemeCatalog','classic'),(10,1,'%s other product in the same category:','%s autre oeuvre dans la même catégorie :','ModulesCategoryproductsShop','classic'),(11,1,'%s other products in the same category:','%s autres oeuvres dans la même catégorie :','ModulesCategoryproductsShop','classic'),(12,1,'Customers who bought this product also bought:','Les clients qui ont acheté cette oeuvre ont également acheté...','ModulesCrosssellingShop','classic'),(13,1,'Our Products','Nos oeuvres','ModulesFeaturedproductsShop','classic'),(14,1,'All products','Toutes les oeuvres','ModulesFeaturedproductsShop','classic'),(15,1,'Products','Oeuvres','ModulesLinklistShop','classic'),(16,1,'You already have an alert for this product','Vous avez déjà une alerte pour cette oeuvre','ModulesMailalertsShop','classic'),(17,1,'Notify me when available','Prévenez-moi lorsque l\'oeuvre est disponible','ModulesMailalertsShop','classic'),(18,1,'New products','Nouvelles oeuvres','ModulesNewproductsShop','classic'),(19,1,'All new products','Toutes les nouvelles oeuvres','ModulesNewproductsShop','classic'),(20,1,'All sale products','Toutes les oeuvres en vedette','ModulesSpecialsShop','classic'),(21,1,'Show products details','Afficher le détail des oeuvres','ModulesTrackingfrontShop','classic'),(22,1,'Items','Oeuvres','ShopThemeCatalog','classic'),(23,1,'All sale products','Toutes les oeuvres en vedette','ShopThemeCatalog','classic'),(24,1,'New products','Nouvelles oeuvres','ShopThemeCatalog','classic'),(25,1,'All new products','Toutes les nouvelles oeuvres','ShopThemeCatalog','classic'),(26,1,'List of products by supplier %supplier_name%','Liste des oeuvres de %supplier_name%','ShopThemeCatalog','classic'),(27,1,'New product','Nouvelle oeuvre','ShopThemeCatalog','classic'),(28,1,'Product available with different options','Oeuvre disponible avec d\'autres caractéristiques','ShopThemeCatalog','classic'),(29,1,'There is 1 product.','Il y a 1 oeuvre.','ShopThemeCatalog','classic'),(30,1,'Product','Oeuvre','ShopThemeCatalog','classic'),(31,1,'Product Details','Caractéristiques de l’œuvre','ShopThemeCatalog','classic'),(32,1,'List of products by supplier %s','Liste des œuvres de %s','ShopThemeCatalog','classic'),(33,1,'Customers who bought this product also bought:','Les clients qui ont acheté cette œuvre ont également acheté...','ShopThemeCatalog','classic'),(34,1,'1 person is currently watching this product.','Une personne consulte actuellement cette œuvre.','ShopThemeCatalog','classic'),(35,1,'%nb_people% people are currently watching this product.','%nb_people% personnes consultent actuellement cette œuvre.','ShopThemeCatalog','classic'),(36,1,'Last time this product was bought: %date_last_order%','Dernière fois que cette œuvre a été achetée : %date_last_order%','ShopThemeCatalog','classic'),(37,1,'Last time this product was added to a cart: %date_last_cart%','Dernière fois que cette oeuvre a été ajoutée à un panier : %date_last_cart%','ShopThemeCatalog','classic'),(38,1,'%s other product in the same category:','%s autre oeuvre dans la même catégorie :','ShopThemeCatalog','classic'),(39,1,'%s other products in the same category:','%s autres oeuvres dans la même catégorie :','ShopThemeCatalog','classic'),(40,1,'Popular Products','Oeuvres populaires','ShopThemeCatalog','classic'),(41,1,'All products','Tous les oeuvres','ShopThemeCatalog','classic'),(42,1,'The minimum purchase order quantity for the product is %quantity%.','La quantité minimale pour pouvoir commander cette oeuvre est %quantity%.','ShopThemeCheckout','classic'),(43,1,'Product successfully added to your shopping cart','L\'oeuvre a bien été ajoutée à votre panier','ShopThemeCheckout','classic'),(44,1,'Total products:','Total Oeuvres :','ShopThemeCheckout','classic'),(45,1,'Merchandise returns','Retours Oeuvre','ShopThemeGlobal','classic'),(46,1,'Products ordered:','Oeuvres commandées :','ShopPdf','classic'),(47,1,'Product','Oeuvre','ShopPdf','classic'),(48,1,'Product / Reference','Oeuvre / Référence','ShopPdf','classic'),(49,1,'Products','Oeuvres','ShopPdf','classic'),(50,1,'Product Total (Tax Excl.)','Total Oeuvres HT','ShopPdf','classic'),(51,1,'Product Total (Tax Incl.)','Total Oeuvres TTC','ShopPdf','classic'),(52,1,'Product Total','Total Oeuvres','ShopPdf','classic'),(53,1,'Total Products','Total Oeuvres','ShopPdf','classic'),(54,1,'All products must be returned in their original package and condition, unused and without damage.','Tous les oeuvres doivent nous être retournés dans leur emballage et condition d\'origine, sans avoir été utilisés ou abîmés.','ShopPdf','classic'),(55,1,'remove from cart','retirer du panier','ShopThemeActions','leo_fashion_store'),(56,1,'Checkout','Mon Panier','ShopThemeActions','leo_fashion_store'),(57,1,'Proceed to checkout','Procéder au paiement','ShopThemeActions','leo_fashion_store'),(58,1,'Description','Description','ShopThemeCatalog','leo_fashion_store'),(59,1,'All products','Notre sélection complète','ShopThemeCatalog','leo_fashion_store'),(60,1,'All sale products','Toutes les œuvres en vente','ShopThemeCatalog','leo_fashion_store'),(61,1,'View products','voir les œuvres','ShopThemeActions','leo_fashion_store'),(62,1,'Follow us on social','Suivez-nous sur les réseaux sociaux','ShopThemeGlobal','leo_fashion_store'),(63,1,'Your account','Votre compte','ShopThemeCustomeraccount','leo_fashion_store'),(64,1,'View my customer account','Voir mon compte client','ShopThemeCustomeraccount','leo_fashion_store'),(65,1,'Log in to your customer account','Se connecter à votre compte client','ShopThemeCustomeraccount','leo_fashion_store'),(66,1,'Cart','Panier','ShopThemeCheckout','leo_fashion_store'),(67,1,'Product','Oeuvre','ShopFormsLabels','leo_fashion_store'),(68,1,'List of products by brand %brand_name%','Liste des œuvres de l\'artiste %brand_name%','ShopThemeCatalog','leo_fashion_store'),(69,1,'List of products by supplier %s','Liste des œuvres de l\'artiste %s','ShopThemeCatalog','leo_fashion_store'),(70,1,'Product Details','Détails de l\'œuvre','ShopThemeCatalog','leo_fashion_store'),(71,1,'Product customization','Personnalisation de l\'œuvre','ShopThemeCatalog','leo_fashion_store'),(72,1,'Product','Oeuvre ','ShopThemeCatalog','leo_fashion_store'),(73,1,'There is 1 product.','Il y a 1 œuvre.','ShopThemeCatalog','leo_fashion_store'),(74,1,'Popular Products','Notre sélection','ShopThemeCatalog','leo_fashion_store'),(75,1,'%s other product in the same category:','%s autre œuvre dans la même catégorie:','ShopThemeCatalog','leo_fashion_store'),(76,1,'%s other products in the same category:','%s autres œuvres de la même catégorie:','ShopThemeCatalog','leo_fashion_store'),(77,1,'Customers who bought this product also bought:','Les clients qui ont acheté cette œuvre ont également acheté:','ShopThemeCatalog','leo_fashion_store'),(78,1,'Viewed products','Oeuvres vues','ShopThemeCatalog','leo_fashion_store'),(79,1,'1 person is currently watching this product.','1 personne regarde actuellement cette œuvre.','ShopThemeCatalog','leo_fashion_store'),(80,1,'%nb_people% people are currently watching this product.','%nb_people% les gens regardent actuellement cette œuvre.','ShopThemeCatalog','leo_fashion_store'),(81,1,'Last time this product was bought: %date_last_order%','La dernière fois que cette œuvre a été achetée: %date_last_order%','ShopThemeCatalog','leo_fashion_store'),(82,1,'Last time this product was added to a cart: %date_last_cart%','La dernière fois que cette œuvre a été ajoutée à un panier: %date_last_cart%','ShopThemeCatalog','leo_fashion_store'),(83,1,'New products','Nouvelles œuvres','ShopThemeCatalog','leo_fashion_store'),(84,1,'All new products','Toutes les nouvelles œuvres ','ShopThemeCatalog','leo_fashion_store'),(85,1,'Product successfully added to your shopping cart','Œuvre ajoutée avec succès à votre panier','ShopThemeCheckout','leo_fashion_store'),(86,1,'Total products:','Total des œuvres:','ShopThemeCheckout','leo_fashion_store'),(87,1,'If you wish to return one or more products, please mark the corresponding boxes and provide an explanation for the return. When complete, click the button below.','Si vous souhaitez renvoyer une ou plusieurs œuvres , marquez les cases correspondantes et expliquez le retour. Une fois terminé, cliquez sur le bouton ci-dessous.','ShopThemeCustomeraccount','leo_fashion_store'),(88,1,'Related Products','Œuvres connexes','ShopThemeGlobal','leo_fashion_store'),(89,1,'No products at this time.','Aucune œuvre pour le moment.','ShopThemeGlobal','leo_fashion_store'),(90,1,'Brands','Artistes','ShopThemeCatalog','leo_fashion_store'),(91,1,'No brand','Non attribué','ShopThemeCatalog','leo_fashion_store'),(92,1,'Previous','Précédent','ShopThemeCatalog','leo_fashion_store'),(93,1,'Next','Suivant','ShopThemeCatalog','leo_fashion_store'),(94,1,'Brand','Artiste','ShopThemeCatalog','leo_fashion_store'),(95,1,'In stock','Disponible','ShopThemeCatalog','leo_fashion_store'),(96,1,'There are %product_count% products.','Il y a %product_count%  œuvres.','ShopThemeCatalog','leo_fashion_store'),(97,1,'Products','Œuvres','messages',NULL),(98,1,'Product','Œuvre','messages',NULL),(99,2,'Brands','Artists','ShopThemeCatalog','leo_fashion_store'),(100,2,'All brands','All artists','ShopThemeCatalog','leo_fashion_store'),(101,2,'List of products by brand %brand_name%','List of artworks by artist %brand_name%','ShopThemeCatalog','leo_fashion_store'),(102,2,'No brand','No artist','ShopThemeCatalog','leo_fashion_store'),(103,2,'Brand','Artist','ShopThemeCatalog','leo_fashion_store'),(104,2,'View products','View artworks','ShopThemeActions','leo_fashion_store'),(105,2,'Related Products','Related artworks','ShopThemeGlobal','leo_fashion_store'),(106,2,'No products at this time.','No artworks at this time.','ShopThemeGlobal','leo_fashion_store'),(107,2,'Product','Artwork','ShopFormsLabels','leo_fashion_store'),(108,2,'List of products by supplier %s','List of artworks by supplier %s','ShopThemeCatalog','leo_fashion_store'),(109,2,'Product Details','Artwork Details','ShopThemeCatalog','leo_fashion_store'),(110,2,'Product customization','Artwork customization','ShopThemeCatalog','leo_fashion_store'),(111,2,'Product','Artwork','ShopThemeCatalog','leo_fashion_store'),(112,2,'There are %product_count% products.','There are %product_count% artworks.','ShopThemeCatalog','leo_fashion_store'),(113,2,'There is 1 product.','There is 1 artwork.','ShopThemeCatalog','leo_fashion_store'),(114,2,'Popular Products','Featured Artworks','ShopThemeCatalog','leo_fashion_store'),(115,2,'All products','All featured Artworks','ShopThemeCatalog','leo_fashion_store'),(116,2,'%s other product in the same category:','%s other artwork in the same category:','ShopThemeCatalog','leo_fashion_store'),(117,2,'%s other products in the same category:','%s other artworks in the same category:','ShopThemeCatalog','leo_fashion_store'),(118,2,'Customers who bought this product also bought:','Customers who bought this artwork also bought:','ShopThemeCatalog','leo_fashion_store'),(119,2,'Viewed products','Viewed artworks','ShopThemeCatalog','leo_fashion_store'),(120,2,'All sale products','All sale artworks','ShopThemeCatalog','leo_fashion_store'),(121,2,'1 person is currently watching this product.','1 person is currently watching this artwork.','ShopThemeCatalog','leo_fashion_store'),(122,2,'%nb_people% people are currently watching this product.','%nb_people% people are currently watching this artwork.','ShopThemeCatalog','leo_fashion_store'),(123,2,'Last time this product was bought: %date_last_order%','Last time this artwork was bought: %date_last_order%','ShopThemeCatalog','leo_fashion_store'),(124,2,'Last time this product was added to a cart: %date_last_cart%','Last time this artwork was added to a cart: %date_last_cart%','ShopThemeCatalog','leo_fashion_store'),(125,2,'New products','New artworks','ShopThemeCatalog','leo_fashion_store'),(126,2,'All new products','All new artworks','ShopThemeCatalog','leo_fashion_store'),(127,1,'View products','voir les produits test','ShopThemeActions','classic'),(128,1,'Product','Œuvre','ShopFormsLabels','classic'),(129,1,'New products','Nouvelles œuvres','ShopNavigation','classic'),(130,1,'Our new products','Nos nouvelles œuvres','ShopNavigation','classic'),(131,1,'new-products','nouvelles-œuvres','ShopNavigation','classic'),(132,1,'%number% products','%number% œuvres','ShopThemeCatalog','classic'),(133,1,'%number% product','%number% œuvre','ShopThemeCatalog','classic'),(134,1,'There are %product_count% products.','Il y a %product_count% œuvres.','ShopThemeCatalog','classic'),(135,1,'All brands','Tous les artistes','ShopThemeCatalog','leo_fashion_store'),(136,1,'There are not enough products in stock','Vendu.','ShopNotificationsError','classic'),(137,1,'An electronic version of this invoice is available in your account. To access it, log in to our website using your e-mail address and password (which you created when placing your first order).',' ','ShopPdf','classic'),(138,1,'%copyright% %year% - Ecommerce software by %prestashop%','%copyright% %year% . Tous droits réservés.','ShopThemeGlobal','classic'),(139,2,'%copyright% %year% - Ecommerce software by %prestashop%','%copyright% %year% - All rights reserved','ShopThemeGlobal','classic'),(140,1,'Item','Œuvre','ShopThemeCatalog','classic'),(141,1,'Last items in stock','Derniers œuvres en stock','ShopThemeCatalog','classic'),(142,1,'Showing %from%-%to% of %total% item(s)','Affichage %from%-%to% de %total% œuvre(s)','ShopThemeCatalog','classic'),(143,1,'1 item','1 œuvre','ShopThemeCheckout','classic'),(144,1,'%count% items','%count% œuvres','ShopThemeCheckout','classic'),(145,1,'Order items','Œuvres de la commande','ShopThemeCheckout','classic'),(146,1,'%product_count% item in your cart','%product_count% œuvre dans votre panier','ShopThemeCheckout','classic'),(147,1,'%products_count% items in your cart','%products_count% œuvres dans votre panier','ShopThemeCheckout','classic'),(148,1,'There are no more items in your cart','Il n\'y a plus d\'œuvres dans votre panier','ShopThemeCheckout','classic'),(149,1,'There are %products_count% items in your cart.','Il y a %products_count% œuvres dans votre panier.','ShopThemeCheckout','classic'),(150,1,'There is %product_count% item in your cart.','Il y a %product_count% œuvre dans votre panier.','ShopThemeCheckout','classic');

--
-- Table structure for table `pre3303_warehouse`
--

CREATE TABLE `pre3303_warehouse` (
  `id_warehouse` int(11) unsigned NOT NULL AUTO_INCREMENT,
  `id_currency` int(11) unsigned NOT NULL,
  `id_address` int(11) unsigned NOT NULL,
  `id_employee` int(11) unsigned NOT NULL,
  `reference` varchar(32) DEFAULT NULL,
  `name` varchar(45) NOT NULL,
  `management_type` enum('WA','FIFO','LIFO') NOT NULL DEFAULT 'WA',
  `deleted` tinyint(1) unsigned NOT NULL DEFAULT '0',
  PRIMARY KEY (`id_warehouse`)
) ENGINE=InnoDB DEFAULT CHARSET=utf8;

--
-- Dumping data for table `pre3303_warehouse`
--


--
-- Table structure for table `pre3303_warehouse_carrier`
--

CREATE TABLE `pre3303_warehouse_carrier` (
  `id_carrier` int(11) unsigned NOT NULL,
  `id_warehouse` int(11) unsigned NOT NULL,
  PRIMARY KEY (`id_warehouse`,`id_carrier`),
  KEY `id_warehouse` (`id_warehouse`),
  KEY `id_carrier` (`id_carrier`)
) ENGINE=InnoDB DEFAULT CHARSET=utf8;

--
-- Dumping data for table `pre3303_warehouse_carrier`
--


--
-- Table structure for table `pre3303_warehouse_product_location`
--

CREATE TABLE `pre3303_warehouse_product_location` (
  `id_warehouse_product_location` int(11) unsigned NOT NULL AUTO_INCREMENT,
  `id_product` int(11) unsigned NOT NULL,
  `id_product_attribute` int(11) unsigned NOT NULL,
  `id_warehouse` int(11) unsigned NOT NULL,
  `location` varchar(64) DEFAULT NULL,
  PRIMARY KEY (`id_warehouse_product_location`),
  UNIQUE KEY `id_product` (`id_product`,`id_product_attribute`,`id_warehouse`)
) ENGINE=InnoDB DEFAULT CHARSET=utf8;

--
-- Dumping data for table `pre3303_warehouse_product_location`
--


--
-- Table structure for table `pre3303_warehouse_shop`
--

CREATE TABLE `pre3303_warehouse_shop` (
  `id_shop` int(11) unsigned NOT NULL,
  `id_warehouse` int(11) unsigned NOT NULL,
  PRIMARY KEY (`id_warehouse`,`id_shop`),
  KEY `id_warehouse` (`id_warehouse`),
  KEY `id_shop` (`id_shop`)
) ENGINE=InnoDB DEFAULT CHARSET=utf8;

--
-- Dumping data for table `pre3303_warehouse_shop`
--


--
-- Table structure for table `pre3303_web_browser`
--

CREATE TABLE `pre3303_web_browser` (
  `id_web_browser` int(10) unsigned NOT NULL AUTO_INCREMENT,
  `name` varchar(64) DEFAULT NULL,
  PRIMARY KEY (`id_web_browser`)
) ENGINE=InnoDB AUTO_INCREMENT=12 DEFAULT CHARSET=utf8;

--
-- Dumping data for table `pre3303_web_browser`
--

INSERT INTO `pre3303_web_browser` VALUES (1,'Safari'),(2,'Safari iPad'),(3,'Firefox'),(4,'Opera'),(5,'IE 6'),(6,'IE 7'),(7,'IE 8'),(8,'IE 9'),(9,'IE 10'),(10,'IE 11'),(11,'Chrome');

--
-- Table structure for table `pre3303_webservice_account`
--

CREATE TABLE `pre3303_webservice_account` (
  `id_webservice_account` int(11) NOT NULL AUTO_INCREMENT,
  `key` varchar(32) NOT NULL,
  `description` text,
  `class_name` varchar(50) NOT NULL DEFAULT 'WebserviceRequest',
  `is_module` tinyint(2) NOT NULL DEFAULT '0',
  `module_name` varchar(50) DEFAULT NULL,
  `active` tinyint(2) NOT NULL,
  PRIMARY KEY (`id_webservice_account`),
  KEY `key` (`key`)
) ENGINE=InnoDB AUTO_INCREMENT=2 DEFAULT CHARSET=utf8;

--
-- Dumping data for table `pre3303_webservice_account`
--

INSERT INTO `pre3303_webservice_account` VALUES (1,'PU3K1K8DS5RG8VBE1ZN3BTWGAGRMDS6G','Clé API SendCloud (22/11/2018 17:11:38)','WebserviceRequest',0,NULL,1);

--
-- Table structure for table `pre3303_webservice_account_shop`
--

CREATE TABLE `pre3303_webservice_account_shop` (
  `id_webservice_account` int(11) unsigned NOT NULL,
  `id_shop` int(11) unsigned NOT NULL,
  PRIMARY KEY (`id_webservice_account`,`id_shop`),
  KEY `id_shop` (`id_shop`)
) ENGINE=InnoDB DEFAULT CHARSET=utf8;

--
-- Dumping data for table `pre3303_webservice_account_shop`
--

INSERT INTO `pre3303_webservice_account_shop` VALUES (1,2),(1,4),(1,5);

--
-- Table structure for table `pre3303_webservice_permission`
--

CREATE TABLE `pre3303_webservice_permission` (
  `id_webservice_permission` int(11) NOT NULL AUTO_INCREMENT,
  `resource` varchar(50) NOT NULL,
  `method` enum('GET','POST','PUT','DELETE','HEAD') NOT NULL,
  `id_webservice_account` int(11) NOT NULL,
  PRIMARY KEY (`id_webservice_permission`),
  UNIQUE KEY `resource_2` (`resource`,`method`,`id_webservice_account`),
  KEY `resource` (`resource`),
  KEY `method` (`method`),
  KEY `id_webservice_account` (`id_webservice_account`)
) ENGINE=InnoDB AUTO_INCREMENT=451 DEFAULT CHARSET=utf8;

--
-- Dumping data for table `pre3303_webservice_permission`
--

INSERT INTO `pre3303_webservice_permission` VALUES (401,'addresses','GET',1),(402,'addresses','POST',1),(403,'addresses','PUT',1),(404,'addresses','DELETE',1),(405,'addresses','HEAD',1),(406,'carriers','GET',1),(407,'carriers','POST',1),(408,'carriers','PUT',1),(409,'carriers','DELETE',1),(410,'carriers','HEAD',1),(411,'configurations','GET',1),(412,'configurations','POST',1),(413,'configurations','PUT',1),(414,'configurations','DELETE',1),(415,'configurations','HEAD',1),(416,'countries','GET',1),(417,'countries','POST',1),(418,'countries','PUT',1),(419,'countries','DELETE',1),(420,'countries','HEAD',1),(421,'customers','GET',1),(422,'customers','POST',1),(423,'customers','PUT',1),(424,'customers','DELETE',1),(425,'customers','HEAD',1),(436,'orders','GET',1),(437,'orders','POST',1),(438,'orders','PUT',1),(439,'orders','DELETE',1),(440,'orders','HEAD',1),(426,'order_details','GET',1),(427,'order_details','POST',1),(428,'order_details','PUT',1),(429,'order_details','DELETE',1),(430,'order_details','HEAD',1),(431,'order_states','GET',1),(432,'order_states','POST',1),(433,'order_states','PUT',1),(434,'order_states','DELETE',1),(435,'order_states','HEAD',1),(441,'products','GET',1),(442,'products','POST',1),(443,'products','PUT',1),(444,'products','DELETE',1),(445,'products','HEAD',1),(446,'states','GET',1),(447,'states','POST',1),(448,'states','PUT',1),(449,'states','DELETE',1),(450,'states','HEAD',1);

--
-- Table structure for table `pre3303_zone`
--

CREATE TABLE `pre3303_zone` (
  `id_zone` int(10) unsigned NOT NULL AUTO_INCREMENT,
  `name` varchar(64) NOT NULL,
  `active` tinyint(1) unsigned NOT NULL DEFAULT '0',
  PRIMARY KEY (`id_zone`)
) ENGINE=InnoDB AUTO_INCREMENT=10 DEFAULT CHARSET=utf8;

--
-- Dumping data for table `pre3303_zone`
--

INSERT INTO `pre3303_zone` VALUES (1,'Europe',1),(2,'North America',1),(3,'Asia',1),(4,'Africa',1),(5,'Oceania',1),(6,'South America',1),(7,'Europe (non-EU)',1),(8,'Central America/Antilla',1),(9,'Zone Domestque Fr',1);

--
-- Table structure for table `pre3303_zone_shop`
--

CREATE TABLE `pre3303_zone_shop` (
  `id_zone` int(11) unsigned NOT NULL,
  `id_shop` int(11) unsigned NOT NULL,
  PRIMARY KEY (`id_zone`,`id_shop`),
  KEY `id_shop` (`id_shop`)
) ENGINE=InnoDB DEFAULT CHARSET=utf8;

--
-- Dumping data for table `pre3303_zone_shop`
--

INSERT INTO `pre3303_zone_shop` VALUES (1,2),(2,2),(3,2),(4,2),(5,2),(6,2),(7,2),(8,2),(9,2),(1,4),(2,4),(3,4),(4,4),(5,4),(6,4),(7,4),(8,4),(9,4),(1,5),(2,5),(3,5),(4,5),(5,5),(6,5),(7,5),(8,5),(9,5);

--
-- Table structure for table `pre3305_access`
--

CREATE TABLE `pre3305_access` (
  `id_profile` int(10) unsigned NOT NULL,
  `id_authorization_role` int(10) unsigned NOT NULL,
  PRIMARY KEY (`id_profile`,`id_authorization_role`)
) ENGINE=InnoDB DEFAULT CHARSET=utf8;

--
-- Dumping data for table `pre3305_access`
--

INSERT INTO `pre3305_access` VALUES (1,1),(1,2),(1,3),(1,4),(1,5),(1,6),(1,7),(1,8),(1,9),(1,10),(1,11),(1,12),(1,13),(1,14),(1,15),(1,16),(1,17),(1,18),(1,19),(1,20),(1,21),(1,22),(1,23),(1,24),(1,25),(1,26),(1,27),(1,28),(1,29),(1,30),(1,31),(1,32),(1,33),(1,34),(1,35),(1,36),(1,37),(1,38),(1,39),(1,40),(1,41),(1,42),(1,43),(1,44),(1,45),(1,46),(1,47),(1,48),(1,49),(1,50),(1,51),(1,52),(1,53),(1,54),(1,55),(1,56),(1,57),(1,58),(1,59),(1,60),(1,61),(1,62),(1,63),(1,64),(1,65),(1,66),(1,67),(1,68),(1,69),(1,70),(1,71),(1,72),(1,73),(1,74),(1,75),(1,76),(1,77),(1,78),(1,79),(1,80),(1,81),(1,82),(1,83),(1,84),(1,85),(1,86),(1,87),(1,88),(1,89),(1,90),(1,91),(1,92),(1,93),(1,94),(1,95),(1,96),(1,97),(1,98),(1,99),(1,100),(1,101),(1,102),(1,103),(1,104),(1,105),(1,106),(1,107),(1,108),(1,109),(1,110),(1,111),(1,112),(1,113),(1,114),(1,115),(1,116),(1,117),(1,118),(1,119),(1,120),(1,121),(1,122),(1,123),(1,124),(1,125),(1,126),(1,127),(1,128),(1,129),(1,130),(1,131),(1,132),(1,133),(1,134),(1,135),(1,136),(1,137),(1,138),(1,139),(1,140),(1,141),(1,142),(1,143),(1,144),(1,145),(1,146),(1,147),(1,148),(1,149),(1,150),(1,151),(1,152),(1,153),(1,154),(1,155),(1,156),(1,157),(1,158),(1,159),(1,160),(1,161),(1,162),(1,163),(1,164),(1,165),(1,166),(1,167),(1,168),(1,169),(1,170),(1,171),(1,172),(1,173),(1,174),(1,175),(1,176),(1,177),(1,178),(1,179),(1,180),(1,181),(1,182),(1,183),(1,184),(1,185),(1,186),(1,187),(1,188),(1,189),(1,190),(1,191),(1,192),(1,193),(1,194),(1,195),(1,196),(1,197),(1,198),(1,199),(1,200),(1,201),(1,202),(1,203),(1,204),(1,205),(1,206),(1,207),(1,208),(1,209),(1,210),(1,211),(1,212),(1,213),(1,214),(1,215),(1,216),(1,217),(1,218),(1,219),(1,220),(1,221),(1,222),(1,223),(1,224),(1,225),(1,226),(1,227),(1,228),(1,229),(1,230),(1,231),(1,232),(1,233),(1,234),(1,235),(1,236),(1,237),(1,238),(1,239),(1,240),(1,241),(1,242),(1,243),(1,244),(1,245),(1,246),(1,247),(1,248),(1,249),(1,250),(1,251),(1,252),(1,253),(1,254),(1,255),(1,256),(1,257),(1,258),(1,259),(1,260),(1,261),(1,262),(1,263),(1,264),(1,265),(1,266),(1,267),(1,268),(1,269),(1,270),(1,271),(1,272),(1,273),(1,274),(1,275),(1,276),(1,277),(1,278),(1,279),(1,280),(1,281),(1,282),(1,283),(1,284),(1,285),(1,286),(1,287),(1,288),(1,289),(1,290),(1,291),(1,292),(1,293),(1,294),(1,295),(1,296),(1,297),(1,298),(1,299),(1,300),(1,301),(1,302),(1,303),(1,304),(1,305),(1,306),(1,307),(1,308),(1,309),(1,310),(1,311),(1,312),(1,313),(1,314),(1,315),(1,316),(1,317),(1,318),(1,319),(1,320),(1,321),(1,322),(1,323),(1,324),(1,325),(1,326),(1,327),(1,328),(1,329),(1,330),(1,331),(1,332),(1,333),(1,334),(1,335),(1,336),(1,337),(1,338),(1,339),(1,340),(1,341),(1,342),(1,343),(1,344),(1,345),(1,346),(1,347),(1,348),(1,349),(1,350),(1,351),(1,352),(1,353),(1,354),(1,355),(1,356),(1,357),(1,358),(1,359),(1,360),(1,361),(1,362),(1,363),(1,364),(1,365),(1,366),(1,367),(1,368),(1,369),(1,370),(1,371),(1,372),(1,373),(1,374),(1,375),(1,376),(1,377),(1,378),(1,379),(1,380),(1,381),(1,382),(1,383),(1,384),(1,385),(1,386),(1,387),(1,388),(1,389),(1,390),(1,391),(1,392),(1,393),(1,394),(1,395),(1,396),(1,397),(1,398),(1,399),(1,400),(1,401),(1,402),(1,403),(1,404),(1,405),(1,406),(1,407),(1,408),(1,409),(1,410),(1,411),(1,412),(1,413),(1,414),(1,415),(1,416),(1,417),(1,418),(1,419),(1,420),(1,421),(1,422),(1,423),(1,424),(1,425),(1,426),(1,427),(1,428),(1,429),(1,430),(1,431),(1,432),(1,433),(1,434),(1,435),(1,436),(1,437),(1,438),(1,439),(1,440),(1,441),(1,442),(1,443),(1,444),(1,445),(1,446),(1,447),(1,448),(1,449),(1,450),(1,451),(1,452),(1,461),(1,462),(1,463),(1,464),(1,661),(1,662),(1,663),(1,664),(1,673),(1,674),(1,675),(1,676),(1,685),(1,686),(1,687),(1,688),(1,705),(1,706),(1,707),(1,708),(1,709),(1,710),(1,711),(1,712),(1,713),(1,714),(1,715),(1,716),(1,717),(1,718),(1,719),(1,720),(1,721),(1,722),(1,723),(1,724),(1,725),(1,726),(1,727),(1,728),(1,729),(1,730),(1,731),(1,732),(1,733),(1,734),(1,735),(1,736),(1,737),(1,738),(1,739),(1,740),(1,741),(1,742),(1,743),(1,744),(1,745),(1,746),(1,747),(1,748),(1,749),(1,750),(1,751),(1,752),(1,753),(1,754),(1,755),(1,756),(1,761),(1,762),(1,763),(1,764),(1,765),(1,766),(1,767),(1,768),(1,769),(1,770),(1,771),(1,772),(1,773),(1,774),(1,775),(1,776),(1,777),(1,778),(1,779),(1,780),(1,781),(1,782),(1,783),(1,784),(1,805),(1,806),(1,807),(1,808),(1,809),(1,810),(1,811),(1,812),(1,813),(1,814),(1,815),(1,816),(1,817),(1,818),(1,819),(1,820),(1,829),(1,830),(1,831),(1,832),(1,833),(1,834),(1,835),(1,836),(1,837),(1,838),(1,839),(1,840),(1,841),(1,842),(1,843),(1,844),(1,845),(1,846),(1,847),(1,848),(1,849),(1,850),(1,851),(1,852),(1,853),(1,854),(1,855),(1,856),(1,861),(1,862),(1,863),(1,864),(1,877),(1,878),(1,879),(1,880),(1,897),(1,898),(1,899),(1,900),(1,901),(1,902),(1,903),(1,904),(1,909),(1,910),(1,911),(1,912),(1,913),(1,914),(1,915),(1,916),(1,917),(1,918),(1,919),(1,920),(1,925),(1,926),(1,927),(1,928),(1,929),(1,930),(1,931),(1,932),(1,933),(1,934),(1,935),(1,936),(1,937),(1,938),(1,939),(1,940),(1,941),(1,942),(1,943),(1,944),(1,945),(1,946),(1,947),(1,948),(1,949),(1,950),(1,951),(1,952),(1,953),(1,954),(1,955),(1,956),(1,957),(1,958),(1,959),(1,960),(1,961),(1,962),(1,963),(1,964),(1,965),(1,966),(1,967),(1,968),(1,969),(1,970),(1,971),(1,972),(1,973),(1,974),(1,975),(1,976),(1,981),(1,982),(1,983),(1,984),(1,985),(1,986),(1,987),(1,988),(1,989),(1,990),(1,991),(1,992),(1,993),(1,994),(1,995),(1,996),(1,997),(1,998),(1,999),(1,1000),(1,1001),(1,1002),(1,1003),(1,1004),(1,1009),(1,1010),(1,1011),(1,1012),(1,1013),(1,1014),(1,1015),(1,1016),(1,1017),(1,1018),(1,1019),(1,1020),(1,1021),(1,1022),(1,1023),(1,1024),(1,1033),(1,1034),(1,1035),(1,1036),(1,1037),(1,1038),(1,1039),(1,1040),(1,1041),(1,1042),(1,1043),(1,1044),(1,1093),(1,1094),(1,1095),(1,1096),(1,1097),(1,1098),(1,1099),(1,1100),(2,9),(2,10),(2,11),(2,12),(2,33),(2,34),(2,35),(2,36),(2,45),(2,46),(2,47),(2,48),(2,49),(2,50),(2,51),(2,52),(2,85),(2,86),(2,87),(2,88),(2,129),(2,130),(2,131),(2,132),(2,181),(2,182),(2,183),(2,184),(2,201),(2,202),(2,203),(2,204),(2,209),(2,210),(2,211),(2,212),(2,221),(2,222),(2,223),(2,224),(2,234),(2,235),(2,241),(2,242),(2,243),(2,244),(2,261),(2,262),(2,263),(2,264),(2,265),(2,266),(2,267),(2,268),(2,301),(2,302),(2,303),(2,304),(2,317),(2,318),(2,319),(2,320),(2,329),(2,330),(2,331),(2,332),(2,341),(2,342),(2,343),(2,344),(2,365),(2,366),(2,367),(2,368),(2,381),(2,382),(2,383),(2,384),(2,389),(2,390),(2,391),(2,392),(2,393),(2,394),(2,395),(2,396),(2,417),(2,418),(2,419),(2,420),(2,425),(2,426),(2,427),(2,428),(2,441),(2,442),(2,443),(2,444),(2,445),(2,446),(2,447),(2,448),(3,45),(3,46),(3,47),(3,48),(3,49),(3,50),(3,51),(3,52),(3,125),(3,126),(3,127),(3,128),(3,141),(3,142),(3,143),(3,144),(3,217),(3,218),(3,219),(3,220),(3,257),(3,258),(3,259),(3,260),(3,301),(3,302),(3,303),(3,304),(3,321),(3,322),(3,323),(3,324),(3,421),(3,422),(3,423),(3,424),(3,437),(3,438),(3,439),(3,440),(3,441),(3,442),(3,443),(3,444),(3,445),(3,446),(3,447),(3,448),(3,449),(3,450),(3,451),(3,452),(4,0),(4,5),(4,6),(4,7),(4,8),(4,9),(4,10),(4,11),(4,12),(4,41),(4,42),(4,43),(4,44),(4,45),(4,46),(4,47),(4,48),(4,49),(4,50),(4,51),(4,52),(4,73),(4,74),(4,75),(4,76),(4,77),(4,78),(4,79),(4,80),(4,81),(4,82),(4,83),(4,84),(4,85),(4,86),(4,87),(4,88),(4,125),(4,126),(4,127),(4,128),(4,129),(4,130),(4,131),(4,132),(4,154),(4,169),(4,170),(4,171),(4,172),(4,173),(4,174),(4,175),(4,176),(4,181),(4,182),(4,183),(4,184),(4,185),(4,186),(4,187),(4,188),(4,193),(4,194),(4,195),(4,196),(4,201),(4,202),(4,203),(4,204),(4,209),(4,210),(4,211),(4,212),(4,221),(4,222),(4,223),(4,224),(4,225),(4,226),(4,227),(4,228),(4,229),(4,230),(4,231),(4,232),(4,234),(4,235),(4,241),(4,242),(4,243),(4,244),(4,258),(4,261),(4,262),(4,263),(4,264),(4,301),(4,302),(4,303),(4,304),(4,309),(4,310),(4,311),(4,312),(4,317),(4,318),(4,319),(4,320),(4,322),(4,341),(4,342),(4,343),(4,344),(4,353),(4,354),(4,355),(4,356),(4,393),(4,394),(4,395),(4,396),(4,417),(4,418),(4,419),(4,420),(4,429),(4,430),(4,431),(4,432),(4,441),(4,442),(4,443),(4,444),(4,445),(4,446),(4,447),(4,448),(4,861),(4,862),(4,863),(4,864),(7,5),(7,6),(7,7),(7,8),(7,17),(7,18),(7,19),(7,20),(7,33),(7,34),(7,35),(7,36),(7,41),(7,42),(7,43),(7,44),(7,45),(7,46),(7,47),(7,48),(7,53),(7,54),(7,55),(7,56),(7,113),(7,114),(7,115),(7,116),(7,121),(7,122),(7,123),(7,124),(7,125),(7,126),(7,127),(7,128),(7,137),(7,138),(7,139),(7,140),(7,145),(7,146),(7,147),(7,148),(7,165),(7,166),(7,167),(7,168),(7,169),(7,170),(7,171),(7,172),(7,181),(7,182),(7,183),(7,184),(7,201),(7,202),(7,203),(7,204),(7,209),(7,210),(7,211),(7,212),(7,225),(7,226),(7,227),(7,228),(7,241),(7,242),(7,243),(7,244),(7,245),(7,246),(7,247),(7,248),(7,253),(7,254),(7,255),(7,256),(7,261),(7,262),(7,263),(7,264),(7,277),(7,278),(7,279),(7,280),(7,289),(7,290),(7,291),(7,292),(7,313),(7,314),(7,315),(7,316),(7,329),(7,330),(7,331),(7,332),(7,333),(7,334),(7,335),(7,336),(7,337),(7,338),(7,339),(7,340),(7,353),(7,354),(7,355),(7,356),(7,361),(7,362),(7,363),(7,364),(7,409),(7,410),(7,411),(7,412),(7,413),(7,414),(7,415),(7,416),(7,429),(7,430),(7,431),(7,432),(7,437),(7,438),(7,439),(7,440),(7,441),(7,442),(7,443),(7,444),(7,445),(7,446),(7,447),(7,448),(7,449),(7,450),(7,451),(7,452),(7,685),(7,686),(7,687),(7,688),(7,693),(7,694),(7,695),(7,696),(7,861),(7,862),(7,863),(7,864),(7,925),(7,926),(7,927),(7,928),(7,929),(7,930),(7,931),(7,932),(7,933),(7,934),(7,935),(7,936),(7,937),(7,938),(7,939),(7,940),(7,945),(7,946),(7,947),(7,948),(7,949),(7,950),(7,951),(7,952),(7,953),(7,954),(7,955),(7,956),(7,957),(7,958),(7,959),(7,960),(7,961),(7,962),(7,963),(7,964),(7,965),(7,966),(7,967),(7,968),(7,981),(7,982),(7,983),(7,984),(7,985),(7,986),(7,987),(7,988),(7,989),(7,990),(7,991),(7,992),(7,993),(7,994),(7,995),(7,996),(7,997),(7,998),(7,999),(7,1000),(7,1001),(7,1002),(7,1003),(7,1004),(7,1009),(7,1010),(7,1011),(7,1012),(7,1021),(7,1022),(7,1023),(7,1024),(7,1033),(7,1034),(7,1035),(7,1036),(7,1037),(7,1038),(7,1039),(7,1040),(7,1041),(7,1042),(7,1043),(7,1044),(8,2),(8,6),(8,10),(8,14),(8,22),(8,26),(8,27),(8,30),(8,34),(8,38),(8,42),(8,46),(8,47),(8,50),(8,51),(8,54),(8,58),(8,62),(8,66),(8,70),(8,74),(8,78),(8,82),(8,86),(8,90),(8,94),(8,98),(8,99),(8,102),(8,106),(8,110),(8,114),(8,118),(8,122),(8,126),(8,130),(8,134),(8,138),(8,142),(8,146),(8,150),(8,154),(8,155),(8,157),(8,158),(8,159),(8,160),(8,162),(8,166),(8,170),(8,174),(8,178),(8,182),(8,186),(8,190),(8,191),(8,194),(8,198),(8,202),(8,206),(8,210),(8,214),(8,218),(8,222),(8,223),(8,226),(8,229),(8,230),(8,231),(8,232),(8,234),(8,238),(8,242),(8,246),(8,250),(8,254),(8,257),(8,258),(8,259),(8,260),(8,262),(8,266),(8,270),(8,274),(8,278),(8,282),(8,286),(8,290),(8,294),(8,298),(8,302),(8,303),(8,306),(8,309),(8,310),(8,311),(8,312),(8,314),(8,318),(8,321),(8,322),(8,323),(8,324),(8,325),(8,326),(8,327),(8,328),(8,330),(8,334),(8,338),(8,342),(8,346),(8,350),(8,354),(8,358),(8,362),(8,366),(8,370),(8,374),(8,378),(8,382),(8,386),(8,390),(8,391),(8,394),(8,397),(8,398),(8,399),(8,400),(8,402),(8,406),(8,410),(8,414),(8,418),(8,419),(8,422),(8,426),(8,430),(8,434),(8,437),(8,438),(8,439),(8,440),(8,442),(8,446),(8,447),(8,449),(8,450),(8,451),(8,452),(8,462),(8,661),(8,662),(8,663),(8,664),(8,674),(8,686),(8,694),(8,862),(8,878),(8,898),(8,926),(8,930),(8,934),(8,938),(8,942),(8,946),(8,950),(8,954),(8,958),(8,962),(8,966),(8,970),(8,974),(8,982),(8,986),(8,990),(8,994),(8,998),(8,1002),(8,1010),(8,1014),(8,1018),(8,1022),(8,1034),(8,1038),(8,1042),(8,1094),(8,1098);

--
-- Table structure for table `pre3305_accessory`
--

CREATE TABLE `pre3305_accessory` (
  `id_product_1` int(10) unsigned NOT NULL,
  `id_product_2` int(10) unsigned NOT NULL,
  KEY `accessory_product` (`id_product_1`,`id_product_2`)
) ENGINE=InnoDB DEFAULT CHARSET=utf8;

--
-- Dumping data for table `pre3305_accessory`
--


--
-- Table structure for table `pre3305_address`
--

CREATE TABLE `pre3305_address` (
  `id_address` int(10) unsigned NOT NULL AUTO_INCREMENT,
  `id_country` int(10) unsigned NOT NULL,
  `id_state` int(10) unsigned DEFAULT NULL,
  `id_customer` int(10) unsigned NOT NULL DEFAULT '0',
  `id_manufacturer` int(10) unsigned NOT NULL DEFAULT '0',
  `id_supplier` int(10) unsigned NOT NULL DEFAULT '0',
  `id_warehouse` int(10) unsigned NOT NULL DEFAULT '0',
  `alias` varchar(32) NOT NULL,
  `company` varchar(255) DEFAULT NULL,
  `lastname` varchar(255) NOT NULL,
  `firstname` varchar(255) NOT NULL,
  `address1` varchar(128) NOT NULL,
  `address2` varchar(128) DEFAULT NULL,
  `postcode` varchar(12) DEFAULT NULL,
  `city` varchar(64) NOT NULL,
  `other` text,
  `phone` varchar(32) DEFAULT NULL,
  `phone_mobile` varchar(32) DEFAULT NULL,
  `vat_number` varchar(32) DEFAULT NULL,
  `dni` varchar(16) DEFAULT NULL,
  `date_add` datetime NOT NULL,
  `date_upd` datetime NOT NULL,
  `active` tinyint(1) unsigned NOT NULL DEFAULT '1',
  `deleted` tinyint(1) unsigned NOT NULL DEFAULT '0',
  PRIMARY KEY (`id_address`),
  KEY `address_customer` (`id_customer`),
  KEY `id_country` (`id_country`),
  KEY `id_state` (`id_state`),
  KEY `id_manufacturer` (`id_manufacturer`),
  KEY `id_supplier` (`id_supplier`),
  KEY `id_warehouse` (`id_warehouse`)
) ENGINE=InnoDB AUTO_INCREMENT=6280 DEFAULT CHARSET=utf8;

--
-- Dumping data for table `pre3305_address`
--

INSERT INTO `pre3305_address` VALUES (1000,8,0,4661,0,0,0,'1000','','Hautin','Jean-Louis','43 rue Gabriel Peri','','78800','Houilles','','','','','','2018-07-13 13:51:52','2018-07-13 13:51:52',1,0),(1001,8,0,1046,0,0,0,'1001','','Skonieny','Claire Estelle','20 Square du Vexin','','78200','Mantes la jolie','','','','','','2018-07-13 13:54:43','2018-07-13 13:54:43',1,0),(1002,8,0,3778,0,0,0,'1002','','Ledoux','Annabelle et Nicolas','7 sentier de la Tranchee','','93170','Bagnolet','','','','','','2018-07-13 13:26:48','2018-07-13 13:26:48',1,0),(1003,8,0,5202,0,0,0,'1003','','Voirin','Sophie','25 Rue Clapeyron','','75008','Paris','','','','','','2018-07-13 13:51:55','2018-10-06 18:52:24',1,0),(1004,8,0,5329,0,0,0,'1004','','Conso','Christelle','41 rue Jenner','','75013','Paris','','','','','','2018-07-13 13:56:04','2018-07-13 13:56:04',1,0),(1005,8,0,5215,0,0,0,'1005','','Chauvel','Diane','7 rue Emile Dubois','','75014','Paris','','','','','','2018-07-13 13:44:19','2018-07-13 13:44:19',1,0),(1006,8,0,4603,0,0,0,'1006','','Letizia','Antoniol','6 rue Ordener','','75018','Paris','','','','','','2018-07-13 13:26:48','2018-07-13 13:26:48',1,0),(1007,8,0,4548,0,0,0,'1007','','FERRE','Anne','79 rue Notre Dame des Champs','','75006','Paris','','','','','','2018-07-13 13:26:48','2018-07-13 13:26:48',1,0),(1008,8,0,3136,0,0,0,'1008','','Danis','Julien','6 Passage d\'Enfer','','75014','Paris','','','','','','2018-07-13 13:51:53','2018-07-13 13:51:53',1,0),(1009,8,0,3750,0,0,0,'1009','','CHEZE','Fanny','17 rue Anna Jacquin','','92100','Boulogne','','','','','','2018-07-13 13:51:51','2018-07-13 13:51:51',1,0),(1010,8,0,1079,0,0,0,'1010','','Blaise','Paulin','29 bd Henri IV','','75004','Paris','','','','','','2018-07-13 13:51:54','2018-07-13 13:51:54',1,0),(1011,8,0,1056,0,0,0,'1011','','Le Fur','Patrick','62 allee Robert Estienne','','93320','Les Pavillons sous Bois','','','','','','2018-07-13 13:51:54','2018-07-13 13:51:54',1,0),(1012,8,0,4226,0,0,0,'1012','','Guignard','Mathilde','85 rue du 11 novembre 1918','','94700','Maisons-Alfort','','','','','','2018-07-13 13:51:53','2018-07-13 13:51:53',1,0),(1013,8,0,3120,0,0,0,'1013','','Braque','Aurelie','12 rue de Thann','','75017','Paris','','','','','','2018-07-13 13:26:48','2018-07-13 13:26:48',1,0),(1014,8,0,1271,0,0,0,'1014','','Gaudel','Francois','30 rue Armand Carrel','','93700','Drancy','','','','','','2018-07-13 13:51:52','2018-07-13 13:51:52',1,0),(1015,8,0,2922,0,0,0,'1015','','Merenne','Christophe','Les Grandes Raies','','71210','Torcy','','','','','','2018-07-13 13:56:04','2018-07-13 13:56:04',1,0),(1016,8,0,5609,0,0,0,'1016','','Bujon','Nicolas','1 allee des Roses','','78114','Magny les Hameaux','','','','','','2018-07-13 13:51:54','2018-08-31 15:29:56',1,0),(1017,8,0,3458,0,0,0,'1017','','Jagielski','Carine','68 bd de Charonne','','75020','Paris','','','','','','2018-07-13 13:26:49','2018-07-13 13:26:49',1,0),(1018,8,0,2915,0,0,0,'1018','','Capana','Cyrille','11 passage Ruisseau Menislmontant','','75020','Paris','','','','','','2018-07-13 13:51:51','2018-07-13 13:51:51',1,0),(1020,8,0,4855,0,0,0,'1020','','Aureillan','Anne et Erick','172 Chemin du Cannet','','6220','Vallauris','','','','','','2018-07-13 13:26:48','2018-07-13 13:26:48',1,0),(1021,8,0,3517,0,0,0,'1021','','Asap Management','.','38 rue Servant','','75011','Paris','','','','','','2018-07-13 13:26:47','2018-07-13 13:26:47',1,0),(1022,8,0,1223,0,0,0,'1022','','Le Bureau de Com','Agence','11 rue Dulong','','75017','Paris','','','','','','2018-07-13 13:26:48','2018-08-31 20:05:17',1,0),(1023,8,0,3144,0,0,0,'1023','','Benedetti','Toussaint','5 rue des envièrges','','75020','Paris','','','','','','2018-07-13 13:51:55','2018-07-13 13:51:55',1,0),(1024,8,0,3083,0,0,0,'1024','','Pasco','Ariane','55 b Rue Saint Martin','','91150','Etampes','','','','','','2018-07-13 13:26:48','2018-07-13 13:26:48',1,0),(1025,8,0,3048,0,0,0,'1025','','Pierrain','Laurence','22 bd Saint Germain','','75005','Paris','','','','','','2018-07-13 13:51:53','2018-07-13 13:51:53',1,0),(1028,8,0,1221,0,0,0,'1028','','Delannoy','Catherine','44 rue des Ecoles','','75005','Paris','','','','','','2018-07-13 13:26:49','2018-07-13 13:26:49',1,0),(1030,8,0,1102,0,0,0,'1030','','Schott','Marielle','46 rue Henry Barbusse','','93130','Noisy le sec','','','','','','2018-07-13 13:51:53','2018-07-13 13:51:53',1,0),(1032,8,0,3716,0,0,0,'1032','','Provignon','Anne','22 bis rue Saint Fargeau','','75020','Paris','','','','','','2018-07-13 13:26:48','2018-07-13 13:26:48',1,0),(1033,8,0,3237,0,0,0,'1033','','Dexheimer','Olivier','16 rue de Rouen','','75019','Paris','','','','','','2018-07-13 13:51:54','2018-10-10 15:55:30',1,0),(1036,8,0,1004,0,0,0,'1036','','Jugé','Christelle','13 rue de l Evangile','','75018','Paris','','','','','','2018-07-13 13:56:04','2018-07-13 13:56:04',1,0),(1037,8,0,1001,0,0,0,'1037','','Courtelle','Claire','9 rue du Soleil','','75020','Paris','','','','','','2018-07-13 13:54:43','2018-07-13 13:54:43',1,0),(1040,8,0,1142,0,0,0,'1040','','Joly','Nathalie','8 rue Honoré de Balzac','','77340','Pontault-Combault','','','','','','2018-07-13 13:51:54','2018-07-13 13:51:54',1,0),(1041,8,0,1067,0,0,0,'1041','','Chabry','Sophie','19 Villa Cix Niver','','75015','Paris','','','','','','2018-07-13 13:51:55','2018-07-13 13:51:55',1,0),(1042,8,0,3679,0,0,0,'1042','','Tessier','Yvan','88 bis rue du Ruisseau','','75018','Paris','','','','','','2018-07-13 13:51:55','2018-07-13 13:51:55',1,0),(1043,8,0,4564,0,0,0,'1043','','Selvestrel','M.','40 rue Lebalnc','','75015','Paris','','','','','','2018-07-13 13:51:53','2018-07-13 13:51:53',1,0),(1044,8,0,5064,0,0,0,'1044','','Bargeton','Gislhène','55 rue Servan','','75011','Paris','','','','','','2018-07-13 13:51:52','2018-07-13 13:51:52',1,0),(1045,8,0,5611,0,0,0,'1045','','Bonicel','Marianne','31 rue Transvaal','','75020','Paris','','','','','','2018-07-13 13:51:53','2018-07-13 13:51:53',1,0),(1046,8,0,3674,0,0,0,'1046','','Guillouf','Chrsitelle','5 rue de la Mare','','75020','Paris','','','','','','2018-07-13 13:54:43','2018-07-13 13:54:43',1,0),(1047,8,0,4413,0,0,0,'1047','','Boehm','Barbara','5 Passage Bullourde','','75011','Paris','','','','','','2018-07-13 13:26:48','2018-07-13 13:26:48',1,0),(1048,8,0,3338,0,0,0,'1048','','Laclavère','Martine','21 allée du Père Julien d\'Huit','','75020','Paris','','','','','','2018-07-13 13:51:53','2018-07-13 13:51:53',1,0),(1049,8,0,4408,0,0,0,'1049','','Martin','Gregory','13 avenue du Général de Gaulle','','92170','Vanves','','','','','','2018-07-13 13:51:52','2018-07-13 13:51:52',1,0),(1050,8,0,3924,0,0,0,'1050','','Thébault','Julien','11 allée Anne de Beaujeu','','75019','Paris','','','','','','2018-07-13 13:51:53','2018-07-13 13:51:53',1,0),(1051,8,0,3496,0,0,0,'1051','','Ghilardi','Sébastien','14 rue de Lorraine','','92600','Asnière-sur-Seine','','','','','','2018-07-13 13:51:55','2018-07-13 13:51:55',1,0),(1052,8,0,5575,0,0,0,'1052','','Labbé','Dorothé','1 Square Puccini','','78150','Le Chesnay','','','','','','2018-07-13 13:44:20','2018-07-13 13:44:20',1,0),(1053,8,0,5079,0,0,0,'1053','','COLMART','Michèle et François','25, rue de Navarin','','75009','Paris','','','','','','2018-07-13 13:51:53','2018-07-13 13:51:53',1,0),(1055,8,0,4097,0,0,0,'1055','','HARDY','Chantal et Hervé','44, avenue Le Nôtre','','92330','SCEAUX','','','','','','2018-07-13 13:26:49','2018-07-13 13:26:49',1,0),(1057,8,0,3760,0,0,0,'1057','','LEBLANC','Hervé','15, rue Diderot','','92150','SURESNES','','','','','','2018-07-13 13:51:52','2018-07-13 13:51:52',1,0),(1058,8,0,5695,0,0,0,'1058','','LOWENBACH','Florence et Gérard','17, Bd du Maréchal de Lattre de Tassigny','','92210','SAINT-CLOUD','','','','','','2018-07-13 13:51:51','2018-07-13 13:51:51',1,0),(1059,8,0,3748,0,0,0,'1059','','REBOULLEAU','Stephanie et Yann','29 Rue Bocage','','92310','SEVRES','','','','','','2018-07-13 13:51:55','2018-07-13 13:51:55',1,0),(1060,8,0,3429,0,0,0,'1060','','CARON','Bernadette et Gilbet','70, rue des Cascades','','75020','Paris','','','','','','2018-07-13 13:26:48','2018-07-13 13:26:48',1,0),(1061,8,0,3694,0,0,0,'1061','','Rancourt','Marie-France et Jacques','11 rue des Ormeaux','','75020','PARIS','','','','','','2018-07-13 13:51:53','2018-07-13 13:51:53',1,0),(1062,8,0,3943,0,0,0,'1062','ESIEE','Spilman','Claire','2 bd Blaise Pascal','','93162','Noisy le Grand','','','','','','2018-07-13 13:54:43','2018-07-13 13:54:43',1,0),(1063,8,0,3744,0,0,0,'1063','','RICHAUD','Fabienne et Jérôme','5 rue de la Clé','','75005','Paris','','','','','','2018-07-13 13:51:51','2018-07-13 13:51:51',1,0),(1064,8,0,2916,0,0,0,'1064','','Meflah','Myriam et Karim','7 allée Claude Monet','','92300','Levallois-Perret','','','','','','2018-07-13 13:51:54','2018-07-13 13:51:54',1,0),(1065,8,0,4326,0,0,0,'1065','','Boulet','Christine et Olivier','Ecole Saint Adrian','','19000','Tulle','','','','','','2018-07-13 13:56:04','2018-07-13 13:56:04',1,0),(1066,8,0,1198,0,0,0,'1066','','Tyssandier','Sylvie et Serge','10 rempart St Thiébault','','57000','Metz','','','','','','2018-07-13 13:51:55','2018-07-13 13:51:55',1,0),(1067,8,0,3941,0,0,0,'1067','','du Buisson','Sophie et Lavan','6 rue Saint-Remy','','28410','Prouais','','','','','','2018-07-13 13:51:55','2018-07-13 13:51:55',1,0),(1068,8,0,5222,0,0,0,'1068','','Vermot','Michel','18 promenade des Droits de l\'Homme','','77200','Torcy','','','','','','2018-07-13 13:51:53','2018-07-13 13:51:53',1,0),(1069,8,0,5813,0,0,0,'1069','','SIBONI','Olivier','301 Bd de la Vanne','','94230','CACHAN','','','','','','2018-07-13 13:51:54','2018-08-31 15:27:19',1,0),(1070,8,0,5466,0,0,0,'1070','','Salzmann','Gottfried','17 rue du Pont aux Choux','','75003','PARIS','','','','','','2018-07-13 13:51:52','2018-07-13 13:51:52',1,0),(1071,8,0,5688,0,0,0,'1071','','Botti','René et Mimi','92 avenue du Général de Gaulle','','60600','Clermont sur l\'oise','','','','','','2018-07-13 13:51:55','2018-07-13 13:51:55',1,0),(1077,8,0,4218,0,0,0,'1077','','Chaouat','Michaël','38 rue Croix des Petits Champs','','75001','Paris','','','','','','2018-07-13 13:51:53','2018-07-13 13:51:53',1,0),(1078,8,0,4621,0,0,0,'1078','','Steimer','Frédéric','236 bd Saint Germain','','75007','Paris','','','','','','2018-07-13 13:51:52','2018-07-13 13:51:52',1,0),(1079,8,0,3130,0,0,0,'1079','','Robert','Patrick','15 avenue Foch','','75116','PARIS','','','','','','2018-07-13 13:51:54','2018-07-13 13:51:54',1,0),(1083,8,0,3395,0,0,0,'1083','','Allaire','Emmanuel','12 rue Furtado Reine','','75014','Paris','','','','','','2018-07-13 13:44:20','2018-07-13 13:44:20',1,0),(1085,8,0,5213,0,0,0,'1085','','Berthiaume','Benjamin','57 rue des Epinettes','','75017','Paris','','','','','','2018-07-13 13:26:48','2018-07-13 13:26:48',1,0),(1086,8,0,5625,0,0,0,'1086','','Shemtov','Elisabeth','8 rue Bucourt','','92210','SAINT-CLOUD','','','','','','2018-07-13 13:44:20','2018-08-31 15:28:34',1,0),(1087,8,0,3575,0,0,0,'1087','','Halilhodzic','Vania','34 avenue du Pdt Kenedy','','75016','PARIS','','','','','','2018-07-13 13:51:55','2018-07-13 13:51:55',1,0),(1091,8,0,1100,0,0,0,'1091','','MONCEAU EXPERTS','Cabinet','4, avenue Hoche','','75008','Paris','','','','','','2018-07-13 13:51:52','2018-08-31 20:38:34',1,0),(1092,8,0,1218,0,0,0,'1092','','Ozone','Studio','12 rue des jardins caulier','','59000','Lille','','','','','','2018-07-13 13:26:48','2018-08-31 21:17:16',1,0),(1094,8,0,4268,0,0,0,'1094','','Garrigue','Veronique','28 rue marinville','','94100','Saint-Maur','','','','','','2018-07-13 13:51:55','2018-07-13 13:51:55',1,0),(1100,8,0,1049,0,0,0,'1100','','Michel','Gregory','16 rue Jean Poulmarch','','91190','Gif-sur-Yvette','','','','','','2018-07-13 13:51:52','2018-07-13 13:51:52',1,0),(1101,8,0,5334,0,0,0,'1101','','SEGE','Nicolas','9 avenue des Grenots','','91150','ETAMPES','','','','','','2018-07-13 13:51:54','2018-07-13 13:51:54',1,0),(1102,8,0,5424,0,0,0,'1102','','Briel','Marielle et Bogomil','77 rue de Prony','','75017','Paris','','','','','','2018-07-13 13:51:53','2018-07-13 13:51:53',1,0),(1105,8,0,3173,0,0,0,'1105','','Goutière','Romain','66 bd Pereire','','75017','Paris','','','','','','2018-07-13 13:51:55','2018-07-13 13:51:55',1,0),(1106,8,0,5605,0,0,0,'1106','','Giancarlo','Rizza','69 rue de Tombe Issoire','','75014','Paris','','','','','','2018-07-13 13:51:55','2018-07-13 13:51:55',1,0),(1107,8,0,4337,0,0,0,'1107','','Bourset','Frédéric','111 rue Jules Guesde','','92300','Levallois-Perret','','','','','','2018-07-13 13:51:52','2018-07-13 13:51:52',1,0),(1109,8,0,3515,0,0,0,'1109','','Royer','Marie-Véronique','17 rue Falguière','','75015','Paris','','','','','','2018-07-13 13:51:53','2018-07-13 13:51:53',1,0),(1110,8,0,1219,0,0,0,'1110','','Roussel-Laroche','M.','104 rue Michel Ange','','75016','Paris','','','','','','2018-07-13 13:51:53','2018-08-31 21:16:30',1,0),(1112,8,0,5948,0,0,0,'1112','','Meyer','Sabine','229 quai Gallieni','','94000','Champigny sur Marne','','','','','','2018-07-13 13:51:55','2018-07-13 13:51:55',1,0),(1118,8,0,1051,0,0,0,'1118','','Jaulmes','Sébastien','15 rue de la Grange aux belles','','75010','Paris','','','','','','2018-07-13 13:51:55','2018-07-13 13:51:55',1,0),(1120,8,0,3134,0,0,0,'1120','','Courrieu','Pierre','22 rue Meslay','','75003','PARIS','','','','','','2018-07-13 13:51:54','2018-07-13 13:51:54',1,0),(1121,8,0,3538,0,0,0,'1121','','Fasques','Patrick','11 rue Robert Planquette','','75018','Paris','','','','','','2018-07-13 13:51:54','2018-07-13 13:51:54',1,0),(1122,8,0,4509,0,0,0,'1122','','Birraux','Guillaume','57 avenue Jean Jaures','','92140','Clamart','','','','','','2018-07-13 13:51:52','2018-07-13 13:51:52',1,0),(1125,8,0,1043,0,0,0,'1125','','Voirin','Madame et Monsieur','7 rue Pierre Ginier','','75018','Paris','','','','','','2018-07-13 13:51:53','2018-07-13 13:51:53',1,0),(1127,8,0,4627,0,0,0,'1127','','Kalck','Catherine et Filippe','157 rue de l\'Université','','75007','Paris','','','','','','2018-07-13 13:26:49','2018-07-13 13:26:49',1,0),(1128,8,0,5540,0,0,0,'1128','','Dumont','Dominique','3 rue du Colonnel Moll','','75017','PARIS','','','','','','2018-07-13 13:44:19','2018-07-13 13:44:19',1,0),(1135,8,0,4523,0,0,0,'1135','','Deubelle','Florence','16 bis rue de Romainville','','75019','Paris','','','','','','2018-07-13 13:51:51','2018-07-13 13:51:51',1,0),(1142,8,0,3784,0,0,0,'1142','','Tasserit','Natalie','29 rue Stephenson','','75018','PARIS','','','','','','2018-07-13 13:51:54','2018-07-13 13:51:54',1,0),(1143,8,0,5216,0,0,0,'1143','','Puymeges','Pierre','16 Boulevard Magenta','','75010','Paris','','','','','','2018-07-13 13:51:54','2018-07-13 13:51:54',1,0),(1144,8,0,5348,0,0,0,'1144','','Bonnereau','Babeth','5 rue Dausmier','','75016','Paris','','','','','','2018-07-13 13:26:48','2018-07-13 13:26:48',1,0),(1149,8,0,4095,0,0,0,'1149','','Gercourt','Boulet','11 rue Eugène Jumin','','75019','Paris','','','','','','2018-07-13 13:26:49','2018-07-13 13:26:49',1,0),(1152,8,0,4507,0,0,0,'1152','','Clément-Petremann','Céline','148 B avenue du Maine','','75014','Paris','','','','','','2018-07-13 13:26:49','2018-07-13 13:26:49',1,0),(1155,3,0,1077,0,0,0,'1155','','De Gols','Michael','41 rue Largue, boite 1','','1420','Braine-l\'Alleud','','','','','','2018-07-13 13:51:53','2018-07-13 13:51:53',1,0),(1168,8,0,1192,0,0,0,'1168','','Heller','M.','12 bis rue des Lands','','78400','Chatou','','','','','','2018-07-13 13:51:53','2018-07-13 13:51:53',1,0),(1172,8,0,3377,0,0,0,'1172','','Leguy','Emmanuel','68 rue Cecile','','94700','Maisons-Alfort','','','','','','2018-07-13 13:44:20','2018-07-13 13:44:20',1,0),(1176,8,0,3412,0,0,0,'1176','','Nathon','Claude','41 rue Nadar','','92500','Rueil Malmaison','','','','','','2018-07-13 13:54:43','2018-07-13 13:54:43',1,0),(1193,8,0,4174,0,0,0,'1193','','Hotel des Arts','.','5 rue Tholozé','','75018','Paris','','','','','','2018-07-13 13:26:48','2018-08-31 19:50:39',1,0),(1198,8,0,3308,0,0,0,'1198','','Marchand','Sylvain','26 rue des Maronites','','75020','Paris','','','','','','2018-07-13 13:51:55','2018-07-13 13:51:55',1,0),(1204,8,0,5970,0,0,0,'1204','','Agence Calliopé','.','17 rue Durantin','','75018','Paris','','','','','','2018-07-13 13:26:47','2018-07-13 13:26:47',1,0),(1213,8,0,1215,0,0,0,'1213','','Lubetzki','Monsieur','8 rue Hallé','','75014','Paris','','','','','','2018-07-13 13:51:53','2018-07-13 13:51:53',1,0),(1215,8,0,6009,0,0,0,'1215','','Pontello','Mme','36 rue des trois frères','','75018','Paris','','','','','','2018-07-13 13:51:53','2018-07-13 13:51:53',1,0),(1216,8,0,1112,0,0,0,'1216','','Vinart','Salomon','1 avenue Junot','','75018','Paris','','','','','','2018-07-13 13:51:55','2018-07-13 13:51:55',1,0),(1218,8,0,1022,0,0,0,'1218','','SCI Iam Immo','Société','10 bis rue Audran','','75018','Paris','','','','','','2018-07-13 13:26:48','2018-09-01 11:41:54',1,0),(1219,8,0,1188,0,0,0,'1219','','Profeta','M.','42 avenue Junot','','75018','Paris','','','','','','2018-07-13 13:51:53','2018-07-13 13:51:53',1,0),(1221,8,0,5114,0,0,0,'1221','','de Guillenchmidt','Catherine','129 rue de Sevres','','75006','Paris','','','','','','2018-07-13 13:26:49','2018-07-13 13:26:49',1,0),(1231,8,0,5182,0,0,0,'1231','','Hetl Conseils','.','21 square St Charles','','75012','PARIS','','','','','','2018-07-13 13:26:48','2018-07-13 13:26:48',1,0),(1242,8,0,1127,0,0,0,'1242','','Michel','Catherine et Guillaume','10 Ter rue Rice Oxley','','62153','Souchez','','','','','','2018-07-13 13:26:49','2018-07-13 13:26:49',1,0),(1243,8,0,5247,0,0,0,'1243','','Lafond','Frédéric','88 rue de Levis','','75017','PARIS','','','','','','2018-07-13 13:51:52','2018-07-13 13:51:52',1,0),(1244,10,0,3391,0,0,0,'1244','','Floccia','Ivo','Via Aurelia 29','','18017','San Loenzo al Mare (IM)','','','','','','2018-07-13 13:51:52','2018-07-13 13:51:52',1,0),(1253,8,0,3169,0,0,0,'1253','','Laugero','Nicolas','58 rue Raynouard','','75016','Paris','','','','','','2018-07-13 13:51:54','2018-07-13 13:51:54',1,0),(1257,8,0,1021,0,0,0,'1257','','By Art','.','10 rue de Penthièvre','','75008','Paris','','','','','','2018-07-13 13:26:48','2018-08-31 21:18:45',1,0),(1258,8,0,5389,0,0,0,'1258','','Olivier','Sibille','5 rue du 8 mai 1945','','93260','Les Lilas','','','','','','2018-07-13 13:51:55','2018-07-13 13:51:55',1,0),(1261,8,0,4680,0,0,0,'1261','','Dumat','Stéphane','76 rue Bobillot','','75013','Paris','','','','','','2018-07-13 13:51:55','2018-07-13 13:51:55',1,0),(1264,8,0,1270,0,0,0,'1264','','Pelaud','Cécile','8 rue Henri Dunant','','17600','Saujon','','','','','','2018-07-13 13:26:49','2018-07-13 13:26:49',1,0),(1267,8,0,1057,0,0,0,'1267','','Renaud','Hervé','83 ter rue Belliard','','75018','Paris','','','','','','2018-07-13 13:51:52','2018-07-13 13:51:52',1,0),(1270,8,0,5180,0,0,0,'1270','','Deryche','Cécile','1 passage Duclos','','92380','Garches','','','','','','2018-07-13 13:26:49','2018-08-31 15:42:42',1,0),(1271,8,0,5048,0,0,0,'1271','','Garnier','François','4 rue Michelet','','92370','Chaville','','','','','','2018-07-13 13:51:52','2018-07-13 13:51:52',1,0),(1272,8,0,1273,0,0,0,'1272','','Papazian','M.','10 rue Alsace Lorraine','','92100','BOULOGNE-BILLANCOURT','','','','','','2018-07-13 13:51:53','2018-07-13 13:51:53',1,0),(2876,8,0,5342,0,0,0,'2876','','Saliceti','Jérôme','30 domaine de la Bastide','','6950','Falicon','','','','','','2018-07-13 13:51:53','2018-07-13 13:51:53',1,0),(2911,8,0,5071,0,0,0,'2911','KD Search','Dubois','Karine','18 rue de la Condamine','','75017','Paris','','','0615020907','','','2018-07-13 13:51:53','2018-07-13 13:51:53',1,0),(2915,8,0,5357,0,0,0,'2915','','Arnoux','Cyrille','22 b Rue Louis Guespin','','92140','Clamart','','','0638745052','','','2018-07-13 13:51:51','2018-07-13 13:51:51',1,0),(2916,8,0,3118,0,0,0,'2916','','Burin','Murielle','1121 Chemin des Riches','','84140','Montfavet','','','','','','2018-07-13 13:51:54','2018-07-13 13:51:54',1,0),(2922,8,0,1065,0,0,0,'2922','','Mitrecey','Christine','40 allée des Biches','','78680','Epone','','','','','','2018-07-13 13:56:04','2018-07-13 13:56:04',1,0),(2925,8,0,3568,0,0,0,'2925','','FOURNY','Jean-Claude','15 domaine Saint-Jean','','64320','Idron','','','','','','2018-07-13 13:51:52','2018-07-13 13:51:52',1,0),(2927,8,0,5259,0,0,0,'2927','','Lejeune','Jean-François','2 Chemin du Bosquet','','60000','Fouquenies','','','','','','2018-07-13 13:51:52','2018-07-13 13:51:52',1,0),(2930,8,0,4580,0,0,0,'2930','','LEONARD','Jérémy','2 rue de l\'Eglise','','57130','Verneville','','','','','','2018-07-13 13:51:52','2018-07-13 13:51:52',1,0),(2931,8,0,3331,0,0,0,'2931','Le Cabinet D\'amateur','Chaurin','Patrick','12 rue de la Forge Royale','','75011','Paris','','','','','','2018-07-13 13:51:54','2018-07-13 13:51:54',1,0),(2932,8,0,5721,0,0,0,'2932','','Perfumo','Bénédicte et Philippe','105 rue Didot','','75014','Paris','','','','','','2018-07-13 13:51:54','2018-08-31 20:21:16',1,0),(2936,8,0,3876,0,0,0,'2936','','Muyard','Elenor','135 rue de Belleville','','75019','Paris','','','','','','2018-07-13 13:44:20','2018-07-13 13:44:20',1,0),(2947,8,0,1059,0,0,0,'2947','Garance SAS','Buisson','Stéphanie','6 rue Caulaincourt','','75018','Paris','','','','','','2018-07-13 13:51:55','2018-07-13 13:51:55',1,0),(2950,8,0,5616,0,0,0,'2950','','CIEKANSKI','Benjamin','9 avenue de la Liberté','','47550','BOE','','','','','','2018-07-13 13:26:48','2018-07-13 13:26:48',1,0),(2951,8,0,3510,0,0,0,'2951','','Ciappuccini','Olivier','15 ter Boulevard Voltaire','','21000','Dijon','','','','','','2018-07-13 13:51:54','2018-07-13 13:51:54',1,0),(2956,17,0,5723,0,0,0,'2956','ANV Group','van Loon','Gerard','1 Minster Court,  Mincing Lane','4th Floor','EC3R 7AA','London','','','','','','2018-07-13 13:51:52','2018-07-13 13:51:52',1,0),(2958,8,0,3380,0,0,0,'2958','','Belissa','Eric','120 rue Championnet','','75018','Paris','','','0660663030','','','2018-07-13 13:44:20','2018-07-13 13:44:20',1,0),(2961,8,0,1013,0,0,0,'2961','','Dejeux','Aurélien','6 rue Slacey','','21490','Brognon','','','','','','2018-07-13 13:26:48','2018-07-13 13:26:48',1,0),(2974,8,0,5780,0,0,0,'2974','','MARTIN','Laurie','14 rue Barnave','3e','38000','Grenoble','','','','','','2018-07-13 13:51:53','2018-07-13 13:51:53',1,0),(2976,8,0,5190,0,0,0,'2976','','Chapus','Sandrine','34 rue Grande Fontaine','','78100','Saint Germain en Laye','','','','','','2018-07-13 13:51:55','2018-07-13 13:51:55',1,0),(3030,8,0,5603,0,0,0,'3030','Mumart - Artsper','Deméocq','Thibault','18 rue Soleillet','','75020','Paris','','','','','','2018-07-13 13:51:55','2018-07-13 13:51:55',1,0),(3031,8,0,1242,0,0,0,'3031','','Cathiard','Catherine','32 avenue Kleber','','75116','Paris','','','','','','2018-07-13 13:26:49','2018-07-13 13:26:49',1,0),(3032,8,0,3771,0,0,0,'3032','','Canniaux','Antoine','160 impasse Champlat Bas','','42520','Roisey','','','','','','2018-07-13 13:26:48','2018-07-13 13:26:48',1,0),(3035,8,0,1042,0,0,0,'3035','','Cointrelle','Yves','3 rue Leroy','','92150','Suresnes','','','','','','2018-07-13 13:51:55','2018-07-13 13:51:55',1,0),(3044,8,0,3079,0,0,0,'3044','','Droniou','Mathieu','Le Rest','','22780','Loguivy-Plougras','','','','','','2018-07-13 13:51:53','2018-07-13 13:51:53',1,0),(3046,8,0,2927,0,0,0,'3046','','Adragna','Jean-Jacques','22ter Avenue de deux clochers','','94450','Limeil-Brevannes','','','','','','2018-07-13 13:51:52','2018-07-13 13:51:52',1,0),(3048,8,0,3464,0,0,0,'3048','','Parisot','Laurence','5 Place de la Sorbonne','','75005','Paris','','','','','','2018-07-13 13:51:53','2018-07-13 13:51:53',1,0),(3050,8,0,1005,0,0,0,'3050','','Bergeret','Didier','20 rue de la Charbonnière','','75018','Paris','','','','','','2018-07-13 13:44:19','2018-07-13 13:44:19',1,0),(3051,8,0,3516,0,0,0,'3051','','Dalet','Xavier','4 avenue du Relai','','81220','Saint Paul Cap de Joux','','','','','','2018-07-13 13:51:55','2018-07-13 13:51:55',1,0),(3075,8,0,3147,0,0,0,'3075','','Benech','Amaury','11 rue Duffour Dubergier','','33000','Bordeaux','','','','','','2018-07-13 13:26:48','2018-07-13 13:26:48',1,0),(3076,8,0,4857,0,0,0,'3076','','Tourne Neyron','Nicolas','Escares','','31160','Sengouagnet','','','','','','2018-07-13 13:51:54','2018-07-13 13:51:54',1,0),(3077,8,0,3137,0,0,0,'3077','','Rieu','Clément','52 avenue de la Marne','','92600','Asnières','','','','','','2018-07-13 13:51:51','2018-07-13 13:51:51',1,0),(3078,8,0,4256,0,0,0,'3078','','Prudhomme','Bernard','4 b Boulevard Stalingrad','','78800','Houilles','','','','','','2018-07-13 13:26:48','2018-07-13 13:26:48',1,0),(3079,8,0,1048,0,0,0,'3079','','Oberle','Materne','17 rue Hoche','','92700','Colombes','','','','','','2018-07-13 13:51:53','2018-07-13 13:51:53',1,0),(3080,8,0,3180,0,0,0,'3080','','Assina','Sana','16 rue Edouard Robert','','75012','Paris','','','','','','2018-07-13 13:51:55','2018-07-13 13:51:55',1,0),(3082,8,0,5725,0,0,0,'3082','','Smadja','Marie-Caroline','42 rue de Fecamp','','75012','Paris','','','','','','2018-07-13 13:51:53','2018-07-13 13:51:53',1,0),(3083,8,0,3239,0,0,0,'3083','','Baptiste','Archambault','212 rue Saint Maur','','75012','Paris','','','','','','2018-07-13 13:26:48','2018-07-13 13:26:48',1,0),(3084,8,0,5739,0,0,0,'3084','','Dorothé','Fenot','16 rue d\'Anjou','','72200','Bazouges sur Loir','','','','','','2018-07-13 13:51:51','2018-07-13 13:51:51',1,0),(3095,8,0,3485,0,0,0,'3095','','Wormser','Henri','18 boulevard Emile Augier','','75116','Paris','','','','','','2018-07-13 13:51:52','2018-07-13 13:51:52',1,0),(3113,8,0,5356,0,0,0,'3113','LBS','Retureau','Véronique','24 rue de l\'Eglise','','85100','Les Sables d\'Olonne','','','','','','2018-07-13 13:51:55','2018-07-13 13:51:55',1,0),(3114,8,0,1070,0,0,0,'3114','Monceau Experts','Fort','Grégory','4 avenue Hoche','','75008','Paris','','','','','','2018-07-13 13:51:52','2018-07-13 13:51:52',1,0),(3115,8,0,4585,0,0,0,'3115','','Monnot','Corinne','5 rue Lemoine','','92100','Boulogne Billancourt','','','','','','2018-07-13 13:51:51','2018-07-13 13:51:51',1,0),(3117,8,0,3644,0,0,0,'3117','Studio Ozone','Leulier','Olivier','12 rue des jardins caulier','','59000','Lille','','','','','','2018-07-13 13:51:54','2018-07-13 13:51:54',1,0),(3118,8,0,4528,0,0,0,'3118','','Hoarau','Muriel','101 rue Edouard Herriot','','69002','Lyon','','','','','','2018-07-13 13:51:53','2018-07-13 13:51:53',1,0),(3119,8,0,5256,0,0,0,'3119','','Helin','Bruno','28 avenue du Général Gallieni','','94000','Créteil','','','','','','2018-07-13 13:26:49','2018-07-13 13:26:49',1,0),(3120,8,0,5181,0,0,0,'3120','','Voillot','Aurélia','1 rue de l\'Ancienne Mairie','','92100','Boulogne Billancourt','','','','','','2018-07-13 13:26:48','2018-07-13 13:26:48',1,0),(3128,8,0,3745,0,0,0,'3128','Polyexpert','Mazière','Vincent','2 impasse Henri Pitot','','31500','Toulouse','','','','','','2018-07-13 13:51:55','2018-07-13 13:51:55',1,0),(3129,8,0,5196,0,0,0,'3129','1965','ORENGO','NATHALIE','60 CHEMIN DE MALBOSC','Villa Madeleine','6130','Grasse','','','','','','2018-07-13 13:51:54','2018-07-13 13:51:54',1,0),(3130,12,0,1011,0,0,0,'3130','Cabinet de Kinesithérapie','Obertin','Patrick','38 rue Auguste Charles','','1326','Luxembourg','','','','','','2018-07-13 13:51:54','2018-07-13 13:51:54',1,0),(3132,19,0,3519,0,0,0,'3132','Arcadium SA','Laurant','Loïc','Av Gratta-Paille 2','','1018','Lausanne','','','','','','2018-07-13 13:51:53','2018-07-13 13:51:53',1,0),(3133,8,0,5836,0,0,0,'3133','','Truchy','Ludovic','36 Boulevard Victor Hugo','','10000','Troyes','','','','','','2018-07-13 13:51:53','2018-07-13 13:51:53',1,0),(3134,8,0,4418,0,0,0,'3134','EGG3','BENOIT','Pierre','13 quai de l\'Oise','','75019','Paris','','','','','','2018-07-13 13:51:54','2018-07-13 13:51:54',1,0),(3135,8,0,3148,0,0,0,'3135','','DELPRAT','LAETITIA','89 AVENUE JOLIOT CURIE','','66690','PALAU DEL VIDRE','','','','','','2018-07-13 13:51:53','2018-07-13 13:51:53',1,0),(3136,8,0,4631,0,0,0,'3136','','Bouvry','Julien','2 rue Henri Cochard','2eme étage','44000','Nantes','','','','','','2018-07-13 13:51:53','2018-07-13 13:51:53',1,0),(3137,8,0,5799,0,0,0,'3137','Cabinet GLV Immobilier','Grasset','Clément','24 Boulevard de la Liberté','','59000','Lille','','','','','','2018-07-13 13:51:51','2018-07-13 13:51:51',1,0),(3140,8,0,1135,0,0,0,'3140','','Fichot','Florence','Le Gouillas','','58800','Chaumot','','','','','','2018-07-13 13:51:51','2018-07-13 13:51:51',1,0),(3142,8,0,1078,0,0,0,'3142','','Jourdane','Gabriel','226 avenue du Général Ducasse','App 206','64100','Bayonne','','','','','','2018-07-13 13:51:52','2018-07-13 13:51:52',1,0),(3143,8,0,5187,0,0,0,'3143','','Lavaud','Anthony','64 rue Marcel Sembat','','33130','Bègles','','','','','','2018-07-13 13:26:48','2018-07-13 13:26:48',1,0),(3144,11,0,3407,0,0,0,'3144','','Takano','Tomoko','3-15-19 Kichijoji Kitamachi','','180-0001','Tokyo','','','','','','2018-07-13 13:51:55','2018-07-13 13:51:55',1,0),(3145,8,0,1066,0,0,0,'3145','','LE GUENNEC','Sylvie','52A rue Jeanne d\'arc','','75013','Paris','','','','','','2018-07-13 13:51:55','2018-07-13 13:51:55',1,0),(3146,8,0,3051,0,0,0,'3146','','Desmarest','Xavier','17 RUE DES PETITS PONTS','','6250','Mougins','','','','','','2018-07-13 13:51:55','2018-07-13 13:51:55',1,0),(3147,8,0,3297,0,0,0,'3147','','Lefief','Alix','130 rue du faubourg poissonnière','','75010','Paris','','','','','','2018-07-13 13:26:48','2018-07-13 13:26:48',1,0),(3148,2,0,3882,0,0,0,'3148','','Robert','Kleindienst','Thumeggerstraße 26 F','','5020','Salzburg','','','+4369912224848','','','2018-07-13 13:51:53','2018-07-13 13:51:53',1,0),(3151,8,0,1012,0,0,0,'3151','Luis Auto','SERRANO','Matthieu','9 rue Voltaire','ZI Nord','82000','Montauban','','','','','','2018-07-13 13:51:53','2018-07-13 13:51:53',1,0),(3152,8,0,1040,0,0,0,'3152','','Kuntz','Nathalie','1 avenue Pasteur','','95130','Franconville','','','','','','2018-07-13 13:51:54','2018-07-13 13:51:54',1,0),(3156,8,0,3460,0,0,0,'3156','','Roux','Catherine','27 chemin du puits des mejeans','','13122','Ventabrun','','','','','','2018-07-13 13:26:49','2018-07-13 13:26:49',1,0),(3157,8,0,3075,0,0,0,'3157','Photographe','Brac de La Perrière','Amaury','5 avenue de l\'Audiguier','Lot. Galfard BAT C4','83310','Cogolin','','','','','','2018-07-13 13:26:48','2018-07-13 13:26:48',1,0),(3160,8,0,4254,0,0,0,'3160','Emotion multimedia','Mannevy','Marc','18 rue André Sabatier','','92240','Malakoff','','','','','','2018-07-13 13:51:53','2018-07-13 13:51:53',1,0),(3161,8,0,4532,0,0,0,'3161','','Giordani','Francois Antoine','46 rue Molière','','94200','Ivry sur Seine','','','0699740025','','','2018-07-13 13:51:52','2018-07-13 13:51:52',1,0),(3163,12,0,5815,0,0,0,'3163','','Van Kasterene','Michèle','4 rue d\'Itzig','','5231','Sandweller','','','','','','2018-07-13 13:51:53','2018-07-13 13:51:53',1,0),(3165,8,0,3050,0,0,0,'3165','','Collin','Didier','2 rue des Bugadières','','30250','Sommières','','','','','','2018-07-13 13:44:19','2018-07-13 13:44:19',1,0),(3166,8,0,3303,0,0,0,'3166','','Patruno','Dominique','34 rue du Progtès','','38170','Seyssinet-Pariset','','','','','','2018-07-13 13:44:20','2018-07-13 13:44:20',1,0),(3167,8,0,4181,0,0,0,'3167','','Rui','Lucas','7 rue Gallieni','','94340','Joinville-le-Pont','','','','','','2018-07-13 13:51:53','2018-07-13 13:51:53',1,0),(3168,8,0,1179,0,0,0,'3168','','Polge de Combret','Louis','11 rue Jean Nicot','','75007','Paris','','','','','','2018-07-13 13:51:53','2018-07-13 13:51:53',1,0),(3169,8,0,4494,0,0,0,'3169','','Flour','Nicolas','87b rue Edmond Delbassée','','59830','Bourghelles','','','','','','2018-07-13 13:51:54','2018-07-13 13:51:54',1,0),(3170,8,0,1106,0,0,0,'3170','','Sursock','Robert','199 avenue Victor Hugo','','75116','Paris','','','','','','2018-07-13 13:51:55','2018-07-13 13:51:55',1,0),(3171,8,0,4496,0,0,0,'3171','','Bardé','Jean-Philippe','162 avenue de Suffren','','75015','Paris','','','','','','2018-07-13 13:51:52','2018-07-13 13:51:52',1,0),(3173,8,0,5229,0,0,0,'3173','','Poudret','Roger','15 rue Oméga','app.B31','97460','Saint-Paul','','','','','','2018-07-13 13:51:55','2018-07-13 13:51:55',1,0),(3174,8,0,5392,0,0,0,'3174','Palo IT','Loizeau','Yann','3 rue Scribe','','75009','Paris','','','','','','2018-07-13 13:51:55','2018-07-13 13:51:55',1,0),(3175,8,0,1092,0,0,0,'3175','','Marchetti','Adeline','20 Quai Jules Ferry','','88000','Epinal','','','','','','2018-07-13 13:26:48','2018-07-13 13:26:48',1,0),(3178,8,0,3163,0,0,0,'3178','','Gregory','Michel','16 rue Jean Poulmarch','','91190','Gif sur Yvette','','','','','','2018-07-13 13:51:53','2018-07-13 13:51:53',1,0),(3180,8,0,3626,0,0,0,'3180','','Bert','Samuel','6 Grande Rue','','25490','Dampierre des Bois','','','','','','2018-07-13 13:51:55','2018-07-13 13:51:55',1,0),(3181,8,0,4402,0,0,0,'3181','','Lornage','M. et Mme','50 rue Emile Eudes','','94140','Alforville','','','0607824384','','','2018-07-13 13:51:53','2018-07-13 13:51:53',1,0),(3187,8,0,5771,0,0,0,'3187','','Lucas','Guy','3 RUE GEORGES BIZET','','91560','CROSNE','','','','','','2018-07-13 13:51:52','2018-07-13 13:51:52',1,0),(3193,8,0,5613,0,0,0,'3193','','Bonnet','Julie','10 rue Taine','','75012','Paris','','','','','','2018-07-13 13:51:53','2018-08-31 21:07:01',1,0),(3194,8,0,1063,0,0,0,'3194','','Pesenti','Fabien','2 Rue Général Ferrié','','38100','Grenoble','','','','','','2018-07-13 13:51:51','2018-07-13 13:51:51',1,0),(3195,8,0,3178,0,0,0,'3195','','Hassan','Michel','Face au 48 quai Georges Gorse','Peniche Dream On','92100','Boulogne Billancourt','','','','','','2018-07-13 13:51:53','2018-07-13 13:51:53',1,0),(3209,8,0,3044,0,0,0,'3209','','Taddei','Mathieu','Route de saint Charles','','20220','Monticello','','','','','','2018-07-13 13:51:53','2018-07-13 13:51:53',1,0),(3227,8,0,3192,0,0,0,'3227','ALDORANDE Communication','ALDORANDE Communication','.','50 rue du Four','','77410','Saint Mesmes','','','','','','2018-07-13 13:26:47','2018-07-13 13:26:47',1,0),(3236,8,0,3434,0,0,0,'3236','','Leger','Stephanie','227 Avenue Gambetta','','75020','Paris','','','0661992893','','','2018-07-13 13:51:55','2018-07-13 13:51:55',1,0),(3237,8,0,5231,0,0,0,'3237','','Cojot','Olivier','4 Villa Bosquet','','75007','Paris','','','','','','2018-07-13 13:51:54','2018-07-13 13:51:54',1,0),(3238,8,0,3916,0,0,0,'3238','','Girard','Alice','649 Chemin du petit Nice','','13320','Bouc Bel Air','','','','','','2018-07-13 13:26:48','2018-07-13 13:26:48',1,0),(3239,8,0,1132,0,0,0,'3239','','Puydebois','Antony','164 impasse de la Timonière','','69400','Liergue','','','','','','2018-07-13 13:26:48','2018-07-13 13:26:48',1,0),(3240,21,0,3521,0,0,0,'3240','','KATZ','Arthur','159 Parkview Road','Pound Ridge','10576','New York','','','','','','2018-07-13 13:26:48','2018-07-13 13:26:48',1,0),(3242,8,0,5923,0,0,0,'3242','','Desarnaud','Thomas','7 Rue du pole Nord','','75018','Paris','','','','','','2018-07-13 13:51:55','2018-07-13 13:51:55',1,0),(3288,8,0,4100,0,0,0,'3288','','Desfonds','Damien','1 avenue salvador allende','','91220','Bretigny sur Orge','','','','','','2018-07-13 13:51:51','2018-07-13 13:51:51',1,0),(3290,8,0,5727,0,0,0,'3290','','Burdin','Stéphane','20  avenue LECONTE','','94350','VILLIERS SUR MARNE','','','','','','2018-07-13 13:51:55','2018-07-13 13:51:55',1,0),(3291,8,0,5228,0,0,0,'3291','','Mouret','Jonathan','84 rue de la Roussière','','85240','Xanton-Chassenon','','','','','','2018-07-13 13:51:53','2018-07-13 13:51:53',1,0),(3292,8,0,5961,0,0,0,'3292','','Manchette','Halima','4 avenue de la république','','91560','Crosne','','','','','','2018-07-13 13:51:52','2018-07-13 13:51:52',1,0),(3293,8,0,3076,0,0,0,'3293','','VARIENGIEN','Nicolas','44B RUE DE SAINT-DIE','','67100','Strasbourg','','','','','','2018-07-13 13:51:54','2018-07-13 13:51:54',1,0),(3294,8,0,3493,0,0,0,'3294','','Albergoni','Marie-Laure','Chemin de la Glacière','','78470','Saint-Rémy les Chevreuses','','','','','','2018-07-13 13:51:53','2018-07-13 13:51:53',1,0),(3295,8,0,3627,0,0,0,'3295','','Gineste','Thierry','41 ave de Vallauris','','6400','Cannes','','','','','','2018-07-13 13:51:55','2018-07-13 13:51:55',1,0),(3296,8,0,3625,0,0,0,'3296','','Pic','Marinna','Le Limarès','','48160','Saint Michel de Dèze','','','','','','2018-07-13 13:51:53','2018-07-13 13:51:53',1,0),(3297,8,0,3238,0,0,0,'3297','','Hauwel','Aline','Les Genêts 1','','76210','Gruchet le Valasse','','','','','','2018-07-13 13:26:48','2018-07-13 13:26:48',1,0),(3302,8,0,4076,0,0,0,'3302','','MAUDUIT','Maxence','18 Bis Rue Coquebert','','51100','Reims','','','','','','2018-07-13 13:51:53','2018-07-13 13:51:53',1,0),(3303,8,0,5428,0,0,0,'3303','Cabinet de radiologie','Parmentier','Dominique','Espace vernedes 6 nord','','83480','PUGET SUR ARGENS','','','','','','2018-07-13 13:44:19','2018-07-13 13:44:19',1,0),(3304,8,0,3787,0,0,0,'3304','','Elbhar','Vincent','40 bis rue Violet','','75015','Paris','','','','','','2018-07-13 13:51:55','2018-07-13 13:51:55',1,0),(3307,8,0,3917,0,0,0,'3307','','Morvant','Pascal','Résidence cassandra -appt 5','04 rue omega','97460','Saint-Paul','','','','','','2018-07-13 13:51:54','2018-07-13 13:51:54',1,0),(3308,8,0,5388,0,0,0,'3308','','Gilkey','Susan','195 Avenue du Maine','','75014','Paris','','','','','','2018-07-13 13:51:55','2018-07-13 13:51:55',1,0),(3312,8,0,1003,0,0,0,'3312','','Lipinski','Stanislas','31 rue de Liège','','75008','Paris','','','','','','2018-07-13 13:51:55','2018-07-13 13:51:55',1,0),(3314,8,0,3227,0,0,0,'3314','Le Mont des landes','Le Mont des landes','.','10 rue Blaise Desgoffe','','75006','Paris','','','','','','2018-07-13 13:26:47','2018-07-13 13:26:47',1,0),(3323,8,0,3323,0,0,0,'3323','La main au bout des doigts','Les Portes de Champagne','.','10 rue Blaise Desgoffe','','75006','Paris','','','','','','2018-07-13 13:26:47','2018-07-13 13:26:47',1,0),(3328,8,0,3511,0,0,0,'3328','','Verrier','Agnès','10 rue Rubens','','75013','Paris','','','','','','2018-07-13 13:26:48','2018-07-13 13:26:48',1,0),(3331,8,0,5471,0,0,0,'3331','','Amouye','Patrick','5 allée du château de Migneaux','','78670','Villennes sur Seine','','','','','','2018-07-13 13:51:54','2018-07-13 13:51:54',1,0),(3338,8,0,4225,0,0,0,'3338','','Fana','Marta','14 rue ramey','','75018','Paris','','','','','','2018-07-13 13:51:53','2018-07-13 13:51:53',1,0),(3344,8,0,3140,0,0,0,'3344','','Guebey','Florence','2 bis rue de la Baume','','75008','Paris','','','','','','2018-07-13 13:51:51','2018-07-13 13:51:51',1,0),(3352,8,0,5331,0,0,0,'3352','','Marcault','Stéphane','unkown 1','','75000','unknown','','','','','','2018-07-13 13:51:55','2018-07-13 13:51:55',1,0),(3354,8,0,3132,0,0,0,'3354','','Poidvin','Loris','6 rue du grand brunet','','75019','Paris','','','','','','2018-07-13 13:51:53','2018-07-13 13:51:53',1,0),(3362,8,0,3030,0,0,0,'3362','','Guérin','Thibault','10 rue Henri Regnault','','75014','Paris','','','','','','2018-07-13 13:51:55','2018-07-13 13:51:55',1,0),(3377,8,0,4589,0,0,0,'3377','','LECUGY','Emmanuel','68 rue Cecile','','94700','MAISONS ALFORT','','','','','','2018-07-13 13:44:20','2018-07-13 13:44:20',1,0),(3380,8,0,5221,0,0,0,'3380','','Belguedj','Eric','15 rue Pablo neruda','','59290','Wasquehal','','','','','','2018-07-13 13:44:20','2018-07-13 13:44:20',1,0),(3381,19,0,3157,0,0,0,'3381','afut.ch','Perret','Andrea','Route des Joncs 105','','1958','Uvrier','','','','','','2018-07-13 13:26:48','2018-08-31 16:25:00',1,0),(3382,8,0,1058,0,0,0,'3382','Antigua Design','Bergaut','Florence','153 rue Fourny','','78530','Buc','','','','','','2018-07-13 13:51:51','2018-07-13 13:51:51',1,0),(3391,8,0,4315,0,0,0,'3391','','Rossetti','Ivan','5 passage Lepic','','75018','Paris','','','','','','2018-07-13 13:51:52','2018-07-13 13:51:52',1,0),(3393,8,0,5940,0,0,0,'3393','Sci les orangers','Peyre','Erik','33 avenue Georges V','Bat Isley','6000','Nice','','','','','','2018-07-13 13:44:20','2018-07-13 13:44:20',1,0),(3394,8,0,5849,0,0,0,'3394','','Bommel','Pascal','19 Boulevard Maxime Gorki','','94800','VILLEJUIF','','','','','','2018-07-13 13:51:54','2018-07-13 13:51:54',1,0),(3395,8,0,3642,0,0,0,'3395','','Richard','Emilie','55 rue des Philippats','','10800','Saint Julien les Villas','','','','','','2018-07-13 13:44:20','2018-07-13 13:44:20',1,0),(3396,8,0,3117,0,0,0,'3396','','Perez','Olivier','11 RUE DE LA CARRIERE','','68440','HABSHEIM','','','','','','2018-07-13 13:51:54','2018-07-13 13:51:54',1,0),(3397,8,0,3128,0,0,0,'3397','','Arnou','Violaine','26 Avenue Edouard Vaillant','','92150','Suresnes','','','','','','2018-07-13 13:51:55','2018-07-13 13:51:55',1,0),(3399,8,0,4500,0,0,0,'3399','','Tournès','Alexandre','28 rue Danton','','94270','Le Kremlin-Bicêtre','','','','','','2018-07-13 13:26:48','2018-07-13 13:26:48',1,0),(3400,8,0,1025,0,0,0,'3400','','Schmitt','Laurence','19 rue Paul pade','','92140','Clamart','','','','','','2018-07-13 13:51:53','2018-07-13 13:51:53',1,0),(3406,8,0,3715,0,0,0,'3406','','ARNOUX','Quentin','115 rue d\'Alésia','6e étage','75014','Paris','','','0605161744','','','2018-07-13 13:51:54','2018-07-13 13:51:54',1,0),(3407,8,0,5577,0,0,0,'3407','','Raverz','Thomas','11 rue des aqueducq','','94250','Gentilly','','','0680880573','','','2018-07-13 13:51:55','2018-07-13 13:51:55',1,0),(3410,8,0,5065,0,0,0,'3410','','Huteau','Christian','83 Rue de la République','','69150','Decines Charpieu','','','','','','2018-07-13 13:56:04','2018-07-13 13:56:04',1,0),(3411,8,0,4331,0,0,0,'3411','','Mougey','Isabelle','2 chemin de la Sarrée','','6740','CHATEAUNEUF','','','','','','2018-07-13 13:51:52','2018-07-13 13:51:52',1,0),(3416,8,0,4676,0,0,0,'3416','','Faure','Gérard','266 rue Fbg saint martin','','75010','Paris','','','0674397372','','','2018-07-13 13:51:52','2018-07-13 13:51:52',1,0),(3418,8,0,5697,0,0,0,'3418','','Fournier','Guy','26 rue de l\'Esperance','','94000','Créteil','','','0662582902','','','2018-07-13 13:51:52','2018-07-13 13:51:52',1,0),(3429,8,0,3734,0,0,0,'3429','','Bergeret','.','20 rue de la Charbonière','','75018','Paris','','','','','','2018-07-13 13:26:48','2018-07-13 13:26:48',1,0),(3434,8,0,2947,0,0,0,'3434','','Dang Vu','Stéphanie','8 rue Dr Victor Hutinel','','75013','paris','','','06883313116','','','2018-07-13 13:51:55','2018-07-13 13:51:55',1,0),(3440,8,0,3352,0,0,0,'3440','','Moutot','Stéphane','111 rue du Mont Cenis','','75018','Paris','','','','','','2018-07-13 13:51:55','2018-07-13 13:51:55',1,0),(3444,8,0,4687,0,0,0,'3444','','Goutagny','Michelle','rue des pyrénées','','75020','paris','','','','','','2018-07-13 13:51:53','2018-07-13 13:51:53',1,0),(3449,8,0,3143,0,0,0,'3449','','Marques','Anthony','55 rue de Coulanges','','94370','Sucy en Bourg','','','','','','2018-07-13 13:26:48','2018-07-13 13:26:48',1,0),(3451,8,0,5704,0,0,0,'3451','','Oliverio','Cyril','10 avenue Jean Moulin','','92390','Villeneuve la garenne','','','','','','2018-07-13 13:51:51','2018-07-13 13:51:51',1,0),(3452,8,0,2911,0,0,0,'3452','','Gasser','Karine','53 rue Henri Barbusse','','93260','Les Lilas','','','','','','2018-07-13 13:51:53','2018-07-13 13:51:53',1,0),(3455,8,0,5895,0,0,0,'3455','','Genty','Olivier','14 bis bd Desgranges','','92330','Sceaux','','','','','','2018-07-13 13:51:54','2018-07-13 13:51:54',1,0),(3458,8,0,3119,0,0,0,'3458','','Hueber','Camille','21 rue Tourlaque','','75018','Paris','','','','','','2018-07-13 13:26:49','2018-07-13 13:26:49',1,0),(3460,8,0,3488,0,0,0,'3460','','Raso-Serrano','Catherine','4 résidence de la thieuillerie','','91130','Ris orangis','','','','','','2018-07-13 13:26:49','2018-07-13 13:26:49',1,0),(3461,8,0,3295,0,0,0,'3461','','Knafo','Martine et Thierry','1 villa Victor Hugo','','75116','Paris','','','','','','2018-07-13 13:51:55','2018-09-28 17:38:01',1,0),(3463,8,0,4620,0,0,0,'3463','','Pailles','Jean-Michel','11 avenue verdier','','92120','Montrouge','','','','','','2018-07-13 13:51:52','2018-07-13 13:51:52',1,0),(3464,8,0,5509,0,0,0,'3464','','Marx Gandebeuf','Laure','4 rue pierre fontaine','','75009','paris','','','','','','2018-07-13 13:51:53','2018-07-13 13:51:53',1,0),(3469,8,0,3323,0,0,0,'3469','La main au bout des doigts','La main au bout des doigts','.','19 boulevard victor hugo','','93400','saint ouen','','','','','','2018-07-13 13:26:47','2018-07-13 13:26:47',1,0),(3471,8,0,5816,0,0,0,'3471','','Rodrigues','Hugo','10 chemin des aigles','','60270','Gouvieux','','','0674889335','','','2018-07-13 13:51:52','2018-07-13 13:51:52',1,0),(3485,8,0,4704,0,0,0,'3485','','Valantin','Henri','8 bis rue Michelet','','92150','Suresnes','','','','','','2018-07-13 13:51:52','2018-07-13 13:51:52',1,0),(3486,8,0,5693,0,0,0,'3486','','Thierry','Claudine','127 rue de la Chalouère','','49100','Angers','','','','','','2018-07-13 13:54:43','2018-07-13 13:54:43',1,0),(3487,8,0,5219,0,0,0,'3487','','Planchon','Caroline','11 RUE LEGOUY','','76000','Rouen','','','','','','2018-07-13 13:26:49','2018-07-13 13:26:49',1,0),(3488,8,0,5409,0,0,0,'3488','','Leroy','Catherine','1578 route de thury-harcourt','','14000','Caen','','','','','','2018-07-13 13:26:49','2018-07-13 13:26:49',1,0),(3490,8,0,5720,0,0,0,'3490','Beillard tubes carton','Aulagnon','Juliette','18 rue de la chazotte','','42350','la Talaudiere','','','','','','2018-07-13 13:51:53','2018-07-13 13:51:53',1,0),(3492,8,0,5255,0,0,0,'3492','','Fauchon','Isabelle','20 rue Marie Stuart','','75002','Paris','','','','','','2018-07-13 13:51:52','2018-07-13 13:51:52',1,0),(3493,8,0,3341,0,0,0,'3493','','Jegou','Marie-José','3 rue du levant','','81120','Labastide Denat','','','','','','2018-07-13 13:51:53','2018-07-13 13:51:53',1,0),(3494,8,0,3296,0,0,0,'3494','','Flavier','Marion','136 rue Etienne Marcel','','93100','Montreuil','','','','','','2018-07-13 13:51:53','2018-07-13 13:51:53',1,0),(3496,8,0,5649,0,0,0,'3496','','ESNAULT','Sébastien','6 rue Euryale Dehynain','','75019','paris','','','','','','2018-07-13 13:51:55','2018-07-13 13:51:55',1,0),(3497,8,0,4625,0,0,0,'3497','','Le Marrec','Nathalie','19 rue Rochonen','','22800','Quintin','','','','','','2018-07-13 13:51:54','2018-07-13 13:51:54',1,0),(3498,8,0,4532,0,0,0,'3498','','Giordani','François Antoine','immeuble le beau site','avenue du mont thabor','20090','Ajaccio','','','','','','2018-07-13 13:51:52','2018-07-13 13:51:52',1,0),(3502,8,0,2931,0,0,0,'3502','','Danzé','Patrick','16 bis rue de Romainville','','75019','Paris','','','','','','2018-07-13 13:51:54','2018-07-13 13:51:54',1,0),(3505,8,0,3903,0,0,0,'3505','Decoclean','Helms','Philippe','3 rue d orsel','','75018','Paris','','','','','','2018-07-13 13:51:54','2018-07-13 13:51:54',1,0),(3511,8,0,3175,0,0,0,'3511','','Picard','Agnès','39 rue André Antoine','','75018','Paris','','','','','','2018-07-13 13:26:48','2018-07-13 13:26:48',1,0),(3514,8,0,3145,0,0,0,'3514','','Pouyet','Sylvie','9 bis rue Victor Basch','','94130','Nogent Sur Marne','','','','','','2018-07-13 13:51:55','2018-07-13 13:51:55',1,0),(3515,8,0,1030,0,0,0,'3515','','Poussin','Marie','7 rue Etienne Dolet','','92230','Romainville','','','','','','2018-07-13 13:51:53','2018-07-13 13:51:53',1,0),(3518,8,0,5727,0,0,0,'3518','','Burdin','Stephane','20 avenue Leconte','','94350','Villiers sur Marne','','','','','','2018-07-13 13:51:55','2018-07-13 13:51:55',1,0),(3519,8,0,4105,0,0,0,'3519','Idées fraîches','Drappier','Loick','27 Grande Rue','','91290','Arpajon','','','','','','2018-07-13 13:51:53','2018-07-13 13:51:53',1,0),(3521,8,0,6004,0,0,0,'3521','','Loubiere','Arnaud','31 Chemin du Vallon','','31140','Montberon','','','','','','2018-07-13 13:26:48','2018-07-13 13:26:48',1,0),(3522,3,0,4542,0,0,0,'3522','PANO sign\'service','Vandermeersch','Olivier','chaussee de waterloo 416','','1000','bruxelles','','','','','','2018-07-13 13:51:54','2018-08-31 16:23:36',1,0),(3523,8,0,4123,0,0,0,'3523','TBWA G1','Gotteland','Eva','162-164 rue de billancourt','','92100','Boulogne Billancourt','','','','','','2018-07-13 13:51:51','2018-07-13 13:51:51',1,0),(3531,8,0,3400,0,0,0,'3531','','Besson-Imbert','Laurent','2 rue Henri Ziegler','','31300','Toulouse','','','','','','2018-07-13 13:51:53','2018-07-13 13:51:53',1,0),(3542,8,0,5621,0,0,0,'3542','','GREVERIE','Franck','38 bis rue d\'Artois','','75008','Paris','','','0683466626','','','2018-07-13 13:51:52','2018-07-13 13:51:52',1,0),(3543,8,0,5188,0,0,0,'3543','','Kesler','Isabelle','20 rue pierre larousse','','91330','Yerres','','','','','','2018-07-13 13:51:52','2018-07-13 13:51:52',1,0),(3560,8,0,3517,0,0,0,'3560','Le Cabinet D\'amateur','ASAP Management','.','38 rue Servan','','75000','Paris','','','','','','2018-07-13 13:26:47','2018-07-13 13:26:47',1,0),(3568,8,0,5724,0,0,0,'3568','','Debra','Jean-Claude','52 les Hameaux de la grange','','57155','Marly','','','','','','2018-07-13 13:51:52','2018-07-13 13:51:52',1,0),(3569,8,0,4572,0,0,0,'3569','Retraite','Chassagneux','Philippe','uh le corbusier 2 eme rue appt 75','immeuble le corbusier','42700','Firminy','','','','','','2018-07-13 13:51:54','2018-07-13 13:51:54',1,0),(3570,8,0,3939,0,0,0,'3570','','MONTOUSSE','Stéphanie','83 AVENUE MAURICE THOREZ','','94200','IVRY SUR SEINE','','','','','','2018-07-13 13:51:55','2018-07-13 13:51:55',1,0),(3571,8,0,4530,0,0,0,'3571','','Nesta','Fabrice','63 rue Saint-Laurent','','38000','Grenoble','','','','','','2018-07-13 13:51:51','2018-07-13 13:51:51',1,0),(3572,8,0,4338,0,0,0,'3572','','Evrard','Valérie','122 rue du Rateau','','93120','La Courneuve','','','','','','2018-07-13 13:51:55','2018-07-13 13:51:55',1,0),(3574,8,0,4409,0,0,0,'3574','CHE','Thomas','Olivier','10 bd Pasteur','','6000','Nice','','','','','','2018-07-13 13:51:54','2018-07-13 13:51:54',1,0),(3575,8,0,5417,0,0,0,'3575','','Morisse','Valérie','7 rue Haakon','le Jutland appt 16','76400','Fécamp','','','','','','2018-07-13 13:51:55','2018-07-13 13:51:55',1,0),(3587,8,0,3618,0,0,0,'3587','Groupe SERVI','Florentin','Pierre','103 avenue Verdier','','92120','Montrouge','','','','','','2018-07-13 13:51:54','2018-07-13 13:51:54',1,0),(3618,8,0,4989,0,0,0,'3618','SELARL Pierre-Emile Dunoyer','Dunoyer','Pierre-Emile','19 rue Saint-Martin','','58000','Nevers','','','','','','2018-07-13 13:51:54','2018-07-13 13:51:54',1,0),(3619,3,0,1258,0,0,0,'3619','Guru','Van Baal','Simone','Diesterstraat 44','','3800','Sint Truiden','','','','','','2018-07-13 13:51:55','2018-07-13 13:51:55',1,0),(3621,8,0,5947,0,0,0,'3621','','Sablic','Laurent','21 avenue du Général Leclerc','','75014','Paris','','','','','','2018-07-13 13:51:53','2018-07-13 13:51:53',1,0),(3622,8,0,5230,0,0,0,'3622','','LE BORGNE','PASCAL','11 RUE DU PUITS D\'OUILLON','','69660','COLLONGES AU MONT D\'OR','','','','','','2018-07-13 13:51:54','2018-07-13 13:51:54',1,0),(3623,8,0,5856,0,0,0,'3623','','Talvat','Gilles','37 rue Henri Dunant','','78120','Rambouillet','','','','','','2018-07-13 13:51:52','2018-07-13 13:51:52',1,0),(3625,8,0,1109,0,0,0,'3625','','Ruol','Marina','27 rue de Charonne','','75011','Paris','','','','','','2018-07-13 13:51:53','2018-07-13 13:51:53',1,0),(3626,217,0,1216,0,0,0,'3626','','Azar','Samar','Marina Square,  Bldg. 8,  Apt. 3201, Al Reem Island','','111999','Abou Dhabi','','','','','','2018-07-13 13:51:55','2018-07-13 13:51:55',1,0),(3627,8,0,3362,0,0,0,'3627','','PLACE','Thibault','6 chemin des brosses','','78620','L\'étang la ville','','','0636239857','','','2018-07-13 13:51:55','2018-07-13 13:51:55',1,0),(3638,8,0,3585,0,0,0,'3638','Symphonie','Symphonie','.','13 rue André del Sarte','','75018','Paris','','','','','','2018-07-13 13:26:47','2018-07-13 13:26:47',1,0),(3640,3,0,4297,0,0,0,'3640','La meilleure jeunesse','Le Blan','Antoine','58 rue de l\'aurore','','1000','Bruxelles','','','','','','2018-07-13 13:26:48','2018-08-31 16:34:47',1,0),(3642,8,0,3653,0,0,0,'3642','','Garnier','Emilien','13 rue des rosiers','','92340','Bourg-la-Reine','','','','','','2018-07-13 13:44:20','2018-07-13 13:44:20',1,0),(3643,8,0,4515,0,0,0,'3643','scp caroff et dardet caroff','Caroff','Gwenole','2 rue des Douves','','35600','Redon','','','','','','2018-07-13 13:51:52','2018-07-13 13:51:52',1,0),(3644,8,0,3799,0,0,0,'3644','','Jouffroy','Olivier','1 rue d\'Astorg','','75008','Paris','','','','','','2018-07-13 13:51:54','2018-07-13 13:51:54',1,0),(3653,6,0,5183,0,0,0,'3653','','Balsera','Emili','Passeig de l Exposicio nº93 Bajo','','8004','Barcelone','','','+34630364997','','','2018-07-13 13:44:20','2018-07-13 13:44:20',1,0),(3654,8,0,4185,0,0,0,'3654','','BAILLY','Régis','15 Rue Mozart','','67450','MUNDOLSHEIM','','','0670753686','','','2018-07-13 13:51:54','2018-07-13 13:51:54',1,0),(3655,8,0,4114,0,0,0,'3655','','Tchana','Davis','200 chemin des Lauriers','','13510','Eguilles','','','0623018810','','','2018-07-13 13:44:19','2018-07-13 13:44:19',1,0),(3656,8,0,5770,0,0,0,'3656','','Fauchery','jacqueline','26 rue vavin','','75006','Paris','','','0760403875','','','2018-07-13 13:51:52','2018-07-13 13:51:52',1,0),(3665,8,0,3166,0,0,0,'3665','','virenque','dominique','175 avenue de lardenne','','31100','toulouse','','','0661919969','','','2018-07-13 13:44:20','2018-07-13 13:44:20',1,0),(3666,8,0,1062,0,0,0,'3666','','GENON','Clarisse','22 rue henri Poincaré','Les Lilas appartement 118','92600','Asnières sur Seine','','','0673304514','','','2018-07-13 13:54:43','2018-07-13 13:54:43',1,0),(3667,8,0,1045,0,0,0,'3667','','PEREIRA DA COSTA','maria','17 avenue Galliéni','','94100','Saint Maur Des Fossés','','','0603256034','','','2018-07-13 13:51:53','2018-07-13 13:51:53',1,0),(3672,8,0,3523,0,0,0,'3672','','Labadie','Eva','11 rue pixerecourt','','75020','Paris','','','0675003459','','','2018-07-13 13:51:51','2018-07-13 13:51:51',1,0),(3673,8,0,4750,0,0,0,'3673','','Ollivier','Hélène','102 rue d\'Aboukir','e etage G','75002','Paris','','','','','','2018-07-13 13:51:52','2018-07-13 13:51:52',1,0),(3674,8,0,5963,0,0,0,'3674','Expert value art','Werbowy','Christophe','8 rue de Paris','','60190','Gournay sur Aronde','','','','','','2018-07-13 13:54:43','2018-09-01 15:21:14',1,0),(3677,8,0,5614,0,0,0,'3677','','PLACHESI','SANDRA','5 RUE STHRAU','','75013','Paris','','','0663687361','','','2018-07-13 13:51:55','2018-07-13 13:51:55',1,0),(3678,8,0,4592,0,0,0,'3678','','Seyller','Philippe','25 rue danton','','92130','Issy les Moulineaux','','','0680368628','','','2018-07-13 13:51:54','2018-07-13 13:51:54',1,0),(3679,8,0,4395,0,0,0,'3679','Architecte','Garrabé','Youri','866 avenue du Maréchal Juin','','30900','Nîmes','','','0675218613','','','2018-07-13 13:51:55','2018-07-13 13:51:55',1,0),(3694,8,0,3082,0,0,0,'3694','','ETIENNE','Marie','les Catins','','38134','St Joseph de Rivière','','','0663483867','','','2018-07-13 13:51:53','2018-07-13 13:51:53',1,0),(3715,8,0,1143,0,0,0,'3715','','Verger','Pierre','94 avenue de tassigny','','33610','CESTAS','','','','','','2018-07-13 13:51:54','2018-07-13 13:51:54',1,0),(3716,8,0,1007,0,0,0,'3716','','Hebert','Anne','9 rue des moulins','','39270','Orgelet','','','0633993656','','','2018-07-13 13:26:48','2018-07-13 13:26:48',1,0),(3717,8,0,4102,0,0,0,'3717','pharmacie de l\'olivier','Caillot','Henri','211 rue de la république','','31290','villefranche de lauragais','','','0631972949','','','2018-07-13 13:51:52','2018-07-13 13:51:52',1,0),(3734,8,0,2950,0,0,0,'3734','','Perrier','Benjamin','92 rue du puits du gué','','77144','Montevrain','','','0660509140','','','2018-07-13 13:26:48','2018-07-13 13:26:48',1,0),(3737,8,0,3240,0,0,0,'3737','','Philippe','Aude','85 rue du Commandant Mages','Moulin Longchamp','13001','Marseille','','','0634544266','','','2018-07-13 13:26:48','2018-07-13 13:26:48',1,0),(3744,8,0,4683,0,0,0,'3744','','DEWASCH','fabien','125 RUE DE CAVENNE','','59230','NIVELLE','','','006 22 10 28 05','','','2018-07-13 13:51:51','2018-07-13 13:51:51',1,0),(3745,8,0,4311,0,0,0,'3745','','Gibeau','Vincent','La Plaine','','87260','St Hilaire Bonneval','','','','','','2018-07-13 13:51:55','2018-07-13 13:51:55',1,0),(3746,19,0,5788,0,0,0,'3746','','Favre','Séverine','chemin de la colline 25','','1093','La Conversion','','','','','','2018-07-13 13:51:55','2018-08-31 16:27:54',1,0),(3747,8,0,4508,0,0,0,'3747','','Caudard','Anthony','2 rue du grand saint eloi','','92350','Le Plessis Robinson','','','','','','2018-07-13 13:26:48','2018-07-13 13:26:48',1,0),(3748,8,0,4221,0,0,0,'3748','','Teboul','Stephane','36T rue de la République','','95160','Montmorency','','','','','','2018-07-13 13:51:55','2018-07-13 13:51:55',1,0),(3750,8,0,5238,0,0,0,'3750','','Brochain','Fanny','3 rue du touat','','34500','Béziers','','','0630884454','','','2018-07-13 13:51:51','2018-07-13 13:51:51',1,0),(3751,8,0,3121,0,0,0,'3751','','Meline','Véronique','12 rue paul deroulede','','78290','Croissy sur seine','','','0648997549','','','2018-07-13 13:51:55','2018-07-13 13:51:55',1,0),(3757,8,0,3393,0,0,0,'3757','','Charpin','Estelle','Chemin de Peternard','','42190','Chandon','','','0477603185','','','2018-07-13 13:51:51','2018-07-13 13:51:51',1,0),(3758,8,0,1244,0,0,0,'3758','Hoa Maï','Ouaknine','Jacky','49 Rue Saint Georges','','75009','Paris','','','','','','2018-07-13 13:51:52','2018-07-13 13:51:52',1,0),(3760,8,0,5973,0,0,0,'3760','','Guérin','Hervé','281 rue ST.Pierre aux liens','','73460','Gresy sur Isère','','','0678786215','','','2018-07-13 13:51:52','2018-07-13 13:51:52',1,0),(3770,3,0,3915,0,0,0,'3770','','Van Hee','Frank','Gwenn Schoonjans Weidestraat 49','','B 8310','Brugge','','','','','','2018-07-13 13:51:52','2018-07-13 13:51:52',1,0),(3774,8,0,1064,0,0,0,'3774','','Demarcy','Myriam','25 rue des Ecoles','','59118','Wambrechies','','','','','','2018-07-13 13:51:54','2018-07-13 13:51:54',1,0),(3778,8,0,4690,0,0,0,'3778','','Monnereau','Ange','31 rue Grande','','77250','Moret-sur-Loing','','','','','','2018-07-13 13:26:48','2018-07-13 13:26:48',1,0),(3783,8,0,3078,0,0,0,'3783','Cabinet dentaire','Bertrand','.','19 rue du Maréchal Foch','','59280','Armentieres','','','','','','2018-07-13 13:26:48','2018-07-13 13:26:48',1,0),(3784,8,0,3774,0,0,0,'3784','','Nalliez','.','136 rue Georges Biget','','59850','Nieppe','','','','','','2018-07-13 13:51:54','2018-07-13 13:51:54',1,0),(3785,8,0,1020,0,0,0,'3785','','Bully','Anne Sophie','254 rue Saint Pierre','','80230','st valery sur somme','','','','','','2018-07-13 13:26:48','2018-07-13 13:26:48',1,0),(3787,8,0,3113,0,0,0,'3787','','Bully','Vincent','20 avenue de Flandre','','59491','Villeneuve d\'ascq','','','','','','2018-07-13 13:51:55','2018-07-13 13:51:55',1,0),(3799,3,0,5834,0,0,0,'3799','','Grzesinski','Olivier','Rue de la Loquette 28','','7600','Péruwelz','','','+32475597666','','','2018-07-13 13:51:54','2018-07-13 13:51:54',1,0),(3850,8,0,3494,0,0,0,'3850','','LIBERGE','Marion','Coconville','','14170','OUVILLE-LA-BIEN-TOURNEE','','','0686682599','','','2018-07-13 13:51:53','2018-07-13 13:51:53',1,0),(3851,8,0,3193,0,0,0,'3851','Sarl lab','Laurent','Julie','50 rue saint andree','','59000','Lille','','','0628031958','','','2018-07-13 13:51:53','2018-07-13 13:51:53',1,0),(3859,8,0,3394,0,0,0,'3859','','Ficot-Pagis','Pascale','28 rue Lamarck','','75018','Paris','','','','','','2018-07-13 13:51:54','2018-07-13 13:51:54',1,0),(3860,8,0,5648,0,0,0,'3860','','BOULLAND','David','60 rue de la Polle','','50100','Cherbourg Octeville','','','','','','2018-07-13 13:44:19','2018-07-13 13:44:19',1,0),(3874,3,0,3859,0,0,0,'3874','','Rouast-Bertier','Pascale','13 avenue des Statuaires','','1180','Uccle','','','','','','2018-07-13 13:51:54','2018-08-31 16:22:36',1,0),(3876,8,0,5343,0,0,0,'3876','mediterrania invest','Attali','Edmond','parc citerama route napollon','','13400','aubagne','','','0612449070','','','2018-07-13 13:44:20','2018-07-13 13:44:20',1,0),(3882,8,0,5783,0,0,0,'3882','','EL JAMALI','Kenza','50 rue du faubourg du temple','batiement G','75011','Paris','','','','','','2018-07-13 13:51:53','2018-07-13 13:51:53',1,0),(3884,8,0,3874,0,0,0,'3884','','Santucci','Pascale','22 rue médéric','','94120','Fontenay sous bois','','','0621723285','','','2018-07-13 13:51:54','2018-07-13 13:51:54',1,0),(3887,3,0,5516,0,0,0,'3887','','Deblaere','France','Rue de mérode 424','','1190','Forest','','','+32475961042','','','2018-07-13 13:51:52','2018-08-31 16:35:23',1,0),(3903,8,0,3569,0,0,0,'3903','','Clause','Philippe','14 rue de l\'Armorique','','75015','Paris','','','','','','2018-07-13 13:51:54','2018-07-13 13:51:54',1,0),(3907,8,0,1091,0,0,0,'3907','','Grospretres','.','4 b rue d\'Orsel','','75018','Paris','','','','','','2018-07-13 13:51:52','2018-07-13 13:51:52',1,0),(3915,8,0,4608,0,0,0,'3915','','Mercier','Frank','unkown 1','','75000','unknown','','','','','','2018-07-13 13:51:52','2018-07-13 13:51:52',1,0),(3916,8,0,3937,0,0,0,'3916','','FAUVET','Alice','39 rue de l\'Eglise','','75015','Paris','','','','','','2018-07-13 13:26:48','2018-07-13 13:26:48',1,0),(3917,8,0,3622,0,0,0,'3917','ABC IMMOBILiER','Le Goff','Pascal','60 rue Raymond du Temple','','94300','Vincennes','','','','','','2018-07-13 13:51:54','2018-07-13 13:51:54',1,0),(3924,8,0,5620,0,0,0,'3924','','Siberchicot','Julien','16 BOULEVARD DE L HOPITAL STELL','','92500','RUEIL MALMAISON','','','0631430543','','','2018-07-13 13:51:53','2018-07-13 13:51:53',1,0),(3933,8,0,2956,0,0,0,'3933','','CORREDOR','GHISLAIN','30 RUE DE CAMONIL','','12000','RODEZ','','','0686877202','','','2018-07-13 13:51:52','2018-07-13 13:51:52',1,0),(3936,8,0,1033,0,0,0,'3936','','Dominguez','Olivier','64 chemin des amandiers','','30700','Saint Quentin la poterie','','','0778661359','','','2018-07-13 13:51:54','2018-07-13 13:51:54',1,0),(3937,8,0,5606,0,0,0,'3937','','Lannoy','Alexis','602 rue de Douai','','59450','Sin le Noble','','','0661049976','','','2018-07-13 13:26:48','2018-07-13 13:26:48',1,0),(3938,8,0,1023,0,0,0,'3938','','ROMARD','Tréfy','4 AVENUE DE LA LIBERTE BATIMENT A','','94220','CHARENTON LE PONT','','','06 22 32 98 40','','','2018-07-13 13:51:55','2018-07-13 13:51:55',1,0),(3939,8,0,3236,0,0,0,'3939','','Loupiac','Stéphanie','6 rue du lavoir','Pouilly Le Fort','77240','Vert Saint Denis','','','0619587520','','','2018-07-13 13:51:55','2018-07-13 13:51:55',1,0),(3941,8,0,5074,0,0,0,'3941','','MEYER','SOLINE','Rue du Commandant Quilici','Rés. A Murella - Bât. B','20137','PORTO VECCHIO','','','0682290257','','','2018-07-13 13:51:55','2018-07-13 13:51:55',1,0),(3942,27,0,1089,0,0,0,'3942','Uber','Bruce','Oliver','165 The Strand, Level 4','','1024','Auckland','','','','','','2018-07-13 13:51:54','2018-07-13 13:51:54',1,0),(3943,8,0,1037,0,0,0,'3943','','LE SAINT','Claire','13 rue de l égalité','','92130','Issy les Moulineaux','','','','','','2018-07-13 13:54:43','2018-07-13 13:54:43',1,0),(4067,8,0,5934,0,0,0,'4067','','Secher Clanchin','Geneviève','Le Chalet','La Chaumière','35440','Feins','','','0686487962','','','2018-07-13 13:51:52','2018-07-13 13:51:52',1,0),(4076,8,0,3151,0,0,0,'4076','','Eymery','Maxence','103 rue des Couronnes','','75020','Paris','','','0672419436','','','2018-07-13 13:51:53','2018-07-13 13:51:53',1,0),(4091,8,0,3505,0,0,0,'4091','','Laco','Philippe','80 rue Saint Dominique','','75007','paris','','','0608970597','','','2018-07-13 13:51:54','2018-07-13 13:51:54',1,0),(4095,8,0,5217,0,0,0,'4095','','Boulet Gercourt','.','11 rue Eugène Jumin','','75019','Paris','','','','','','2018-07-13 13:26:49','2018-07-13 13:26:49',1,0),(4097,8,0,1152,0,0,0,'4097','','Cervera','.','58 avenue du maréchal de lattre de tassigny','','94410','Saint Maurice','','','','','','2018-07-13 13:26:49','2018-07-13 13:26:49',1,0),(4098,8,0,4094,0,0,0,'4098','','Godet','Jean Marc','51 boulevard du Montparnasse','','75006','Paris','','','0608064398','','','2018-07-13 13:51:52','2018-07-13 13:51:52',1,0),(4099,8,0,1120,0,0,0,'4099','','Danon','Pierre','13 Rue de Montmorency','','92100','Boulogne-Billancourt','','','','','','2018-07-13 13:51:54','2018-07-13 13:51:54',1,0),(4100,8,0,3451,0,0,0,'4100','','BRISSON','Damien','41 rue Francois Villon','','93190','Livry-Gargan','','','0664948858','','','2018-07-13 13:51:51','2018-07-13 13:51:51',1,0),(4105,8,0,5602,0,0,0,'4105','','Alonso','Loic','25 rue Bapst','','92600','Asnières','','','0663511258','','','2018-07-13 13:51:53','2018-07-13 13:51:53',1,0),(4113,8,0,4445,0,0,0,'4113','','Carotenuto','Alexandre','46 rue Raspail','','94140','Alfortville','','','','','','2018-07-13 13:26:48','2018-07-13 13:26:48',1,0),(4114,8,0,5081,0,0,0,'4114','','Sellier','David','4 rue Auguste-Simon','','94700','Maisons-Alfort','','','','','','2018-07-13 13:44:19','2018-07-13 13:44:19',1,0),(4115,8,0,3461,0,0,0,'4115','','Sorin','Isabelle et Thierry','50 rue Albert Berthelot','','77420','Champs sur marne','','','','','','2018-07-13 13:51:55','2018-09-28 16:43:07',1,0),(4123,8,0,5346,0,0,0,'4123','','GORDOLON','Etude','75 bd Haussmann','','75008','Paris','','','','','','2018-07-13 13:51:51','2018-07-13 13:51:51',1,0),(4126,17,0,5694,0,0,0,'4126','','Chaouky','Mehdi','13 Blackburn Road','Flat 11','NW6 1RZ','Londres','','','0608022693','','','2018-07-13 13:51:53','2018-08-31 16:21:16',1,0),(4171,8,0,2876,0,0,0,'4171','','sedivy','jiri','unkown 1','','00000','unknown','','','','','','2018-07-13 13:51:53','2018-07-13 13:51:53',1,0),(4174,8,0,3638,0,0,0,'4174','NITIDIS','NITIDIS','.','10 rue du Colisée','','75008','Paris','','','','','','2018-07-13 13:26:47','2018-07-13 13:26:47',1,0),(4179,8,0,4524,0,0,0,'4179','','SAINT-PIERRE','Christophe','1bis rue Ambroise Thomas','','31400','Toulouse','','','0687704763','','','2018-07-13 13:54:43','2018-07-13 13:54:43',1,0),(4181,8,0,4612,0,0,0,'4181','','Ippoliti','Luca','404 Avenue des genêts','','6190','Roquebrune-Cap-Martin','','','0624447528','','','2018-07-13 13:51:53','2018-07-13 13:51:53',1,0),(4185,8,0,3406,0,0,0,'4185','','HAAS','Raphael','123 rue des coquelicots','','50400','YQUELON','','','','','','2018-07-13 13:51:54','2018-07-13 13:51:54',1,0),(4218,17,0,5918,0,0,0,'4218','Sarner Ltd','Bennett','Michael','4 Princess Mews','Horace Road','KT1 2SZ','Kingston Upon Thames','','','','','','2018-07-13 13:51:53','2018-07-13 13:51:53',1,0),(4221,8,0,5391,0,0,0,'4221','','Samama','Stéphane','19 allée du champreau','','91190','Gif sur Yvette','','','0667196969','','','2018-07-13 13:51:55','2018-07-13 13:51:55',1,0),(4225,8,0,4371,0,0,0,'4225','','Gerun','Maroussia','40 rue de la paix','','93000','Bobigny','','','','','','2018-07-13 13:51:53','2018-07-13 13:51:53',1,0),(4226,8,0,3209,0,0,0,'4226','','Xaintray','Mathieu','59 rue de chateaudun','','75009','Paris','','','0622940359','','','2018-07-13 13:51:53','2018-07-13 13:51:53',1,0),(4254,8,0,5076,0,0,0,'4254','','Libbra','Marc','24 rue jean mermoz','','75008','paris','','','','','','2018-07-13 13:51:53','2018-07-13 13:51:53',1,0),(4256,8,0,1060,0,0,0,'4256','','Person','Bernard','24 rue château landon','','75010','Paris','','','','','','2018-07-13 13:26:48','2018-07-13 13:26:48',1,0),(4258,8,0,2958,0,0,0,'4258','HOPENING','DUTERTRE','Eric','4 rue Bernard Palissy','','92800','PUTEAUX','','','0611528671','','','2018-07-13 13:44:20','2018-07-13 13:44:20',1,0),(4268,8,0,5950,0,0,0,'4268','','Descharrières','Véronique','6 rue Beaubourg','','75004','Paris','','','0006 60 78 56 79','','','2018-07-13 13:51:55','2018-08-31 15:24:32',1,0),(4297,19,0,3032,0,0,0,'4297','','Goffette','Antoine','11 Rue Necker','','1201','Genève','','','041788829267','','','2018-07-13 13:26:48','2018-08-31 16:33:56',1,0),(4311,8,0,3304,0,0,0,'4311','','Escano','Vincent','21 rue de Paris','','3200','Vichy','','','0663458804','','','2018-07-13 13:51:55','2018-07-13 13:51:55',1,0),(4314,8,0,3542,0,0,0,'4314','','JEGU','Franck','27 rue Saint Ferdinand','','75017','Paris','','','0649662546','','','2018-07-13 13:51:52','2018-07-13 13:51:52',1,0),(4315,8,0,5936,0,0,0,'4315','','Virot','Isabelle','3 rue Véron','','75018','Paris','','','','','','2018-07-13 13:51:52','2018-07-13 13:51:52',1,0),(4316,12,0,4504,0,0,0,'4316','','Zucchiatti','Charlotte','19D rue de la semois','','L-2533','Luxembourg','','','','','','2018-07-13 13:26:49','2018-07-13 13:26:49',1,0),(4322,8,0,3667,0,0,0,'4322','','Bertrand','Marie caroline','68 tue jp timbaud','','75011','Paris','','','0778471855','','','2018-07-13 13:51:53','2018-07-13 13:51:53',1,0),(4326,8,0,5214,0,0,0,'4326','','Suss','Christian','33 rue Steingebiss','','67500','Haguenau','','','','','','2018-07-13 13:56:04','2018-07-13 13:56:04',1,0),(4330,8,0,1039,0,0,0,'4330','','Grossetete','Eleonore','31 chemin de la sauvegarde','Bat A','69130','Ecully','','','0607136811','','','2018-07-13 13:44:20','2018-07-13 13:44:20',1,0),(4331,8,0,5610,0,0,0,'4331','GROUPE MEDICAL MERE ET ENFANT','LETOILLE','ISABELLE','2 RUE JOLIOT CURIE','','93270','SEVRAN','','','0667026638','','','2018-07-13 13:51:52','2018-07-13 13:51:52',1,0),(4333,13,0,4486,0,0,0,'4333','','Van den Heuvel','Johannes','lambertusstraat 39','','6444XA','Brunssum','','','','','','2018-07-13 13:51:53','2018-07-13 13:51:53',1,0),(4335,8,0,4333,0,0,0,'4335','Hoa Maï','Wouaknine','Jonas','49 Rue Saint Georges','','75009','Paris','','','0626247762','','','2018-07-13 13:51:53','2018-07-13 13:51:53',1,0),(4337,8,0,3770,0,0,0,'4337','','Arnal','Frederic','unkown 1','','75000','unknown','','','','','','2018-07-13 13:51:52','2018-07-13 13:51:52',1,0),(4338,8,0,5205,0,0,0,'4338','','Derouiche','Valérie','30 avenue Colombier Bernard','','92250','La Garenne-Colombes','','','0615161494','','','2018-07-13 13:51:55','2018-07-13 13:51:55',1,0),(4361,8,0,5941,0,0,0,'4361','CJCOM Professionel','Joanblanq','Caroline','5 rue de Charonne','','75011','Paris','','','','','','2018-07-13 13:26:49','2018-08-31 15:25:15',1,0),(4362,8,0,3160,0,0,0,'4362','VIP Conseils','Prevost','Marc','7 rue Auber','','75009','Paris','','','00153432600','','','2018-07-13 13:51:53','2018-07-13 13:51:53',1,0),(4368,8,0,3942,0,0,0,'4368','CHE','Thomas','Oliver','10 Bd Pasteur','','6000','Nice','','','','','','2018-07-13 13:51:54','2018-07-13 13:51:54',1,0),(4371,8,0,3850,0,0,0,'4371','','Pegliasco','Marlène','597 A Route du Val d\'Ardène','','83200','Toulon','','','0633503009','','','2018-07-13 13:51:53','2018-07-13 13:51:53',1,0),(4395,8,0,4352,0,0,0,'4395','','Chakhtoura','Yara','16 rue Saint Antoine','','75004','Paris','','','','','','2018-07-13 13:51:55','2018-07-13 13:51:55',1,0),(4408,8,0,3114,0,0,0,'4408','','Guittard','Grégory','11 impasse de la luze','','31450','Pompertuzat','','','0634329092','','','2018-07-13 13:51:52','2018-07-13 13:51:52',1,0),(4409,8,0,4624,0,0,0,'4409','','Tallec','Olivier','55 rue de Fécamp','','75012','Paris','','','','','','2018-07-13 13:51:54','2018-07-13 13:51:54',1,0),(4413,8,0,1144,0,0,0,'4413','','SOW','BANO','3 rue Weber','','75116','Paris','','','','','','2018-07-13 13:26:48','2018-07-13 13:26:48',1,0),(4416,8,0,1105,0,0,0,'4416','Les Productions CRESSAC','Girre','Ronan','14 rue Charles V','','75004','Paris','','','','','','2018-07-13 13:51:55','2018-07-13 13:51:55',1,0),(4418,8,0,3678,0,0,0,'4418','','Stephen','Philippe','25 AVENUE JOSEPH GIORDAN','BAT B3 - RES CIEL DE FABRON','6200','Nice','','','','','','2018-07-13 13:51:54','2018-07-13 13:51:54',1,0),(4440,8,0,3135,0,0,0,'4440','','Montmeterme','Lancelot','57 avenue d\'Iena','','75016','Paris','','','0619360940','','','2018-07-13 13:51:53','2018-07-13 13:51:53',1,0),(4445,8,0,3328,0,0,0,'4445','ODYSSÉE DROIT','Gautier','Alban','1025 Rue Henri Becquerel','Parc Club du Millénaire Bâtiment 6','34000','MONTPELLIER','','','0674491752','','','2018-07-13 13:26:48','2018-07-13 13:26:48',1,0),(4446,8,0,5839,0,0,0,'4446','','Gettliffe','Denis','141 Boulevard Voltaire','','75011','Paris','','','','','','2018-07-13 13:44:19','2018-07-13 13:44:19',1,0),(4456,8,0,4456,0,0,0,'4456','','MERIC','MICHELE','23 RUE DE L ABBE GROULT','','75015','PARIS','','','','','','2018-07-13 13:51:53','2018-07-13 13:51:53',1,0),(4485,8,0,5406,0,0,0,'4485','','OLSON','Peter','1 bis rue Debrousse','','75116','Paris','','','0677552968','','','2018-07-13 13:51:54','2018-07-13 13:51:54',1,0),(4486,8,0,5208,0,0,0,'4486','','MICHEL','Jocelyn','57 Bd du Cdt Charcot','','92200','NEUILLY SUR SEINE','','','0686682850','','','2018-07-13 13:51:53','2018-07-13 13:51:53',1,0),(4494,8,0,1016,0,0,0,'4494','Galerie Openspace','Chenus','Nicolas','116 bd Richard Lenoir','','75011','Paris','','','','','','2018-07-13 13:51:54','2018-07-13 13:51:54',1,0),(4496,8,0,5845,0,0,0,'4496','','Simeon','Jean-Michel','23 rue des Cloys','','75018','Paris','','','','','','2018-07-13 13:51:52','2018-07-13 13:51:52',1,0),(4500,8,0,5901,0,0,0,'4500','','Montet','Alexandre','5 rue des Moines','','75017','Paris','','','0673903332','','','2018-07-13 13:26:48','2018-07-13 13:26:48',1,0),(4504,8,0,5622,0,0,0,'4504','','Regnault','Charlotte','10 passage de Clichy','','75018','Paris','','','','','','2018-07-13 13:26:49','2018-07-13 13:26:49',1,0),(4507,8,0,1264,0,0,0,'4507','','Renard','Cedric','18 rue du General de Castelnau','','67000','Strasbourg','','','0672783895','','','2018-07-13 13:26:49','2018-07-13 13:26:49',1,0),(4508,8,0,5830,0,0,0,'4508','','Riff','Annick','28 rue du sundgau','','68400','RIEDISHEIM','','','0684312740','','','2018-07-13 13:26:48','2018-07-13 13:26:48',1,0),(4509,8,0,3907,0,0,0,'4509','','Alexandre','Guillaume','32 rue du Champ de l\'Orme','','35000','Rennes','','','0681535501','','','2018-07-13 13:51:52','2018-07-13 13:51:52',1,0),(4514,8,0,3452,0,0,0,'4514','','montout','Kathlyne','136 rue gabriel peri bar A1','','93200','saint denis','','','0652562786','','','2018-07-13 13:51:53','2018-07-13 13:51:53',1,0),(4515,8,0,5198,0,0,0,'4515','','montout','Gwen','136 rue gabriel peri bat A1','','93200','saint denis','','','0634367402','','','2018-07-13 13:51:52','2018-07-13 13:51:52',1,0),(4516,8,0,5191,0,0,0,'4516','','Lacaberats','Maia','6 rue brezin','','75014','PARIS','','','0673439089','','','2018-07-13 13:51:53','2018-07-13 13:51:53',1,0),(4517,8,0,5970,0,0,0,'4517','','agence Calliopé','.','17 rue Durantin','','75018','Paris','','','','','','2018-07-13 13:26:47','2018-07-13 13:26:47',1,0),(4523,8,0,3382,0,0,0,'4523','','Deubel','Florence','16 b rue de Romainville','','75019','Paris','','','','','','2018-07-13 13:51:51','2018-07-13 13:51:51',1,0),(4524,8,0,1015,0,0,0,'4524','','Mouton','Christophe','4 Bis Quai du Fort Alleaume','','45000','Orleans','','','0678993294','','','2018-07-13 13:56:04','2018-07-13 13:56:04',1,0),(4526,8,0,4492,0,0,0,'4526','','Olivier','Laurent','25 rue Danton','','92130','Issy les Moulineaux','','','','','','2018-07-13 13:51:53','2018-07-13 13:51:53',1,0),(4528,8,0,1213,0,0,0,'4528','','Peyrot','Monsieur','11 bis avenue de Senneville','','93600','Aulnay sous bois','','','0682584293','','','2018-07-13 13:51:53','2018-07-13 13:51:53',1,0),(4530,8,0,3194,0,0,0,'4530','','Dussac','Fabrice','3 avenue Marcel doret','','75016','Paris','','','0634154088','','','2018-07-13 13:51:51','2018-07-13 13:51:51',1,0),(4532,8,0,4314,0,0,0,'4532','','Winandy','Franck','18 rue marius Jacotot','','92800','PUTEAUX','','','0783879906','','','2018-07-13 13:51:52','2018-07-13 13:51:52',1,0),(4535,8,0,2974,0,0,0,'4535','','Christophe','Laverne','unkown 1','','75000','unknown','','','','','','2018-07-13 13:51:53','2018-07-13 13:51:53',1,0),(4542,8,0,5559,0,0,0,'4542','','Uzan','Olivier','5 rue du Talus du Cours','','94160','Saint-Mandé','','','0673585940','','','2018-07-13 13:51:54','2018-07-13 13:51:54',1,0),(4548,8,0,3785,0,0,0,'4548','','DESBORDES DE RIBAUCOURT','Anne','26 Rue Louis Braille','','94100','SAINT MAUR DES FOSSÉS','','','0680431251','','','2018-07-13 13:26:48','2018-07-13 13:26:48',1,0),(4552,8,0,1085,0,0,0,'4552','','Brunette','Benjamin','26 rue des Sablons','','75116','Paris','','','','','','2018-07-13 13:26:48','2018-07-13 13:26:48',1,0),(4558,8,0,3884,0,0,0,'4558','','Ferretti','Pascal','9 rue Chenoise','','38000','Grenoble','','','','','','2018-07-13 13:51:54','2018-07-13 13:51:54',1,0),(4564,8,0,1110,0,0,0,'4564','','Rovert','M.','unkown 1','','75000','unknown','','','','','','2018-07-13 13:51:53','2018-07-13 13:51:53',1,0),(4571,8,0,4517,0,0,0,'4571','Les Studios Montmartre','Les Studios Montmartre','.','4-6 rue Androuet','','75018','Paris','','','','','','2018-07-13 13:26:47','2018-07-13 13:26:47',1,0),(4572,8,0,4485,0,0,0,'4572','','Bonan','Philippe','27 rue des Gatines','','75020','Paris','','','','','','2018-07-13 13:51:54','2018-07-13 13:51:54',1,0),(4580,8,0,5337,0,0,0,'4580','','JOLY','JEAN-YVES','5 LIEUDIT GRAND ROMBACH','','68160','SAINTE-CROIX-AUX-MINES','','','06 09 24 12 08','','','2018-07-13 13:51:52','2018-07-13 13:51:52',1,0),(4582,8,0,3643,0,0,0,'4582','','Nocera','Gwladys','5 rue des Vernettes','','21470','Brazey en Plaine','','','0672391829','','','2018-07-13 13:51:52','2018-07-13 13:51:52',1,0),(4584,8,0,3293,0,0,0,'4584','','Hanifi','Nora','20 rue des marais','','94400','Vitry sur seine','','','0625908083','','','2018-07-13 13:51:54','2018-07-13 13:51:54',1,0),(4585,8,0,5344,0,0,0,'4585','','Dubosq','Corinne','25 impasse des marronniers','Lieu dit Poncieux','1640','Boyeux Saint Jerome','','','0616448831','','','2018-07-13 13:51:51','2018-07-13 13:51:51',1,0),(4589,8,0,5350,0,0,0,'4589','CANOPEE','GAUDE','Emmanuel','11 rue Royal','','75001','Paris','','','','','','2018-07-13 13:44:20','2018-07-13 13:44:20',1,0),(4591,8,0,4591,0,0,0,'4591','Forum Culturel Autrichien','Sports and Leisure Acesores','.','Perdrins 16','','8960','Saint Just Desvern','','','','','','2018-07-13 13:26:47','2018-07-13 13:26:47',1,0),(4592,8,0,2932,0,0,0,'4592','','Rosenpick','Philippe','6 rue Clément Marot','','75008','Paris','','','0607674120','','','2018-07-13 13:51:54','2018-07-13 13:51:54',1,0),(4593,8,0,4717,0,0,0,'4593','','Villard','Marc','14 Square Desaix','','75015','Paris','','','','','','2018-07-13 13:51:53','2018-07-13 13:51:53',1,0),(4603,8,0,3640,0,0,0,'4603','','Techenet','Antoine','95 rue Marcadet','','75018','Paris','','','0679764717','','','2018-07-13 13:26:48','2018-07-13 13:26:48',1,0),(4606,8,0,1071,0,0,0,'4606','','Malbequi','Richard','11 passage St Bernard','','75011','Paris','','','0686083139','','','2018-07-13 13:51:55','2018-07-13 13:51:55',1,0),(4608,8,0,1014,0,0,0,'4608','','Raynal','François','55 avenue Carnot','','78500','Sartrouville','','','','','','2018-07-13 13:51:52','2018-07-13 13:51:52',1,0),(4610,8,0,1018,0,0,0,'4610','','Gouyette','Cyrille','16 rue St Marc','','75002','Paris','','','','','','2018-07-13 13:51:51','2018-07-13 13:51:51',1,0),(4616,8,0,1118,0,0,0,'4616','','Bellaïche','Serge','78t rue du 8 mai 1945','','91300','Massy','','','','','','2018-07-13 13:51:55','2018-07-13 13:51:55',1,0),(4620,8,0,4696,0,0,0,'4620','','KACMANN','Laurence et Jean-michel','3  rue Sadi Carnot','','92120','MONTROUGE','','','033617573645','','','2018-07-13 13:51:52','2018-09-28 17:37:36',1,0),(4621,8,0,1243,0,0,0,'4621','','Martin','Frederic','6 avenue de la dame blanche','','94120','Fontenay sous bois','','','0630696444','','','2018-07-13 13:51:52','2018-07-13 13:51:52',1,0),(4624,8,0,1069,0,0,0,'4624','','Suon','Olivier','unkown 1','','75000','unknown','','','0614017833','','','2018-07-13 13:51:54','2018-07-13 13:51:54',1,0),(4625,8,0,3152,0,0,0,'4625','','LAURENT','Nathalie','13 avenue du General de Gaulle','','92170','VANVES','','','0662183313','','','2018-07-13 13:51:54','2018-07-13 13:51:54',1,0),(4627,8,0,3487,0,0,0,'4627','','Yadan Pesah','Caroline','47 bis rue d\'Orsel','','75018','Paris','','','','','','2018-07-13 13:26:49','2018-07-13 13:26:49',1,0),(4629,8,0,5182,0,0,0,'4629','','HetL Conseils','.','21 square St Charles','','75012','Paris','','','','','','2018-07-13 13:51:52','2018-07-13 13:51:52',1,0),(4631,8,0,5890,0,0,0,'4631','','Marc','Julie','166 AVENUE DE LODEVE','','34070','MONTPELLIER','','','0623232810','','','2018-07-13 13:51:53','2018-07-13 13:51:53',1,0),(4637,21,0,1149,0,0,0,'4637','','Mangual','Brian','3N873 Walt Whitman Road','Illinois US','60175','Saint Charles','','','+1312-730-5299','','','2018-07-13 13:26:49','2018-07-13 13:26:49',1,0),(4661,8,0,3046,0,0,0,'4661','Groupe médical laennec','Autissier','Jean-Louis','6 place De Gaulle','','88150','THAON LES VOSGES','','','0682093007','','','2018-07-13 13:51:52','2018-07-13 13:51:52',1,0),(4662,8,0,3141,0,0,0,'4662','','De Luca','Charles','15 rue Jean Leclaire','','75017','Paris','','','0681817217','','','2018-07-13 13:26:49','2018-07-13 13:26:49',1,0),(4668,8,0,3571,0,0,0,'4668','','Piquemal','Fabrice','12 rue de Langeac','','75015','Paris','','','0675073284','','','2018-07-13 13:51:51','2018-07-13 13:51:51',1,0),(4676,8,0,4067,0,0,0,'4676','','CHEVIGNARD','Géraldine','55 COURS FRANKLIN ROOSEVELT','2E - digicode 6240','69006','LYON','','','0658176686','','','2018-07-13 13:51:52','2018-07-13 13:51:52',1,0),(4680,8,0,5808,0,0,0,'4680','','Ducreux','Stéphane','16 allée des Haras','','92420','Vaucresson','','','0147953410','','','2018-07-13 13:51:55','2018-07-13 13:51:55',1,0),(4688,8,0,3133,0,0,0,'4688','','Basset','Luna','unkown 1','','75000','unknown','','','0778346195','','','2018-07-13 13:51:53','2018-07-13 13:51:53',1,0),(4696,8,0,1166,0,0,0,'4696','Inxtenso','Vibert','Jean-Marc','21 boulevard de Grenelle','','75015','Paris','','','','','','2018-07-13 13:51:52','2018-07-13 13:51:52',1,0),(4704,8,0,3717,0,0,0,'4704','','Goldszal','Henri','53 rue Lepic','','75018','Paris','','','','','','2018-07-13 13:51:52','2018-07-13 13:51:52',1,0),(4706,8,0,5193,0,0,0,'4706','','Kiefer','Sebastian','Rittnertstr. 9','','76227','Karlsruhe','','','+4915170009800','','','2018-07-13 13:51:55','2018-07-13 13:51:55',1,0),(4714,8,0,4668,0,0,0,'4714','','Vilain','Fabrice','47 rue de Villedommange','','51100','Reims','','','0698192647','','','2018-07-13 13:51:51','2018-07-13 13:51:51',1,0),(4716,8,0,2930,0,0,0,'4716','','Lombart','Jérémy','2 avenue Notre Dame de Bon Voyage','Résidence l\'Orée de Monte Carlo','6190','Roquebrune Cap Martin','','','0619627714','','','2018-07-13 13:51:52','2018-07-13 13:51:52',1,0),(4717,8,0,4362,0,0,0,'4717','','Pujo','Marc','31 chemin du Calvaire','','33360','Quinsac','','','','','','2018-07-13 13:51:53','2018-07-13 13:51:53',1,0),(4718,8,0,1032,0,0,0,'4718','','Rambaud','Anne','38 rue des Garmants','','92240','Malakoff','','','0660863456','','','2018-07-13 13:26:48','2018-07-13 13:26:48',1,0),(4750,8,0,5750,0,0,0,'4750','','Bonte','Hélène','5 rue du Grégau','Lotissement Valat des Pruniers','34130','Saint-Aunès','','','0610452801','','','2018-07-13 13:51:52','2018-07-13 13:51:52',1,0),(4753,8,0,5336,0,0,0,'4753','','Molin','Paul','6 Allée des arpents','','91470','LIMOURS','','','','','','2018-07-13 13:51:54','2018-07-13 13:51:54',1,0),(4754,8,0,4593,0,0,0,'4754','','Bonnet','Margaux','19 rue du Temple','','75004','Paris','','','0679444014','','','2018-07-13 13:51:53','2018-07-13 13:51:53',1,0),(4855,8,0,1002,0,0,0,'4855','','Foresman','Anna','3 rue Perignon','','75015','Paris','','','0614700906','','','2018-07-13 13:26:48','2018-07-13 13:26:48',1,0),(4857,8,0,4857,0,0,0,'4857','','Tavernier','Nicolas','14 chemin des Aloès','','66240','Saint-Estève','','','0608700937','','','2018-07-13 13:51:54','2018-07-13 13:51:54',1,0),(4939,8,0,3077,0,0,0,'4939','','Roux','Corentin','4 impasse de l avignou','','78370','Plaisir','','','','','','2018-07-13 13:51:51','2018-07-13 13:51:51',1,0),(4974,8,0,5253,0,0,0,'4974','All Contents','Breton','Olivier','23 bis rue de Turin','','75008','Paris','','','','','','2018-07-13 13:51:54','2018-07-13 13:51:54',1,0),(4989,8,0,4099,0,0,0,'4989','','Dudan','Pierre','1 rue de Condé','','75006','Paris','','','0634127793','','','2018-07-13 13:51:54','2018-07-13 13:51:54',1,0),(4996,8,0,4591,0,0,0,'4996','Forum Culturel Autrichien','Forum Culturel Autrichien','.','17 avenue de Villars','','75007','Paris','','','','','','2018-07-13 13:26:47','2018-07-13 13:26:47',1,0),(5048,8,0,3498,0,0,0,'5048','','Miquel','Francoise','2505 chemin berthoumieu','','82000','montauban','','','0618642341','','','2018-07-13 13:51:52','2018-07-13 13:51:52',1,0),(5061,8,0,1000,0,0,0,'5061','','Hinsinger','Jean-Luc','15 route de Rosheim','','67530','Boersch','','','0608074574','','','2018-07-13 13:51:52','2018-07-13 13:51:52',1,0),(5063,8,0,3514,0,0,0,'5063','','Roucart','Sylvie','81 boulevard suchet','','75016','Paris','','','0678461521','','','2018-07-13 13:51:55','2018-07-13 13:51:55',1,0),(5064,8,0,3623,0,0,0,'5064','','DE SANTIS','GIOVANNI','28 RUE DU GROS BUISSON','','77400','SAINT-THIBAULT-DES-VIGNES','','','0662348641','','','2018-07-13 13:51:52','2018-07-13 13:51:52',1,0),(5065,8,0,5604,0,0,0,'5065','Exchange','Freytag','Christian','25 avenue Aristide briand','','25400','Audincourt','','','','','','2018-07-13 13:56:04','2018-07-13 13:56:04',1,0),(5067,9,0,5925,0,0,0,'5067','LOU WORLD IKE','Simos','Dimitris','tripodon 34 Plaka','','10558','Athènes','','','','','','2018-07-13 13:44:19','2018-07-13 13:44:19',1,0),(5070,8,0,3471,0,0,0,'5070','U','RONDEAU','HUGUES','2 BIS RUE DE LA CONCORDE','','78140','VELIZY','','','0612744088','','','2018-07-13 13:51:52','2018-07-13 13:51:52',1,0),(5071,8,0,3490,0,0,0,'5071','','Poesse','Jurgen','unkown 1','','00000','unknown','','','','','','2018-07-13 13:51:53','2018-07-13 13:51:53',1,0),(5074,8,0,3619,0,0,0,'5074','','LAURENT','SIMON','10 PLACE JULES GUESDE','','59490','SOMAIN','','','+33684550384','','','2018-07-13 13:51:55','2018-07-13 13:51:55',1,0),(5076,8,0,4516,0,0,0,'5076','','Delamarre','Marc','8 rue du Peintre Lebrun','','78000','Versailles','','','0680726985','','','2018-07-13 13:51:53','2018-07-13 13:51:53',1,0),(5079,8,0,5257,0,0,0,'5079','','Couturier','Michel','5 rue du Tertre','','33710','Bourg sur Gironde','','','0677031700','','','2018-07-13 13:51:53','2018-07-13 13:51:53',1,0),(5080,8,0,4637,0,0,0,'5080','','estienne','brigitte','14 rue de cocagne','','51240','coupeville','','','0699790222','','','2018-07-13 13:26:49','2018-07-13 13:26:49',1,0),(5081,8,0,5832,0,0,0,'5081','','rosenbaum','david','5 parc de la berengere','','92210','saint cloud','','','0614081056','','','2018-07-13 13:44:19','2018-07-13 13:44:19',1,0),(5083,8,0,3142,0,0,0,'5083','','labarthe','gaelle','33 rue des cascades','','75020','Paris','','','0663068371','','','2018-07-13 13:51:52','2018-07-13 13:51:52',1,0),(5084,8,0,4316,0,0,0,'5084','','Arénare','Chloé','24 rue Domer','','69007','Lyon','','','0686984976','','','2018-07-13 13:56:04','2018-07-13 13:56:04',1,0),(5088,8,0,5063,0,0,0,'5088','','Sade','Sylvie','12 rue d edimbourg','','75008','Paris','','','0664674873','','','2018-07-13 13:51:55','2018-07-13 13:51:55',1,0),(5089,8,0,1172,0,0,0,'5089','','Volle','Emmanuelle','75 avenue Simon Bolivar','','75019','Paris','','','','','','2018-07-13 13:44:20','2018-07-13 13:44:20',1,0),(5093,8,0,5952,0,0,0,'5093','','Varon','Anne','8 av de chennevietes','','94210','La varenne st hilaire','','','0610477552','','','2018-07-13 13:26:48','2018-07-13 13:26:48',1,0),(5180,8,0,5812,0,0,0,'5180','','Desmons','Cécile','49 rue douai','','75009','Paris','','','','','','2018-07-13 13:26:49','2018-07-13 13:26:49',1,0),(5181,8,0,3737,0,0,0,'5181','GRAFITI','Vuillermet','aude','4 rue Pierre Bucher','rdc','67000','Strasbourg','','','0660482505','','','2018-07-13 13:26:48','2018-07-13 13:26:48',1,0),(5182,8,0,1267,0,0,0,'5182','','RENOUARD','Hervé','162 BIS rue Ordener','Appartement 34','75018','Paris','','','0663783322','','','2018-07-13 13:51:52','2018-07-13 13:51:52',1,0),(5183,8,0,1086,0,0,0,'5183','','sauval','Emeline','29 rue des bleuets','','80480','Saleux','','','0671851421','','','2018-07-13 13:44:20','2018-07-13 13:44:20',1,0),(5187,8,0,5195,0,0,0,'5187','Ibis Dijon gare','Jacquier','Anthony','15 A Avenue Albert 1er','','21000','Dijon','','','0607716175','','','2018-07-13 13:26:48','2018-07-13 13:26:48',1,0),(5188,8,0,3492,0,0,0,'5188','','Goubier','Isabelle','33 rue Auguste Comte','','94120','Fontenay-sous-Bois','','','0699694602','','','2018-07-13 13:51:52','2018-07-13 13:51:52',1,0),(5190,8,0,3677,0,0,0,'5190','','Salmeron','Sandra','15 rue Caminais-Peyronnais','The Hayloft','35730','Pleurtuit','','','','','','2018-07-13 13:51:55','2018-07-13 13:51:55',1,0),(5191,8,0,1125,0,0,0,'5191','','Mastrangelo','Magali','22 rue Bigot','','34080','Montpellier','','','0625120390','','','2018-07-13 13:51:53','2018-07-13 13:51:53',1,0),(5192,8,0,5811,0,0,0,'5192','PHAREA','Galindo','David','213 rue de Gerland','Les Jardins d Entreprise - Bat. E','69007','LYON','','','0643591289','','','2018-07-13 13:44:19','2018-07-13 13:44:19',1,0),(5193,8,0,5199,0,0,0,'5193','','Bonnefoy','Sarah','28 avenue Lamartine','','94510','La Queue en Brie','','','0674772987','','','2018-07-13 13:51:55','2018-07-13 13:51:55',1,0),(5195,8,0,3747,0,0,0,'5195','','DO COUTO','Anthony','179 rue filliette Nicolas Philibert','','92500','Rueil malmaison','','','0611747749','','','2018-07-13 13:26:48','2018-07-13 13:26:48',1,0),(5196,8,0,3497,0,0,0,'5196','','leon','nathalie','3 avenue Pasteur','','92400','courbevoie','','','0660228802','','','2018-07-13 13:51:54','2018-07-13 13:51:54',1,0),(5198,8,0,3187,0,0,0,'5198','IPSIDE AVOCAT','Barbaut','Gwendal','29 rue de Lisbonne','5ème étage gauche','75008','Paris','','','0680138257','','','2018-07-13 13:51:52','2018-07-13 13:51:52',1,0),(5199,8,0,4345,0,0,0,'5199','','AOUIZERATE','SARAH','41 rue richer','','75009','paris','','','0623557243','','','2018-07-13 13:51:55','2018-07-13 13:51:55',1,0),(5201,8,0,3666,0,0,0,'5201','Claude BELISSA sarl','Belissa','Claude','120 rue championnet','','75018','Paris','','','+33660663030','','','2018-07-13 13:54:43','2018-07-13 13:54:43',1,0),(5202,8,0,1041,0,0,0,'5202','','salmon','sophie','1 place du general de gaulle','','93340','le raincy','','','0614642046','','','2018-07-13 13:51:55','2018-07-13 13:51:55',1,0),(5205,8,0,3938,0,0,0,'5205','j v a b sarl','brucy','valerie','8 rue sadi carnot','','92600','asnières','','','0615459692','','','2018-07-13 13:51:55','2018-07-13 13:51:55',1,0),(5207,8,0,3655,0,0,0,'5207','Decoclean','.','Decoclean','3 rue d Orsel','','75018','Paris','','','','','','2018-07-13 13:44:19','2018-07-13 13:44:19',1,0),(5208,8,0,4171,0,0,0,'5208','','Berthier','Jocelyn','19 rue de miromesnil','','75008','Paris','','','0618644586','','','2018-07-13 13:51:53','2018-07-13 13:51:53',1,0),(5213,8,0,1104,0,0,0,'5213','','Benjamin','Benjamin','17 rue Véron','','75018','Paris','','','','','','2018-07-13 13:26:48','2018-07-13 13:26:48',1,0),(5214,8,0,5964,0,0,0,'5214','laboratoire Morizot','Orviz','Christian','18  rue Blanqui','','10100','Romilly sur Seine','','','','','','2018-07-13 13:56:04','2018-07-13 13:56:04',1,0),(5215,8,0,4446,0,0,0,'5215','','salat','DENIS','12 lotissement les pradeaux','','63800','perignat sur allier','','','+33630805850','','','2018-07-13 13:44:19','2018-07-13 13:44:19',1,0),(5216,8,0,5959,0,0,0,'5216','','Martigne','Pierre','82 rue des Ruffins','Appart 421','93100','Montreuil','','','','','','2018-07-13 13:51:54','2018-07-13 13:51:54',1,0),(5217,8,0,3783,0,0,0,'5217','Lilao','Dienis','Bertrand','4 rue Pasteur','','78600','Le Menil','','','0603280512','','','2018-07-13 13:26:49','2018-07-13 13:26:49',1,0),(5219,8,0,4361,0,0,0,'5219','Baro Alto','Joly','Caroline','4 place de l\'Opéra','','75002','Paris','','','','','','2018-07-13 13:26:49','2018-07-13 13:26:49',1,0),(5221,8,0,5089,0,0,0,'5221','','Rouat','Emmanuel','48 bis rue de la Coste','','38430','Moirans','','','0662085475','','','2018-07-13 13:44:20','2018-07-13 13:44:20',1,0),(5222,8,0,3444,0,0,0,'5222','','Stiernon','Michel','46 rue des Alouettes','','95160','Montmorency','','','','','','2018-07-13 13:51:53','2018-07-13 13:51:53',1,0),(5227,8,0,3654,0,0,0,'5227','','CHARLES-LOBRY','Renaud','4 Villa des Épinettes','','75017','Paris','','','','','','2018-07-13 13:51:55','2018-07-13 13:51:55',1,0),(5228,8,0,4335,0,0,0,'5228','NELIO SAS','Chetail','Jonathan','13 Rue de Caumartin','','75009','Paris','','','','','','2018-07-13 13:51:53','2018-07-13 13:51:53',1,0),(5229,8,0,3170,0,0,0,'5229','','de Sauverzac','Rodolphe','3 rue de Séraucourt','','18000','BOURGES','','','','','','2018-07-13 13:51:55','2018-07-13 13:51:55',1,0),(5230,8,0,4558,0,0,0,'5230','','FLEURY','Pascal','1 ter Allée du Prieuré','','78860','Saint Nom la Bretèche','','','','','','2018-07-13 13:51:54','2018-07-13 13:51:54',1,0),(5231,8,0,2951,0,0,0,'5231','','Coel','Olivier','120 rue de Courcelles','','75017','Paris','','','','','','2018-07-13 13:51:54','2018-07-13 13:51:54',1,0),(5237,8,0,4753,0,0,0,'5237','','VAN KLEEF','Paul','58 RUE DU FAUBOURG ST HONORE','','75008','Paris','','','','','','2018-07-13 13:51:54','2018-07-13 13:51:54',1,0),(5238,8,0,1239,0,0,0,'5238','','Berthelot','Fabrizio','14 villa d Este - Tour Abeille','Appt 2101','75013','Paris','','','0684536863','','','2018-07-13 13:51:51','2018-07-13 13:51:51',1,0),(5247,8,0,1107,0,0,0,'5247','','GAUTHIER','FREDERIC','35 BOULEBARD BARRAL','LE BRASILIA ETAGE 20 APPART 209','13008','MARSEILLE','','','0491371481','','','2018-07-13 13:51:52','2018-07-13 13:51:52',1,0),(5253,8,0,4368,0,0,0,'5253','','Barnoin','Olivier','12 rue lecuyer','','75018','Paris','','','+33682442803','','','2018-07-13 13:51:54','2018-07-13 13:51:54',1,0),(5255,8,0,5705,0,0,0,'5255','','Aoustin','Isabelle','7 boulevard de la Méditerranée','','31400','Toulouse','','','0681879076','','','2018-07-13 13:51:52','2018-07-13 13:51:52',1,0),(5256,8,0,5855,0,0,0,'5256','Paris Normandie transactions','Benveniste','Bruno','95 rue La Boétie','','75008','Paris','','','0681534729','','','2018-07-13 13:26:49','2018-07-13 13:26:49',1,0),(5257,21,0,1155,0,0,0,'5257','','Mulrooney','Michael','1528 E San Lorenzo Rd','','92264','Palm Springs, California','','','','','','2018-07-13 13:51:53','2018-07-13 13:51:53',1,0),(5259,8,0,5828,0,0,0,'5259','','FRITSCH','Jean-François','12 rue Edouard Dreux','','54400','Longwy','','','0687871010','','','2018-07-13 13:51:52','2018-08-31 15:26:41',1,0),(5329,8,0,5084,0,0,0,'5329','','Desvignes','Christel','7 rue du Hainaut','','75019','Paris','','','','','','2018-07-13 13:56:04','2018-07-13 13:56:04',1,0),(5331,8,0,1261,0,0,0,'5331','EURL DU CHATEAU SAINTE MARIE','DUPUCH','Stephane','51 route de Bordeuax','','33760','TARGON','','','0556236430','','','2018-07-13 13:51:55','2018-07-13 13:51:55',1,0),(5334,8,0,1253,0,0,0,'5334','Keyade groupm','Mens','Nicolas','57 rue de villiers','','92200','Neuilly sur seine','','','0671472008','','','2018-07-13 13:51:54','2018-07-13 13:51:54',1,0),(5336,8,0,1010,0,0,0,'5336','','Liénard','Pauline','10 rue Michel de l\'Hospital','Résidence Henri Mayer','92130','Issy les Moulineaux','','','','','','2018-07-13 13:51:54','2018-07-13 13:51:54',1,0),(5337,8,0,5919,0,0,0,'5337','selarl des Docteurs Quichon','Quichon','Jean-Philippe','25 rue du Champ d\'Epreuves','','91100','Corbeil Essonnes','','','0677867431','','','2018-07-13 13:51:52','2018-07-13 13:51:52',1,0),(5342,8,0,1268,0,0,0,'5342','','Jeanjean','Jérôme','98 boulevard Auguste Blanqui','','75013','Paris','','','','','','2018-07-13 13:51:52','2018-09-28 17:36:36',1,0),(5343,8,0,5858,0,0,0,'5343','','Vann','Eddie','unkown 1','','75000','unknown','','','','','','2018-07-13 13:44:20','2018-07-13 13:44:20',1,0),(5344,8,0,4939,0,0,0,'5344','','Bardoux','Corinne','105 rue Caulaincourt','','75018','Paris','','','','','','2018-07-13 13:51:51','2018-07-13 13:51:51',1,0),(5346,8,0,3545,0,0,0,'5346','','Lebled','Etiennes','62 rue Stephenson','','75018','Paris','','','','','','2018-07-13 13:51:51','2018-07-13 13:51:51',1,0),(5348,8,0,5504,0,0,0,'5348','','Josse','Aymeric','1 rue des Mecardes','','92190','Meudon','','','','','','2018-07-13 13:26:48','2018-07-13 13:26:48',1,0),(5350,8,0,1083,0,0,0,'5350','FLY US SAS','DELEAU','EMMANUELE','6 RUE DU PAVE - BATIMENT B6 - PORTE G','','95708','ROISSY CDG CEDEX','','','0632247140','','','2018-07-13 13:44:20','2018-07-13 13:44:20',1,0),(5356,8,0,3751,0,0,0,'5356','','Pommellet','Véronique','5 bis rue des Prés','','92160','Antony','','','0607913655','','','2018-07-13 13:51:55','2018-07-13 13:51:55',1,0),(5357,8,0,3115,0,0,0,'5357','','FEVRET','Cyril','80 rue des Chardonnerets','','59390','Lys Lez Lannoy','','','0663200654','','','2018-07-13 13:51:51','2018-07-13 13:51:51',1,0),(5366,8,0,4582,0,0,0,'5366','','B','Hadrien','unkown 1','','75000','unknown','','','','','','2018-07-13 13:51:52','2018-07-13 13:51:52',1,0),(5388,8,0,3570,0,0,0,'5388','','Picot Dechaine','Stéphanie','92 avenue Henri Ginoux','','92120','Montrouge','','','0632558734','','','2018-07-13 13:51:55','2018-07-13 13:51:55',1,0),(5389,8,0,3746,0,0,0,'5389','','Sachot','Séverine','38 Rue Charles Nodier','','25000','Besançon','','','0682025896','','','2018-07-13 13:51:55','2018-07-13 13:51:55',1,0),(5391,8,0,3440,0,0,0,'5391','Tucumcari Project','Rodier','Stéphane','31 rue Douy Delcupe','','93100','Montreuil','','','0781612157','','','2018-07-13 13:51:55','2018-07-13 13:51:55',1,0),(5392,8,0,3146,0,0,0,'5392','','FLINOIS','xavier','2 rue du 45 RI','','80360','MARICOURT','','','0672733178','','','2018-07-13 13:51:55','2018-07-13 13:51:55',1,0),(5406,8,0,5237,0,0,0,'5406','','Van Hille','Perrin','Le Bourg','','3500','Laféline','','','','','','2018-07-13 13:51:54','2018-07-13 13:51:54',1,0),(5409,8,0,1028,0,0,0,'5409','','Douay','Catherine','10 bis route de Montreuil','','62170','La Madeleine sous Montreuil','','','0681984622','','','2018-07-13 13:26:49','2018-07-13 13:26:49',1,0),(5410,8,0,3344,0,0,0,'5410','mediterrania invest','FLOW','.','19 bis avenue Foch','','59700','Marcq','','','0603188637','','','2018-07-13 13:51:51','2018-07-13 13:51:51',1,0),(5417,8,0,3572,0,0,0,'5417','','Hadida','Valérie','116 bd Voltaire','','75011','Paris','','','','','','2018-07-13 13:51:55','2018-07-13 13:51:55',1,0),(5424,8,0,5624,0,0,0,'5424','','Le Baron','Marie','24 rue Félix Demesmay','','59830','Cysoing','','','','','','2018-07-13 13:51:53','2018-07-13 13:51:53',1,0),(5428,8,0,1128,0,0,0,'5428','','Lupo','Dominique','6 place Fernand Labrosse','','13600','Ceyreste','','','0671700061','','','2018-07-13 13:44:19','2018-07-13 13:44:19',1,0),(5466,8,0,1044,0,0,0,'5466','','Agnello','Giuseppe','36 boulevard de Belgium','','78110','Le Vesinet','','','','','','2018-07-13 13:51:52','2018-07-13 13:51:52',1,0),(5471,8,0,3307,0,0,0,'5471','','Barbaroux','Patrice','chemin du truc de Roux','','34270','St Jean de Cuculles','','','0610034715','','','2018-07-13 13:51:54','2018-07-13 13:51:54',1,0),(5504,8,0,2961,0,0,0,'5504','','Vilpoux','Aurélie','23 rue du general delestraint','','75016','PARIS','','','0677209532','','','2018-07-13 13:26:48','2018-07-13 13:26:48',1,0),(5505,8,0,1122,0,0,0,'5505','','Boulestein','Guillaume','12A rue de Champvans','','39100','Monnieres','','','0673198017','','','2018-07-13 13:51:52','2018-07-13 13:51:52',1,0),(5508,8,0,5747,0,0,0,'5508','cabinet de cardiologie','Guillaume','LHERNAULT','11-10 Quartier des belles portes','','14200','Hérouville St Clair','','','','','','2018-07-13 13:51:53','2018-07-13 13:51:53',1,0),(5509,8,0,4440,0,0,0,'5509','','Coutaud','Laure','20 rue de l\'argile','','67400','Illkirch','','','','','','2018-07-13 13:51:53','2018-07-13 13:51:53',1,0),(5510,8,0,5916,0,0,0,'5510','','hugues','jean-philippe','15 rue Louise','','69003','Lyon','','','','','','2018-07-13 13:51:52','2018-07-13 13:51:52',1,0),(5516,3,0,5410,0,0,0,'5516','Privé','Benoit','Fosseprez','91 Boulevard du centenaire','','1325','Dion Valmont','','','','','','2018-07-13 13:51:52','2018-08-31 16:30:40',1,0),(5540,8,0,5067,0,0,0,'5540','','Benacin','Docteur','15 avenue d Argenteuil','','92600','Asnières sur Seine','','','','','','2018-07-13 13:44:19','2018-07-13 13:44:19',1,0),(5559,8,0,3574,0,0,0,'5559','','Tricou','Olivier','8 rue de la Pompe','','75116','PARIS','','','','','','2018-07-13 13:51:54','2018-07-13 13:51:54',1,0),(5575,8,0,3665,0,0,0,'5575','','Labbe','Dorothee','1square puccini','','78150','Le chesnay','','','0679716457','','','2018-07-13 13:44:20','2018-07-13 13:44:20',1,0),(5577,8,0,3242,0,0,0,'5577','','PORCHET','Thomas','5  Avenue du Parc d\'Artillerie','','86000','POITIERS','','','0671733639','','','2018-07-13 13:51:55','2018-07-13 13:51:55',1,0),(5602,10,183,5508,0,0,0,'5602','','Paillet','Lionel','via alberto da giussano 17','','20145','Milano','','','+393911828618','','','2018-07-13 13:51:53','2018-08-31 16:29:26',1,0),(5603,27,0,5608,0,0,0,'5603','','kyriak','theo','83 Ranfurly Road','','1023','Auckland','','','','','','2018-07-13 13:51:55','2018-07-13 13:51:55',1,0),(5604,8,0,1036,0,0,0,'5604','','Digeon','Christian','9 RUE POUSSIN','','75016','Paris','','','0660997265','','','2018-07-13 13:56:04','2018-07-13 13:56:04',1,0),(5605,8,0,4606,0,0,0,'5605','','Potel','Richard','73 rue fondaudege','','33000','Bordeaux','','','0611716318','','','2018-07-13 13:51:55','2018-07-13 13:51:55',1,0),(5606,8,0,3399,0,0,0,'5606','','Idris Bey','Alex','03 Allee Marie Laurent','','75020','Paris','','','0674996863','','','2018-07-13 13:26:48','2018-07-13 13:26:48',1,0),(5608,8,0,5088,0,0,0,'5608','Quartier général','Vaulet','sylvie','71 rue de la fontaine au roi','','75011','Paris','','','0674977864','','','2018-07-13 13:51:55','2018-07-13 13:51:55',1,0),(5609,8,0,5782,0,0,0,'5609','','Bergonzat','Nicolas','2840 route de détours','','82200','MOISSAC','','','0643673515','','','2018-07-13 13:51:54','2018-07-13 13:51:54',1,0),(5610,8,0,2918,0,0,0,'5610','','Leroy','Isabelle','16 bis place saint Martin','','14000','Caen','','','0672880735','','','2018-07-13 13:51:52','2018-07-13 13:51:52',1,0),(5611,8,0,4754,0,0,0,'5611','','Ponzoni','Marguerite','54 rue de Musselburgh','Esc 14','94500','Champigny sur Marne','','','0683837915','','','2018-07-13 13:51:53','2018-07-13 13:51:53',1,0),(5614,8,0,3080,0,0,0,'5614','','FABRE','SANDRA','15 RUE DU MONT DORE','','75017','PARIS','','','0686460141','','','2018-07-13 13:51:55','2018-07-13 13:51:55',1,0),(5616,8,0,4552,0,0,0,'5616','','Cabassot','benjamin','154 Rue Albert Camus','','83130','LA GARDE','','','0684784614','','','2018-07-13 13:26:48','2018-07-13 13:26:48',1,0),(5620,68,0,1008,0,0,0,'5620','','LECLERCQ','Julien','Monte Alegre 428','Cerro Alegre','2370541','Valparaiso','','','','','','2018-07-13 13:51:53','2018-07-13 13:51:53',1,0),(5621,19,0,3887,0,0,0,'5621','Frau','Quattrini','Francesca','Ruetistrasse 62','','8044','Gockhausen','','','0788193216','','','2018-07-13 13:51:52','2018-08-31 16:26:56',1,0),(5622,21,0,4662,0,0,0,'5622','','Swarts','Charles','7742 Ferris Way','','80303','Boulder - Colorado','','','03039997746','','','2018-07-13 13:26:49','2018-07-13 13:26:49',1,0),(5624,8,0,3294,0,0,0,'5624','','Jougla','Marie-Laure','61  rue Famatina','','33200','BORDEAUX','','','','','','2018-07-13 13:51:53','2018-07-13 13:51:53',1,0),(5625,8,0,4330,0,0,0,'5625','Café le bleu','Chaya','Eliott','22 rue Denfert Rochereau','','92100','Boulogne-Billancourt','','','','','','2018-07-13 13:44:20','2018-07-13 13:44:20',1,0),(5648,8,0,5712,0,0,0,'5648','','BOTTOLI','david','135 voie de savouetaz','Mathy dessus','73310','Serrières en Chautagne','','','0679714351','','','2018-07-13 13:44:19','2018-07-13 13:44:19',1,0),(5649,8,0,4706,0,0,0,'5649','','Baguet','Sébastien','61 avenue Mozart','','75016','Paris','','','0606585858','','','2018-07-13 13:51:55','2018-07-13 13:51:55',1,0),(5686,8,0,3291,0,0,0,'5686','','Boulesteix','José','unkown 1','','00000','unknown','','','','','','2018-07-13 13:51:53','2018-07-13 13:51:53',1,0),(5688,8,0,5227,0,0,0,'5688','','De Cazotte','Renaud','8 bis rue Lemoine','','92100','Boulogne-Billancourt','','','0664441929','','','2018-07-13 13:51:55','2018-07-13 13:51:55',1,0),(5693,8,0,5698,0,0,0,'5693','','Deutsch Lucas','Claudia','4 Boulevard Morland','','75004','Paris','','','','','','2018-07-13 13:54:43','2018-07-13 13:54:43',1,0),(5694,8,0,3302,0,0,0,'5694','','Vuotto','Maxime','56 Boulevard Voltaire','','75011','Paris','','','','','','2018-07-13 13:51:53','2018-07-13 13:51:53',1,0),(5695,8,0,3084,0,0,0,'5695','','Bartoli','Filippo','Via PIave N18','','41012','Carpi','','','03481228137','','','2018-07-13 13:51:51','2018-07-13 13:51:51',1,0),(5697,21,0,5505,0,0,0,'5697','1995','Rasquier','Guillaume','101 Bedford','Brooklyn','11211','New York','','','09179605237','','','2018-07-13 13:51:52','2018-07-13 13:51:52',1,0),(5698,19,0,1176,0,0,0,'5698','Prive','Berra','Claudette','Via nagra 5','','6926','Montagnola','','','041764180250','','','2018-07-13 13:54:43','2018-07-13 13:54:43',1,0),(5704,8,0,4610,0,0,0,'5704','Messika','Hirel','Cyrille','64 rue La Fayette','','75009','Paris','','','0665973397','','','2018-07-13 13:51:51','2018-07-13 13:51:51',1,0),(5705,8,0,5070,0,0,0,'5705','','Marques','Isabella','16  rue de l\'Eglise','','75015','Paris','','','0618911567','','','2018-07-13 13:51:52','2018-07-13 13:51:52',1,0),(5720,8,0,1050,0,0,0,'5720','','Poulet','Julie','5 rue biscarra','','6000','Nice','','','0619931550','','','2018-07-13 13:51:53','2018-07-13 13:51:53',1,0),(5721,8,0,4091,0,0,0,'5721','','Léonard','Philippe','1 allée de la Fresnaie','','95120','Ermont','','','0661807374','','','2018-07-13 13:51:54','2018-07-13 13:51:54',1,0),(5723,8,0,3416,0,0,0,'5723','FOURIGNON ETIQUETTES','FOURIGNON','GERARD','1525 Route de Frans, LA SAUVAGERE','','69400','VILLEFRANCHE sur Saône','','','0663795572','','','2018-07-13 13:51:52','2018-07-13 13:51:52',1,0),(5724,8,0,5786,0,0,0,'5724','','BELLASSEE','jean','37 boulevard du 1er mai','','91300','MASSY','','','0618974386','','','2018-07-13 13:51:52','2018-07-13 13:51:52',1,0),(5725,8,0,5082,0,0,0,'5725','','MARTIN','MARIE PIERRE','LIEU DIT SAINTE ROSE','ROUTE DE PECAU','47240','BON ENCONTRE','','','0637655476','','','2018-07-13 13:51:53','2018-07-13 13:51:53',1,0),(5727,8,0,1141,0,0,0,'5727','','POTTIER','Stanislas','11 rue Saint-Romain','','75006','Paris','','','0786878889','','','2018-07-13 13:51:55','2018-07-13 13:51:55',1,0),(5739,8,0,1009,0,0,0,'5739','','Fabre','Félix','14 rue Crespin du Gast','','75011','Paris','','','0659189525','','','2018-07-13 13:51:51','2018-07-13 13:51:51',1,0),(5745,8,0,1068,0,0,0,'5745','Caraibe Implants','Chevy','mickael','66 le Pérou','Petit Pérou','97139','les abymes - Guadeloupe','','','0690748941','','','2018-07-13 13:51:53','2018-07-13 13:51:53',1,0),(5747,8,0,4535,0,0,0,'5747','','.','L\'ENCADREUR','103 rue du Chevaleret','','75013','Paris','','','','','','2018-07-13 13:51:53','2018-07-13 13:51:53',1,0),(5750,8,0,3292,0,0,0,'5750','','Navarre','Harold','137 bis rue saint jean','','14400','Bayeux','','','0624635219','','','2018-07-13 13:51:52','2018-07-13 13:51:52',1,0),(5770,8,0,3758,0,0,0,'5770','','BRETON','JACQUELINE','1 RUE DU PRE MILOT','','88700','ROMONT','','','0679754646','','','2018-07-13 13:51:52','2018-07-13 13:51:52',1,0),(5771,8,0,3418,0,0,0,'5771','','Meykiechel','Guylain','16 Villa Saint Michel','','75018','Paris','','','0630954809','','','2018-07-13 13:51:52','2018-07-13 13:51:52',1,0),(5780,8,0,3621,0,0,0,'5780','','Wallon','Laure','4 rue carpeaux','','75018','Paris','','','0684538829','','','2018-07-13 13:51:53','2018-07-13 13:51:53',1,0),(5782,21,0,5917,0,0,0,'5782','','Nicholas','Nick','63 Wall Street','Apt 2606','10005','New York','','','+18568166246','','','2018-07-13 13:51:54','2018-07-13 13:51:54',1,0),(5783,21,0,4514,0,0,0,'5783','','Kapshandy','Kelly','2 East Erie Street','Apt 1707','60611','Chicago','','','+12197750287','','','2018-07-13 13:51:53','2018-07-13 13:51:53',1,0),(5786,8,0,4098,0,0,0,'5786','','Mathey','Jean-Baptiste','34 rue de Torcy','','75018','PARIS','','','0622233528','','','2018-07-13 13:51:52','2018-07-13 13:51:52',1,0),(5788,8,0,5999,0,0,0,'5788','','Edet','Serge','153 chemin de la cote du change','','93370','Montfermeil','','','0662054495','','','2018-07-13 13:51:55','2018-07-13 13:51:55',1,0),(5798,8,0,3129,0,0,0,'5798','','von Heusinger','Nathalie','8 cité Germain Pilon','','75018','Paris','','','0661464967','','','2018-07-13 13:51:54','2018-07-13 13:51:54',1,0),(5799,19,0,3886,0,0,0,'5799','','Mercier','Clélia','Chemin du presbytère 12','','1004','Lausanne','','','041763269132','','','2018-07-13 13:54:43','2018-07-13 13:54:43',1,0),(5808,8,0,3290,0,0,0,'5808','','De Calmels','Stéphane','5 rue Burq','','75018','Paris','','','','','','2018-07-13 13:51:55','2018-07-13 13:51:55',1,0),(5811,8,0,3860,0,0,0,'5811','','Farat','David','45 rue de la Harpe','','75005','Paris','','','','','','2018-07-13 13:44:19','2018-07-13 13:44:19',1,0),(5812,8,0,3156,0,0,0,'5812','','Buis Pelaud','Cécile','8 rue Henri Dunant','','17600','Saujon','','','','','','2018-07-13 13:26:49','2018-07-13 13:26:49',1,0),(5813,8,0,3396,0,0,0,'5813','','Sibille','Olivier','5 rue du 8 mai 1945','','93260','Les Lilas','','','','','','2018-07-13 13:51:54','2018-07-13 13:51:54',1,0),(5815,8,0,4456,0,0,0,'5815','','Meric','Michèle','13 rue Marcelin Berthelot','','93700','Drancy','','','','','','2018-07-13 13:51:53','2018-09-01 15:40:00',1,0),(5816,8,0,4629,0,0,0,'5816','','Tran Minh','Hoa Cuc','149 bd Saint-Germain','','75006','Paris','','','','','','2018-07-13 13:51:52','2018-07-13 13:51:52',1,0),(5819,8,0,5768,0,0,0,'5819','Dauchez Participations','Dauchez Participations','.','21 rue d\'Artois','','75008','Paris','','','','','','2018-07-13 13:26:47','2018-07-13 13:26:47',1,0),(5827,8,0,5080,0,0,0,'5827','','Van Hoegaerden','Brigitte','10 rue des jeuneurs','','75002','Paris','','','','','','2018-07-13 13:26:49','2018-07-13 13:26:49',1,0),(5828,8,0,2925,0,0,0,'5828','','Andreani','Jean-François','19 rue du Transval','','75020','Paris','','','','','','2018-07-13 13:51:52','2018-09-28 17:33:48',1,0),(5830,8,0,5093,0,0,0,'5830','','Verger','Anne','1 rue Voltaire','','75011','Paris','','','','','','2018-07-13 13:26:48','2018-07-13 13:26:48',1,0),(5832,8,0,5928,0,0,0,'5832','','Nougaret','David','12 rue Sisley','','91330','Yerres','','','0673373972','','','2018-07-13 13:44:19','2018-07-13 13:44:19',1,0),(5834,8,0,3455,0,0,0,'5834','','Goulon','Olivier','24 Villa de l\'Oursine','','75014','Paris','','','0626721941','','','2018-07-13 13:51:54','2018-08-31 15:19:39',1,0),(5836,8,0,6023,0,0,0,'5836','','Robin','Ludovic','6 rue Gobert','','75011','Paris','','','0613055355','','','2018-07-13 13:51:53','2018-07-13 13:51:53',1,0),(5838,8,0,5819,0,0,0,'5838','Société Euronet','Société Euronet','.','10 rue Joseph Cugnot','BP 55113','57000','Metz','','','','','','2018-07-13 13:26:47','2018-07-13 13:26:47',1,0),(5839,8,0,5207,0,0,0,'5839','','Boile','Delphine','30 rue Notre Dame de Nazareth','','75003','Paris','','','0630923845','','','2018-07-13 13:44:19','2018-07-13 13:44:19',1,0),(5842,8,0,4716,0,0,0,'5842','','Brean','Jérôme','16 rue Boucry','','75018','Paris','','','','','','2018-07-13 13:51:52','2018-07-13 13:51:52',1,0),(5851,8,0,4688,0,0,0,'5851','','Lyon-Caen','.','39 rue de Paradis','','75010','Paris','','','','','','2018-07-13 13:51:53','2018-07-13 13:51:53',1,0),(5853,8,0,5090,0,0,0,'5853','','Follic','Gilles','1 avenue du Château de Vincennes','','94300','Vincennes','','','','','','2018-07-13 13:51:52','2018-07-13 13:51:52',1,0),(5855,8,0,5827,0,0,0,'5855','','Brunet','.','unkown 1','','75000','unknown','','','0608687308','','','2018-07-13 13:26:49','2018-07-13 13:26:49',1,0),(5856,8,0,5853,0,0,0,'5856','','Le Bihan','Gilles','3 rue Etex','','75018','Paris','','','0681785519','','','2018-07-13 13:51:52','2018-07-13 13:51:52',1,0),(5858,8,0,1052,0,0,0,'5858','','David','Dufros','8 rue des Abbesses','','75018','Paris','','','','','','2018-07-13 13:44:20','2018-07-13 13:44:20',1,0),(5890,8,0,3851,0,0,0,'5890','','Le Héran','Julie','2 avenue des Courses','','78110','Le Vesinet','','','','','','2018-07-13 13:51:53','2018-07-13 13:51:53',1,0),(5895,8,0,3936,0,0,0,'5895','','Garry','Olivier','16 rue de Tolbiac','','75013','Paris','','','','','','2018-07-13 13:51:54','2018-07-13 13:51:54',1,0),(5901,8,0,4113,0,0,0,'5901','','Chalanset','Alexandre','8 rue de l\'Echiquier','','75010','Paris','','','','','','2018-07-13 13:26:48','2018-07-13 13:26:48',1,0),(5916,8,0,3171,0,0,0,'5916','','Bonnel','Jean-Philippe','14 avenue Robert Schuman','','95130','Le Plessis Bouchard','','','0619119041','','','2018-07-13 13:51:52','2018-07-13 13:51:52',1,0),(5917,21,0,5798,0,0,0,'5917','','Nick','Nicholas','63 Wall Street','Apt 2606','10005','New York','','','+18568166246','','','2018-07-13 13:51:54','2018-07-13 13:51:54',1,0),(5918,8,0,4126,0,0,0,'5918','','Ganaye','Mélanie','8 rue Giraud teulon','','78100','Saint germain en laye','','','0684813235','','','2018-07-13 13:51:53','2018-07-13 13:51:53',1,0),(5919,8,0,5510,0,0,0,'5919','','Lorizon','Jean-Philippe','40 rue de Courcelles','','75008','Paris','','','0678248176','','','2018-07-13 13:51:52','2018-07-13 13:51:52',1,0),(5923,8,0,4115,0,0,0,'5923','','Angibaud','Thomas','68 rue d\'Alésia','','75014','Paris','','','','','','2018-07-13 13:51:55','2018-07-13 13:51:55',1,0),(5925,8,0,3165,0,0,0,'5925','','Mani','Dimitri','unkown 1','','75000','unknown','','','','','','2018-07-13 13:44:19','2018-07-13 13:44:19',1,0),(5928,8,0,5192,0,0,0,'5928','','Guillocheau','David','24 rue Bonnard','Bat B - Esc 4','92260','Fontenay aux Roses','','','','','','2018-07-13 13:44:19','2018-07-13 13:44:19',1,0),(5934,8,0,5083,0,0,0,'5934','','Ricci','Gael','292 Boulevard de Beauregard','','83490','Le Muy','','','0624932764','','','2018-07-13 13:51:52','2018-07-13 13:51:52',1,0),(5936,19,0,1019,0,0,0,'5936','','Tripet','Isabelle','Albert-Gos 18','','1206','Genève','','','041227891108','','','2018-07-13 13:51:52','2018-07-13 13:51:52',1,0),(5940,8,0,4258,0,0,0,'5940','','Souny','Eric','40 Rue Henri Barbusse','','75005','Paris','','','0615247256','','','2018-07-13 13:44:20','2018-07-13 13:44:20',1,0),(5941,8,0,1017,0,0,0,'5941','','BLAISSE','Carole','33 rue des sablons','','91240','St Michel sur Orge','','','0674053358','','','2018-07-13 13:26:49','2018-07-13 13:26:49',1,0),(5947,8,0,4526,0,0,0,'5947','Kitchen Café','OZAN','Laurent','34 rue Chevreul','','69007','Lyon','','','0783972703','','','2018-07-13 13:51:53','2018-07-13 13:51:53',1,0),(5948,8,0,4416,0,0,0,'5948','','Edouard','Rouchy','98 rue de Miromesnil','','75008','Paris','','','','','','2018-07-13 13:51:55','2018-07-13 13:51:55',1,0),(5950,8,0,1087,0,0,0,'5950','','Carite','Véronique','892 chemin du Mas ducop','','66000','Perpignan','','','','','','2018-07-13 13:51:55','2018-07-13 13:51:55',1,0),(5952,8,0,4718,0,0,0,'5952','','Fernandez Chiambaretto','Anne-Sophie et Paul','7 Rue de la closeraie','','34430','Saint Jean de Védas','','','','','','2018-07-13 13:26:48','2018-07-13 13:26:48',1,0),(5959,3,0,3587,0,0,0,'5959','','GONDA','PIERRE','AVENUE EMILE DIGNEFFE 18','','4000','Liège','','','+32472396361','','','2018-07-13 13:51:54','2018-07-13 13:51:54',1,0),(5961,8,0,5366,0,0,0,'5961','','Ameur','Hafid','169 rue phillibert robiaud','','62110','Hénin-Beaumont','','','0667590988','','','2018-07-13 13:51:52','2018-07-13 13:51:52',1,0),(5963,8,0,4179,0,0,0,'5963','','Viatgé','christophe','3 rue de Proutze','','64200','Biarritz','','','0688181652','','','2018-07-13 13:54:43','2018-07-13 13:54:43',1,0),(5964,8,0,3410,0,0,0,'5964','','Lawrysz','christian','8 route des plages','','56470','Saint philibert','','','0638214776','','','2018-07-13 13:56:04','2018-07-13 13:56:04',1,0),(5970,8,0,5838,0,0,0,'5970','Instinktiv','Instinktiv','.','6 rue Maurice Berteaux','','95220','Herblay','','','','','','2018-07-13 13:26:47','2018-07-13 13:26:47',1,0),(5973,8,0,3095,0,0,0,'5973','','Garcia','Hervé','122b avenue pasteur','','93170','Bagnolet','','','0683135081','','','2018-07-13 13:51:52','2018-07-13 13:51:52',1,0),(5999,8,0,4616,0,0,0,'5999','','Canoville','Serge','8 rue fratin','','57070','metz','','','','','','2018-07-13 13:51:55','2018-07-13 13:51:55',1,0),(6004,1,0,1024,0,0,0,'6004','Dreimeta','Fischer','Armin','Ernst Reuter Platz 10','','86150','Augsburg','','','','','','2018-07-13 13:26:48','2018-07-13 13:26:48',1,0),(6009,11,0,5745,0,0,0,'6009','','Hiragami','Minami','Koppongi','Minato-Ku','1-6-1-410','Tokyo','','','','','','2018-07-13 13:51:53','2018-07-13 13:51:53',1,0),(6011,8,0,3381,0,0,0,'6011','','Etheringthon','Andrew','110 faubourg poissonniere','','75010','Paris','','','0611173408','','','2018-07-13 13:26:48','2018-07-13 13:26:48',1,0),(6023,8,0,3167,0,0,0,'6023','','PRIEM','Lucie','345 Chemin Hauts de Saint Sixte','','30300','BEAUCAIRE','','','0642849703','','','2018-07-13 13:51:53','2018-07-13 13:51:53',1,0),(6024,8,0,6026,0,0,0,'Mon adresse','','PEDEN','Thierry','12 rue des COURTILS','','44690','La Haie-Fouassiere','','','','','','2018-07-16 18:43:20','2018-07-16 18:43:20',1,0),(6025,8,0,0,0,35,0,'Cornette de Saint Cyr','','supplier','supplier','6 avenue Hoche','','75008','Paris','','','','','','2018-07-18 12:37:49','2018-07-18 12:37:49',1,0),(6026,8,0,6025,0,0,0,'Adresse Professionelle','','Grafitti magazine','.','CS 63656','','31036','Toulouse cedex 1','','','','','','2018-07-25 23:31:50','2018-07-25 23:31:50',1,0),(6028,8,0,0,0,38,0,'Barthelemy Toguo','','supplier','supplier','adresse','','','ville','','','','','','2018-07-28 16:05:22','2018-07-28 16:05:22',1,0),(6029,8,0,6133,0,0,0,'6133','','Lesbats','Mathieu','341 rue Saint Martin','','75003','Paris','','','','','','2018-08-31 17:54:27','2018-08-31 17:54:27',1,0),(6030,8,0,6134,0,0,0,'6134','','Perraud','Alban','35 Rue de Courseulles','','14400','SAINT VIGOR LE GRAND','','','','','','2018-08-31 17:55:42','2018-08-31 17:55:42',1,0),(6031,8,0,6157,0,0,0,'6157','','Louis','Mélina','6 RUE DE L OREE DU BOIS','','88440','NOMEXY','','','','','','2018-08-31 17:57:21','2018-08-31 17:57:21',1,0),(6032,8,0,6165,0,0,0,'6165','','Nauleau','Céline','8 la lardiere','','44116','VIEILLEVIGNE','','','','','','2018-08-31 17:58:09','2018-08-31 17:58:09',1,0),(6033,8,0,6166,0,0,0,'6166','','de Cornulier','Dagna','57 avenue du Maréchal Foch','','78400','Chatou','','','','','','2018-08-31 17:59:00','2018-08-31 17:59:00',1,0),(6034,8,0,6167,0,0,0,'6167','','Mariot','Mme','2 route des Postillons','','92310','Sèvres','','','','','','2018-08-31 18:00:25','2018-08-31 18:00:25',1,0),(6035,10,201,6168,0,0,0,'6168','','Defant','Chiara','Via Provinciale Montalbano 519','','51034','PISTOIA','','','','','','2018-08-31 18:06:35','2018-08-31 18:06:35',1,0),(6036,8,0,6173,0,0,0,'6173','','Viotti','Chrystelle','10 rue Eric Tabarli','','77600','BUSSY SAINT GEORGES','','','','','','2018-08-31 18:08:56','2018-08-31 18:08:56',1,0),(6037,8,0,6085,0,0,0,'6085','','Onteniente','Sylvain','3 avenue du 8 mai 1945','','38130','ECHIROLLES','','','','','','2018-08-31 18:12:16','2018-08-31 18:12:16',1,0),(6038,8,0,6086,0,0,0,'6086','','Guirbal','Sylvie','10 Bis rue Contant','','93220','Gagny','','','','','','2018-08-31 18:13:05','2018-08-31 18:13:05',1,0),(6039,8,0,6091,0,0,0,'6091','','Bakalowicz','Mme','43 rue Legendre','','75017','Paris','','','','','','2018-08-31 18:16:53','2018-08-31 18:16:53',1,0),(6040,8,0,6092,0,0,0,'6092','','Talec','Gilles','chemin du croissant du treffle','','29900','CONCARNEAU','','','','','','2018-08-31 18:17:56','2018-08-31 18:17:56',1,0),(6041,8,0,6139,0,0,0,'6139','','Merakchi','Benjamin','15, Impasse de la Carriere','','57300','ROUSSY LE VILLAGE','','','','','','2018-08-31 18:22:01','2018-08-31 18:22:01',1,0),(6042,8,0,6141,0,0,0,'6141','','Sauvignon','Florian','8 rue du doyenné','','71600','PARAY-LE-MONIAL','','','','','','2018-08-31 18:23:19','2018-08-31 18:23:19',1,0),(6043,21,12,6093,0,0,0,'6093','','Duffy','Kenneth','1033 NE 33rd St','','33334','Oakland Park','','305054642','','','','2018-08-31 18:25:08','2018-08-31 18:25:08',1,0),(6044,8,0,6095,0,0,0,'6095','','Jimeno','Mme','7 bis Anatole france','','95250','Beauchamp','','','','','','2018-08-31 18:26:25','2018-08-31 18:26:25',1,0),(6045,8,0,6103,0,0,0,'6103','','Brunat','Rodolphe','371 chemin de chanzé','','69490','DAREIZE','','0616012898','','','','2018-08-31 18:27:50','2018-08-31 18:27:50',1,0),(6046,8,0,6105,0,0,0,'6105','','Guérin','Laure','555 rue de condé','','77860','COUILLY PONT AUX DAMES','','','','','','2018-08-31 18:28:49','2018-08-31 18:28:49',1,0),(6047,8,0,6109,0,0,0,'6109','','Labreuil','Agnès','51 avenue Jehan de Chelles','','77500','Chelles','','','','','','2018-08-31 18:29:56','2018-08-31 18:29:56',1,0),(6048,8,0,6110,0,0,0,'6110','','Price','John','5 rue de la Cavalerie','','75015','Paris','','','','','','2018-08-31 18:31:04','2018-08-31 18:31:04',1,0),(6049,8,0,6111,0,0,0,'6111','','Joannot','Veronique','3915 route d\'eguilles','','13090','Aix en Provence','','0665546604','','','','2018-08-31 18:34:44','2018-08-31 18:34:44',1,0),(6050,8,0,6116,0,0,0,'6116','','DINH','Emmanuel','34 rue Godot de Mauroy','','75009','Paris','','','','','','2018-08-31 18:35:34','2018-08-31 18:35:34',1,0),(6051,19,0,6117,0,0,0,'6117','','Tripet','Isabelle','Albert-Gos 18','','1206','Genève','','+41227891108','','','','2018-08-31 18:37:09','2018-08-31 18:37:09',1,0),(6052,8,0,6059,0,0,0,'6059','','Nardin','Marianne','70 rue Rebeval','','75019','Paris','','','','','','2018-08-31 18:38:30','2018-08-31 18:38:30',1,0),(6053,8,0,6060,0,0,0,'6060','','Sicot','Bertrand','2 allée Louis David','','92500','RUEIL MALMAISON','','0619864426','','','','2018-08-31 18:39:43','2018-08-31 18:39:43',1,0),(6054,8,0,6062,0,0,0,'6062','','Neubauer','Armelle','128 rue de la Boétie','','75008','Paris','','0613586967','','','','2018-08-31 18:40:53','2018-08-31 18:40:53',1,0),(6055,8,0,6063,0,0,0,'6063','','Bolo','0','113 rue Lafayette','','75010','Paris','','','','','','2018-08-31 18:42:14','2018-08-31 18:42:14',1,0),(6056,8,0,6065,0,0,0,'6065','','Brand','Patrice','2 rue Kirchfeld','','68500','BERRWILLER','','0607571916','','','','2018-08-31 18:49:38','2018-08-31 18:49:38',1,0),(6057,21,12,6072,0,0,0,'6072','','Kurstak','Edward','531 Saddlewood Lane','','32708','Winter Springs','','4073274232','','','','2018-08-31 18:51:43','2018-08-31 18:51:43',1,0),(6058,3,0,6073,0,0,0,'6073','','Dillies','Stéphane','99 chaussée d\'Ophain','','1420','Braine l\'alleud','','0032483056926','','','','2018-08-31 18:52:52','2018-08-31 18:52:52',1,0),(6059,8,0,6075,0,0,0,'6075','','Klein','Eric','4 rue de Foresta','','06000','Nice','','0609882685','','','','2018-08-31 18:53:55','2018-08-31 18:53:55',1,0),(6060,15,0,6076,0,0,0,'6076','','Costa','Goncalo','RUA VITOR CORDON, 10-A','','1249-202','Lisbon','','+351927809060','','','','2018-08-31 18:55:27','2018-08-31 18:55:27',1,0),(6061,8,0,6082,0,0,0,'6082','','Navas','Isabel','5 Ter avenue Beauséjour','','94130','NOGENT SUR MARNE','','0684265649','','','','2018-08-31 18:56:36','2018-08-31 18:56:36',1,0),(6062,8,0,6083,0,0,0,'6083','','Garrigue','François','22 Avenue Alsina Rodona','','66150','ARLES SUR TECH','','003609584367','','','','2018-08-31 18:57:57','2018-08-31 18:57:57',1,0),(6063,8,0,6084,0,0,0,'6084','','Thiery','Sébastien','28 avenue Lénine','','93230','ROMAINVILLE','','','','','','2018-08-31 18:59:03','2018-08-31 18:59:03',1,0),(6064,8,0,6049,0,0,0,'6049','','Grosjean','Frédéric','47 rue d\'alsace','','75010','Paris','','0478524957','','','','2018-08-31 19:00:14','2018-08-31 19:00:14',1,0),(6065,8,0,6050,0,0,0,'6050','','Abrar','Diba','27 bd Victor Hugo','','06000','Nice','','0616475108','','','','2018-08-31 19:01:30','2018-08-31 19:01:30',1,0),(6066,8,0,6055,0,0,0,'6055','','Le Gal','Mégane','6, impasse la chênaie','','56700','HENNEBONT','','','','','','2018-08-31 19:02:29','2018-08-31 19:02:29',1,0),(6068,8,0,6057,0,0,0,'6057','','Pitcher','Jonathan','24, rue du Sentier','','75002','Paris','','0763092763','','','','2018-08-31 19:04:50','2018-08-31 19:04:50',1,0),(6069,8,0,6058,0,0,0,'6058','','Vallée','Marc','38 Rue Raspail','','92270','BOIS COLOMBES','','0679518308','','','','2018-08-31 19:06:24','2018-08-31 19:06:24',1,0),(6070,8,0,6029,0,0,0,'6029','','KODJABACHIAN','Martine','97 rue Jean Bleuzen','','92170','Vanves','','0687400927','','','','2018-08-31 19:07:52','2018-08-31 19:07:52',1,0),(6071,8,0,6034,0,0,0,'6034','','JACQUIER','Caroline','2 AVENUE DE MARBOTTE','','21000','Dijon','','0380746730','','','','2018-08-31 19:08:57','2018-08-31 19:08:57',1,0),(6073,15,0,6036,0,0,0,'6036','','Kindermans','Benjamin','Quinta da Fonte - Edif. ','','2770-071','Paço de Arcos','','+351969235418','','','','2018-08-31 19:11:00','2018-08-31 19:11:00',1,0),(6074,17,0,6043,0,0,0,'6043','','Hanley','Thomas','215B Gipsy Road','','SE27 9QY','London','','+44 07891 081292','','','','2018-08-31 19:11:57','2018-08-31 19:11:57',1,0),(6075,8,0,1167,0,0,0,'4629','','H et L Conseils','Société','21 square St Charles','','75012','Paris','','','','','','2018-08-31 19:54:21','2018-08-31 19:56:38',1,0),(6076,8,0,1193,0,0,0,'3517','','Invest Factory','Société','10 rue saint-nicolas','','75012','Paris','','','','','','2018-08-31 19:59:57','2018-08-31 19:59:57',1,0),(6077,8,0,4435,0,0,0,'4517','','Calliopé','Agence','17 rue Durantin','','75018','Paris','','','','','','2018-08-31 20:02:13','2018-08-31 20:02:13',1,0),(6078,8,0,6174,0,0,0,'1 place d\'Italie','Mairie du 13ème arrondissement','Coumet','Jérôme','1 place d\'Italie','','75013','Paris','','','','','','2018-09-01 15:13:17','2018-09-01 15:13:17',1,0),(6079,8,0,6175,0,0,0,'4640','','Da Silva','Daniel','85 rue Hoche','','93100','Montreuil','','','','','','2018-09-01 15:24:29','2018-09-01 15:24:29',1,0),(6080,8,0,6176,0,0,0,'Mon adresse','','Knafo','Joel','6, Rue Caulaincourt','','75018','Paris','','','','','','2018-09-01 20:22:21','2018-09-01 20:22:21',1,0),(6081,8,0,6177,0,0,0,'Mon adresse','','Test','Test','test','','75000','Paris','','','','','','2018-09-04 17:35:20','2018-09-04 17:35:20',1,0),(6082,8,0,6178,0,0,0,'Mon adresse','','Knafo','Joel','6, Rue Caulaincourt','','75018','Paris','','','','','','2018-09-05 22:36:25','2018-09-05 22:36:25',1,0),(6083,8,0,6179,0,0,0,'Mon adresse','','knafo','joel','6 rue Caulaincourt','','75018','Paris','','','','','','2018-09-06 12:08:02','2018-09-06 12:08:02',1,0),(6084,8,0,6180,0,0,0,'Mon adresse','','Knafo JJ','Joseph','66 rue de la ville','','75018','Paris','','','','','','2018-09-20 17:30:29','2018-09-20 17:30:29',1,0),(6085,8,0,6180,0,0,0,'Mon adresse','','Knafo JJ','Joseph','55 rue de la ville','','75018','Paris','','','','','','2018-09-20 17:31:04','2018-09-20 17:31:04',1,0),(6086,8,0,6181,0,0,0,'Domicile','','Dumetz','Jean-louis ','45 Boulevard des Amiraux','','50400','GRANVILLE','','0633323161','','','','2018-09-21 16:56:10','2018-09-21 16:56:10',1,0),(6087,8,0,6182,0,0,0,'Mon adresse','','tetetettete','test','66 rue de la ville','','75008','Paris','','','','','','2018-09-27 15:39:20','2018-09-27 15:39:20',1,0),(6088,8,0,6183,0,0,0,'Mon adresse','','PEDEN','Thierry','12 rue des COURTILS','','44690','La Haie-Fouassiere','','','','','','2018-09-27 16:18:09','2018-09-27 16:18:09',1,0),(6089,8,0,6184,0,0,0,'Domicile','','VIBERT','Laurent','44 rue la Boétie','','75008','Paris','','','','','','2018-09-28 17:43:19','2018-09-28 17:43:19',1,0),(6090,8,0,6185,0,0,0,'Domicile','','HADJAZ','Karim','6-8 rue DEVALLOIS ','','78290','Croissy-sur-Seine','','','','','','2018-09-28 17:49:24','2018-09-28 17:49:24',1,0),(6091,8,0,6187,0,0,0,'Domicile','','GNANVO','Vilede','14 rue Gaston Bonnier','','92600','Asnieres sur Seine','','','','','','2018-10-04 16:37:27','2018-10-04 16:37:27',1,0),(6092,8,0,6188,0,0,0,'gilduin','','Tissier','Gilduin','7 rue des Graviers','','93400','Saint-Ouen','','','','','','2018-10-05 14:30:43','2018-10-05 14:30:43',1,0),(6093,8,0,6189,0,0,0,'Juliette','','Bonhoure','Juliette','51 rue Jean Jacques Rousseau','','75001','Paris','','','','','','2018-10-05 15:36:06','2018-10-05 15:36:06',1,0),(6094,8,0,6190,0,0,0,'Domicile','','Amato','Nicole','34 bis Boulevard du President Wilson','Résidence Le Wilson','06600','Antibes','','0616235758','','','','2018-10-06 11:31:39','2018-10-06 13:48:19',1,0),(6095,8,0,6191,0,0,0,'Domicile','','Coulon','Bruno','15 quai de la Marne','','94340','Joinville le Pont','','','','','','2018-10-12 19:05:13','2018-10-12 19:05:13',1,0),(6096,8,0,6192,0,0,0,'aa','','Wrobel','Stephan','243/245 rue Saint-Honoré','','75001','Paris','','','','','','2018-10-18 09:07:07','2018-10-18 09:07:07',1,0),(6097,8,0,6193,0,0,0,'Mon adresse','','Bigot-Baumgartner','Siegrid','17 avenue de Villars','Forum Culturel Autrichien','75007','Paris','','0613083114','','','','2018-10-18 15:50:20','2018-10-18 15:50:20',1,0),(6098,8,0,6193,0,0,0,'Mon adresse','','Bigot-Baumgartner','Siegrid','17 avenue de Villars','Forum Culturel Autrichien','75007','Paris','','0613083114','','','','2018-10-18 15:50:22','2018-10-18 15:50:22',1,0),(6099,8,0,6194,0,0,0,'Mon adresse','','Bimbaud','Sabine','5 ALLEE DU MORTIER','','37390','METTRAY','','0645651101','','','','2018-10-20 10:33:23','2018-10-20 10:33:23',1,0),(6100,8,0,6195,0,0,0,'Domicile','','VIRY','Bruno','62 rue de Lancry','','75010','Paris','','','','','','2018-10-23 16:55:50','2018-10-23 16:56:07',1,0),(6101,8,0,6196,0,0,0,'Domicile','','DIDIER','Serge','52 rue des Tapis Verts','','93260','Les Lilas','','','','','','2018-10-23 17:51:02','2018-10-23 17:51:02',1,0),(6102,8,0,6196,0,0,0,'Livraison','','DIDIER','Serge','19-21 rue Bernard','','93260','Les Lilas','','','','','','2018-10-23 17:52:29','2018-10-23 17:52:29',1,0),(6103,8,0,6197,0,0,0,'Domicile','','Doumerc','Clementine','30 rue Berthollet','','75015','Paris','','','','','','2018-10-23 17:58:18','2018-10-23 17:58:18',1,0),(6104,8,0,6198,0,0,0,'Domicile','','Arcelin','Steve','14 rue Chapon','','75003','Paris','','','','','','2018-10-23 18:21:37','2018-10-23 18:21:37',1,0),(6105,8,0,6199,0,0,0,'Domicile','','Biancard','Yann','23 rue Hermel','','75018','Paris','','','','','','2018-10-23 19:01:49','2018-10-23 19:02:04',1,0),(6106,8,0,6200,0,0,0,'Domicile','','Lefranc','Jean','11 rue Edison','','62100','Calais','','','','','','2018-10-24 15:22:52','2018-10-24 15:22:52',1,0),(6108,8,0,6201,0,0,0,'Domicile','','d\'Armaillé','Elisabeth','11 RUE SAINT JACQUES','','37600','Loches','','','','','','2018-10-24 15:48:20','2018-10-24 15:48:33',1,0),(6109,8,0,6202,0,0,0,'Domicile','','Massou','Jean-Claude','17  Rue du Clos de l\'aumône','','77184','Emerainville','','','','','','2018-10-24 15:51:57','2018-10-24 15:55:05',1,0),(6110,8,0,6203,0,0,0,'Domicile','','Dallon','Matthieu','11 rue Saint Maur','','33000','Bordeaux','','','','','','2018-10-24 15:58:47','2018-10-24 15:58:47',1,0),(6111,8,0,6204,0,0,0,'Domicile','','de Bats','Mathieu','43 quai Pierre SCIZE','','69009','Lyon','','','','','','2018-10-24 16:03:24','2018-10-24 16:03:49',1,0),(6112,8,0,6205,0,0,0,'Domicile','','Raffray','Pierre','21 Boulevard Victor Hugo','','93400','Saint-Ouen','','','','','','2018-10-24 16:06:46','2018-10-24 16:07:40',1,0),(6113,8,0,6206,0,0,0,'Domicile','','Boyrie','Jean-pierre','21 rue boileau','','65260','Pierrefitte-Nestalas','','','','','','2018-10-24 16:12:04','2018-10-24 16:13:00',1,0),(6114,8,0,6207,0,0,0,'Domicile','','Ivars','Vincent','2 place neuve','','04500','Riez','','','','','','2018-10-24 16:47:52','2018-10-24 16:48:34',1,0),(6115,3,0,6208,0,0,0,'Domicile','','d\'Andrimont','Nathalie','Avenue Eugène Plasky 153','','1030','Schaerbeek','','','','','','2018-10-24 16:51:27','2018-10-24 16:54:11',1,0),(6116,8,0,6209,0,0,0,'Domicile','','Pansart','Olivier','15 Rue Xaintrailles','','75013','Paris','','','','','','2018-10-24 17:06:05','2018-10-24 17:06:33',1,0),(6117,8,0,6210,0,0,0,'Domicile','','Desprets','Gregory','69 passage de l’argue','','69002','Lyon','','','','','','2018-10-24 17:09:12','2018-10-24 17:09:42',1,0),(6118,8,0,6211,0,0,0,'Domicile','','Rizza','Elena','69 rue de la tombe issoire','','75014','Paris','','','','','','2018-10-24 17:11:36','2018-10-24 17:12:07',1,0),(6119,8,0,6212,0,0,0,'Domicile','','Paquin','Francois Xavier','9 rue saint nicolas','','54000','Nancy','','','','','','2018-10-24 17:18:27','2018-10-25 15:18:36',1,0),(6120,8,0,6213,0,0,0,'Domicile','','Muller','Julien','43 rue Geiler','','67000','Strasbourg','','','','','','2018-10-24 17:22:39','2018-10-24 18:55:13',1,0),(6121,8,0,6212,0,0,0,'Domicile','','Paquin','Francois Xavier','9 rue saint nicolas','','54000','Nancy','','','','','','2018-10-25 15:19:34','2018-10-25 15:19:34',1,0),(6122,8,0,6214,0,0,0,'Domicile','','GUEDJ','Ana Paula','21 rue du Renard','','75004','Paris','','','','','','2018-10-25 16:17:07','2018-10-25 16:17:39',1,0),(6123,8,0,6215,0,0,0,'Domicile','','Test','Test','test','','75000','Paris','','','','','','2018-10-25 18:03:35','2018-10-25 18:03:35',1,0),(6124,8,0,6216,0,0,0,'fbg','','Schwartz','Charles','Achat en galerie','','75008','Paris','','','','','','2018-11-02 14:37:37','2018-11-02 14:37:37',1,0),(6125,8,0,6216,0,0,0,'Galerie','','Schwartz','Charles','182 rue du Faubourg Saint-Honoré','','75008','Paris','','','','','','2018-11-02 14:41:34','2018-11-02 14:41:34',1,0),(6126,8,0,6217,0,0,0,'fbg','','Ordioni','Christine','53 avenue Trudaine','','75009','Paris','','','','','','2018-11-02 17:22:26','2018-11-02 17:22:26',1,0),(6127,8,0,6217,0,0,0,'fbg','','Ordioni','Christine','53 avenue Trudaine','','75009','Paris','','','','','','2018-11-02 17:38:37','2018-11-02 17:38:37',1,0),(6128,8,0,6217,0,0,0,'fbg','','Ordioni','Christine','53 avenue Trudaine','','75009','Paris','','','','','','2018-11-02 17:39:37','2018-11-02 17:39:37',1,0),(6129,8,0,6219,0,0,0,'fbg','','Valade','Cyril','182 rue du Faubourg Saint Honoré','','75009','Paris','','','','','','2018-11-02 17:49:13','2018-11-02 17:49:13',1,0),(6130,8,0,6218,0,0,0,'fbg','','Merceron','Renoir','52 avenue de la division Leclerc','','92290','Chatenay-Malabry','','','','','','2018-11-02 18:15:22','2018-11-02 18:15:22',1,0),(6131,8,0,6220,0,0,0,'Mon adresse','','Folliet','Bertrand','74 Rue de la Fédération','4 Étage','75015','Paris','','+33603018166','','','','2018-11-04 15:55:54','2018-11-04 15:55:54',1,0),(6132,8,0,6221,0,0,0,'Mon adresse','','Cointrelle','Yves','3 rue leroy','','92150','Suresnes','','0616429597','','','','2018-11-04 16:12:15','2018-11-04 16:12:15',1,0),(6133,8,0,6223,0,0,0,'Mon adresse','','MINOT','Samuel','90 chemin des Bonnetières','','69480','POMMIERS','','+33609042174','','','','2018-11-07 16:16:14','2018-11-07 16:16:14',1,0),(6134,8,0,6224,0,0,0,'vente@','','Galerie','Vente ','182 rue du Faubourg Saint Honoré','','75008','Paris','','','','','','2018-11-07 17:18:30','2018-11-07 17:18:30',1,0),(6135,8,0,6226,0,0,0,'Tevenin@','','Tevenin','Thierry','10 villa Toreton','','75015','Paris','','','','','','2018-11-07 17:58:08','2018-11-07 17:58:08',1,0),(6136,8,0,6227,0,0,0,'roehri@','','Roehri','Corinne','53 rue des Prairies','','75020','Paris','','','','','','2018-11-07 18:15:24','2018-11-07 18:15:24',1,0),(6137,8,0,6228,0,0,0,'guidi@','','Guidi','Paolo','33 av la place','','94110','Arcueil','','','','','','2018-11-07 18:35:45','2018-11-07 18:35:45',1,0),(6138,8,0,6228,0,0,0,'guidi@','','Guidi','Paolo','33 av la place','','94110','Arcueil','','','','','','2018-11-07 18:36:31','2018-11-07 18:36:31',1,0),(6139,8,0,6229,0,0,0,'banchereau@','','Banchereau','Antoine','10 rue St Pavin de la Cité','','72000','Le Mans','','','','','','2018-11-08 13:31:07','2018-11-08 13:31:07',1,0),(6141,8,0,6232,0,0,0,'Mon adresse','','EISENKOPF','Hervé','2 rue de l\'abbaye ','','57360','AMNEVILLE ','','','','','','2018-11-09 17:26:35','2018-11-09 17:26:35',1,0),(6142,8,0,6233,0,0,0,'-','','Briot','David','38 route de Neuvic','','19200','Ussel','','','','','','2018-11-09 17:57:57','2018-11-09 18:03:45',1,0),(6143,17,0,6234,0,0,0,'My Address','','Aspin','Louise','40 Sherbourne street ','St George ','BS5 8EH','Bristol ','','07875361884','','','','2018-11-10 12:31:50','2018-11-10 12:32:15',1,0),(6144,8,0,6235,0,0,0,'Mon adresse','','Villeroy ','Matthieu','7 avenue Théodore de Banville ','','03000','Moulins ','','06 12 83 37 06 ','','','','2018-11-10 15:38:30','2018-11-10 15:38:30',1,0),(6145,8,0,6236,0,0,0,'-','','Wallaert','Julie','121 rue du Lt Col De Montbrison','','92500','Rueil Malmaison','','','','','','2018-11-10 16:09:05','2018-11-10 16:09:05',1,0),(6146,21,35,6237,0,0,0,'-','','Vieceli','Stefano','503 W 138th St 3b','','10031','New York','','+1.917.292.9696','','','','2018-11-10 18:18:27','2018-11-10 18:39:29',1,0),(6147,8,0,6238,0,0,0,'Anonymous','Anonymous','Anonymous','Anonymous','Anonymous','','00000','Anonymous','','0000000000','0000000000','0000','','2018-11-12 13:43:01','2018-11-12 13:43:01',1,0),(6148,8,0,6240,0,0,0,'@branger','','Branger','Karine','35 rue Adolphe Guyot','','92250','Bois-Colombes','','','','','','2018-11-17 17:05:21','2018-11-17 17:05:21',1,0),(6149,8,0,6242,0,0,0,'@khalert','','Khalert','Nicolas','3 rue de Strasbourg','','57100','Thionville','','','','','','2018-11-17 18:22:27','2018-11-17 18:22:27',1,0),(6150,8,0,6241,0,0,0,'@drouet','','Drouet','Monsieur','61 rue de la République','','93160','Noisy-le-Grand','','','','','','2018-11-17 18:42:05','2018-11-17 18:42:05',1,0),(6151,8,0,6243,0,0,0,'@deborah','','Gallin','Deborah','15 rue de l\'amiral roussin','','75015','Paris','','','','','','2018-11-17 18:53:24','2018-11-17 18:53:24',1,0),(6152,8,0,6244,0,0,0,'@rietsch','','Rietsch','Ségolène','19 quai de la Seine ','','75019','Paris','','','','','','2018-11-17 19:08:31','2018-11-17 19:08:31',1,0),(6153,8,0,6245,0,0,0,'@eberle','','Eberlé','Christophe',' 8 avenue Gourgaud ','','75017','Paris','','06 08 90 62 53','','','','2018-11-20 11:49:08','2018-11-20 11:49:08',1,0),(6154,8,0,6246,0,0,0,'@bailart','','BAIL ART','Société','7 rue Edouard Vaillant','','92300','Levallois','','01 46 17 47 19','','','','2018-11-20 14:47:58','2018-11-20 14:47:58',1,0),(6155,8,0,6247,0,0,0,'@dehay','','Dehay','Cyril','8 rue Jules Edouard Voisembert','','92130','Issy-les-Moulineaux','','','','','','2018-11-21 13:26:37','2018-11-21 13:26:37',1,0),(6156,211,0,6248,0,0,0,'@ceren','','Arkman','Ceren','Bagdat Caddesi Gökpalas no. 27/7 Kiziltoprak','','00000','Istambul ','Goztepe VD 2060680305','02163458690','','','','2018-11-21 13:53:10','2018-11-21 13:56:35',1,0),(6157,8,0,6249,0,0,0,'@goulon','','Goulon','Olivier','31 avenue René Coty','','75014','Paris','','','','','','2018-11-21 14:09:23','2018-11-27 20:43:41',1,0),(6158,8,0,6250,0,0,0,'@hittner','','Hittner','Grégoire','5 rue du général Renault','','75011','Paris','','','','','','2018-11-21 14:28:22','2018-11-21 14:28:22',1,0),(6159,8,0,6251,0,0,0,'@vitrant','','Vitrant','Philippe','225 avenue d\'Argenteuil','','92270','Bois-Colombes','','','','','','2018-11-21 14:46:20','2018-11-21 14:46:20',1,0),(6160,8,0,6252,0,0,0,'@colmart','','Colmart','François','aaaaa','','00000','aaaaa','','','','','','2018-11-21 15:08:29','2018-11-21 15:08:29',1,0),(6161,8,0,6253,0,0,0,'@siriushome','','Home ','Sirius','165 rue du faubourg Saint Honoré','','75008','Paris','','','','','','2018-11-21 15:52:00','2018-11-21 15:52:00',1,0),(6162,8,0,6254,0,0,0,'@gagnant','','Gagnant','Sandrine','9 rue de Reims ','','75013','Paris','','','','','','2018-11-21 16:04:58','2018-11-21 16:04:58',1,0),(6163,8,0,6255,0,0,0,'@bedouelle','','Bedouelle','Jean-Marc et Catherine','9 allée du Forgeron','','78310','Coignières','','','','','','2018-11-21 16:17:41','2018-11-21 16:18:40',1,0),(6164,8,0,6256,0,0,0,'@delikat','','Delikat','Nicole','42/52 rue de l\'aqueduc','','75010','Paris','','','','','','2018-11-21 16:33:21','2018-11-21 16:33:21',1,0),(6165,8,0,6257,0,0,0,'@hmitti','','Hmitti','Yassine','4 rue Carnot','','94700','Maison Alfort','','','','','','2018-11-21 16:49:40','2018-11-21 16:49:40',1,0),(6166,8,0,6258,0,0,0,'@tierrie','','Tierrie','Véronique','20 rue Victor Mussault','','94120','Fontenay sous bois','','','','','','2018-11-21 17:06:54','2018-11-21 17:06:54',1,0),(6167,8,0,6259,0,0,0,'@besancenot','','Marc','Besancenot','57 bd de Champigny','','94210','La Varenne St Hillaire','','','','','','2018-11-21 17:18:30','2018-11-21 17:18:30',1,0),(6168,8,0,6260,0,0,0,'-','','FONTAINE','Sylvie','4 allée Baratin','','93340','Le Raincy','','','','','','2018-11-22 14:12:12','2018-11-22 14:12:12',1,0),(6169,8,0,6261,0,0,0,'-','','DEMURTAS','Andrea','130 rue des couronnes','','75020','Paris','','','','','','2018-11-24 13:44:36','2018-11-24 13:44:36',1,0),(6170,8,0,6262,0,0,0,'@amacor','','Amacor','Société','31 rue de liège','','75008','Paris','','','','','','2018-11-24 14:07:52','2018-11-24 14:07:52',1,0),(6171,8,0,6262,0,0,0,'@amacor','','Amacor','Société','31 rue de liège','','75008','Paris','','','','','','2018-11-24 14:08:36','2018-11-24 14:08:36',1,0),(6172,8,0,6264,0,0,0,'Mon adresse','','FOSTEIN','Emilie','36 rue du bourdillot','','33700','MERIGNAC','','0670514591','','','','2018-11-24 14:24:08','2018-11-24 14:24:08',1,0),(6173,8,0,6263,0,0,0,'@amacor','','Amacor','Société','31 rue de Liège','','75008','Paris','','','','','','2018-11-24 14:25:47','2018-11-24 14:25:47',1,0),(6174,8,0,6263,0,0,0,'@amacor','','Amacor','Société','31 rue de liège','','75008','Paris','','','','','','2018-11-24 14:26:46','2018-11-24 14:26:46',1,0),(6175,8,0,6266,0,0,0,'@lavocat','','Lavocat','Christian','50 bis avenue Georges Clémenceau','','93160','Noisy-le-Grand','','','','','','2018-11-24 16:01:07','2018-11-24 16:01:07',1,0),(6176,12,0,6267,0,0,0,'@lefebvre','','Lefebvre','Monsieur','13 rue de Schönfeld','','0000','Bridel','','','','','','2018-11-24 16:19:46','2018-11-24 16:19:46',1,0),(6177,8,0,6268,0,0,0,'@perrier','','Perrier','Benjamin','92 rue du puit de gué','','77144','Montevrain','','','','','','2018-11-24 16:28:54','2018-11-24 16:28:54',1,0),(6178,8,0,6269,0,0,0,'@poison','','Poison','Elvire','4 allée des hauts ','','78430','Louveciennes','','','','','','2018-11-24 16:44:59','2018-11-24 16:44:59',1,0),(6179,8,0,6270,0,0,0,'Mon adresse','','Martin ','Arnaud ','4 Rue du Merlin ','','76280','Criquetot-l’Esneval ','','','','','','2018-11-24 17:04:41','2018-11-24 17:04:41',1,0),(6180,8,0,6271,0,0,0,'@durandbaissas','','Durand-Baïssas','Frédéric','5 rue Hélène ','','75017','Paris','','','','','','2018-11-24 17:13:27','2018-11-24 17:13:27',1,0),(6181,8,0,6272,0,0,0,'.','','Galerie','Client ','21 rue Véron','','75018','Paris','','','','','','2018-11-24 17:27:39','2018-11-24 17:27:39',1,0),(6182,8,0,6274,0,0,0,'Mon adresse','','Rossetti','Ivan','5 passage Lepic','','75018','Paris','','0641385537','','','','2018-11-24 18:04:49','2018-11-24 18:04:49',1,0),(6183,8,0,6273,0,0,0,'@sergent','','Sergent','Mickaël','4 chemin des postes','','95500','Bonneuil en France','','','','','','2018-11-24 18:06:36','2018-11-24 18:06:36',1,0),(6184,8,0,6273,0,0,0,'@sergent','','Sergent','Mickaël','4 chemin des postes','','95500','Bonneuil en France','','','','','','2018-11-24 18:07:34','2018-11-24 18:07:34',1,0),(6185,8,0,6275,0,0,0,'@picavetguidez','','Picavet-Guidez','Carole et Thomas','18 sentier des Essarts','','92190','Meudon','','','','','','2018-11-24 18:20:30','2018-11-24 18:20:30',1,0),(6186,8,0,6276,0,0,0,'@letourneux','','Letourneux','Marion','57 rue de Sèvres','','92410','Ville d\'avray','','','','','','2018-11-24 18:32:30','2018-11-24 18:32:30',1,0),(6187,8,0,6277,0,0,0,'@pellegrim','','Pellegrim','Chantal','92 rue cardamine','','75017','Paris','','','','','','2018-11-24 18:47:29','2018-11-24 18:47:29',1,0),(6188,8,0,6278,0,0,0,'-','','NETBUZZ','.','101 rue de Sevres','','75006','Paris','','','','','','2018-11-24 19:20:16','2018-11-24 19:20:16',1,0),(6189,8,0,6280,0,0,0,'Mon adresse','','SCHNEIDER','Romain','184 Rue Legendre','code 73B95 gardienne reçoit','75017','Paris','','0635259891','','','','2018-11-26 20:04:33','2018-11-26 20:04:33',1,0),(6190,8,0,6282,0,0,0,'Mon adresse','','NOVAIS','Virginie','2 allée des grandes maisons','','94110','ARCUEIL','','0650611557','','','','2018-11-27 12:17:13','2018-11-27 12:17:13',1,0),(6191,8,0,6283,0,0,0,'@hiq','Agap2','Hiq Consulting','Société','62 bis avenue André Morizet','','92100','Boulogne-Billancourt','','','','','','2018-11-27 18:29:12','2018-11-27 18:29:12',1,0),(6192,8,0,6284,0,0,0,'Mon adresse','','GIRARD','ERIC','144 AVENUE DU GENERAL LECLERC','','54130','SAINT-MAX','','0632387400','','','','2018-11-27 19:41:20','2018-11-27 19:41:20',1,0),(6193,8,0,6025,0,0,0,'Adresse Professionelle','Financière de Loisirs','Lefranc','Jean-Martial','5 rue de Nouans','','37460','Villeloin Coulange','','','','','','2018-11-27 19:43:15','2018-11-27 19:43:15',1,0),(6194,8,0,6285,0,0,0,'Mon adresse','','Girard','Eric','144 avenue du général leclerc','','54130','SAINT-MAX','','0632387400','','','','2018-11-27 20:37:15','2018-11-27 20:37:15',1,0),(6195,8,0,6286,0,0,0,'Mon adresse','','adrien','girard','38 boulevard de charonne','','75020','paris','','0633416191','','','','2018-11-27 23:12:01','2018-11-27 23:12:01',1,0),(6196,8,0,6287,0,0,0,'@hardy','','Hardy','Hervé','44 avenue Lenôtre','','92330','Sceaux','','','','','','2018-11-28 10:24:44','2018-11-28 10:24:44',1,0),(6197,8,0,6288,0,0,0,'@regnier','','Regnier','Floriane','64 rue Mademoiselle','','75015','Paris','','0661233466','','','','2018-11-28 13:18:31','2018-11-28 13:18:31',1,0),(6198,8,0,6289,0,0,0,'Mon adresse','','Lathiere','Charlotte','18 ALLÉE DU CHÊNE VERT','','34000','MONTPELLIER','','0762149487','','','','2018-11-28 16:18:51','2018-11-28 16:18:51',1,0),(6199,8,0,6290,0,0,0,'@pellegrin','','Pellegrin','Chantal','92 rue cardamine','','75017','Paris','','','','','','2018-11-29 13:21:56','2018-11-29 13:21:56',1,0),(6200,8,0,6291,0,0,0,'@auzoux','','Auzoux Chevé','Monique','20 rue du commandant René Mouchotte','','75004','Paris','','','','','','2018-11-29 13:37:11','2018-11-29 13:37:11',1,0),(6201,8,0,6292,0,0,0,'@chambraud','','Chambraud','Marie','21 rue Brézin','','75014','Paris','','','','','','2018-11-29 14:38:06','2018-11-29 14:38:06',1,0),(6202,8,0,6293,0,0,0,'@bonin','','Bonin','Marie-Véronique','27 rue Vaneau','','75007','Paris','','','','','','2018-11-29 15:05:20','2018-11-29 15:05:20',1,0),(6203,8,0,6294,0,0,0,'@vatonier','','Vatonier','Brigitte','57 rue de Clignancourt','','75018','Paris','','','','','','2018-11-29 16:02:50','2018-11-29 16:02:50',1,0),(6204,8,0,6295,0,0,0,'@bosio','','Bosio','Olivier','18 avenue Niel','','75017','Paris','','','','','','2018-11-29 16:14:29','2018-11-29 16:14:29',1,0),(6205,8,0,6297,0,0,0,'@hentges','','Laurent','Hentges','1 square toqueville','','75017','Paris','','','','','','2018-11-29 16:27:03','2018-11-29 16:27:03',1,0),(6206,8,0,6297,0,0,0,'@hentges','','Laurent','Hentges','1 square Toqueville','','75017','Paris','','','','','','2018-11-29 16:28:07','2018-11-29 16:28:07',1,0),(6207,8,0,6297,0,0,0,'@hentges','','Hentges','Laurent','1 square toqueville','','75017','Paris','','','','','','2018-11-29 16:34:03','2018-11-29 16:34:03',1,0),(6208,8,0,6301,0,0,0,'@miloud','','Benthanane','Miloud','27 rue Ferragus','','93300','Aubervilliers','','0603156957','','','','2018-11-29 20:02:34','2018-11-29 20:02:34',1,0),(6209,8,0,6301,0,0,0,'@miloud','','Benthanane','Miloud','27 rue Ferragus','','93300','Aubervilliers','Code 72 63\nSonnette droite - 4eme étage','0603156957','','','','2018-11-29 20:04:01','2018-11-29 20:04:01',1,0),(6210,8,0,6302,0,0,0,'@dimitri','','Mani','Dimitri','69 rue Eugène Eichenberger','','92800','Puteaux','','0670589450','','','','2018-11-29 20:20:30','2018-11-29 20:20:30',1,0),(6211,8,0,6303,0,0,0,'@dauquet','','Dauquet','Martin','26 rue Beaurepaire','','75010','Paris','','','','','','2018-11-30 15:13:52','2018-11-30 15:13:52',1,0),(6212,8,0,6304,0,0,0,'Mon adresse','','Bonneau','Lydie','66 bis rue du faubourg montmartre','','75009','Paris','','','','','','2018-11-30 15:38:57','2018-11-30 15:38:57',1,0),(6213,8,0,6305,0,0,0,'My Address','','rosenbaum','david','5 parc de la berengere','','92210','saint cloud','','','','','','2018-11-30 15:47:29','2018-11-30 15:47:29',1,0),(6214,8,0,6298,0,0,0,'@catalogue','','Salzmann','Catalogues- Livres','10','','00000','a','','','','','','2018-11-30 16:50:06','2018-11-30 16:50:06',1,0),(6215,8,0,6306,0,0,0,'Mon adresse','1967','BAILLY','Régis','15 rue Mozart','','67450','MUNDOLSHEIM','','0670753686','','','','2018-11-30 16:57:51','2018-11-30 16:57:51',1,0),(6216,8,0,6307,0,0,0,'Mon adresse','','GIRARD','eric','144 avenue du Général Leclerc','','54130','SAINT-MAX','','0632387400','','','','2018-11-30 17:40:34','2018-11-30 17:40:34',1,0),(6217,8,0,6307,0,0,0,'Mon adresse','','GIRARD','eric','144 avenue du Général Leclerc','','54130','SAINT-MAX','','0632387400','','','','2018-11-30 17:40:37','2018-11-30 17:40:37',1,0),(6218,211,0,6308,0,0,0,'Mon adresse','','arkman','ceren','haci hakki bey sok 29/8 erenkoy','','34724','istanbul','','+905324358992','','','','2018-11-30 18:11:43','2018-11-30 18:11:43',1,0),(6219,1,0,6309,0,0,0,'@johannes','','Albl','Johannes ','Verlegergasse 12','','82487','Oberammergau','','+49 170 5834330','','','','2018-11-30 18:18:20','2018-11-30 18:18:20',1,0),(6220,8,0,6310,0,0,0,'Mon adresse','','Garry','Olivier','16 Rue De Tolbiac','','75013','Paris','','','','','','2018-12-01 09:08:42','2018-12-01 09:08:42',1,0),(6221,8,0,6311,0,0,0,'Mon adresse','','BURDIN','Stéphane ','20 rue du Maréchal Vaillant','','94130','Nogent','','0686079884','','','','2018-12-02 15:00:21','2018-12-02 15:00:21',1,0),(6222,8,0,6311,0,0,0,'Mon adresse','','BURDIN','Stéphane ','20, avenue Leconte','','94350','Villiers sur Marne','','','','','','2018-12-02 15:02:08','2018-12-02 15:02:08',1,0),(6223,8,0,6312,0,0,0,'Mon adresse','','Madœuf ','Stéphane ','37 Place de Laidefeur ','','74160','Bossey','','0622222786','','','','2018-12-03 00:55:00','2018-12-03 00:55:00',1,0),(6224,8,0,6312,0,0,0,'Mon adresse','','Madœuf ','Stéphane ','37 Place de Laidefeur ','','74160','Bossey','','0622222786','','','','2018-12-03 00:55:01','2018-12-03 00:55:01',1,0),(6225,8,0,6312,0,0,0,'Mon adresse','','Madœuf ','Stéphane ','37 Place de Laidefeur ','','74160','Bossey','','0622222786','','','','2018-12-03 00:55:02','2018-12-03 00:55:02',1,0),(6226,8,0,6312,0,0,0,'Mon adresse','','Madœuf ','Stéphane ','37 Place de Laidefeur ','','74160','Bossey','','0622222786','','','','2018-12-03 00:55:05','2018-12-03 00:55:05',1,0),(6227,8,0,6313,0,0,0,'Mon adresse','','LAURENT','SIMON','10 PLACE JULES GUESDE','','59490','SOMAIN','','0684550384','','','','2018-12-03 11:37:47','2018-12-03 11:37:47',1,0),(6228,8,0,6314,0,0,0,'@rochette','','Rochette','clément','12 avenue anatole france','','92110','Clichy','','0632534728','','','','2018-12-03 23:39:03','2018-12-03 23:39:03',1,0),(6229,8,0,6315,0,0,0,'@baron','','Baron','Sophie','1 avenue du general leclerc','','94400','Vitry sur Seine','','0146806633','','','','2018-12-03 23:53:59','2018-12-03 23:53:59',1,0),(6230,8,0,6317,0,0,0,'@kapu','','kapuscinski grisolia','Murielle','13 rue du contrat social','','92600','asnieres sur seine','','0676040258','','','','2018-12-04 15:51:42','2018-12-04 15:51:42',1,0),(6231,8,0,6318,0,0,0,'@lienard','','Lienard','Jean-louis','7 rue d\'enghien','','75010','Paris','','0685928270','','','','2018-12-05 11:16:12','2018-12-05 11:16:12',1,0),(6232,8,0,6319,0,0,0,'@paiment','','Cheque','Paiement','a','','00000','a','','','','','','2018-12-05 13:12:50','2018-12-05 13:12:50',1,0),(6233,8,0,6320,0,0,0,'@cb','','CB','Paiement','a','','00000','a','','','','','','2018-12-05 13:23:42','2018-12-05 13:23:42',1,0),(6234,8,0,6321,0,0,0,'@talone','','Talone','Antonio','106 av Aubert','','94300','Vincennes','','','','','','2018-12-05 13:28:04','2018-12-05 13:28:04',1,0),(6235,8,0,6259,0,0,0,'@besancenot','','Besancenot','Marc','57 bd de Champigny','','94210','La Varenne St Hillaire','','','','','','2018-12-05 18:11:35','2018-12-05 18:11:35',1,0),(6236,8,0,6322,0,0,0,'Mon adresse','','Vouillaume ','Thierry ','5b rue des rouges gorges ','','57970','Kuntzig ','','0625463149','','','','2018-12-05 20:50:33','2018-12-05 20:50:33',1,0),(6237,8,0,6323,0,0,0,'Mon adresse','','eisbrenner','chantal','89 Lou camin de Valcros','Les cadenettes','83390','Cuers','','0672240442','','','','2018-12-07 08:08:45','2018-12-07 08:11:01',1,0),(6238,8,0,6324,0,0,0,'@aleksandrowicz','','Aleksandrowicz','Audrey','10 avenue des Acacias','','06800','Cagnes sur Mer','','','','','','2018-12-07 18:45:00','2018-12-07 18:45:00',1,0),(6239,8,0,6325,0,0,0,'-','','Hôtel des Arts','.','5 rue Tholozé','','75018','Paris','','','','','','2018-12-08 19:49:08','2018-12-08 19:49:08',1,0),(6240,8,0,6326,0,0,0,'Mon adresse','1964','LEDOUX','Laurent','26 RUE DE LAGNY','\"La Hutte\"','77700','CHESSY','','+33617822746','','','','2018-12-11 17:02:41','2018-12-11 17:02:41',1,0),(6241,8,0,6326,0,0,0,'Mon adresse','1964','LEDOUX','Laurent','26 RUE DE LAGNY','\"La Hutte\"','77700','CHESSY','','+33617822746','','','','2018-12-11 17:02:42','2018-12-11 17:02:42',1,0),(6242,8,0,6326,0,0,0,'Mon adresse','','LEDOUX','Laurent','26 RUE DE LAGNY','\"La Hutte\"','77700','CHESSY','','+33617822746','','','','2018-12-11 17:02:43','2018-12-11 17:11:14',1,0),(6243,8,0,6327,0,0,0,'Mon adresse','','GRISOLIA','Jean-Pierre','13 RUE DU CONTRAT SOCIAL','','92600','ASNIERES SUR SEINE','','0679684068','','','','2018-12-11 20:11:13','2018-12-11 20:11:13',1,0),(6244,1,0,6309,0,0,0,'@johannes','','Astrid Ludwig-Albl Johannes Albl','Johannes ','Paul-Heyse-Str. 34','','80336','München','','+49 170 5834330','','','','2018-12-12 11:58:48','2018-12-12 11:58:48',1,0),(6245,8,0,6324,0,0,0,'@aleksandrowicz','','Aleksandrowicz','Audrey','16 rue Gioffredo','','06000','Nice','','','','','','2018-12-12 12:39:39','2018-12-12 12:39:39',1,0),(6246,8,0,6328,0,0,0,'Mon adresse','','deutsch lucas','claudia','4 Bvd Morland','','75004','Paris','','+33609205746','','','','2018-12-12 14:47:55','2018-12-12 14:47:55',1,0),(6247,8,0,6329,0,0,0,'.','Avocat','DOGAN','Yucel','55 rue Nationale','','37000','Tours','','','','','','2018-12-13 13:44:28','2018-12-13 13:44:28',1,0),(6248,8,0,6330,0,0,0,'.','','Murdoch','Chiara','7 bis, route de Meaux','apt. B5','77700','Serris','','','','','','2018-12-13 13:55:06','2018-12-13 13:55:29',1,0),(6249,8,0,6331,0,0,0,'Mon adresse','','Berthelot','Fabrizio','14 Villa D este ','Tour abeille appt 2101','75013','Paris','','0684536863 ','','','','2018-12-13 22:31:44','2018-12-13 22:31:44',1,0),(6250,12,0,6332,0,0,0,'Mon adresse','','Agostini','Benjamin','4 rue de Clervaux','','1346','Luxembourg','','+352661777613','','','','2018-12-14 07:06:04','2018-12-14 07:06:04',1,0),(6251,2,0,6333,0,0,0,'My Address','','Krpata','Erwin','Susi-Nicoletti-Weg 15/3/36','','1100','Vienna','','','','','','2018-12-14 08:30:36','2018-12-14 08:30:36',1,0),(6252,8,0,6334,0,0,0,'Mon adresse','La Montagne ','Villeroy ','Matthieu ','7 avenue Théodore de Banville ','','03000','Moulins ','','06 12 83 37 06 ','','','','2018-12-15 07:42:02','2018-12-15 07:42:02',1,0),(6253,8,0,6336,0,0,0,'Mon adresse','Fidens','Lacombe ','Jean-Pierre ','24 rue de Châteaudun ','','75009','Paris','','0685208372','','','','2018-12-15 11:05:12','2018-12-15 11:05:12',1,0),(6254,8,0,6336,0,0,0,'Mon adresse','Fidens','Lacombe ','Jean-Pierre ','24 rue de Châteaudun ','','75009','Paris','','0685208372','','','','2018-12-15 11:05:15','2018-12-15 11:05:15',1,0),(6255,8,0,6337,0,0,0,'@zerbib','','Zerbib','Franck','8 rue Dufau','','33000','Bordeaux','','','','','','2018-12-15 14:34:35','2018-12-15 14:34:35',1,0),(6256,8,0,6338,0,0,0,'@renard','','Renard','Petula','3 allée de la Robertsau','','67000','Strasbourg','','','','','','2018-12-15 15:15:42','2018-12-15 15:15:42',1,0),(6257,8,0,6339,0,0,0,'@schmidlin','','Schmidlin','Christine ','9 rue de Gauser','','68510','Magstatt-le-bas','','','','','','2018-12-15 18:21:53','2018-12-15 18:21:53',1,0),(6259,8,0,6340,0,0,0,'Mon adresse','','guetrot','bruno','49 rue du four','','83600','les adrets de l\'esterel','','','','','','2018-12-15 19:21:38','2018-12-15 19:21:38',1,0),(6260,8,0,6341,0,0,0,'Mon adresse','','guetrot','bruno','49 rue du four','','83600','les adrets de l\'esterel','','0688006791','','','','2018-12-15 19:27:34','2018-12-15 19:27:34',1,0),(6261,8,0,6342,0,0,0,'Mon adresse','','Le Gallo','Karine','22 rue Charles Gounod','','56600','Lanester','','0649450569','','','','2018-12-16 14:07:27','2018-12-16 14:07:27',1,0),(6262,8,0,6343,0,0,0,'@laraki','','Laraki','Dina','3 rue du tintoret','','92600','Asnieres sur Seine','','0685960322','','','','2018-12-17 14:54:12','2018-12-17 14:54:12',1,0),(6263,8,0,6344,0,0,0,'@fey','','Fey','Catherine','4,rue des martyrs','','90400','Danjoutin','','0687232639','','','','2018-12-17 15:01:27','2018-12-17 15:01:27',1,0),(6264,8,0,6345,0,0,0,'@lefebvrejc','','Lefebvre','Jean-Charles','7 impasse chartière','','75005','Paris','','','','','','2018-12-17 15:50:37','2018-12-17 15:50:37',1,0),(6265,8,0,6346,0,0,0,'Mon adresse','1983','Prado','Eric','11 Rue de Budapest','','75009','Paris','','0651617169','','','','2018-12-17 17:14:06','2018-12-17 17:17:54',1,1),(6266,8,0,6346,0,0,0,'Mon adresse','','Prado','Eric','11 Rue de Budapest','','75009','Paris','','0651617169','','','','2018-12-17 17:17:54','2018-12-17 17:17:54',1,0),(6267,8,0,6347,0,0,0,'@poulleau','','Poulleau','Claire','20 rue Marc Sangnier','','94700','Maisons Alfort','','','','','','2018-12-20 13:52:13','2018-12-20 13:52:13',1,0),(6268,8,0,6348,0,0,0,'@hippolyte','','Hippolite','Floriane','14 rue Fernand Grenier','','66330','Cabestany','','','','','','2018-12-20 16:33:58','2018-12-20 16:33:58',1,0),(6269,8,0,6350,0,0,0,'@houssier','','Houssier','Bruno','25 rue d\'Ernetières','','59160','Capinghem','','','','','','2018-12-20 16:38:09','2018-12-20 16:38:09',1,0),(6270,8,0,6351,0,0,0,'@cohen','La 5eme étape','David','COHEN','33 avenue Léon Gambetta','','92120','Montrouge','','','','','','2018-12-20 16:40:57','2018-12-20 16:40:57',1,0),(6271,8,0,6352,0,0,0,'@monnier','','Monnier','Julian','8 rue houdart de Lamotte','','75015','Paris','','','','','','2018-12-20 17:09:36','2018-12-20 17:09:36',1,0),(6272,8,0,6353,0,0,0,'@battung','','Battung','Florian','208 bis rue lafayette','','75010','Paris','','0664771922','','','','2018-12-21 13:52:06','2018-12-21 13:52:06',1,0),(6273,8,0,6354,0,0,0,'@belissa','Claude Belissa sarl','Belissa','Claude','120 rue Championnet','','75018','Paris','','','','','','2018-12-21 17:24:27','2018-12-21 17:24:27',1,0),(6274,8,0,6355,0,0,0,'@allard','','ALLARD','Florence','10 allée Paul Signac','','92110','Clichy La Garenne','','','','','','2018-12-22 16:57:01','2018-12-22 16:57:01',1,0),(6275,8,0,6356,0,0,0,'@cheio','','CHEIO','Héléne','99 rue Saint Honoré','','78955','Carrières- sous- Poissy','','','','','','2018-12-22 17:19:32','2018-12-22 17:19:32',1,0),(6276,8,0,6357,0,0,0,'Mon adresse','Groupe médical laennec','Autissier','Jean-louis','6 place De Gaulle, THAON LES VOSGES','THAON LES VOSGES','88150','Thaon les Vosges','','0682093007','','','','2018-12-23 19:51:54','2018-12-23 19:51:54',1,0),(6277,8,0,6359,0,0,0,'@Hochet','','Hochet','Coralie','37 rue Alesia','','75014','Paris','','','','','','2018-12-24 14:39:40','2018-12-24 14:39:40',1,0),(6278,10,137,6360,0,0,0,'@Sfrattoni','','Sfrattoni','Rinaldo','via g. capasso torre n.5','','82100','benevento','','3492421340','','','','2018-12-24 14:51:27','2018-12-24 14:51:27',1,0),(6279,8,0,6361,0,0,0,'Mon adresse','','besson-imbert','laurent','2 rue ziegler','villa 22','31300','Toulouse','','','','','','2018-12-27 19:00:17','2018-12-27 19:00:17',1,0);

--
