-- Table structure for table `pre3303_customer_group`
--

CREATE TABLE `pre3303_customer_group` (
  `id_customer` int(10) unsigned NOT NULL,
  `id_group` int(10) unsigned NOT NULL,
  PRIMARY KEY (`id_customer`,`id_group`),
  KEY `customer_login` (`id_group`),
  KEY `id_customer` (`id_customer`)
) ENGINE=InnoDB DEFAULT CHARSET=utf8;

--
-- Dumping data for table `pre3303_customer_group`
--

INSERT INTO `pre3303_customer_group` VALUES (6188,1),(6224,1),(6283,1),(6295,1),(6301,1),(6302,1),(6309,1),(6314,1),(6315,1),(6317,1),(6337,1),(6338,1),(6339,1),(6353,1),(6576,1),(6176,2),(6177,2),(6178,2),(6179,2),(6180,2),(6188,2),(6193,2),(6220,2),(6221,2),(6223,2),(6224,2),(6234,2),(6235,2),(6264,2),(6274,2),(6280,2),(6282,2),(6283,2),(6284,2),(6285,2),(6289,2),(6295,2),(6301,2),(6302,2),(6304,2),(6305,2),(6306,2),(6307,2),(6309,2),(6312,2),(6314,2),(6315,2),(6317,2),(6327,2),(6331,2),(6333,2),(6334,2),(6335,2),(6336,2),(6337,2),(6338,2),(6339,2),(6340,2),(6341,2),(6342,2),(6346,2),(6353,2),(6357,2),(6368,2),(6373,2),(6391,2),(6401,2),(6403,2),(6405,2),(6406,2),(6407,2),(6408,2),(6411,2),(6414,2),(6421,2),(6436,2),(6451,2),(6467,2),(6475,2),(6484,2),(6490,2),(6494,2),(6495,2),(6496,2),(6497,2),(6503,2),(6504,2),(6506,2),(6507,2),(6509,2),(6511,2),(6512,2),(6517,2),(6518,2),(6519,2),(6521,2),(6522,2),(6525,2),(6526,2),(6528,2),(6530,2),(6532,2),(6535,2),(6536,2),(6539,2),(6543,2),(6544,2),(6549,2),(6550,2),(6551,2),(6556,2),(6557,2),(6566,2),(6568,2),(6573,2),(6576,2),(1000,3),(1001,3),(1004,3),(1005,3),(1007,3),(1008,3),(1009,3),(1010,3),(1011,3),(1012,3),(1013,3),(1014,3),(1015,3),(1016,3),(1017,3),(1018,3),(1019,3),(1020,3),(1021,3),(1022,3),(1023,3),(1024,3),(1025,3),(1030,3),(1032,3),(1033,3),(1036,3),(1037,3),(1039,3),(1040,3),(1041,3),(1042,3),(1043,3),(1045,3),(1046,3),(1048,3),(1049,3),(1050,3),(1051,3),(1052,3),(1053,3),(1055,3),(1056,3),(1057,3),(1058,3),(1059,3),(1060,3),(1062,3),(1063,3),(1064,3),(1065,3),(1066,3),(1067,3),(1068,3),(1069,3),(1070,3),(1071,3),(1077,3),(1078,3),(1079,3),(1083,3),(1085,3),(1086,3),(1087,3),(1089,3),(1091,3),(1092,3),(1100,3),(1102,3),(1104,3),(1105,3),(1107,3),(1109,3),(1110,3),(1112,3),(1118,3),(1122,3),(1125,3),(1127,3),(1128,3),(1132,3),(1135,3),(1142,3),(1143,3),(1144,3),(1149,3),(1152,3),(1155,3),(1167,3),(1172,3),(1176,3),(1188,3),(1192,3),(1193,3),(1198,3),(1213,3),(1215,3),(1216,3),(1218,3),(1219,3),(1221,3),(1223,3),(1239,3),(1242,3),(1244,3),(1253,3),(1258,3),(1261,3),(1264,3),(1267,3),(1268,3),(1270,3),(1271,3),(1273,3),(2876,3),(2911,3),(2915,3),(2916,3),(2918,3),(2922,3),(2925,3),(2927,3),(2930,3),(2931,3),(2947,3),(2950,3),(2956,3),(2958,3),(2961,3),(2974,3),(3030,3),(3032,3),(3035,3),(3044,3),(3046,3),(3048,3),(3050,3),(3051,3),(3075,3),(3076,3),(3077,3),(3078,3),(3080,3),(3082,3),(3083,3),(3084,3),(3095,3),(3114,3),(3115,3),(3117,3),(3118,3),(3119,3),(3120,3),(3128,3),(3129,3),(3130,3),(3132,3),(3133,3),(3134,3),(3135,3),(3136,3),(3137,3),(3140,3),(3142,3),(3143,3),(3144,3),(3146,3),(3147,3),(3148,3),(3151,3),(3152,3),(3156,3),(3157,3),(3160,3),(3161,3),(3163,3),(3165,3),(3166,3),(3167,3),(3169,3),(3170,3),(3173,3),(3175,3),(3178,3),(3180,3),(3187,3),(3192,3),(3193,3),(3194,3),(3209,3),(3236,3),(3237,3),(3238,3),(3239,3),(3240,3),(3242,3),(3292,3),(3293,3),(3294,3),(3296,3),(3297,3),(3302,3),(3303,3),(3307,3),(3308,3),(3323,3),(3328,3),(3331,3),(3338,3),(3341,3),(3344,3),(3352,3),(3362,3),(3377,3),(3380,3),(3381,3),(3391,3),(3393,3),(3394,3),(3395,3),(3397,3),(3399,3),(3406,3),(3407,3),(3410,3),(3412,3),(3416,3),(3418,3),(3434,3),(3440,3),(3444,3),(3449,3),(3451,3),(3452,3),(3458,3),(3460,3),(3471,3),(3485,3),(3487,3),(3488,3),(3490,3),(3492,3),(3493,3),(3494,3),(3496,3),(3497,3),(3498,3),(3505,3),(3510,3),(3511,3),(3514,3),(3515,3),(3516,3),(3517,3),(3518,3),(3519,3),(3521,3),(3523,3),(3538,3),(3542,3),(3545,3),(3568,3),(3569,3),(3570,3),(3572,3),(3574,3),(3575,3),(3585,3),(3587,3),(3619,3),(3621,3),(3622,3),(3623,3),(3625,3),(3626,3),(3627,3),(3638,3),(3640,3),(3642,3),(3643,3),(3644,3),(3653,3),(3654,3),(3655,3),(3665,3),(3666,3),(3667,3),(3674,3),(3677,3),(3678,3),(3679,3),(3694,3),(3715,3),(3716,3),(3734,3),(3737,3),(3744,3),(3745,3),(3746,3),(3747,3),(3750,3),(3751,3),(3758,3),(3760,3),(3770,3),(3771,3),(3774,3),(3778,3),(3783,3),(3784,3),(3785,3),(3787,3),(3799,3),(3850,3),(3859,3),(3874,3),(3876,3),(3882,3),(3884,3),(3886,3),(3887,3),(3903,3),(3916,3),(3917,3),(3924,3),(3936,3),(3937,3),(3938,3),(3939,3),(3941,3),(3942,3),(3943,3),(4067,3),(4076,3),(4091,3),(4095,3),(4097,3),(4098,3),(4099,3),(4100,3),(4102,3),(4105,3),(4113,3),(4114,3),(4115,3),(4123,3),(4126,3),(4171,3),(4174,3),(4179,3),(4181,3),(4185,3),(4218,3),(4221,3),(4225,3),(4226,3),(4254,3),(4256,3),(4268,3),(4297,3),(4311,3),(4315,3),(4316,3),(4326,3),(4330,3),(4331,3),(4333,3),(4335,3),(4337,3),(4338,3),(4345,3),(4361,3),(4362,3),(4368,3),(4371,3),(4395,3),(4408,3),(4409,3),(4413,3),(4416,3),(4418,3),(4435,3),(4440,3),(4445,3),(4446,3),(4456,3),(4486,3),(4492,3),(4494,3),(4496,3),(4500,3),(4504,3),(4508,3),(4509,3),(4514,3),(4515,3),(4516,3),(4523,3),(4524,3),(4526,3),(4528,3),(4530,3),(4532,3),(4535,3),(4542,3),(4548,3),(4552,3),(4558,3),(4564,3),(4572,3),(4580,3),(4582,3),(4585,3),(4589,3),(4591,3),(4592,3),(4593,3),(4603,3),(4606,3),(4608,3),(4610,3),(4612,3),(4616,3),(4621,3),(4624,3),(4625,3),(4627,3),(4631,3),(4637,3),(4661,3),(4662,3),(4676,3),(4680,3),(4683,3),(4687,3),(4688,3),(4690,3),(4704,3),(4706,3),(4716,3),(4718,3),(4750,3),(4753,3),(4754,3),(4855,3),(4857,3),(4939,3),(4989,3),(5048,3),(5063,3),(5064,3),(5065,3),(5067,3),(5070,3),(5071,3),(5074,3),(5076,3),(5080,3),(5082,3),(5083,3),(5084,3),(5088,3),(5089,3),(5093,3),(5114,3),(5180,3),(5181,3),(5182,3),(5183,3),(5187,3),(5188,3),(5190,3),(5191,3),(5192,3),(5195,3),(5196,3),(5198,3),(5199,3),(5202,3),(5208,3),(5213,3),(5215,3),(5216,3),(5217,3),(5219,3),(5221,3),(5222,3),(5228,3),(5229,3),(5230,3),(5231,3),(5237,3),(5238,3),(5247,3),(5255,3),(5256,3),(5257,3),(5259,3),(5329,3),(5331,3),(5334,3),(5336,3),(5337,3),(5342,3),(5343,3),(5344,3),(5348,3),(5356,3),(5357,3),(5366,3),(5388,3),(5389,3),(5392,3),(5406,3),(5409,3),(5410,3),(5417,3),(5424,3),(5428,3),(5466,3),(5471,3),(5505,3),(5508,3),(5509,3),(5516,3),(5540,3),(5575,3),(5577,3),(5602,3),(5603,3),(5604,3),(5605,3),(5606,3),(5608,3),(5609,3),(5610,3),(5611,3),(5613,3),(5614,3),(5616,3),(5620,3),(5621,3),(5624,3),(5625,3),(5648,3),(5649,3),(5688,3),(5693,3),(5694,3),(5695,3),(5697,3),(5698,3),(5704,3),(5705,3),(5712,3),(5720,3),(5721,3),(5723,3),(5724,3),(5725,3),(5727,3),(5739,3),(5745,3),(5747,3),(5750,3),(5770,3),(5771,3),(5780,3),(5782,3),(5783,3),(5786,3),(5788,3),(5799,3),(5808,3),(5811,3),(5812,3),(5813,3),(5815,3),(5827,3),(5828,3),(5830,3),(5832,3),(5834,3),(5836,3),(5838,3),(5839,3),(5845,3),(5849,3),(5853,3),(5855,3),(5856,3),(5858,3),(5890,3),(5895,3),(5916,3),(5918,3),(5919,3),(5923,3),(5925,3),(5928,3),(5936,3),(5940,3),(5941,3),(5947,3),(5948,3),(5952,3),(5959,3),(5961,3),(5964,3),(5970,3),(5973,3),(5999,3),(6004,3),(6009,3),(6011,3),(6024,3),(6026,3),(6028,3),(6029,3),(6034,3),(6035,3),(6036,3),(6043,3),(6049,3),(6050,3),(6055,3),(6056,3),(6057,3),(6058,3),(6059,3),(6063,3),(6072,3),(6073,3),(6075,3),(6076,3),(6082,3),(6084,3),(6085,3),(6086,3),(6091,3),(6092,3),(6093,3),(6095,3),(6103,3),(6105,3),(6106,3),(6109,3),(6110,3),(6116,3),(6117,3),(6133,3),(6134,3),(6141,3),(6157,3),(6165,3),(6167,3),(6168,3),(6173,3),(6181,3),(6182,3),(6183,3),(6184,3),(6186,3),(6187,3),(6188,3),(6189,3),(6190,3),(6192,3),(6194,3),(6195,3),(6197,3),(6198,3),(6199,3),(6200,3),(6201,3),(6202,3),(6203,3),(6204,3),(6205,3),(6206,3),(6207,3),(6208,3),(6209,3),(6210,3),(6211,3),(6212,3),(6213,3),(6214,3),(6215,3),(6216,3),(6217,3),(6218,3),(6219,3),(6222,3),(6224,3),(6225,3),(6226,3),(6227,3),(6228,3),(6229,3),(6231,3),(6232,3),(6233,3),(6236,3),(6237,3),(6238,3),(6239,3),(6240,3),(6241,3),(6242,3),(6243,3),(6244,3),(6246,3),(6247,3),(6248,3),(6249,3),(6250,3),(6251,3),(6252,3),(6253,3),(6254,3),(6255,3),(6256,3),(6257,3),(6258,3),(6259,3),(6260,3),(6261,3),(6262,3),(6263,3),(6265,3),(6266,3),(6267,3),(6268,3),(6269,3),(6270,3),(6271,3),(6272,3),(6273,3),(6275,3),(6276,3),(6277,3),(6278,3),(6279,3),(6281,3),(6283,3),(6286,3),(6288,3),(6290,3),(6291,3),(6292,3),(6293,3),(6294,3),(6295,3),(6297,3),(6298,3),(6299,3),(6300,3),(6301,3),(6302,3),(6303,3),(6308,3),(6309,3),(6310,3),(6311,3),(6313,3),(6314,3),(6315,3),(6316,3),(6317,3),(6318,3),(6319,3),(6320,3),(6321,3),(6322,3),(6323,3),(6324,3),(6325,3),(6326,3),(6328,3),(6329,3),(6330,3),(6332,3),(6337,3),(6338,3),(6339,3),(6343,3),(6344,3),(6345,3),(6347,3),(6348,3),(6349,3),(6350,3),(6351,3),(6352,3),(6353,3),(6354,3),(6355,3),(6356,3),(6358,3),(6359,3),(6360,3),(6361,3),(6362,3),(6363,3),(6364,3),(6365,3),(6366,3),(6367,3),(6369,3),(6370,3),(6371,3),(6372,3),(6374,3),(6375,3),(6376,3),(6377,3),(6378,3),(6379,3),(6380,3),(6381,3),(6382,3),(6383,3),(6384,3),(6385,3),(6386,3),(6387,3),(6388,3),(6389,3),(6390,3),(6392,3),(6393,3),(6394,3),(6395,3),(6396,3),(6397,3),(6398,3),(6399,3),(6400,3),(6402,3),(6404,3),(6409,3),(6410,3),(6412,3),(6413,3),(6415,3),(6417,3),(6418,3),(6419,3),(6420,3),(6422,3),(6423,3),(6424,3),(6425,3),(6426,3),(6427,3),(6428,3),(6429,3),(6430,3),(6431,3),(6432,3),(6433,3),(6434,3),(6435,3),(6437,3),(6438,3),(6439,3),(6440,3),(6441,3),(6442,3),(6443,3),(6444,3),(6445,3),(6446,3),(6447,3),(6448,3),(6449,3),(6450,3),(6452,3),(6453,3),(6454,3),(6455,3),(6456,3),(6457,3),(6458,3),(6459,3),(6460,3),(6461,3),(6462,3),(6463,3),(6464,3),(6465,3),(6466,3),(6468,3),(6469,3),(6470,3),(6471,3),(6472,3),(6473,3),(6474,3),(6476,3),(6477,3),(6478,3),(6479,3),(6480,3),(6481,3),(6482,3),(6483,3),(6485,3),(6486,3),(6487,3),(6488,3),(6489,3),(6491,3),(6492,3),(6493,3),(6498,3),(6499,3),(6500,3),(6501,3),(6502,3),(6505,3),(6508,3),(6510,3),(6513,3),(6514,3),(6515,3),(6516,3),(6520,3),(6523,3),(6524,3),(6527,3),(6529,3),(6531,3),(6533,3),(6534,3),(6537,3),(6538,3),(6540,3),(6541,3),(6542,3),(6545,3),(6546,3),(6547,3),(6548,3),(6552,3),(6553,3),(6554,3),(6555,3),(6558,3),(6559,3),(6560,3),(6561,3),(6562,3),(6563,3),(6564,3),(6565,3),(6567,3),(6569,3),(6570,3),(6571,3),(6572,3),(6574,3),(6575,3),(6576,3),(6577,3),(6578,3),(6579,3),(1002,4),(1028,4),(1044,4),(1106,4),(1141,4),(1166,4),(1179,4),(1243,4),(3079,4),(3113,4),(3121,4),(3141,4),(3145,4),(3288,4),(3290,4),(3291,4),(3295,4),(3304,4),(3382,4),(3396,4),(3400,4),(3455,4),(3464,4),(3531,4),(3571,4),(3618,4),(3672,4),(3717,4),(3851,4),(3907,4),(3915,4),(4094,4),(4258,4),(4314,4),(4352,4),(4402,4),(4456,4),(4485,4),(4517,4),(4546,4),(4571,4),(4620,4),(4629,4),(4668,4),(4717,4),(5079,4),(5090,4),(5189,4),(5193,4),(5207,4),(5214,4),(5227,4),(5253,4),(5391,4),(5504,4),(5510,4),(5559,4),(5768,4),(5798,4),(5816,4),(5819,4),(5901,4),(5917,4),(5934,4),(5950,4),(5963,4),(6023,4),(6060,4),(6062,4),(6083,4),(6107,4),(6111,4),(6139,4),(6196,4),(6283,4),(6309,4),(1003,5),(1120,5),(2932,5),(2951,5),(3171,5),(3227,5),(3314,5),(3429,5),(3461,5),(3748,5),(3860,5),(4507,5),(4696,5),(4996,5),(5081,5),(5205,5),(5346,5),(5350,5),(5622,5),(6065,5),(6166,5),(6175,5),(6185,5),(6191,5),(6245,5),(6287,5),(6309,5),(6416,5),(6174,6),(6576,6),(6025,7),(1003,10),(1032,10),(1042,10),(1060,10),(1071,10),(1120,10),(1166,10),(1167,10),(1221,10),(1268,10),(2916,10),(2925,10),(2932,10),(2951,10),(3121,10),(3130,10),(3140,10),(3144,10),(3145,10),(3209,10),(3295,10),(3391,10),(3429,10),(3455,10),(3461,10),(3464,10),(3531,10),(3618,10),(3744,10),(3748,10),(3778,10),(3860,10),(4097,10),(4126,10),(4546,10),(4668,10),(4687,10),(4696,10),(5079,10),(5081,10),(5350,10),(5391,10),(5504,10),(5622,10),(5695,10),(5768,10),(5816,10),(5901,10),(5950,10),(5963,10),(6062,10),(6065,10),(6166,10),(6175,10),(6184,10),(6185,10);

--
-- Table structure for table `pre3303_customer_message`
--

CREATE TABLE `pre3303_customer_message` (
  `id_customer_message` int(10) unsigned NOT NULL AUTO_INCREMENT,
  `id_customer_thread` int(11) DEFAULT NULL,
  `id_employee` int(10) unsigned DEFAULT NULL,
  `message` mediumtext NOT NULL,
  `file_name` varchar(18) DEFAULT NULL,
  `ip_address` varchar(16) DEFAULT NULL,
  `user_agent` varchar(128) DEFAULT NULL,
  `date_add` datetime NOT NULL,
  `date_upd` datetime NOT NULL,
  `private` tinyint(4) NOT NULL DEFAULT '0',
  `read` tinyint(1) NOT NULL DEFAULT '0',
  PRIMARY KEY (`id_customer_message`),
  KEY `id_customer_thread` (`id_customer_thread`),
  KEY `id_employee` (`id_employee`)
) ENGINE=InnoDB AUTO_INCREMENT=116 DEFAULT CHARSET=utf8;

--
-- Dumping data for table `pre3303_customer_message`
--

INSERT INTO `pre3303_customer_message` VALUES (5,4,0,'Commande payée via ARTSPER','','','','2018-09-21 17:16:25','2018-09-21 17:16:25',1,0),(6,5,0,'Commande via Artsper','','','','2018-10-06 11:34:55','2018-10-06 11:34:55',1,0),(7,6,0,'Merci de laisser d&eacute;dicacer la lithographie par M. Gottfried Salzmann &agrave; mon nom. ','','','','2018-10-18 15:55:28','2018-10-18 15:55:28',1,0),(8,6,2,'Cher client, \r\nNous vous remercions de votre commande et nous ferons dédicacer votre lithographie par Mr Salzmann.\r\nNous vous recontactons dans les meilleurs délais suite à cette signature.\r\nCordialement, \r\nLe Service Client \r\nGalerie Joël Knafo','','631917121','','2018-10-19 14:18:18','2018-10-19 14:18:18',0,1),(9,7,0,'Merci pour une d&eacute;dicace de l&#039;artiste :\r\nF&uuml;r Sabine und Igor\r\n\r\nBon week-end et au plaisir de vous revoir lors du retrait dans la galerie\r\nSabine Bimbaud (Forum Culturel Autrichien)\r\n\r\n','','','','2018-10-20 10:37:33','2018-10-20 10:37:33',1,0),(10,8,0,'Bonjour,\r\n\r\nPouvez-vous me donner plus d\'informations sur les articles de DRAN que vous vendez?\r\n\r\nMerci par avance,\r\nUgo','','1829192182','Mozilla/5.0 (Windows NT 10.0; Win64; x64) AppleWebKit/537.36 (KHTML, like Gecko) Chrome/69.0.3497.100 Safari/537.36','2018-10-24 10:15:56','2018-10-24 10:15:56',0,0),(12,10,0,'Réglé via la campagne KISS KISS BANK BANK pour Graffiti Art Magazine','','','','2018-10-24 16:14:24','2018-10-24 16:14:24',1,0),(13,11,0,'Réglé via la campagne KISS KISS BANK BANK pour Graffiti Art Magazine','','','','2018-10-24 16:49:02','2018-10-24 16:49:02',1,0),(14,12,0,'Réglé via la campagne KISS KISS BANK BANK pour Graffiti Art Magazine\n','','','','2018-10-24 17:19:58','2018-10-24 17:19:58',1,0),(15,13,0,'Commande Via ARTSPER','','','','2018-10-25 16:19:59','2018-10-25 16:19:59',1,0),(16,8,1,'Bonsoir,\r\n\r\nnous vous remercions pour votre demande à propos des œuvres de DRAN.\r\nIl s\'agit principalement d\'éditions numériques réalisées directement par l\'artiste et tamponnées au dos. Ces œuvres sont des \"open edition\", le tirage total reste inconnu.\r\nN\'hésitez pas à nous contacter au 0781612157 pour de plus amples informations.\r\nBien cordialement','','1041746690','','2018-10-29 19:27:53','2018-10-29 19:27:53',0,1),(17,14,0,'Hi,\r\n\r\nMy name is Randy and I was looking at a few different sites online and came across your site litho.online.  I must say - your website is very impressive.  I found your website on the first page of the Search Engine. \r\n\r\nHave you noticed that 70 percent of visitors who leave your website will never return?  In most cases, this means that 95 percent to 98 percent of your marketing efforts are going to waste, not to mention that you are losing more money in customer acquisition costs than you need to.\r\n \r\nAs a business person, the time and money you put into your marketing efforts is extremely valuable.  So why let it go to waste?  Our users have seen staggering improvements in conversions with insane growths of 150 percent going upwards of 785 percent. Are you ready to unlock the highest conversion revenue from each of your website visitors?  \r\n\r\nTalkWithLead is a widget which captures a website visitor’s Name, Email address and Phone Number and then calls you immediately, so that you can talk to the Lead exactly when they are live on your website — while they\'re hot! Best feature of all, we offer FREE International Long Distance Calling!\r\n  \r\nTry the TalkWithLead Live Demo now to see exactly how it works.  Visit: https://www.talkwithlead.com/Contents/LiveDemo.aspx\r\n\r\nWhen targeting leads, speed is essential - there is a 100x decrease in Leads when a Lead is contacted within 30 minutes vs being contacted within 5 minutes.\r\n\r\nIf you would like to talk to me about this service, please give me a call.  We do offer a 14 days free trial.  \r\n\r\nThanks and Best Regards,\r\nRandy','','1138361430','Mozilla/5.0 (Windows NT 6.3; Win64; x64) AppleWebKit/537.36 (KHTML, like Gecko) Chrome/67.0.3396.99 Safari/537.36','2018-10-31 03:15:05','2018-10-31 03:15:05',0,0),(18,15,0,'Test','','522348140','Mozilla/5.0 (Windows NT 10.0; Win64; x64; rv:63.0) Gecko/20100101 Firefox/63.0','2018-10-31 18:23:31','2018-10-31 18:23:31',0,0),(19,16,0,'Bonjour Jo&euml;l, je poursuis ma collection de litho de shepard. Bien &agrave; vous','','','','2018-11-04 16:14:58','2018-11-04 16:14:58',1,0),(20,17,0,'\r\nBonjour,\r\n\r\nBienvenue dans votre nouvelle boîte mail Gandimail !\r\n\r\nPour rappel, cette nouvelle  boîte mail, vous permet d\'obtenir :\r\n\r\n- 1 000 adresses de redirection,\r\n- un nombre illimité d\'alias mail pour un confort d\'utilisation complet,\r\n- une protection anti-spam et anti-virus,\r\n- des accès POP, IMAP et SMTP à utiliser avec votre client de messagerie préféré,\r\n- Une interface webmail, vous fournissant de nombreuses fonctionnalités utiles.\r\n\r\nN\'hésitez pas à consulter notre documentation en ligne à l\'adresse, pour avoir des informations supplémentaires quant à l\'utilisation de votre nouvelle boîte mail Gandi :\r\nhttps://doc.gandi.net/fr/mail\r\n\r\nCordialement,\r\nL\'équipe de Gandi\r\n\r\n\r\nN\'hésitez pas à contacter notre service client en cas de problème ou pour toute autre question : http://www.gandi.net/faq/contact_support\r\n\r\nNous vous remercions de votre confiance.\r\n\r\nCordialement.\r\n\r\n-- \r\n\r\nGANDI - http://www.gandi.net/\r\n','','','','2018-11-06 14:43:27','2018-11-06 14:43:27',0,0),(21,18,0,'Reste à payer en 3x450 euros à partir du 10/11','','','','2018-11-07 18:01:23','2018-11-07 18:01:23',1,0),(22,19,0,'Acompte CB 350€\nA régler 800€','','','','2018-11-07 18:38:31','2018-11-07 18:38:31',1,0),(23,20,0,'Virement 3900 €\nAcompte CB 100 €','','','','2018-11-17 18:26:20','2018-11-17 18:26:20',1,0),(24,21,0,'Acompte 750€\nà payer 750€x2','','','','2018-11-17 19:10:41','2018-11-17 19:10:41',1,0),(25,22,0,'Livraison programmée le 21 novembre à 14h\nCode immeuble : 2598\n6ème étage','','','','2018-11-20 11:55:05','2018-11-20 11:55:05',1,0),(26,23,0,'Bail Art pour le compte de Goulon Olivier','','','','2018-11-20 14:49:31','2018-11-20 14:49:31',1,0),(27,24,0,'Bonjour, étabt collectionneur, je souhaiterai me séparer de quelques unes de mes oeuvres. Procédez-vous au rachat de celles-ci ?\r\nDans l’attente de votre retour,\r\nCordialement,\r\n\r\nValentin','5bf54920016ab.jpeg','1356232413','Mozilla/5.0 (iPhone; CPU iPhone OS 12_1 like Mac OS X) AppleWebKit/605.1.15 (KHTML, like Gecko) Mobile/16B92 Instagram 71.0.0.14','2018-11-21 13:01:36','2018-11-21 13:01:36',0,0),(28,25,0,'ID 2060680305','','','','2018-11-21 13:56:59','2018-11-21 13:56:59',1,0),(29,26,0,'A régler 1000 €','','','','2018-11-21 15:12:06','2018-11-21 15:12:06',1,0),(30,27,0,'TVA ','','','','2018-11-21 15:57:38','2018-11-21 15:57:38',1,0),(31,28,0,'Estampe numérique n°1/50 offerte\nPaiement 1000€ comptant\n4x800€ chèques','','','','2018-11-21 16:08:03','2018-11-21 16:08:03',1,0),(32,29,0,'CB 700€\n2 chèques 600x2 fin nov et fin dec','','','','2018-11-21 16:20:39','2018-11-21 16:20:39',1,0),(33,30,0,'Refaire encadrement cadre bois naturel\nAcompte CB 300 €\nreste à régler 800 €','','','','2018-11-21 16:40:53','2018-11-21 16:40:53',1,0),(34,31,0,'Payé par chèque fin novembre 900€\nchèque à encaisser fin mars 3000€','','','','2018-11-21 16:51:50','2018-11-21 16:51:50',1,0),(35,32,0,'Bonjour , j\'ai passé commande au début du mois d\'une lithographie de Shepard Fairey en utilisant un code promo qu\'on me proposait. Lors de la validation de ma commande , on m\'a envoyé un second code promo que j\'ai de suite utilisé pour faire un second achat . J\'ai alors reçu un mail qui m\'accuser d\'utiliser frauduleusement les codes promo ....Alors que je n\'avais rien demandé ....Depuis le statut de mes deux commandes restent en \"payement accepté\" et n\'évolue pas ...Pourriez vous me renseigner quant à ce mail dans lequel on m\'accuse de fraudeur et quant à l\'avancée de mes deux commandes s\'il vous plait ?','5bfbd9ea954fe8.pdf','0','Mozilla/5.0 (Macintosh; Intel Mac OS X 10_10_5) AppleWebKit/603.3.8 (KHTML, like Gecko) Version/10.1.2 Safari/603.3.8','2018-11-26 12:32:58','2018-11-26 12:32:58',0,0),(36,32,1,'Bonjour,\r\n\r\nvos commandes sont invalides car elles utilisent des codes promotionnels uniques qui ne vous étaient nullement destinés. Nous allons donc procéder au remboursement des frais de port dont vous vous êtes acquittés.\r\nPour comprendre comment vous avez obtenu ces codes, merci de nous transmettre en retour les mails ou autres éléments qui les mentionnent.\r\n\r\nCordialement, \r\nLe Service Client','','1391139330','','2018-11-26 14:46:02','2018-11-26 14:46:02',0,1),(37,24,1,'Bonjour,\r\n\r\nmerci pour votre message mais nous n\'achetons aucune œuvres à des particuliers.\r\n\r\nCordialement, \r\nLe Service Client','','1391139330','','2018-11-26 14:47:16','2018-11-26 14:47:16',0,1),(38,33,0,'success : 1;\rrefund_id : cenqptfq;\rtransaction_id : pjp1fqzr;\rstatus : settling;\ramount : 150.00;\rcurrency : EUR;\rpayment_type : ;\rmerchantAccountId : lisitonlinefr;\r','','','','2018-11-27 12:24:27','2018-11-27 12:24:27',1,0),(39,34,0,'Merci de mes r&eacute;server comme convenu les 3 premiers num&eacute;ros de la s&eacute;rigraphie...\r\nBien cordialement\r\n\r\nBonne soir&eacute;e\r\nEric GIRARD','','','','2018-11-27 19:44:12','2018-11-27 19:44:12',1,0),(40,35,0,'success : 1;\rrefund_id : jmcjg6y5;\rtransaction_id : h4x0q678;\rstatus : submitted_for_settlement;\ramount : 15.00;\rcurrency : EUR;\rpayment_type : ;\rmerchantAccountId : lisitonlinefr;\r','','','','2018-11-28 11:26:44','2018-11-28 11:26:44',1,0),(41,36,0,'success : 1;\rrefund_id : 6zxxv69k;\rtransaction_id : hzzwekzg;\rstatus : submitted_for_settlement;\ramount : 15.00;\rcurrency : EUR;\rpayment_type : ;\rmerchantAccountId : lisitonlinefr;\r','','','','2018-11-28 11:27:15','2018-11-28 11:27:15',1,0),(42,37,0,'700 à la commande\n1500 début janvier','','','','2018-11-28 13:20:20','2018-11-28 13:20:20',1,0),(43,38,0,'Bonjour,\r\nJe voulais savoir si ma commande était disponible pour le retrait dans la galerie?\r\nMerci d’avance pour les informations\r\nCordialement \r\nAdrien Girard','','1356233115','','2018-11-30 20:18:20','2018-11-30 20:18:20',0,0),(44,39,0,'du lundi au vendredi de 9h30 &agrave; 18h00','','','','2018-12-02 15:03:48','2018-12-02 15:03:48',1,0),(45,40,0,'paiement en deux fois\n2000 euros CB réglé\n1800 virement attente\nmontrer le détail des différents paiments sur la facture','','','','2018-12-07 18:47:18','2018-12-07 18:47:18',1,0),(46,41,0,'Bonjour,  le N&deg;1 est il disponible ? merci de me le r&eacute;server.\r\nCordialement','','','','2018-12-11 17:13:34','2018-12-11 17:13:34',1,0),(47,42,0,'Pinky\'s Celebrity Club is a very easy-to-use and powerful desktop software that will allow you to gain Instagram post likes, followers and comments completely organically! The way it works is you login via your Instagram account, set hashtags and enter your comments. The software will then search for all posts that have your hashtags and then like them, comment on them and follow the users (you can tell what the software should do: follow, comment or/and like posts). This is a great way to organically grow your Instagram followers. The software simply does what you would otherwise  do manually, but on a complete autopilot (24/7). The software also has some delay settings to make sure that all of your activity looks natural.\r\n\r\nTry PINKY\'S CELEBRITY CLUB INSTAGRAM BOT FOR REAL FOLLOWERS AND LIKES for free and see for yourself just how powerful and easy to use the Instagram software is! \r\n\r\nTo learn more head to https://wowitloveithaveit.com/products/pinkys-celebrity-club-instagram-management-software','','1843831317','Mozilla/5.0 (Windows NT 10.0; Win64; x64) AppleWebKit/537.36 (KHTML, like Gecko) Chrome/69.0.3497.100 Safari/537.36','2018-12-11 20:38:24','2018-12-11 20:38:24',0,0),(48,43,0,'Bonjour , pouvez vous me dire le prix de la lithographie de C215 , habitant en Bretagne et ne pouvant pas venir . \r\nCordialement','','1342973848','Mozilla/5.0 (iPhone; CPU iPhone OS 12_1 like Mac OS X) AppleWebKit/605.1.15 (KHTML, like Gecko) Mobile/16B92 [FBAN/FBIOS;FBAV/19','2018-12-13 11:52:18','2018-12-13 11:52:18',0,0),(49,43,1,'Bonjour,\r\n\r\nles estampes de C215 sont vendues 200,00 chaque ou 350,00 euros les deux (Une rouge et une bleue)\r\nElles ont les caractéristiques suivantes :\r\n70x50cm - Numérotées et signées en 50 exemplaires sur 320g - 2018\r\n\r\nVous pouvez directement commander sur notre site, nous livrons en Bretagne et nous sommes heureux de vous offrir les frais de port (Code GRAFFITI)\r\nLien direct vers les œuvres de C215 : https://litho.online/fr/134-c215\r\n\r\nN\'hésitez pas à revenir vers nous au 07 81 61 21 57 pour toute information complémentaire.\r\n\r\nBien cordialement\r\n\r\nL\'équipe Litho.Online\r\n\r\n','','0','','2018-12-13 12:58:56','2018-12-13 12:58:56',0,1),(50,44,0,'success : 1;\rrefund_id : 22qd2fqe;\rtransaction_id : 696r0w5g;\rstatus : settling;\ramount : 350.00;\rcurrency : EUR;\rpayment_type : ;\rmerchantAccountId : lisitonlinefr;\r','','','','2018-12-17 17:45:44','2018-12-17 17:45:44',1,0),(51,45,0,'Payé par Chèque remis le ','','','','2018-12-18 18:33:39','2018-12-18 18:33:39',1,0),(52,46,0,'Christine Jugla','','','','2018-12-18 18:42:00','2018-12-18 18:42:00',1,0),(53,47,0,'Commande artsper','','','','2019-01-04 14:45:45','2019-01-04 14:45:45',1,0),(54,48,0,'Merci de conserver la toile dans votre galerie apr&egrave;s r&eacute;glement.\r\nD&egrave;s que je serai disponible je viendrai la r&eacute;cup&eacute;rer directement &agrave; votre galerie.\r\nCordialement\r\nRonan DESEVEDAVY\r\n','','','','2019-01-07 17:57:28','2019-01-07 17:57:28',1,0),(55,49,0,'Merci de me prévenir lorsque je peux passer récupérer l’oeuvre.','','1363330106','','2019-01-08 00:35:43','2019-01-08 00:35:43',0,0),(56,49,1,'Bonjour,\r\nnous vous remercions pour votre commande et nous vous confirmons que l\'œuvre est disponible Galerie Joël Knafo, 182 rue du Faubourg Saint-Honoré Paris 8e.\r\nLa galerie est ouverte du mardi au vendredi de 11h à 19h et le samedi de 13h à 19h.\r\nN\'hésitez pas à nous appeler au 0781612157 pour toute information complémentaire.\r\nBien cordialement','','','','2019-01-08 11:08:31','2019-01-08 11:08:31',0,0),(57,50,0,'reste 1000 euros à payer \n300 euros payés acompte CB','','','','2019-01-18 15:10:02','2019-01-18 15:10:02',1,0),(58,51,0,'Payé 1000 euros à la commande par CB\nReste 1000 euros à l\'enlèvement','','','','2019-01-26 19:53:32','2019-01-26 19:53:32',1,0),(59,52,0,'Bonjour\r\nJe suis interessé par un jonone 27/50 . Serait il possible d avoir un geste sur le prix? Je la prendrai alors ce lundi. Merci! Bien cdt, Gary','','1321354918','Mozilla/5.0 (iPhone; CPU iPhone OS 12_1_2 like Mac OS X) AppleWebKit/605.1.15 (KHTML, like Gecko) Version/12.0 Mobile/15E148 Saf','2019-01-27 23:12:35','2019-01-27 23:12:35',0,0),(60,52,1,'Bonjour,\r\n\r\nnous vous remercions pour votre message et nous vous prions de trouver à titre exceptionnel un code de réduction vous donnant 10% sur la sérigraphie de JonOne.\r\n\r\nCe code est valable aujourd\'hui pour une commande sur notre site internet :\r\nU4JNPYX6\r\nhttps://litho.online/fr/jonone/4746-lithoonline-jonone-sans-titre-jonone-sans-titre-serigraphie-rehaussee-signee-et-numerote-sur-50ex-2015-chaque-exemplaire-a-ete-r.html\r\n\r\nVous pouvez choisir de vous faire livrer ou de retirer l\'œuvre en galerie au 21 rue Véron - 75018 Paris (Métro Abbesses)\r\nLa galerie est ouverte du jeudi au samedi de 13h à 19h.\r\n\r\nBien cordialement, \r\nlitho.online','','1356286645','','2019-01-28 10:53:56','2019-01-28 10:53:56',0,1),(61,53,0,'Bonjour\r\nOu en est ma commande svp?\r\nMerci','','1555592327','','2019-01-31 10:35:17','2019-01-31 10:35:17',0,0),(62,53,0,'Bonjour\r\nLe livreur nous a indiqué qu on nous enverrait un certificat par courrier. Qu en est il svp?\r\nMerci','','1321354918','','2019-02-05 21:59:29','2019-02-05 21:59:29',0,0),(63,54,0,'Bonjour.  Quelles sont les conditions pour exposer dans votre galerie?  Merci.  Bien à vous  . Loredana Romano','','-1330412889','Mozilla/5.0 (Linux; Android 4.4.2; GT-I9195) AppleWebKit/537.36 (KHTML, like Gecko) Chrome/72.0.3626.76 Mobile Safari/537.36','2019-02-09 15:48:43','2019-02-09 15:48:43',0,0),(64,55,0,'Bonjour,\r\nmerci de me pr&eacute;ciser &agrave; partir de quand je peux venir chercher l&#039;oeuvre. bien cordialement,  CR','','','','2019-02-17 18:18:49','2019-02-17 18:18:49',1,0),(65,55,0,'Bonjour,\r\nAprès avoir effectué le paiement par cb ,il était écrit \"error paypal\".\r\nPouvez vous me confirmer que le paiement a bien été effectué svp\r\nmerci,\r\ncharlotte du rivau','','0','Mozilla/5.0 (Windows NT 10.0; Win64; x64) AppleWebKit/537.36 (KHTML, like Gecko) Chrome/72.0.3626.109 Safari/537.36','2019-02-17 18:24:17','2019-02-17 18:24:17',0,0),(66,55,1,'Bonjour,\r\n\r\nnous vous remercions pour votre commande de l\'œuvre de Levalet et nous vous confirmons la bonne réception de son règlement par CB.\r\n\r\nL\'œuvre est disponible à la galerie, 182 rue du Faubourg Saint-Honoré Paris 8ème et nos horaires d\'ouverture sont les suivants :\r\nmardi au vendredi de 11h à 19h\r\nSamedi de 13h à 19h.\r\n\r\nNous nous tenons à votre disposition pour tout renseignement complémentaire.\r\n\r\nBien cordialement\r\n\r\nJoël Knafo','','0','','2019-02-18 14:08:20','2019-02-18 14:08:20',0,1),(67,56,0,'Bonjour, \r\n\r\nEst-il possible d\'avoir plus d\'informations sur\r\n César - Batibouw\r\net\r\nSHEPARD FAIREY - LIBERTÉ - ÉGALITÉ - FRATERNITÉ\r\n\r\nEventuellement des photos supplémentaires, et le nombre de copies, etc\r\n\r\nPar avance merci, \r\nBien cordialement, \r\nPierre','','1472075620','Mozilla/5.0 (Macintosh; Intel Mac OS X 10_13_6) AppleWebKit/537.36 (KHTML, like Gecko) Chrome/72.0.3626.109 Safari/537.36','2019-02-25 12:28:24','2019-02-25 12:28:24',0,0),(68,56,1,'Bonjour,\r\n\r\nmerci pour votre message.\r\n\r\nL\'affiche de César comme celle e Shepard Fairey sont des éditions ouvertes, c\'est à dire que le tirage total est inconuu.\r\nL\'affiche de César est signée dans la pierre, ce qui signifie que la signature est imprimée, alors que celle de Shepard Fairey est signée et datée au crayon.\r\n\r\nN\'hésitez pas à revenir vers nous pour tout renseignement complémentaire.\r\n\r\nL\'équipe de litho.online','','0','','2019-02-26 15:50:24','2019-02-26 15:50:24',0,1),(69,57,0,'Bonjour, vous fournissez un certificat d\'authenticité pour les œuvres de Shepard Fairey? Même pour les œuvres que l\'artiste met en ligne et sur lesquelles il ne donne pas de Certificat?\r\n\r\ncdlt\r\n\r\nDimitri','','-1049858330','Mozilla/5.0 (Windows NT 10.0; Win64; x64) AppleWebKit/537.36 (KHTML, like Gecko) Chrome/57.0.2987.110 Safari/537.36','2019-03-04 10:10:41','2019-03-04 10:10:41',0,0),(70,57,1,'Bonjour,\r\n\r\nles œuvres provenant directement de l\'artiste, nous pouvons garantir leur authenticité et nous établissons donc un certificat de la galerie.\r\n\r\nBien cordialement','','0','','2019-03-04 17:49:00','2019-03-04 17:49:00',0,1),(71,58,0,'Bonsoir,\r\nS&#039;il vous est possible de m&#039;adresser les tous premiers exemplaires des s&eacute;rigraphies, ce serait vraiment cool... \r\nMerci et &agrave; bient&ocirc;t. \r\nEric ','','','','2019-03-10 13:38:29','2019-03-10 13:38:29',1,0),(72,59,0,'Bonjour Joel, Merci de me r&eacute;server la s&eacute;rie des 13/50 et &eacute;galement la s&eacute;rie des 11/50 ou 50/50. Merci d&#039;avance. &Agrave; mercredi. Bien &agrave; toi benjamin ','','','','2019-03-10 16:04:00','2019-03-10 16:04:00',1,0),(73,60,0,'acompte 700 euros\nchèque à venir 600x3','','','','2019-03-14 14:23:22','2019-03-14 14:23:22',1,0),(74,61,0,'réglé par CB','','','','2019-03-14 14:35:11','2019-03-14 14:35:11',1,0),(75,62,0,'chèque ','','','','2019-03-14 14:41:39','2019-03-14 14:41:39',1,0),(76,63,0,'3 chèques ','','','','2019-03-14 15:07:56','2019-03-14 15:07:56',1,0),(77,64,0,'virement','','','','2019-03-14 15:38:05','2019-03-14 15:38:05',1,0),(78,65,0,'CB','','','','2019-03-15 17:42:48','2019-03-15 17:42:48',1,0),(79,66,0,'Bonjour,\r\nJe vous remercie de bien vouloir m indiquer quand pourrais je récupérer ma commande .\r\nDans l attente de vous lire \r\nCordialement \r\nAlexandra ','','1531249579','','2019-03-22 07:52:09','2019-03-22 07:52:09',0,0),(80,67,0,'Bonjour ou bonsoir \r\nJ\'ai essayé de faire le virement  2/3  sans y être parvenue ! ...  En attente de votre lien ! ... \r\nAmicalement \r\nClaudia ','','0','','2019-04-08 21:35:30','2019-04-08 21:35:30',0,0),(81,68,0,'réglement par virement ','','','','2019-04-12 14:14:44','2019-04-12 14:14:44',1,0),(82,69,0,'Virement ','','','','2019-04-12 14:59:50','2019-04-12 14:59:50',1,0),(83,70,0,'CB : 2000 euros\nChèque au 10 mai : 1600 euros','','','','2019-04-16 15:06:20','2019-04-16 15:06:20',1,0),(84,71,0,'Commande ','','','','2019-04-16 19:34:36','2019-04-16 19:34:36',1,0),(85,72,0,'Acompte chèque 1000','','','','2019-04-16 20:02:11','2019-04-16 20:02:11',1,0),(86,73,0,'Règlement 2 chèques','','','','2019-04-17 12:41:23','2019-04-17 12:41:23',1,0),(87,74,0,'4 chèques : 3x600 + 1X700 ','','','','2019-04-18 15:49:59','2019-04-18 15:49:59',1,0),(88,75,0,'2 chèques - 1300 mai / 1000 juin','','','','2019-04-24 12:19:08','2019-04-24 12:19:08',1,0),(89,76,0,'Paiement par chèque à la livraison','','','','2019-04-24 17:39:39','2019-04-24 17:39:39',1,0),(90,77,0,'Ce sera moi ou Alain CASIER ou Mireille JAEGL&Eacute; qui r&eacute;cup&eacute;rons l&rsquo;affiche &agrave; la galerie. Cordialement ','','','','2019-05-01 11:52:21','2019-05-01 11:52:21',1,0),(91,78,0,'Bonjour. La commande est un cadeau s&rsquo;anniversaire. Peut on esp&eacute;rer &ecirc;tre livr&eacute;s rapidement ? Merci. Cordialement ','','','','2019-05-06 22:21:10','2019-05-06 22:21:10',1,0),(92,78,1,'Bonjour Madame,\r\n\r\nnous vous remercions pour votre commande et nous vous informons que celle-ci a été expédiée aujourd\'hui même en colissimo recommandé.\r\nVous devriez recevoir le colis entre jeudi et vendredi, le numéro de suivi est le suivant : 9V31735058158\r\n\r\nBien cordialement\r\n\r\nlitho.online\r\nLe Service Client','','0','','2019-05-07 18:00:42','2019-05-07 18:00:42',0,1),(93,79,0,'Bonjour , comme je ne peux  hélés venir voir l\'exposition de Bom-K, je voulais savoir si vous vendiez des catalogues de l\'exposition ? Je vous remercie d\'avance, bien cordialement.','','0','Mozilla/5.0 (Windows NT 6.1; Win64; x64) AppleWebKit/537.36 (KHTML, like Gecko) Chrome/74.0.3729.131 Safari/537.36','2019-05-09 08:47:30','2019-05-09 08:47:30',0,0),(94,80,0,'Je passe samedi apr&egrave;s-midi &agrave; la galerie pour me faire d&eacute;dicacer le catalogue ','','','','2019-05-11 14:39:41','2019-05-11 14:39:41',1,0),(95,81,0,'Ma fille Julie LIANG viendra chercher les 4 estampes et les 4 catalogues &agrave; la galerie. Pour confirmer son identit&eacute;, elle est n&eacute;e le 6 octobre 1984 &agrave; Issy-les-Moulineaux.','','','','2019-05-13 22:51:50','2019-05-13 22:51:50',1,0),(96,82,0,'1400 virement','','','','2019-05-15 19:55:14','2019-05-15 19:55:14',1,0),(97,83,0,'Pouvez vous livrer au Canada ? Je veux pas d&rsquo;un retrait en galerie ','','','','2019-05-17 22:18:31','2019-05-17 22:18:31',1,0),(98,84,0,'Pouvez vous le livrer chez mes parents en france ?','','','','2019-05-25 01:46:17','2019-05-25 01:46:17',1,0),(99,85,1,'M. Dearden\r\nThank you for your order, and this is the link for the shipping.\r\nThe cost for miami is 45 euros, and it\'s impossible ti do it for free.\r\nhttps://store.joelknafo-art.com/fr/jka/6674-storejoelknafo-artcom-shipping-for-miami.html\r\n\r\nThank you again\r\n\r\nAll my best\r\n\r\nJoël Knafo','','','','2019-05-27 13:18:54','2019-05-27 13:18:54',0,1),(100,86,0,'Bonjour, ma commande a t-elle été expédiée ? ','','1555588376','','2019-05-28 18:15:02','2019-05-28 18:15:02',0,0),(101,87,0,'success : 1;\rrefund_id : mbtmtzhp;\rtransaction_id : n6j30ck1;\rstatus : settling;\ramount : 242.63;\rcurrency : EUR;\rpayment_type : ;\rmerchantAccountId : lisitonlinefr;\r','','','','2019-05-29 16:41:15','2019-05-29 16:41:15',1,0),(102,88,0,'De la part du fils','','','','2019-05-29 18:23:23','2019-05-29 18:23:23',1,0),(103,89,0,'success : 1;\rrefund_id : ehpw6wgb;\rtransaction_id : aq7abnyy;\rstatus : settling;\ramount : 291.16;\rcurrency : EUR;\rpayment_type : ;\rmerchantAccountId : lisitonlinefr;\r','','','','2019-05-30 14:59:33','2019-05-30 14:59:33',1,0),(104,90,0,'Vu avec Pascaline Mazac pour une d&eacute;dicace pour Olga (pour ses 70 ans), grande fan de Logan Hicks.','','','','2019-05-30 23:35:28','2019-05-30 23:35:28',1,0),(105,91,0,'Bonjour, je viendrai dimanche r&eacute;cup&eacute;rer l&rsquo;&oelig;uvre et la faire d&eacute;dicacer par l&rsquo;artiste. Bien cordialement. Romain grimaud ','','','','2019-05-31 07:45:48','2019-05-31 07:45:48',1,0),(106,92,0,'Please note: Delivery is to US','','','','2019-06-02 21:16:04','2019-06-02 21:16:04',1,0),(107,93,0,'Acompte 280 euros par chèque\nreste à régler 1500 euros','','','','2019-06-03 11:54:32','2019-06-03 11:54:32',1,0),(108,94,0,'Hi my print I ordered from you arrived today . Love it want to purchase a partner for it . I&rsquo;m not able to get to shipping area to pay . Can you please invoice me for shipping ','','','','2019-06-11 21:44:10','2019-06-11 21:44:10',1,0),(109,94,1,'Hi Paul,\r\n\r\nthank you for your order yesterday, and the shipping is included in the price.\r\n\r\nIf you want to order other prints, you could do it today and the shipping could be free if i\'d send you with your last order (chose \"retrait en galerie\" for free shipping)\r\nSo let me know.\r\nAll my best\r\nJoël\r\n','','1362691922','','2019-06-12 12:31:21','2019-06-12 12:31:21',0,1),(110,95,0,'Apparently, when I ordered the Logan Hicks print \"Gotham\" the software closed before I thought I had made a purchase. I am still fine with the purchase, but I cannot access the payment for the shipping payment. Can you send me a different link so I may pay for the shipping to NY? Many thanks!','','1809174580','Mozilla/5.0 (Windows NT 10.0; Win64; x64) AppleWebKit/537.36 (KHTML, like Gecko) Chrome/74.0.3729.169 Safari/537.36','2019-06-13 21:05:14','2019-06-13 21:05:14',0,0),(111,96,0,'Il n&rsquo;y a pas de sonnette mais le portillon sera ouvert le jour de la livraison . ','','','','2019-06-14 10:33:12','2019-06-14 10:33:12',1,0),(112,97,0,'Merci de me contacter au 06795114 au moment de la livraison. Je vie dans un logement de fonction au sein de l&rsquo;h&ocirc;pital lapeyronie ','','','','2019-06-20 14:19:43','2019-06-20 14:19:43',1,0),(113,98,0,'Bonjour,\r\n\r\nJe souhaiterais savoir si l’oeuvre GOTTFRIED SALZMANN - NEW YORK WESTSIDE était bien vendue et si elle était unique?\r\n\r\nMerci pour votre retour.\r\nBien cordialement,\r\nMarie','','1327015841','Mozilla/5.0 (iPad; CPU OS 12_3_1 like Mac OS X) AppleWebKit/605.1.15 (KHTML, like Gecko) Version/12.1.1 Mobile/15E148 Safari/604','2019-06-25 22:08:26','2019-06-25 22:08:26',0,0),(114,99,0,'Acompte CB 500 €\nReste à régler : 2300 €','','','','2019-06-27 13:58:15','2019-06-27 13:58:15',1,0),(115,100,0,'250€ réglé par CB ce jour + chèque de 250€ remis ce jour à encaisser vers le 27.07.19\nRdv le 3.08 pour lui remettre son print. ','','','','2019-06-27 15:39:23','2019-06-27 15:39:23',1,0);

--
-- Table structure for table `pre3303_customer_message_sync_imap`
--

CREATE TABLE `pre3303_customer_message_sync_imap` (
  `md5_header` varbinary(32) NOT NULL,
  KEY `md5_header_index` (`md5_header`(4))
) ENGINE=InnoDB DEFAULT CHARSET=utf8;

--
-- Dumping data for table `pre3303_customer_message_sync_imap`
--

INSERT INTO `pre3303_customer_message_sync_imap` VALUES ('4be3c9753291820646ff49b44501aa3b'),('39f0200fd34417c6bc03fb0625bb8a0c'),('d76cc2784a2806a17104467bbba10640'),('27a228470200e184774f76c9fac3026a');

--
-- Table structure for table `pre3303_customer_thread`
--

CREATE TABLE `pre3303_customer_thread` (
  `id_customer_thread` int(11) unsigned NOT NULL AUTO_INCREMENT,
  `id_shop` int(11) unsigned NOT NULL DEFAULT '1',
  `id_lang` int(10) unsigned NOT NULL,
  `id_contact` int(10) unsigned NOT NULL,
  `id_customer` int(10) unsigned DEFAULT NULL,
  `id_order` int(10) unsigned DEFAULT NULL,
  `id_product` int(10) unsigned DEFAULT NULL,
  `status` enum('open','closed','pending1','pending2') NOT NULL DEFAULT 'open',
  `email` varchar(128) NOT NULL,
  `token` varchar(12) DEFAULT NULL,
  `date_add` datetime NOT NULL,
  `date_upd` datetime NOT NULL,
  PRIMARY KEY (`id_customer_thread`),
  KEY `id_shop` (`id_shop`),
  KEY `id_lang` (`id_lang`),
  KEY `id_contact` (`id_contact`),
  KEY `id_customer` (`id_customer`),
  KEY `id_order` (`id_order`),
  KEY `id_product` (`id_product`)
) ENGINE=InnoDB AUTO_INCREMENT=101 DEFAULT CHARSET=utf8;

--
-- Dumping data for table `pre3303_customer_thread`
--

INSERT INTO `pre3303_customer_thread` VALUES (4,5,1,0,6181,6,0,'closed','jknafo@lisit.com','M1APEn7s3kjW','2018-09-21 17:16:25','2018-09-21 17:16:25'),(5,4,1,0,6190,10,0,'closed','nicole.Amato@litho.online','qXQ6HPk0P6XY','2018-10-06 11:34:55','2018-10-06 11:34:55'),(6,4,1,0,6193,14,0,'closed','siegrid.bigot-baumgartner@bmeia.gv.at','qICZMrGzCveD','2018-10-18 15:55:28','2018-10-19 14:18:18'),(7,4,1,0,6194,15,0,'open','s.bimbaud@laposte.net','qz6vqTtOtVRG','2018-10-20 10:37:33','2018-10-20 10:37:33'),(8,4,2,2,0,0,0,'closed','ugo.mailloux@gmail.com','3N0a7MMurBIP','2018-10-24 10:15:56','2018-10-29 19:27:54'),(10,4,1,0,6206,28,0,'closed','jean-pierre.Boyrie@litho.online','kVOmf8hHdOB5','2018-10-24 16:14:24','2018-10-24 16:14:24'),(11,4,1,0,6207,29,0,'closed','vincent.Ivars@litho.online','nXrUWeLLfYK7','2018-10-24 16:49:02','2018-10-24 16:49:02'),(12,4,1,0,6212,34,0,'closed','François-Xavier.paquin@litho.online','ZwjXXfMPPvAy','2018-10-24 17:19:58','2018-10-24 17:19:58'),(13,4,1,0,6214,38,0,'closed','anapaula.guedj@litho.online','Gdyb4qEFQURT','2018-10-25 16:19:59','2018-10-25 16:19:59'),(14,4,2,1,0,0,0,'open','Randy@TalkWithLead.com','qItIJkz2Taqe','2018-10-31 03:15:05','2018-10-31 03:15:05'),(15,2,1,5,0,0,0,'closed','contact@art-triberium.com','912Mk7rrTMWd','2018-10-31 18:23:31','2018-10-31 18:23:31'),(16,4,1,0,6221,43,0,'open','yves.cointrelle@gmail.com','8JAOK0I3wBM9','2018-11-04 16:14:58','2018-11-04 16:14:58'),(17,2,1,5,0,0,0,'closed','notification@gandi.net','z96eSAXDjL9K','2018-11-06 14:43:27','2018-11-06 14:43:27'),(18,2,1,0,6226,47,0,'open','tevenin@litho.online','Us9yYPxXn9NC','2018-11-07 18:01:23','2018-11-07 18:01:23'),(19,2,1,0,6228,49,0,'open','guidi@litho.online','oUzTgz9Pj9pj','2018-11-07 18:38:31','2018-11-07 18:38:31'),(20,2,1,0,6242,57,0,'open','khalert@litho.online','V7FmHDGxT1TO','2018-11-17 18:26:20','2018-11-17 18:26:20'),(21,2,1,0,6244,60,0,'open','rietsch@litho.online','kOZY6z2r38YJ','2018-11-17 19:10:41','2018-11-17 19:10:41'),(22,2,1,0,6245,61,0,'open','eberle@litho.online','GG52mHTkcOJ0','2018-11-20 11:55:05','2018-11-20 11:55:05'),(23,2,1,0,6246,62,0,'open','bailart@litho.online','Nmg7B6GmxWtv','2018-11-20 14:49:31','2018-11-20 14:49:31'),(24,4,1,1,0,0,0,'closed','valentin.bouteculet@live.fr','swDpF866MjwR','2018-11-21 13:01:36','2018-11-26 14:47:16'),(25,2,1,0,6248,64,0,'open','arkman@litho.online','09ofnv2cTUR3','2018-11-21 13:56:59','2018-11-21 13:56:59'),(26,2,1,0,6252,67,0,'open','colmart@litho.online','0mbjDKKRzcrO','2018-11-21 15:12:06','2018-11-21 15:12:06'),(27,2,1,0,6253,68,0,'open','siriushome@litho.online','8CRSVVEo5vq0','2018-11-21 15:57:38','2018-11-21 15:57:38'),(28,2,1,0,6254,69,0,'open','gagnant@litho.online','eBVJUNdkQhNB','2018-11-21 16:08:03','2018-11-21 16:08:03'),(29,2,1,0,6255,70,0,'open','bedouelle@litho.online','qITyMJd7abup','2018-11-21 16:20:39','2018-11-21 16:20:39'),(30,2,1,0,6256,71,0,'open','delikat@litho.online','u7BMvbjkktQX','2018-11-21 16:40:53','2018-11-21 16:40:53'),(31,2,1,0,6257,72,0,'open','hmitti@litho.online','MFRvp2mBBSUE','2018-11-21 16:51:50','2018-11-21 16:51:50'),(32,4,1,2,6232,52,0,'closed','master-v@live.fr','HGrsaupqieGm','2018-11-26 12:32:58','2018-11-26 14:46:03'),(33,2,1,0,6280,97,0,'open','romain.schneider.fr@gmail.com','KW6VKMAkxwn5','2018-11-27 12:24:27','2018-11-27 12:24:27'),(34,4,1,0,6284,100,0,'open','54.ericgirard@gmail.com','yQTL4TPt3kQj','2018-11-27 19:44:12','2018-11-27 19:44:12'),(35,4,1,0,6232,52,0,'open','master-v@live.fr','jtqIjs6jA0Pq','2018-11-28 11:26:44','2018-11-28 11:26:44'),(36,4,1,0,6232,51,0,'open','master-v@live.fr','UesPyuysIHNp','2018-11-28 11:27:14','2018-11-28 11:27:14'),(37,2,1,0,6288,105,0,'open','florianeregnier@gmail.com','c6uqZxIJODPX','2018-11-28 13:20:20','2018-11-28 13:20:20'),(38,2,1,0,6286,103,6398,'open','adrien.girard@hotmail.com','DCRP1tpFDHHB','2018-11-30 20:18:20','2018-11-30 20:18:20'),(39,4,1,0,6311,123,0,'open','0686079884@orange.fr','4JUhoM4YYiiJ','2018-12-02 15:03:48','2018-12-02 15:03:48'),(40,2,1,0,6324,139,0,'open','aleksandrowicz@litho.online','q4qZgq1gdLkh','2018-12-07 18:47:18','2018-12-07 18:47:18'),(41,4,1,0,6326,142,0,'open','laurent.ledoux@orange.fr','7T6grmZjoI1C','2018-12-11 17:13:34','2018-12-11 17:13:34'),(42,4,2,1,0,0,0,'open','sophie.bradford1992@yahoo.com','yah6J9zWKGDj','2018-12-11 20:38:24','2018-12-11 20:38:24'),(43,4,1,1,0,0,0,'closed','ericgaonach@orange.fr','c6p17kfBxprR','2018-12-13 11:52:18','2018-12-13 12:58:56'),(44,4,1,0,6346,167,0,'open','neymhau@gmail.com','YWDf7zWdg4Kj','2018-12-17 17:45:44','2018-12-17 17:45:44'),(45,4,1,0,6272,170,0,'open','Clientgalerie@Litho.online','j4eLTWHN3i38','2018-12-18 18:33:39','2018-12-18 18:33:39'),(46,2,1,0,6224,171,0,'open','vente@litho.online','N8uikdr1PVu6','2018-12-18 18:42:00','2018-12-18 18:42:00'),(47,2,1,0,6366,7,0,'open','esclapez@litho.online','mNTCykU1ThOG','2019-01-04 14:45:45','2019-01-04 14:45:45'),(48,2,1,0,6368,12,0,'open','ronandes@hotmail.fr','FR991vTAhxPt','2019-01-07 17:57:28','2019-01-07 17:57:28'),(49,2,1,0,6370,14,6306,'open','palajoux@hotmail.fr','hUSKEoN2Gi1o','2019-01-08 00:35:43','2019-01-08 00:35:43'),(50,2,1,0,6376,22,0,'open','peyrateau@litho.online','I9kwxwwANP5P','2019-01-18 15:10:02','2019-01-18 15:10:02'),(51,2,1,0,6386,34,0,'open','gaspar@litho.online','BAb8z8cqWma3','2019-01-26 19:53:32','2019-01-26 19:53:32'),(52,4,1,2,0,0,0,'closed','levygary@hotmail.com','wWtgNHEAF6JS','2019-01-27 23:12:35','2019-01-28 10:53:56'),(53,4,1,0,6387,35,4746,'open','levygary@hotmail.com','vIPUZZbp8wbY','2019-01-31 10:35:17','2019-02-05 21:59:29'),(54,4,1,1,0,0,0,'open','lore-loris@hotmail.fr','0iIkOOSKySK9','2019-02-09 15:48:43','2019-02-09 15:48:43'),(55,2,1,5,6398,44,0,'closed','cdurivau@gmail.com','FX7N9qHnnRbm','2019-02-17 18:18:49','2019-02-18 14:08:20'),(56,4,1,1,6391,0,0,'closed','p.aubisse@gmail.com','OuCvbVW3fpRO','2019-02-25 12:28:24','2019-02-26 15:50:24'),(57,4,1,1,0,0,0,'closed','dimitri.corbeau@live.fr','HLJKiohZjZBk','2019-03-04 10:10:41','2019-03-04 17:49:00'),(58,4,1,0,6406,55,0,'open','54.ericgirard@gmail.com','aQtH5Cd1MoPQ','2019-03-10 13:38:29','2019-03-10 13:38:29'),(59,4,1,0,2950,56,0,'open','rotring@orange.fr','ENMEBugkUxg8','2019-03-10 16:04:00','2019-03-10 16:04:00'),(60,2,1,0,6417,63,0,'open','lardenois@litho.online','3KNVKYeInoOi','2019-03-14 14:23:22','2019-03-14 14:23:22'),(61,2,1,0,6257,64,0,'open','hmitti@litho.online','Bbz6geOa3LDX','2019-03-14 14:35:11','2019-03-14 14:35:11'),(62,2,1,0,6418,65,0,'open','adam@litho.online','W8oI3VjIk6nm','2019-03-14 14:41:39','2019-03-14 14:41:39'),(63,4,1,0,2950,66,0,'open','rotring@orange.fr','WHg8V34jMQz9','2019-03-14 15:07:56','2019-03-14 15:07:56'),(64,2,1,0,2951,67,0,'open','5231_unknow@litho.online','XjmvIuw88jOL','2019-03-14 15:38:04','2019-03-14 15:38:04'),(65,4,1,0,6272,68,0,'open','Clientgalerie@Litho.online','I2FJVC5RQaIE','2019-03-15 17:42:48','2019-03-15 17:42:48'),(66,4,1,0,6420,70,6511,'open','alexandra.langonnet@me.com','SaD4Z1rZyOuH','2019-03-22 07:52:09','2019-03-22 07:52:09'),(67,4,1,0,6035,52,6495,'open','clocdl@gmail.com','kXGVzxfXf07S','2019-04-08 21:35:30','2019-04-08 21:35:30'),(68,2,1,0,6246,106,0,'open','bailart@litho.online','CcY6AXIZGP5e','2019-04-12 14:14:44','2019-04-12 14:14:44'),(69,2,1,0,6453,108,0,'open','frontside@litho.online','RfmpGNjYfsI5','2019-04-12 14:59:50','2019-04-12 14:59:50'),(70,2,1,0,6459,117,0,'open','mrette@litho.online','QtRpzbCQDJTU','2019-04-16 15:06:20','2019-04-16 15:06:20'),(71,4,1,0,6468,128,0,'open','mony@litho.online','Z3uhgsXZscgC','2019-04-16 19:34:36','2019-04-16 19:34:36'),(72,2,1,0,5816,131,0,'open','hrodrigues@wfs.aero','LtWXSjThhPfp','2019-04-16 20:02:11','2019-04-16 20:02:11'),(73,2,1,0,1221,135,0,'open','1028_unknow@litho.online','qQE34dmwMMi5','2019-04-17 12:41:23','2019-04-17 12:41:23'),(74,2,1,0,6250,144,0,'open','hittner@litho.online','emHQ4nExc3i7','2019-04-18 15:49:59','2019-04-18 15:49:59'),(75,2,1,0,6305,151,0,'open','davrosenbaum@yahoo.fr','9mw16nvBJp0p','2019-04-24 12:19:08','2019-04-24 12:19:08'),(76,2,1,0,4445,152,0,'open','4113_unknow@litho.online','pbRwoGOT1jFd','2019-04-24 17:39:39','2019-04-24 17:39:39'),(77,4,1,0,6485,157,0,'open','pierre.casier@gmail.com','MMXVYZOugJG8','2019-05-01 11:52:21','2019-05-01 11:52:21'),(78,4,1,0,6490,162,0,'closed','3gm@orange.fr','typzRNorgG2D','2019-05-06 22:21:10','2019-05-07 18:00:42'),(79,2,1,5,0,0,0,'open','laure.mascarello@orange.fr','6WnKMjs3Wp7v','2019-05-09 08:47:30','2019-05-09 08:47:30'),(80,2,1,0,6498,167,0,'open','cat.aspin@hotmail.fr','ahHZyIOvIYVx','2019-05-11 14:39:41','2019-05-11 14:39:41'),(81,2,1,0,6504,172,0,'open','minh.liang@orange.fr','m6w7adASjhbi','2019-05-13 22:51:50','2019-05-13 22:51:50'),(82,2,1,0,6458,173,0,'open','haars@litho.online','BFLouuBrKfz9','2019-05-15 19:55:14','2019-05-15 19:55:14'),(83,2,1,0,6512,185,0,'open','thomas.romain81@gmail.com','WNEUZjTrOUUA','2019-05-17 22:18:31','2019-05-17 22:18:31'),(84,2,1,0,6519,199,0,'open','morgan.petit85@gmail.com','dmHXIfNeOqky','2019-05-25 01:46:17','2019-05-25 01:46:17'),(85,2,1,0,6517,196,0,'open','pauldearden55@mac.com','vaje9ayNJ36m','2019-05-27 13:18:54','2019-05-27 13:18:54'),(86,4,1,0,6520,200,2576,'open','jseurat@gmail.com','QKtRdz7x3mO8','2019-05-28 18:15:02','2019-05-28 18:15:02'),(87,4,1,0,6525,206,0,'open','robertdencklau@gmail.com','exgrDIIuRU2j','2019-05-29 16:41:15','2019-05-29 16:41:15'),(88,2,1,0,6528,207,0,'open','thomas.romain81@gmail.com','gOZI4FafdjMa','2019-05-29 18:23:23','2019-05-29 18:23:23'),(89,4,1,0,6532,213,0,'open','kfogarty01@gmail.com','87ooR55FZXRm','2019-05-30 14:59:33','2019-05-30 14:59:33'),(90,4,1,0,6539,217,0,'open','pascal.subtil@gmail.com','qBCxneVjtUhu','2019-05-30 23:35:28','2019-05-30 23:35:28'),(91,4,1,0,6541,218,0,'open','romaingtimaud@hotmail.com','JxgWyLxz35Gi','2019-05-31 07:45:48','2019-05-31 07:45:48'),(92,4,2,0,6526,224,0,'open','hermanpm@gmail.com','Op9nqX3yLQke','2019-06-02 21:16:04','2019-06-02 21:16:04'),(93,4,1,0,6539,225,0,'open','pascal.subtil@gmail.com','29np0PF4I46y','2019-06-03 11:54:32','2019-06-03 11:54:32'),(94,2,2,0,6517,234,0,'closed','pauldearden55@mac.com','K8AOeffFsz7N','2019-06-11 21:44:10','2019-06-12 12:31:21'),(95,4,2,2,6561,0,0,'open','georgekroenert@gmail.com','VeesH7VVA6bp','2019-06-13 21:05:14','2019-06-13 21:05:14'),(96,4,1,0,6562,237,0,'open','sylvieviveragot@gmail.com','7TtszC23D6h1','2019-06-14 10:33:12','2019-06-14 10:33:12'),(97,4,1,0,6560,243,0,'open','cristamai@yahoo.fr','gEHwkFoT17A4','2019-06-20 14:19:43','2019-06-20 14:19:43'),(98,4,1,1,0,0,0,'open','marie.wlm@gmail.com','odw1HD6nNb23','2019-06-25 22:08:26','2019-06-25 22:08:26'),(99,2,1,0,6243,247,0,'open','gallin@litho.online','MPIDmEPF6P8S','2019-06-27 13:58:15','2019-06-27 13:58:15'),(100,4,1,0,6569,251,0,'open','chr.salles@laposte.net','eeehY87i8rSR','2019-06-27 15:39:23','2019-06-27 15:39:23');

--
-- Table structure for table `pre3303_customization`
--

CREATE TABLE `pre3303_customization` (
  `id_customization` int(10) unsigned NOT NULL AUTO_INCREMENT,
  `id_product_attribute` int(10) unsigned NOT NULL DEFAULT '0',
  `id_address_delivery` int(10) unsigned NOT NULL DEFAULT '0',
  `id_cart` int(10) unsigned NOT NULL,
  `id_product` int(10) NOT NULL,
  `quantity` int(10) NOT NULL,
  `quantity_refunded` int(11) NOT NULL DEFAULT '0',
  `quantity_returned` int(11) NOT NULL DEFAULT '0',
  `in_cart` tinyint(1) unsigned NOT NULL DEFAULT '0',
  PRIMARY KEY (`id_customization`,`id_cart`,`id_product`,`id_address_delivery`),
  KEY `id_product_attribute` (`id_product_attribute`),
  KEY `id_cart_product` (`id_cart`,`id_product`,`id_product_attribute`)
) ENGINE=InnoDB DEFAULT CHARSET=utf8;

--
-- Dumping data for table `pre3303_customization`
--


--
-- Table structure for table `pre3303_customization_field`
--

CREATE TABLE `pre3303_customization_field` (
  `id_customization_field` int(10) unsigned NOT NULL AUTO_INCREMENT,
  `id_product` int(10) unsigned NOT NULL,
  `type` tinyint(1) NOT NULL,
  `required` tinyint(1) NOT NULL,
  `is_module` tinyint(1) NOT NULL DEFAULT '0',
  `is_deleted` tinyint(1) NOT NULL DEFAULT '0',
  PRIMARY KEY (`id_customization_field`),
  KEY `id_product` (`id_product`)
) ENGINE=InnoDB DEFAULT CHARSET=utf8;

--
-- Dumping data for table `pre3303_customization_field`
--


--
-- Table structure for table `pre3303_customization_field_lang`
--

CREATE TABLE `pre3303_customization_field_lang` (
  `id_customization_field` int(10) unsigned NOT NULL,
  `id_lang` int(10) unsigned NOT NULL,
  `id_shop` int(10) unsigned NOT NULL DEFAULT '1',
  `name` varchar(255) NOT NULL,
  PRIMARY KEY (`id_customization_field`,`id_lang`,`id_shop`)
) ENGINE=InnoDB DEFAULT CHARSET=utf8;

--
-- Dumping data for table `pre3303_customization_field_lang`
--


--
-- Table structure for table `pre3303_customized_data`
--

CREATE TABLE `pre3303_customized_data` (
  `id_customization` int(10) unsigned NOT NULL,
  `type` tinyint(1) NOT NULL,
  `index` int(3) NOT NULL,
  `value` varchar(255) NOT NULL,
  `id_module` int(10) NOT NULL DEFAULT '0',
  `price` decimal(20,6) NOT NULL DEFAULT '0.000000',
  `weight` decimal(20,6) NOT NULL DEFAULT '0.000000',
  PRIMARY KEY (`id_customization`,`type`,`index`)
) ENGINE=InnoDB DEFAULT CHARSET=utf8;

--
-- Dumping data for table `pre3303_customized_data`
--


--
-- Table structure for table `pre3303_date_range`
--

CREATE TABLE `pre3303_date_range` (
  `id_date_range` int(10) unsigned NOT NULL AUTO_INCREMENT,
  `time_start` datetime NOT NULL,
  `time_end` datetime NOT NULL,
  PRIMARY KEY (`id_date_range`)
) ENGINE=InnoDB AUTO_INCREMENT=177 DEFAULT CHARSET=utf8;

--
-- Dumping data for table `pre3303_date_range`
--

INSERT INTO `pre3303_date_range` VALUES (1,'2019-01-11 00:00:00','2019-01-11 23:59:59'),(2,'2019-01-12 00:00:00','2019-01-12 23:59:59'),(3,'2019-01-13 00:00:00','2019-01-13 23:59:59'),(4,'2019-01-14 00:00:00','2019-01-14 23:59:59'),(5,'2019-01-15 00:00:00','2019-01-15 23:59:59'),(6,'2019-01-16 00:00:00','2019-01-16 23:59:59'),(7,'2019-01-17 00:00:00','2019-01-17 23:59:59'),(8,'2019-01-18 00:00:00','2019-01-18 23:59:59'),(9,'2019-01-19 00:00:00','2019-01-19 23:59:59'),(10,'2019-01-20 00:00:00','2019-01-20 23:59:59'),(11,'2019-01-21 00:00:00','2019-01-21 23:59:59'),(12,'2019-01-22 00:00:00','2019-01-22 23:59:59'),(13,'2019-01-23 00:00:00','2019-01-23 23:59:59'),(14,'2019-01-24 00:00:00','2019-01-24 23:59:59'),(15,'2019-01-25 00:00:00','2019-01-25 23:59:59'),(16,'2019-01-26 00:00:00','2019-01-26 23:59:59'),(17,'2019-01-27 00:00:00','2019-01-27 23:59:59'),(18,'2019-01-28 00:00:00','2019-01-28 23:59:59'),(19,'2019-01-29 00:00:00','2019-01-29 23:59:59'),(20,'2019-01-30 00:00:00','2019-01-30 23:59:59'),(21,'2019-01-31 00:00:00','2019-01-31 23:59:59'),(22,'2019-02-01 00:00:00','2019-02-01 23:59:59'),(23,'2019-02-02 00:00:00','2019-02-02 23:59:59'),(24,'2019-02-03 00:00:00','2019-02-03 23:59:59'),(25,'2019-02-04 00:00:00','2019-02-04 23:59:59'),(26,'2019-02-05 00:00:00','2019-02-05 23:59:59'),(27,'2019-02-06 00:00:00','2019-02-06 23:59:59'),(28,'2019-02-07 00:00:00','2019-02-07 23:59:59'),(29,'2019-02-08 00:00:00','2019-02-08 23:59:59'),(30,'2019-02-09 00:00:00','2019-02-09 23:59:59'),(31,'2019-02-10 00:00:00','2019-02-10 23:59:59'),(32,'2019-02-11 00:00:00','2019-02-11 23:59:59'),(33,'2019-02-12 00:00:00','2019-02-12 23:59:59'),(34,'2019-02-13 00:00:00','2019-02-13 23:59:59'),(35,'2019-02-14 00:00:00','2019-02-14 23:59:59'),(36,'2019-02-15 00:00:00','2019-02-15 23:59:59'),(37,'2019-02-16 00:00:00','2019-02-16 23:59:59'),(38,'2019-02-17 00:00:00','2019-02-17 23:59:59'),(39,'2019-02-18 00:00:00','2019-02-18 23:59:59'),(40,'2019-02-19 00:00:00','2019-02-19 23:59:59'),(41,'2019-02-20 00:00:00','2019-02-20 23:59:59'),(42,'2019-02-21 00:00:00','2019-02-21 23:59:59'),(43,'2019-02-22 00:00:00','2019-02-22 23:59:59'),(44,'2019-02-23 00:00:00','2019-02-23 23:59:59'),(45,'2019-02-24 00:00:00','2019-02-24 23:59:59'),(46,'2019-02-25 00:00:00','2019-02-25 23:59:59'),(47,'2019-02-26 00:00:00','2019-02-26 23:59:59'),(48,'2019-02-27 00:00:00','2019-02-27 23:59:59'),(49,'2019-02-28 00:00:00','2019-02-28 23:59:59'),(50,'2019-03-01 00:00:00','2019-03-01 23:59:59'),(51,'2019-03-02 00:00:00','2019-03-02 23:59:59'),(52,'2019-03-03 00:00:00','2019-03-03 23:59:59'),(53,'2019-03-04 00:00:00','2019-03-04 23:59:59'),(54,'2019-03-05 00:00:00','2019-03-05 23:59:59'),(55,'2019-03-06 00:00:00','2019-03-06 23:59:59'),(56,'2019-03-07 00:00:00','2019-03-07 23:59:59'),(57,'2019-03-08 00:00:00','2019-03-08 23:59:59'),(58,'2019-03-09 00:00:00','2019-03-09 23:59:59'),(59,'2019-03-10 00:00:00','2019-03-10 23:59:59'),(60,'2019-03-11 00:00:00','2019-03-11 23:59:59'),(61,'2019-03-12 00:00:00','2019-03-12 23:59:59'),(62,'2019-03-13 00:00:00','2019-03-13 23:59:59'),(63,'2019-03-14 00:00:00','2019-03-14 23:59:59'),(64,'2019-03-15 00:00:00','2019-03-15 23:59:59'),(65,'2019-03-16 00:00:00','2019-03-16 23:59:59'),(66,'2019-03-17 00:00:00','2019-03-17 23:59:59'),(67,'2019-03-18 00:00:00','2019-03-18 23:59:59'),(68,'2019-03-19 00:00:00','2019-03-19 23:59:59'),(69,'2019-03-20 00:00:00','2019-03-20 23:59:59'),(70,'2019-03-21 00:00:00','2019-03-21 23:59:59'),(71,'2019-03-22 00:00:00','2019-03-22 23:59:59'),(72,'2019-03-23 00:00:00','2019-03-23 23:59:59'),(73,'2019-03-24 00:00:00','2019-03-24 23:59:59'),(74,'2019-03-25 00:00:00','2019-03-25 23:59:59'),(75,'2019-03-26 00:00:00','2019-03-26 23:59:59'),(76,'2019-03-27 00:00:00','2019-03-27 23:59:59'),(77,'2019-03-28 00:00:00','2019-03-28 23:59:59'),(78,'2019-03-29 00:00:00','2019-03-29 23:59:59'),(79,'2019-03-30 00:00:00','2019-03-30 23:59:59'),(80,'2019-03-31 00:00:00','2019-04-01 00:59:59'),(81,'2019-04-01 00:00:00','2019-04-01 23:59:59'),(82,'2019-04-02 00:00:00','2019-04-02 23:59:59'),(83,'2019-04-03 00:00:00','2019-04-03 23:59:59'),(84,'2019-04-04 00:00:00','2019-04-04 23:59:59'),(85,'2019-04-05 00:00:00','2019-04-05 23:59:59'),(86,'2019-04-06 00:00:00','2019-04-06 23:59:59'),(87,'2019-04-07 00:00:00','2019-04-07 23:59:59'),(88,'2019-04-08 00:00:00','2019-04-08 23:59:59'),(89,'2019-04-09 00:00:00','2019-04-09 23:59:59'),(90,'2019-04-10 00:00:00','2019-04-10 23:59:59'),(91,'2019-04-11 00:00:00','2019-04-11 23:59:59'),(92,'2019-04-12 00:00:00','2019-04-12 23:59:59'),(93,'2019-04-13 00:00:00','2019-04-13 23:59:59'),(94,'2019-04-14 00:00:00','2019-04-14 23:59:59'),(95,'2019-04-15 00:00:00','2019-04-15 23:59:59'),(96,'2019-04-16 00:00:00','2019-04-16 23:59:59'),(97,'2019-04-17 00:00:00','2019-04-17 23:59:59'),(98,'2019-04-18 00:00:00','2019-04-18 23:59:59'),(99,'2019-04-19 00:00:00','2019-04-19 23:59:59'),(100,'2019-04-20 00:00:00','2019-04-20 23:59:59'),(101,'2019-04-21 00:00:00','2019-04-21 23:59:59'),(102,'2019-04-22 00:00:00','2019-04-22 23:59:59'),(103,'2019-04-23 00:00:00','2019-04-23 23:59:59'),(104,'2019-04-24 00:00:00','2019-04-24 23:59:59'),(105,'2019-04-25 00:00:00','2019-04-25 23:59:59'),(106,'2019-04-26 00:00:00','2019-04-26 23:59:59'),(107,'2019-04-27 00:00:00','2019-04-27 23:59:59'),(108,'2019-04-28 00:00:00','2019-04-28 23:59:59'),(109,'2019-04-29 00:00:00','2019-04-29 23:59:59'),(110,'2019-04-30 00:00:00','2019-04-30 23:59:59'),(111,'2019-05-01 00:00:00','2019-05-01 23:59:59'),(112,'2019-05-02 00:00:00','2019-05-02 23:59:59'),(113,'2019-05-03 00:00:00','2019-05-03 23:59:59'),(114,'2019-05-04 00:00:00','2019-05-04 23:59:59'),(115,'2019-05-05 00:00:00','2019-05-05 23:59:59'),(116,'2019-05-06 00:00:00','2019-05-06 23:59:59'),(117,'2019-05-07 00:00:00','2019-05-07 23:59:59'),(118,'2019-05-08 00:00:00','2019-05-08 23:59:59'),(119,'2019-05-09 00:00:00','2019-05-09 23:59:59'),(120,'2019-05-10 00:00:00','2019-05-10 23:59:59'),(121,'2019-05-11 00:00:00','2019-05-11 23:59:59'),(122,'2019-05-12 00:00:00','2019-05-12 23:59:59'),(123,'2019-05-13 00:00:00','2019-05-13 23:59:59'),(124,'2019-05-14 00:00:00','2019-05-14 23:59:59'),(125,'2019-05-15 00:00:00','2019-05-15 23:59:59'),(126,'2019-05-16 00:00:00','2019-05-16 23:59:59'),(127,'2019-05-17 00:00:00','2019-05-17 23:59:59'),(128,'2019-05-18 00:00:00','2019-05-18 23:59:59'),(129,'2019-05-19 00:00:00','2019-05-19 23:59:59'),(130,'2019-05-20 00:00:00','2019-05-20 23:59:59'),(131,'2019-05-21 00:00:00','2019-05-21 23:59:59'),(132,'2019-05-22 00:00:00','2019-05-22 23:59:59'),(133,'2019-05-23 00:00:00','2019-05-23 23:59:59'),(134,'2019-05-24 00:00:00','2019-05-24 23:59:59'),(135,'2019-05-25 00:00:00','2019-05-25 23:59:59'),(136,'2019-05-26 00:00:00','2019-05-26 23:59:59'),(137,'2019-05-27 00:00:00','2019-05-27 23:59:59'),(138,'2019-05-28 00:00:00','2019-05-28 23:59:59'),(139,'2019-05-29 00:00:00','2019-05-29 23:59:59'),(140,'2019-05-30 00:00:00','2019-05-30 23:59:59'),(141,'2019-05-31 00:00:00','2019-05-31 23:59:59'),(142,'2019-06-01 00:00:00','2019-06-01 23:59:59'),(143,'2019-06-02 00:00:00','2019-06-02 23:59:59'),(144,'2019-06-03 00:00:00','2019-06-03 23:59:59'),(145,'2019-06-04 00:00:00','2019-06-04 23:59:59'),(146,'2019-06-05 00:00:00','2019-06-05 23:59:59'),(147,'2019-06-06 00:00:00','2019-06-06 23:59:59'),(148,'2019-06-07 00:00:00','2019-06-07 23:59:59'),(149,'2019-06-08 00:00:00','2019-06-08 23:59:59'),(150,'2019-06-09 00:00:00','2019-06-09 23:59:59'),(151,'2019-06-10 00:00:00','2019-06-10 23:59:59'),(152,'2019-06-11 00:00:00','2019-06-11 23:59:59'),(153,'2019-06-12 00:00:00','2019-06-12 23:59:59'),(154,'2019-06-13 00:00:00','2019-06-13 23:59:59'),(155,'2019-06-14 00:00:00','2019-06-14 23:59:59'),(156,'2019-06-15 00:00:00','2019-06-15 23:59:59'),(157,'2019-06-16 00:00:00','2019-06-16 23:59:59'),(158,'2019-06-17 00:00:00','2019-06-17 23:59:59'),(159,'2019-06-18 00:00:00','2019-06-18 23:59:59'),(160,'2019-06-19 00:00:00','2019-06-19 23:59:59'),(161,'2019-06-20 00:00:00','2019-06-20 23:59:59'),(162,'2019-06-21 00:00:00','2019-06-21 23:59:59'),(163,'2019-06-22 00:00:00','2019-06-22 23:59:59'),(164,'2019-06-23 00:00:00','2019-06-23 23:59:59'),(165,'2019-06-24 00:00:00','2019-06-24 23:59:59'),(166,'2019-06-25 00:00:00','2019-06-25 23:59:59'),(167,'2019-06-26 00:00:00','2019-06-26 23:59:59'),(168,'2019-06-27 00:00:00','2019-06-27 23:59:59'),(169,'2019-06-28 00:00:00','2019-06-28 23:59:59'),(170,'2019-06-29 00:00:00','2019-06-29 23:59:59'),(171,'2019-06-30 00:00:00','2019-06-30 23:59:59'),(172,'2019-07-01 00:00:00','2019-07-01 23:59:59'),(173,'2019-07-02 00:00:00','2019-07-02 23:59:59'),(174,'2019-07-03 00:00:00','2019-07-03 23:59:59'),(175,'2019-07-04 00:00:00','2019-07-04 23:59:59'),(176,'2019-07-05 00:00:00','2019-07-05 23:59:59');

--
-- Table structure for table `pre3303_delivery`
--

CREATE TABLE `pre3303_delivery` (
  `id_delivery` int(10) unsigned NOT NULL AUTO_INCREMENT,
  `id_shop` int(10) unsigned DEFAULT NULL,
  `id_shop_group` int(10) unsigned DEFAULT NULL,
  `id_carrier` int(10) unsigned NOT NULL,
  `id_range_price` int(10) unsigned DEFAULT NULL,
  `id_range_weight` int(10) unsigned DEFAULT NULL,
  `id_zone` int(10) unsigned NOT NULL,
  `price` decimal(20,6) NOT NULL,
  PRIMARY KEY (`id_delivery`),
  KEY `id_zone` (`id_zone`),
  KEY `id_carrier` (`id_carrier`,`id_zone`),
  KEY `id_range_price` (`id_range_price`),
  KEY `id_range_weight` (`id_range_weight`)
) ENGINE=InnoDB AUTO_INCREMENT=680 DEFAULT CHARSET=utf8;

--
-- Dumping data for table `pre3303_delivery`
--

INSERT INTO `pre3303_delivery` VALUES (1,NULL,NULL,2,0,1,1,5.000000),(2,NULL,NULL,2,0,1,2,5.000000),(3,NULL,NULL,2,1,0,1,5.000000),(4,NULL,NULL,2,1,0,2,5.000000),(5,NULL,NULL,4,NULL,1,1,5.000000),(6,NULL,NULL,4,NULL,1,2,5.000000),(9,NULL,NULL,5,NULL,2,1,5.000000),(10,NULL,NULL,5,NULL,2,2,10.000000),(13,NULL,NULL,5,NULL,3,1,10.000000),(14,NULL,NULL,5,NULL,3,2,20.000000),(17,NULL,NULL,5,NULL,4,1,15.000000),(18,NULL,NULL,5,NULL,4,2,30.000000),(21,NULL,NULL,5,NULL,5,1,25.000000),(22,NULL,NULL,5,NULL,5,2,60.000000),(23,NULL,NULL,6,NULL,2,1,15.000000),(24,NULL,NULL,6,NULL,2,7,20.000000),(25,NULL,NULL,6,NULL,2,2,27.000000),(26,NULL,NULL,6,NULL,3,1,17.000000),(27,NULL,NULL,6,NULL,3,7,22.000000),(28,NULL,NULL,6,NULL,3,2,37.000000),(32,NULL,NULL,6,NULL,6,1,22.000000),(33,NULL,NULL,6,NULL,6,7,28.000000),(34,NULL,NULL,6,NULL,6,2,54.000000),(38,NULL,NULL,6,NULL,7,1,35.000000),(39,NULL,NULL,6,NULL,7,7,46.000000),(40,NULL,NULL,6,NULL,7,2,102.000000),(44,NULL,NULL,6,NULL,8,1,60.000000),(45,NULL,NULL,6,NULL,8,7,71.000000),(46,NULL,NULL,6,NULL,8,2,162.000000),(50,NULL,NULL,7,2,NULL,1,10.000000),(51,NULL,NULL,7,2,NULL,7,15.000000),(52,NULL,NULL,7,2,NULL,2,20.000000),(56,NULL,NULL,7,3,NULL,1,20.000000),(57,NULL,NULL,7,3,NULL,7,30.000000),(58,NULL,NULL,7,3,NULL,2,40.000000),(62,NULL,NULL,7,4,NULL,1,30.000000),(63,NULL,NULL,7,4,NULL,7,45.000000),(64,NULL,NULL,7,4,NULL,2,60.000000),(68,NULL,NULL,7,5,NULL,1,45.000000),(69,NULL,NULL,7,5,NULL,7,68.000000),(70,NULL,NULL,7,5,NULL,2,90.000000),(74,NULL,NULL,7,6,NULL,1,100.000000),(75,NULL,NULL,7,6,NULL,7,150.000000),(76,NULL,NULL,7,6,NULL,2,200.000000),(80,NULL,NULL,7,7,NULL,1,250.000000),(81,NULL,NULL,7,7,NULL,7,375.000000),(82,NULL,NULL,7,7,NULL,2,500.000000),(83,NULL,NULL,8,2,NULL,1,9.000000),(84,NULL,NULL,8,2,NULL,7,14.000000),(85,NULL,NULL,8,2,NULL,2,18.000000),(86,NULL,NULL,8,3,NULL,1,20.000000),(87,NULL,NULL,8,3,NULL,7,30.000000),(88,NULL,NULL,8,3,NULL,2,40.000000),(89,NULL,NULL,8,4,NULL,1,25.000000),(90,NULL,NULL,8,4,NULL,7,38.000000),(91,NULL,NULL,8,4,NULL,2,50.000000),(92,NULL,NULL,8,5,NULL,1,40.000000),(93,NULL,NULL,8,5,NULL,7,60.000000),(94,NULL,NULL,8,5,NULL,2,80.000000),(98,NULL,NULL,8,8,NULL,1,80.000000),(99,NULL,NULL,8,8,NULL,7,120.000000),(100,NULL,NULL,8,8,NULL,2,160.000000),(101,NULL,NULL,9,2,NULL,1,9.000000),(102,NULL,NULL,9,2,NULL,7,14.000000),(103,NULL,NULL,9,2,NULL,2,18.000000),(104,NULL,NULL,9,3,NULL,1,20.000000),(105,NULL,NULL,9,3,NULL,7,30.000000),(106,NULL,NULL,9,3,NULL,2,40.000000),(107,NULL,NULL,9,4,NULL,1,25.000000),(108,NULL,NULL,9,4,NULL,7,38.000000),(109,NULL,NULL,9,4,NULL,2,50.000000),(110,NULL,NULL,9,5,NULL,1,40.000000),(111,NULL,NULL,9,5,NULL,7,60.000000),(112,NULL,NULL,9,5,NULL,2,80.000000),(113,NULL,NULL,9,8,NULL,1,80.000000),(114,NULL,NULL,9,8,NULL,7,120.000000),(115,NULL,NULL,9,8,NULL,2,160.000000),(116,NULL,NULL,10,2,NULL,4,18.000000),(117,NULL,NULL,10,2,NULL,3,18.000000),(118,NULL,NULL,10,2,NULL,8,18.000000),(119,NULL,NULL,10,2,NULL,1,9.000000),(120,NULL,NULL,10,2,NULL,7,14.000000),(121,NULL,NULL,10,2,NULL,2,18.000000),(122,NULL,NULL,10,2,NULL,5,18.000000),(123,NULL,NULL,10,2,NULL,6,18.000000),(124,NULL,NULL,10,3,NULL,4,40.000000),(125,NULL,NULL,10,3,NULL,3,40.000000),(126,NULL,NULL,10,3,NULL,8,40.000000),(127,NULL,NULL,10,3,NULL,1,20.000000),(128,NULL,NULL,10,3,NULL,7,30.000000),(129,NULL,NULL,10,3,NULL,2,40.000000),(130,NULL,NULL,10,3,NULL,5,40.000000),(131,NULL,NULL,10,3,NULL,6,40.000000),(132,NULL,NULL,10,4,NULL,4,50.000000),(133,NULL,NULL,10,4,NULL,3,50.000000),(134,NULL,NULL,10,4,NULL,8,50.000000),(135,NULL,NULL,10,4,NULL,1,25.000000),(136,NULL,NULL,10,4,NULL,7,38.000000),(137,NULL,NULL,10,4,NULL,2,50.000000),(138,NULL,NULL,10,4,NULL,5,50.000000),(139,NULL,NULL,10,4,NULL,6,50.000000),(140,NULL,NULL,10,5,NULL,4,80.000000),(141,NULL,NULL,10,5,NULL,3,80.000000),(142,NULL,NULL,10,5,NULL,8,80.000000),(143,NULL,NULL,10,5,NULL,1,40.000000),(144,NULL,NULL,10,5,NULL,7,60.000000),(145,NULL,NULL,10,5,NULL,2,80.000000),(146,NULL,NULL,10,5,NULL,5,80.000000),(147,NULL,NULL,10,5,NULL,6,80.000000),(148,NULL,NULL,10,8,NULL,4,160.000000),(149,NULL,NULL,10,8,NULL,3,160.000000),(150,NULL,NULL,10,8,NULL,8,160.000000),(151,NULL,NULL,10,8,NULL,1,80.000000),(152,NULL,NULL,10,8,NULL,7,120.000000),(153,NULL,NULL,10,8,NULL,2,160.000000),(154,NULL,NULL,10,8,NULL,5,160.000000),(155,NULL,NULL,10,8,NULL,6,160.000000),(164,NULL,NULL,11,9,NULL,4,40.700000),(165,NULL,NULL,11,9,NULL,3,34.300000),(166,NULL,NULL,11,9,NULL,8,40.700000),(167,NULL,NULL,11,9,NULL,1,19.500000),(168,NULL,NULL,11,9,NULL,7,20.800000),(169,NULL,NULL,11,9,NULL,2,34.300000),(170,NULL,NULL,11,9,NULL,5,34.300000),(171,NULL,NULL,11,9,NULL,6,40.700000),(180,NULL,NULL,11,10,NULL,4,40.700000),(181,NULL,NULL,11,10,NULL,3,34.300000),(182,NULL,NULL,11,10,NULL,8,40.700000),(183,NULL,NULL,11,10,NULL,1,19.500000),(184,NULL,NULL,11,10,NULL,7,20.800000),(185,NULL,NULL,11,10,NULL,2,34.300000),(186,NULL,NULL,11,10,NULL,5,34.300000),(187,NULL,NULL,11,10,NULL,6,40.700000),(188,NULL,NULL,12,9,NULL,4,40.700000),(189,NULL,NULL,12,9,NULL,3,34.300000),(190,NULL,NULL,12,9,NULL,8,40.700000),(191,NULL,NULL,12,9,NULL,1,19.500000),(192,NULL,NULL,12,9,NULL,7,20.800000),(193,NULL,NULL,12,9,NULL,2,34.300000),(194,NULL,NULL,12,9,NULL,5,34.300000),(195,NULL,NULL,12,9,NULL,6,40.700000),(196,NULL,NULL,12,9,NULL,9,13.700000),(197,NULL,NULL,12,10,NULL,4,40.700000),(198,NULL,NULL,12,10,NULL,3,34.300000),(199,NULL,NULL,12,10,NULL,8,40.700000),(200,NULL,NULL,12,10,NULL,1,19.500000),(201,NULL,NULL,12,10,NULL,7,20.800000),(202,NULL,NULL,12,10,NULL,2,34.300000),(203,NULL,NULL,12,10,NULL,5,34.300000),(204,NULL,NULL,12,10,NULL,6,40.700000),(205,NULL,NULL,12,10,NULL,9,13.700000),(206,NULL,NULL,13,9,NULL,4,40.700000),(207,NULL,NULL,13,9,NULL,3,34.300000),(208,NULL,NULL,13,9,NULL,8,40.700000),(209,NULL,NULL,13,9,NULL,1,19.500000),(210,NULL,NULL,13,9,NULL,7,20.800000),(211,NULL,NULL,13,9,NULL,2,34.300000),(212,NULL,NULL,13,9,NULL,5,34.300000),(213,NULL,NULL,13,9,NULL,6,40.700000),(214,NULL,NULL,13,9,NULL,9,13.700000),(215,NULL,NULL,13,10,NULL,4,40.700000),(216,NULL,NULL,13,10,NULL,3,34.300000),(217,NULL,NULL,13,10,NULL,8,40.700000),(218,NULL,NULL,13,10,NULL,1,19.500000),(219,NULL,NULL,13,10,NULL,7,20.800000),(220,NULL,NULL,13,10,NULL,2,34.300000),(221,NULL,NULL,13,10,NULL,5,34.300000),(222,NULL,NULL,13,10,NULL,6,40.700000),(223,NULL,NULL,13,10,NULL,9,13.700000),(227,NULL,NULL,14,11,NULL,1,85.000000),(228,NULL,NULL,14,11,NULL,7,100.000000),(229,NULL,NULL,14,11,NULL,9,70.000000),(233,NULL,NULL,14,12,NULL,1,135.000000),(234,NULL,NULL,14,12,NULL,7,150.000000),(235,NULL,NULL,14,12,NULL,9,120.000000),(239,NULL,NULL,14,13,NULL,1,300.000000),(240,NULL,NULL,14,13,NULL,7,310.000000),(241,NULL,NULL,14,13,NULL,9,280.000000),(242,NULL,NULL,15,9,NULL,4,40.700000),(243,NULL,NULL,15,9,NULL,3,34.300000),(244,NULL,NULL,15,9,NULL,8,40.700000),(245,NULL,NULL,15,9,NULL,1,19.500000),(246,NULL,NULL,15,9,NULL,7,20.800000),(247,NULL,NULL,15,9,NULL,2,34.300000),(248,NULL,NULL,15,9,NULL,5,34.300000),(249,NULL,NULL,15,9,NULL,6,40.700000),(250,NULL,NULL,15,9,NULL,9,12.500000),(251,NULL,NULL,15,10,NULL,4,40.700000),(252,NULL,NULL,15,10,NULL,3,34.300000),(253,NULL,NULL,15,10,NULL,8,40.700000),(254,NULL,NULL,15,10,NULL,1,19.500000),(255,NULL,NULL,15,10,NULL,7,20.800000),(256,NULL,NULL,15,10,NULL,2,34.300000),(257,NULL,NULL,15,10,NULL,5,34.300000),(258,NULL,NULL,15,10,NULL,6,40.700000),(259,NULL,NULL,15,10,NULL,9,12.500000),(260,NULL,NULL,17,9,NULL,4,40.700000),(261,NULL,NULL,17,9,NULL,3,34.300000),(262,NULL,NULL,17,9,NULL,8,40.700000),(263,NULL,NULL,17,9,NULL,1,19.500000),(264,NULL,NULL,17,9,NULL,7,20.800000),(265,NULL,NULL,17,9,NULL,2,34.300000),(266,NULL,NULL,17,9,NULL,5,34.300000),(267,NULL,NULL,17,9,NULL,6,40.700000),(268,NULL,NULL,17,9,NULL,9,12.500000),(269,NULL,NULL,17,10,NULL,4,40.700000),(270,NULL,NULL,17,10,NULL,3,34.300000),(271,NULL,NULL,17,10,NULL,8,40.700000),(272,NULL,NULL,17,10,NULL,1,19.500000),(273,NULL,NULL,17,10,NULL,7,20.800000),(274,NULL,NULL,17,10,NULL,2,34.300000),(275,NULL,NULL,17,10,NULL,5,34.300000),(276,NULL,NULL,17,10,NULL,6,40.700000),(277,NULL,NULL,17,10,NULL,9,12.500000),(287,NULL,NULL,19,14,NULL,4,0.000000),(288,NULL,NULL,19,14,NULL,3,0.000000),(289,NULL,NULL,19,14,NULL,8,0.000000),(290,NULL,NULL,19,14,NULL,1,0.000000),(291,NULL,NULL,19,14,NULL,7,0.000000),(292,NULL,NULL,19,14,NULL,2,0.000000),(293,NULL,NULL,19,14,NULL,5,0.000000),(294,NULL,NULL,19,14,NULL,6,0.000000),(295,NULL,NULL,19,14,NULL,9,0.000000),(296,NULL,NULL,20,14,NULL,4,0.000000),(297,NULL,NULL,20,14,NULL,3,0.000000),(298,NULL,NULL,20,14,NULL,8,0.000000),(299,NULL,NULL,20,14,NULL,1,0.000000),(300,NULL,NULL,20,14,NULL,7,0.000000),(301,NULL,NULL,20,14,NULL,2,0.000000),(302,NULL,NULL,20,14,NULL,5,0.000000),(303,NULL,NULL,20,14,NULL,6,0.000000),(304,NULL,NULL,20,14,NULL,9,0.000000),(305,NULL,NULL,22,11,NULL,1,55.000000),(306,NULL,NULL,22,11,NULL,7,55.000000),(307,NULL,NULL,22,11,NULL,9,30.000000),(308,NULL,NULL,22,12,NULL,1,70.000000),(309,NULL,NULL,22,12,NULL,7,70.000000),(310,NULL,NULL,22,12,NULL,9,55.000000),(311,NULL,NULL,22,13,NULL,1,90.000000),(312,NULL,NULL,22,13,NULL,7,90.000000),(313,NULL,NULL,22,13,NULL,9,70.000000),(314,NULL,NULL,23,11,NULL,1,55.000000),(315,NULL,NULL,23,11,NULL,7,55.000000),(316,NULL,NULL,23,11,NULL,9,30.000000),(317,NULL,NULL,23,12,NULL,1,70.000000),(318,NULL,NULL,23,12,NULL,7,70.000000),(319,NULL,NULL,23,12,NULL,9,55.000000),(320,NULL,NULL,23,13,NULL,1,90.000000),(321,NULL,NULL,23,13,NULL,7,90.000000),(322,NULL,NULL,23,13,NULL,9,70.000000),(327,NULL,NULL,24,15,NULL,1,50.000000),(328,NULL,NULL,24,15,NULL,7,55.000000),(329,NULL,NULL,24,15,NULL,2,70.000000),(330,NULL,NULL,24,15,NULL,9,45.833330),(331,NULL,NULL,25,15,NULL,1,50.000000),(332,NULL,NULL,25,15,NULL,7,55.000000),(333,NULL,NULL,25,15,NULL,2,70.000000),(334,NULL,NULL,25,15,NULL,9,45.833330),(335,NULL,NULL,26,15,NULL,1,50.000000),(336,NULL,NULL,26,15,NULL,7,55.000000),(337,NULL,NULL,26,15,NULL,2,70.000000),(338,NULL,NULL,26,15,NULL,9,45.833330),(340,NULL,NULL,27,16,NULL,9,15.000000),(341,NULL,NULL,28,16,NULL,1,25.000000),(342,NULL,NULL,28,16,NULL,9,15.000000),(343,NULL,NULL,29,16,NULL,1,20.000000),(344,NULL,NULL,29,16,NULL,9,12.000000),(345,NULL,NULL,30,16,NULL,1,20.000000),(346,NULL,NULL,30,16,NULL,9,12.500000),(347,NULL,NULL,31,9,NULL,4,40.700000),(348,NULL,NULL,31,9,NULL,3,34.300000),(349,NULL,NULL,31,9,NULL,8,40.700000),(350,NULL,NULL,31,9,NULL,1,19.500000),(351,NULL,NULL,31,9,NULL,7,20.800000),(352,NULL,NULL,31,9,NULL,2,34.300000),(353,NULL,NULL,31,9,NULL,5,34.300000),(354,NULL,NULL,31,9,NULL,6,40.700000),(355,NULL,NULL,31,9,NULL,9,10.833000),(356,NULL,NULL,31,10,NULL,4,40.700000),(357,NULL,NULL,31,10,NULL,3,34.300000),(358,NULL,NULL,31,10,NULL,8,40.700000),(359,NULL,NULL,31,10,NULL,1,19.500000),(360,NULL,NULL,31,10,NULL,7,20.800000),(361,NULL,NULL,31,10,NULL,2,34.300000),(362,NULL,NULL,31,10,NULL,5,34.300000),(363,NULL,NULL,31,10,NULL,6,40.700000),(364,NULL,NULL,31,10,NULL,9,10.833000),(365,NULL,NULL,32,9,NULL,4,40.700000),(366,NULL,NULL,32,9,NULL,3,34.300000),(367,NULL,NULL,32,9,NULL,8,40.700000),(368,NULL,NULL,32,9,NULL,1,19.500000),(369,NULL,NULL,32,9,NULL,7,20.800000),(370,NULL,NULL,32,9,NULL,2,34.300000),(371,NULL,NULL,32,9,NULL,5,34.300000),(372,NULL,NULL,32,9,NULL,6,40.700000),(373,NULL,NULL,32,9,NULL,9,12.500000),(374,NULL,NULL,32,10,NULL,4,40.700000),(375,NULL,NULL,32,10,NULL,3,34.300000),(376,NULL,NULL,32,10,NULL,8,40.700000),(377,NULL,NULL,32,10,NULL,1,19.500000),(378,NULL,NULL,32,10,NULL,7,20.800000),(379,NULL,NULL,32,10,NULL,2,34.300000),(380,NULL,NULL,32,10,NULL,5,34.300000),(381,NULL,NULL,32,10,NULL,6,40.700000),(382,NULL,NULL,32,10,NULL,9,12.500000),(383,NULL,NULL,35,9,NULL,4,40.700000),(384,NULL,NULL,35,9,NULL,3,34.300000),(385,NULL,NULL,35,9,NULL,8,40.700000),(386,NULL,NULL,35,9,NULL,1,19.500000),(387,NULL,NULL,35,9,NULL,7,20.800000),(388,NULL,NULL,35,9,NULL,2,34.300000),(389,NULL,NULL,35,9,NULL,5,34.300000),(390,NULL,NULL,35,9,NULL,6,40.700000),(391,NULL,NULL,35,9,NULL,9,12.500000),(392,NULL,NULL,35,10,NULL,4,40.700000),(393,NULL,NULL,35,10,NULL,3,34.300000),(394,NULL,NULL,35,10,NULL,8,40.700000),(395,NULL,NULL,35,10,NULL,1,19.500000),(396,NULL,NULL,35,10,NULL,7,20.800000),(397,NULL,NULL,35,10,NULL,2,34.300000),(398,NULL,NULL,35,10,NULL,5,34.300000),(399,NULL,NULL,35,10,NULL,6,40.700000),(400,NULL,NULL,35,10,NULL,9,12.500000),(410,NULL,NULL,36,17,NULL,4,0.000000),(411,NULL,NULL,36,17,NULL,3,0.000000),(412,NULL,NULL,36,17,NULL,8,0.000000),(413,NULL,NULL,36,17,NULL,1,0.000000),(414,NULL,NULL,36,17,NULL,7,0.000000),(415,NULL,NULL,36,17,NULL,2,0.000000),(416,NULL,NULL,36,17,NULL,5,0.000000),(417,NULL,NULL,36,17,NULL,6,0.000000),(418,NULL,NULL,36,17,NULL,9,0.000000),(419,NULL,NULL,38,9,NULL,4,40.700000),(420,NULL,NULL,38,9,NULL,3,34.300000),(421,NULL,NULL,38,9,NULL,8,40.700000),(422,NULL,NULL,38,9,NULL,1,19.500000),(423,NULL,NULL,38,9,NULL,7,20.800000),(424,NULL,NULL,38,9,NULL,2,34.300000),(425,NULL,NULL,38,9,NULL,5,34.300000),(426,NULL,NULL,38,9,NULL,6,40.700000),(427,NULL,NULL,38,9,NULL,9,10.833333),(428,NULL,NULL,38,10,NULL,4,40.700000),(429,NULL,NULL,38,10,NULL,3,34.300000),(430,NULL,NULL,38,10,NULL,8,40.700000),(431,NULL,NULL,38,10,NULL,1,19.500000),(432,NULL,NULL,38,10,NULL,7,20.800000),(433,NULL,NULL,38,10,NULL,2,34.300000),(434,NULL,NULL,38,10,NULL,5,34.300000),(435,NULL,NULL,38,10,NULL,6,40.700000),(436,NULL,NULL,38,10,NULL,9,10.833333),(437,NULL,NULL,39,9,NULL,4,40.700000),(438,NULL,NULL,39,9,NULL,3,34.300000),(439,NULL,NULL,39,9,NULL,8,40.700000),(440,NULL,NULL,39,9,NULL,1,19.500000),(441,NULL,NULL,39,9,NULL,7,20.800000),(442,NULL,NULL,39,9,NULL,2,34.300000),(443,NULL,NULL,39,9,NULL,5,34.300000),(444,NULL,NULL,39,9,NULL,6,40.700000),(445,NULL,NULL,39,9,NULL,9,12.500000),(446,NULL,NULL,39,10,NULL,4,40.700000),(447,NULL,NULL,39,10,NULL,3,34.300000),(448,NULL,NULL,39,10,NULL,8,40.700000),(449,NULL,NULL,39,10,NULL,1,19.500000),(450,NULL,NULL,39,10,NULL,7,20.800000),(451,NULL,NULL,39,10,NULL,2,34.300000),(452,NULL,NULL,39,10,NULL,5,34.300000),(453,NULL,NULL,39,10,NULL,6,40.700000),(454,NULL,NULL,39,10,NULL,9,12.500000),(455,NULL,NULL,40,9,NULL,4,40.700000),(456,NULL,NULL,40,9,NULL,3,34.300000),(457,NULL,NULL,40,9,NULL,8,40.700000),(458,NULL,NULL,40,9,NULL,1,12.500000),(459,NULL,NULL,40,9,NULL,7,20.800000),(460,NULL,NULL,40,9,NULL,2,34.300000),(461,NULL,NULL,40,9,NULL,5,34.300000),(462,NULL,NULL,40,9,NULL,6,40.700000),(463,NULL,NULL,40,9,NULL,9,12.500000),(464,NULL,NULL,40,10,NULL,4,40.700000),(465,NULL,NULL,40,10,NULL,3,34.300000),(466,NULL,NULL,40,10,NULL,8,40.700000),(467,NULL,NULL,40,10,NULL,1,12.500000),(468,NULL,NULL,40,10,NULL,7,20.800000),(469,NULL,NULL,40,10,NULL,2,34.300000),(470,NULL,NULL,40,10,NULL,5,34.300000),(471,NULL,NULL,40,10,NULL,6,40.700000),(472,NULL,NULL,40,10,NULL,9,12.500000),(476,NULL,NULL,41,18,NULL,1,60.000000),(477,NULL,NULL,41,18,NULL,7,70.000000),(478,NULL,NULL,41,18,NULL,9,50.000000),(482,NULL,NULL,41,19,NULL,1,90.000000),(483,NULL,NULL,41,19,NULL,7,100.000000),(484,NULL,NULL,41,19,NULL,9,80.000000),(488,NULL,NULL,41,20,NULL,1,180.000000),(489,NULL,NULL,41,20,NULL,7,200.000000),(490,NULL,NULL,41,20,NULL,9,150.000000),(494,NULL,NULL,42,21,NULL,1,100.000000),(495,NULL,NULL,42,21,NULL,7,120.000000),(496,NULL,NULL,42,21,NULL,9,80.000000),(500,NULL,NULL,42,22,NULL,1,250.000000),(501,NULL,NULL,42,22,NULL,7,300.000000),(502,NULL,NULL,42,22,NULL,9,150.000000),(506,NULL,NULL,42,23,NULL,1,400.000000),(507,NULL,NULL,42,23,NULL,7,500.000000),(508,NULL,NULL,42,23,NULL,9,150.000000),(509,NULL,NULL,43,18,NULL,1,100.000000),(510,NULL,NULL,43,18,NULL,7,120.000000),(511,NULL,NULL,43,18,NULL,9,80.000000),(512,NULL,NULL,43,19,NULL,1,250.000000),(513,NULL,NULL,43,19,NULL,7,300.000000),(514,NULL,NULL,43,19,NULL,9,150.000000),(515,NULL,NULL,43,20,NULL,1,400.000000),(516,NULL,NULL,43,20,NULL,7,500.000000),(517,NULL,NULL,43,20,NULL,9,150.000000),(518,NULL,NULL,44,21,NULL,1,100.000000),(519,NULL,NULL,44,21,NULL,7,120.000000),(520,NULL,NULL,44,21,NULL,9,80.000000),(521,NULL,NULL,44,22,NULL,1,250.000000),(522,NULL,NULL,44,22,NULL,7,300.000000),(523,NULL,NULL,44,22,NULL,9,125.000000),(524,NULL,NULL,44,23,NULL,1,400.000000),(525,NULL,NULL,44,23,NULL,7,500.000000),(526,NULL,NULL,44,23,NULL,9,150.000000),(536,NULL,NULL,46,25,NULL,1,100.000000),(537,NULL,NULL,46,25,NULL,7,120.000000),(538,NULL,NULL,46,25,NULL,9,80.000000),(539,NULL,NULL,46,23,NULL,1,250.000000),(540,NULL,NULL,46,23,NULL,7,300.000000),(541,NULL,NULL,46,23,NULL,9,125.000000),(542,NULL,NULL,46,24,NULL,1,400.000000),(543,NULL,NULL,46,24,NULL,7,500.000000),(544,NULL,NULL,46,24,NULL,9,150.000000),(545,NULL,NULL,47,24,NULL,1,30.000000),(546,NULL,NULL,47,24,NULL,7,30.000000),(547,NULL,NULL,47,24,NULL,9,20.000000),(548,NULL,NULL,47,25,NULL,1,100.000000),(549,NULL,NULL,47,25,NULL,7,120.000000),(550,NULL,NULL,47,25,NULL,9,80.000000),(551,NULL,NULL,47,23,NULL,1,250.000000),(552,NULL,NULL,47,23,NULL,7,300.000000),(553,NULL,NULL,47,23,NULL,9,125.000000),(554,NULL,NULL,48,24,NULL,1,30.000000),(555,NULL,NULL,48,24,NULL,7,30.000000),(556,NULL,NULL,48,24,NULL,9,20.000000),(557,NULL,NULL,48,25,NULL,1,100.000000),(558,NULL,NULL,48,25,NULL,7,120.000000),(559,NULL,NULL,48,25,NULL,9,80.000000),(560,NULL,NULL,48,23,NULL,1,250.000000),(561,NULL,NULL,48,23,NULL,7,300.000000),(562,NULL,NULL,48,23,NULL,9,125.000000),(566,NULL,NULL,52,26,NULL,1,30.000000),(567,NULL,NULL,52,26,NULL,7,30.000000),(568,NULL,NULL,52,26,NULL,9,20.000000),(572,NULL,NULL,52,27,NULL,1,100.000000),(573,NULL,NULL,52,27,NULL,7,120.000000),(574,NULL,NULL,52,27,NULL,9,80.000000),(578,NULL,NULL,52,28,NULL,1,250.000000),(579,NULL,NULL,52,28,NULL,7,300.000000),(580,NULL,NULL,52,28,NULL,9,125.000000),(584,NULL,NULL,52,29,NULL,1,400.000000),(585,NULL,NULL,52,29,NULL,7,500.000000),(586,NULL,NULL,52,29,NULL,9,150.000000),(587,NULL,NULL,56,26,NULL,1,30.000000),(588,NULL,NULL,56,26,NULL,7,30.000000),(589,NULL,NULL,56,26,NULL,9,20.000000),(590,NULL,NULL,56,27,NULL,1,40.000000),(591,NULL,NULL,56,27,NULL,7,50.000000),(592,NULL,NULL,56,27,NULL,9,30.000000),(593,NULL,NULL,56,28,NULL,1,60.000000),(594,NULL,NULL,56,28,NULL,7,80.000000),(595,NULL,NULL,56,28,NULL,9,60.000000),(599,NULL,NULL,56,30,NULL,1,200.000000),(600,NULL,NULL,56,30,NULL,7,300.000000),(601,NULL,NULL,56,30,NULL,9,150.000000),(602,NULL,NULL,57,26,NULL,1,30.000000),(603,NULL,NULL,57,26,NULL,7,40.000000),(604,NULL,NULL,57,26,NULL,9,20.000000),(605,NULL,NULL,57,27,NULL,1,40.000000),(606,NULL,NULL,57,27,NULL,7,50.000000),(607,NULL,NULL,57,27,NULL,9,30.000000),(608,NULL,NULL,57,28,NULL,1,60.000000),(609,NULL,NULL,57,28,NULL,7,80.000000),(610,NULL,NULL,57,28,NULL,9,60.000000),(611,NULL,NULL,57,30,NULL,1,200.000000),(612,NULL,NULL,57,30,NULL,7,300.000000),(613,NULL,NULL,57,30,NULL,9,150.000000),(614,NULL,NULL,58,9,NULL,4,40.700000),(615,NULL,NULL,58,9,NULL,3,45.000000),(616,NULL,NULL,58,9,NULL,8,40.700000),(617,NULL,NULL,58,9,NULL,1,12.500000),(618,NULL,NULL,58,9,NULL,7,20.800000),(619,NULL,NULL,58,9,NULL,2,45.000000),(620,NULL,NULL,58,9,NULL,5,50.000000),(621,NULL,NULL,58,9,NULL,6,45.000000),(622,NULL,NULL,58,9,NULL,9,12.500000),(623,NULL,NULL,58,10,NULL,4,40.700000),(624,NULL,NULL,58,10,NULL,3,45.000000),(625,NULL,NULL,58,10,NULL,8,40.700000),(626,NULL,NULL,58,10,NULL,1,12.500000),(627,NULL,NULL,58,10,NULL,7,20.800000),(628,NULL,NULL,58,10,NULL,2,45.000000),(629,NULL,NULL,58,10,NULL,5,50.000000),(630,NULL,NULL,58,10,NULL,6,45.000000),(631,NULL,NULL,58,10,NULL,9,12.500000),(641,NULL,NULL,59,32,NULL,1,25.000000),(642,NULL,NULL,59,32,NULL,7,40.000000),(643,NULL,NULL,59,32,NULL,9,20.000000),(644,NULL,NULL,59,28,NULL,1,40.000000),(645,NULL,NULL,59,28,NULL,7,50.000000),(646,NULL,NULL,59,28,NULL,9,30.000000),(647,NULL,NULL,59,30,NULL,1,60.000000),(648,NULL,NULL,59,30,NULL,7,80.000000),(649,NULL,NULL,59,30,NULL,9,60.000000),(650,NULL,NULL,59,31,NULL,1,150.000000),(651,NULL,NULL,59,31,NULL,7,250.000000),(652,NULL,NULL,59,31,NULL,9,150.000000),(653,NULL,NULL,60,31,NULL,1,15.000000),(654,NULL,NULL,60,31,NULL,7,25.000000),(655,NULL,NULL,60,31,NULL,9,10.000000),(656,NULL,NULL,60,32,NULL,1,25.000000),(657,NULL,NULL,60,32,NULL,7,40.000000),(658,NULL,NULL,60,32,NULL,9,20.000000),(659,NULL,NULL,60,28,NULL,1,40.000000),(660,NULL,NULL,60,28,NULL,7,50.000000),(661,NULL,NULL,60,28,NULL,9,30.000000),(662,NULL,NULL,60,30,NULL,1,60.000000),(663,NULL,NULL,60,30,NULL,7,80.000000),(664,NULL,NULL,60,30,NULL,9,60.000000),(665,NULL,NULL,61,31,NULL,1,15.000000),(666,NULL,NULL,61,31,NULL,7,25.000000),(667,NULL,NULL,61,31,NULL,9,10.000000),(668,NULL,NULL,61,32,NULL,1,25.000000),(669,NULL,NULL,61,32,NULL,7,40.000000),(670,NULL,NULL,61,32,NULL,9,20.000000),(674,NULL,NULL,61,33,NULL,1,80.000000),(675,NULL,NULL,61,33,NULL,7,100.000000),(676,NULL,NULL,61,33,NULL,9,40.000000),(677,NULL,NULL,61,30,NULL,1,150.000000),(678,NULL,NULL,61,30,NULL,7,150.000000),(679,NULL,NULL,61,30,NULL,9,0.000000);

--
-- Table structure for table `pre3303_emailsubscription`
--

CREATE TABLE `pre3303_emailsubscription` (
  `id` int(6) NOT NULL AUTO_INCREMENT,
  `id_shop` int(10) unsigned NOT NULL DEFAULT '1',
  `id_shop_group` int(10) unsigned NOT NULL DEFAULT '1',
  `email` varchar(255) NOT NULL,
  `newsletter_date_add` datetime DEFAULT NULL,
  `ip_registration_newsletter` varchar(15) NOT NULL,
  `http_referer` varchar(255) DEFAULT NULL,
  `active` tinyint(1) NOT NULL DEFAULT '0',
  PRIMARY KEY (`id`)
) ENGINE=InnoDB AUTO_INCREMENT=5 DEFAULT CHARSET=utf8;

--
-- Dumping data for table `pre3303_emailsubscription`
--

INSERT INTO `pre3303_emailsubscription` VALUES (1,5,1,'bruno.coulon@free.fr','2018-08-28 18:31:40','37.171.250.50',NULL,1),(3,5,1,'Bruno.palier@sciencespo.fr','2018-10-05 17:49:00','80.215.94.249',NULL,1),(4,5,1,'Juliette.raynaud@gmail.com','2018-10-05 18:01:35','80.215.94.249',NULL,1);

--
-- Table structure for table `pre3303_employee`
--

CREATE TABLE `pre3303_employee` (
  `id_employee` int(10) unsigned NOT NULL AUTO_INCREMENT,
  `id_profile` int(10) unsigned NOT NULL,
  `id_lang` int(10) unsigned NOT NULL DEFAULT '0',
  `lastname` varchar(32) NOT NULL,
  `firstname` varchar(32) NOT NULL,
  `email` varchar(128) NOT NULL,
  `passwd` varchar(60) NOT NULL,
  `last_passwd_gen` timestamp NOT NULL DEFAULT CURRENT_TIMESTAMP,
  `stats_date_from` date DEFAULT NULL,
  `stats_date_to` date DEFAULT NULL,
  `stats_compare_from` date DEFAULT NULL,
  `stats_compare_to` date DEFAULT NULL,
  `stats_compare_option` int(1) unsigned NOT NULL DEFAULT '1',
  `preselect_date_range` varchar(32) DEFAULT NULL,
  `bo_color` varchar(32) DEFAULT NULL,
  `bo_theme` varchar(32) DEFAULT NULL,
  `bo_css` varchar(64) DEFAULT NULL,
  `default_tab` int(10) unsigned NOT NULL DEFAULT '0',
  `bo_width` int(10) unsigned NOT NULL DEFAULT '0',
  `bo_menu` tinyint(1) NOT NULL DEFAULT '1',
  `active` tinyint(1) unsigned NOT NULL DEFAULT '0',
  `optin` tinyint(1) unsigned NOT NULL DEFAULT '1',
  `id_last_order` int(10) unsigned NOT NULL DEFAULT '0',
  `id_last_customer_message` int(10) unsigned NOT NULL DEFAULT '0',
  `id_last_customer` int(10) unsigned NOT NULL DEFAULT '0',
  `last_connection_date` date DEFAULT NULL,
  `reset_password_token` varchar(40) DEFAULT NULL,
  `reset_password_validity` datetime DEFAULT NULL,
  PRIMARY KEY (`id_employee`),
  KEY `employee_login` (`email`,`passwd`),
  KEY `id_employee_passwd` (`id_employee`,`passwd`),
  KEY `id_profile` (`id_profile`)
) ENGINE=InnoDB AUTO_INCREMENT=10 DEFAULT CHARSET=utf8;

--
-- Dumping data for table `pre3303_employee`
--

INSERT INTO `pre3303_employee` VALUES (1,1,1,'Knafo Joël','Joseph','jknafo@lisit.com','$2y$10$7NGpRadmZ6FvcOca7sVfHuv.ZhRnkMCaEdyPtxO56KEf13NOp1umO','2018-05-23 10:48:13','2018-06-01','2018-06-30','0000-00-00','0000-00-00',1,'','','default','theme.css',1,0,1,1,1,105,56,6370,NULL,'','0000-00-00 00:00:00'),(2,1,1,'PEDEN','Thierry','thierry.peden@free.fr','$2y$10$PBj7YI7pX13MVxB3JC7EWuNUGHcNSbCPWANa9PhPfCBsiOg7ZWV0i','2018-05-26 08:34:37','2019-03-01','2019-03-06','0000-00-00','0000-00-00',1,'month','','default','theme.css',1,0,1,1,0,5,0,0,NULL,'','0000-00-00 00:00:00'),(3,4,1,'Vendeur GJKA','Prenom','test@mail.com','$2y$10$NKQkMF5twGHIpVnn4ZG/Te5YbOVs2xVJpIEzr/OnTRPPRnyq5.W5C','2018-07-11 08:54:36','2018-06-11','2018-07-11','0000-00-00','0000-00-00',1,'','','','theme.css',4,0,1,0,0,0,0,0,NULL,'','0000-00-00 00:00:00'),(4,4,1,'Vendeur Litho','Prenom','vendeurLitho@mail.com','$2y$10$PYXAdCp0psnqJwx6HEXkh.z5oI8G0gkLDeodiz.MumHN2HTEuJ7dS','2018-07-11 08:55:42','2018-06-11','2018-07-11','0000-00-00','0000-00-00',1,NULL,NULL,NULL,'theme.css',4,0,1,0,1,0,0,0,NULL,NULL,'0000-00-00 00:00:00'),(5,1,2,'Prestashop','Support','support.prestashop@lisit.com','$2y$10$rYqFzbRrav55tEKOMiQure7ubphhxtu6F447qmig.xGT47dE42d9.','2018-07-19 06:22:01','2018-06-19','2018-07-19','0000-00-00','0000-00-00',1,'','','default','theme.css',1,0,1,0,0,0,0,0,NULL,'','0000-00-00 00:00:00'),(6,4,1,'Mazac','Pascaline','pascaline@litho.online','$2y$10$AI6J8cKjVe39Y8P9DJwrGu5xj.1peTds3LE0X/1FVdsuZvvJBqEfi','2018-11-08 05:51:03','2018-10-08','2018-11-08','0000-00-00','0000-00-00',1,'','','default','theme.css',4,0,1,1,0,0,0,0,NULL,'','0000-00-00 00:00:00'),(7,1,1,'Kasinski','Marek','mkasinski@me.com','$2y$10$5KSjhfhZjYDyaWOEOVZst.8wbQeCemicJi0FTmSIlsPVhqaOKyHGW','2019-01-09 15:43:34','2018-11-23','2018-11-26','0000-00-00','0000-00-00',1,'day','','default','theme.css',1,0,1,1,1,42,63,6396,NULL,'','0000-00-00 00:00:00'),(8,1,1,'Duchemin','Marion','marion@mercurymcm.com','$2y$10$xQxh/Yi56QzBRlZxOMD3q.G0fYhHmOF5voCzO9hHhek.SEhauxvA.','2019-02-11 08:02:44','2019-06-28','2019-06-28','0000-00-00','0000-00-00',1,'day','','default','theme.css',1,0,1,1,1,266,115,6579,NULL,'','0000-00-00 00:00:00'),(9,1,1,'Bonhoure','Juliette','juliette@joelknafo-art.com','$2y$10$J9zdYZv193WCJA47f8zXJ.uev8Nx5BiEcyqeBL4L3OuDsccqzwjjO','2019-06-05 07:57:05','2019-05-05','2019-06-05','0000-00-00','0000-00-00',1,'','','default','theme.css',1,0,1,1,0,226,107,6550,NULL,'','0000-00-00 00:00:00');

--
-- Table structure for table `pre3303_employee_shop`
--

CREATE TABLE `pre3303_employee_shop` (
  `id_employee` int(11) unsigned NOT NULL,
  `id_shop` int(11) unsigned NOT NULL,
  PRIMARY KEY (`id_employee`,`id_shop`),
  KEY `id_shop` (`id_shop`)
) ENGINE=InnoDB DEFAULT CHARSET=utf8;

--
-- Dumping data for table `pre3303_employee_shop`
--

INSERT INTO `pre3303_employee_shop` VALUES (1,2),(2,2),(3,2),(5,2),(7,2),(8,2),(9,2),(1,4),(2,4),(3,4),(5,4),(6,4),(7,4),(8,4),(9,4),(1,5),(2,5),(3,5),(5,5),(7,5),(8,5),(9,5);

--
-- Table structure for table `pre3303_ets_mm_block`
--

CREATE TABLE `pre3303_ets_mm_block` (
  `id_block` int(10) unsigned NOT NULL AUTO_INCREMENT,
  `id_column` int(11) DEFAULT NULL,
  `block_type` varchar(20) CHARACTER SET utf8 COLLATE utf8_bin NOT NULL DEFAULT 'HTML',
  `image` varchar(500) NOT NULL,
  `sort_order` int(11) NOT NULL DEFAULT '1',
  `enabled` tinyint(1) NOT NULL DEFAULT '1',
  `id_categories` varchar(500) DEFAULT NULL,
  `order_by_category` varchar(500) DEFAULT NULL,
  `id_manufacturers` varchar(500) DEFAULT NULL,
  `order_by_manufacturers` varchar(500) DEFAULT NULL,
  `display_mnu_img` tinyint(1) NOT NULL DEFAULT '1',
  `display_mnu_name` tinyint(1) NOT NULL DEFAULT '1',
  `display_mnu_inline` varchar(500) DEFAULT NULL,
  `id_suppliers` varchar(500) DEFAULT NULL,
  `order_by_suppliers` varchar(500) DEFAULT NULL,
  `display_suppliers_img` tinyint(1) NOT NULL DEFAULT '1',
  `display_suppliers_name` tinyint(1) NOT NULL DEFAULT '1',
  `display_suppliers_inline` varchar(500) DEFAULT NULL,
  `product_type` varchar(50) NOT NULL,
  `id_products` varchar(500) NOT NULL,
  `product_count` int(11) NOT NULL,
  `id_cmss` varchar(500) DEFAULT NULL,
  `display_title` tinyint(1) NOT NULL DEFAULT '1',
  `show_description` tinyint(1) NOT NULL DEFAULT '0',
  `show_clock` tinyint(1) NOT NULL DEFAULT '0',
  PRIMARY KEY (`id_block`)
) ENGINE=MyISAM AUTO_INCREMENT=40 DEFAULT CHARSET=utf8;

--
-- Dumping data for table `pre3303_ets_mm_block`
--

INSERT INTO `pre3303_ets_mm_block` VALUES (19,24,'HTML','',3,1,'','cl.name ASC,c.id_category ASC','','name ASC,m.id_manufacturer ASC',0,1,'1','','name ASC,s.id_supplier ASC',0,1,'1','specific','',2,'',0,0,0),(36,28,'HTML','',5,1,'','cl.name ASC,c.id_category ASC','','name ASC,m.id_manufacturer ASC',0,1,'1','','name ASC,s.id_supplier ASC',0,1,'1','specific','',2,'',0,0,0),(17,17,'PRODUCT','',1,1,'','cl.name ASC,c.id_category ASC','','name ASC,m.id_manufacturer ASC',0,1,'1','','name ASC,s.id_supplier ASC',0,1,'1','best','',2,'',1,0,0),(16,16,'CATEGORY','',1,1,'134,129,142,78,96,97,80,103,81,233,241','cl.name ASC,c.id_category ASC','','name ASC,m.id_manufacturer ASC',0,1,'1','','name ASC,s.id_supplier ASC',0,1,'1','specific','',2,'',1,0,0),(15,15,'CATEGORY','',1,1,'120,147,105,111,106,113,98,143,232,234,241','cl.name ASC,c.id_category ASC','','name ASC,m.id_manufacturer ASC',0,1,'1','','name ASC,s.id_supplier ASC',0,1,'1','specific','',2,'',1,0,0),(7,7,'CATEGORY','',1,1,'218,201,213,219,214,221,216,206,226,227','cl.name ASC,c.id_category ASC','','name ASC,m.id_manufacturer ASC',0,1,'1','','name ASC,s.id_supplier ASC',0,1,'1','specific','',2,'',1,0,0),(8,8,'CATEGORY','',1,1,'202,223,222,215,207,205,95','cl.name ASC,c.id_category ASC','','name ASC,m.id_manufacturer ASC',0,1,'1','','name ASC,s.id_supplier ASC',0,1,'1','specific','',2,'',1,0,0),(9,9,'PRODUCT','',1,1,'','cl.name ASC,c.id_category ASC','','name ASC,m.id_manufacturer ASC',0,1,'1','','name ASC,s.id_supplier ASC',0,1,'1','specific','6442-0,4896-0',2,'',1,0,0),(10,8,'HTML','',3,1,'','cl.name ASC,c.id_category ASC','','name ASC,m.id_manufacturer ASC',0,1,'1','','name ASC,s.id_supplier ASC',0,1,'1','specific','',2,'',0,0,0),(11,7,'HTML','',3,1,'','cl.name ASC,c.id_category ASC','','name ASC,m.id_manufacturer ASC',0,1,'1','','name ASC,s.id_supplier ASC',0,1,'1','specific','',2,'',0,0,0),(12,12,'CATEGORY','',1,1,'240','cl.name ASC,c.id_category ASC','','name ASC,m.id_manufacturer ASC',0,1,'1','','name ASC,s.id_supplier ASC',0,1,'1','specific','',2,'',1,0,0),(13,13,'HTML','',1,1,'','cl.name ASC,c.id_category ASC','','name ASC,m.id_manufacturer ASC',0,1,'1','','name ASC,s.id_supplier ASC',0,1,'1','specific','',2,'',1,0,0),(14,14,'IMAGE','newsletter bd s2 002-100x100.jpg',1,1,'','cl.name ASC,c.id_category ASC','','name ASC,m.id_manufacturer ASC',0,1,'1','','name ASC,s.id_supplier ASC',0,1,'1','specific','',2,'',1,0,0),(32,28,'PRODUCT','',4,1,'','cl.name ASC,c.id_category ASC','','name ASC,m.id_manufacturer ASC',0,1,'1','','name ASC,s.id_supplier ASC',0,1,'1','best','',3,'',1,0,0),(33,25,'HTML','',4,1,'','cl.name ASC,c.id_category ASC','','name ASC,m.id_manufacturer ASC',0,1,'1','','name ASC,s.id_supplier ASC',0,1,'1','specific','',2,'',0,0,0),(24,25,'PRODUCT','',1,1,'','cl.name ASC,c.id_category ASC','','name ASC,m.id_manufacturer ASC',0,1,'1','','name ASC,s.id_supplier ASC',0,1,'1','new','',3,'',1,0,0),(23,24,'CATEGORY','',1,1,'101,100,112,104,110,145,109,228,241,242','cl.name ASC,c.id_category ASC','','name ASC,m.id_manufacturer ASC',0,1,'1','','name ASC,s.id_supplier ASC',0,1,'1','specific','',2,'',1,0,0),(28,26,'PRODUCT','',1,1,'','cl.name ASC,c.id_category ASC','','name ASC,m.id_manufacturer ASC',0,1,'1','','name ASC,s.id_supplier ASC',0,1,'1','popular','',3,'',1,0,0),(34,26,'HTML','',4,1,'','cl.name ASC,c.id_category ASC','','name ASC,m.id_manufacturer ASC',0,1,'1','','name ASC,s.id_supplier ASC',0,1,'1','specific','',2,'',0,0,0),(38,34,'PRODUCT','',1,1,'','cl.name ASC,c.id_category ASC','','name ASC,m.id_manufacturer ASC',0,1,'1','','name ASC,s.id_supplier ASC',0,1,'1','specific','4847-0,4588-0',2,'',1,0,0),(39,38,'HTML','',1,1,'','cl.name ASC,c.id_category ASC','','name ASC,m.id_manufacturer ASC',0,1,'1','','name ASC,s.id_supplier ASC',0,1,'1','specific','',2,'',1,0,0);

--
-- Table structure for table `pre3303_ets_mm_block_lang`
--

CREATE TABLE `pre3303_ets_mm_block_lang` (
  `id_block` int(11) NOT NULL,
  `id_lang` int(11) NOT NULL,
  `title` varchar(500) CHARACTER SET utf8 COLLATE utf8_bin DEFAULT NULL,
  `content` text CHARACTER SET utf8 COLLATE utf8_bin,
  `title_link` varchar(500) CHARACTER SET utf8 COLLATE utf8_bin DEFAULT NULL,
  `image_link` varchar(500) CHARACTER SET utf8 COLLATE utf8_bin DEFAULT NULL
) ENGINE=MyISAM DEFAULT CHARSET=utf8;

--
-- Dumping data for table `pre3303_ets_mm_block_lang`
--

INSERT INTO `pre3303_ets_mm_block_lang` VALUES (19,1,'Toutes les artistes','<strong><a href=\"https://litho.online/fr/76-artistes\">Tous les artistes</a></strong>','',''),(36,1,'Nos meilleures ventes','<strong><a href=\"../meilleures-ventes\">Toutes nos meilleures ventes</a></strong>','',''),(39,1,'-','-','',''),(17,1,'Aperçu','','',''),(17,2,'Quickview','','',''),(16,1,'Artistes à la Une','','',''),(16,2,'Techniques','','',''),(15,1,'Les artistes','','',''),(15,2,'Artists','','',''),(7,1,'Par Artiste','','',''),(7,2,'Artists','','',''),(8,1,'Par Technique','','',''),(8,2,'Techniques','','',''),(9,1,'Quelques œuvres','','',''),(9,2,'Quickview','','',''),(10,1,'Toutes les techniques','<strong><a href=\"../fr/192-techniques\">Toutes les techniques</a></strong>','',''),(10,2,'All techniques','<strong><a href=\"../en/192-techniques\">All techniques</a></strong>','',''),(11,1,'Toutes les artistes','<strong><a href=\"https://store.joelknafo-art.com/fr/191-artistes\">Tous les artistes</a></strong>','',''),(11,2,'All artists','<strong><a href=\"./en/191-artistes\">All artistes</a></strong>','',''),(12,1,'Découvrir les œuvres exposées (cliquer sur le lien)','','',''),(12,2,'Artworks seen','','',''),(13,1,'Bom.K - Graphite','<font color=\"#FFFFFF\">Du 16 mai au 1er Juin Bom.K vous donne rendez-vous pour découvrir son monde monstrueusement aiguisé <br> <br><br>\r\n\r\n<b> Vernissage jeudi 16 mai 2019 en présence de Bom.K</font><b>','',''),(13,2,'Bom.K - Graphite','Solo Show Bom.K - Graphite\r\n\r\nOpening May 16th from 6:00 pm\r\n\r\nExhibition from May 16th to June 1st','',''),(14,1,'LEK - Décadence Urbaine','','',''),(14,2,'LEK - Décadence Urbaine','','',''),(19,2,'All artists','<strong><a href=\"./en/76-artistes\">All artists</a></strong>','',''),(33,1,'Toutes nos nouvelles oeuvres','<strong><a href=\"../nouvelles-oeuvres\">Toutes nos nouvelles oeuvres</a></strong>','',''),(32,2,'Best sellers','','',''),(32,1,'Meilleures ventes','','',''),(28,1,'Sélection','','',''),(28,2,'Selection','','',''),(33,2,'All our new artworks','<strong><a href=\"../new-artworks\">All our new artworks</a></strong>','',''),(34,1,'Toutes nos sélections','<strong><a href=\"../fr/62-notre-selection\">Toutes nos sélections</a></strong>','',''),(34,2,'All our selection','<strong><a href=\"../en/62-our-selection\">All our selection</a></strong>','',''),(39,2,'-','-','',''),(38,1,'-','','',''),(38,2,'Quickview','','',''),(36,2,'Our best sales','<strong><a href=\"../best-sales\">Our best sales</a></strong>','',''),(24,2,'New','','',''),(24,1,'Nouveautés','','',''),(23,1,'-','','',''),(23,2,'Artists','','','');

--
-- Table structure for table `pre3303_ets_mm_column`
--

CREATE TABLE `pre3303_ets_mm_column` (
  `id_column` int(10) unsigned NOT NULL AUTO_INCREMENT,
  `id_menu` int(11) DEFAULT NULL,
  `id_tab` int(11) DEFAULT NULL,
  `is_breaker` tinyint(1) NOT NULL DEFAULT '0',
  `column_size` varchar(20) CHARACTER SET utf8 COLLATE utf8_bin DEFAULT NULL,
  `sort_order` int(11) NOT NULL DEFAULT '1',
  PRIMARY KEY (`id_column`)
) ENGINE=MyISAM AUTO_INCREMENT=39 DEFAULT CHARSET=utf8;

--
-- Dumping data for table `pre3303_ets_mm_column`
--

INSERT INTO `pre3303_ets_mm_column` VALUES (17,20,0,0,'3',11),(16,20,0,0,'3',9),(15,20,0,0,'3',4),(7,14,0,0,'2',5),(8,14,0,0,'2',11),(9,14,0,0,'3',9),(38,14,0,0,'1',1),(34,14,0,0,'3',10),(12,16,0,0,'2',2),(13,16,0,0,'8',9),(14,16,0,0,'2',1),(26,31,0,0,'3',2),(25,31,0,0,'3',1),(24,20,0,0,'3',8),(28,31,0,0,'3',3);

--
-- Table structure for table `pre3303_ets_mm_menu`
--

CREATE TABLE `pre3303_ets_mm_menu` (
  `id_menu` int(10) unsigned NOT NULL AUTO_INCREMENT,
  `sort_order` int(11) NOT NULL DEFAULT '1',
  `enabled` tinyint(1) unsigned NOT NULL DEFAULT '1',
  `enabled_vertical` int(1) NOT NULL DEFAULT '1',
  `menu_open_new_tab` tinyint(1) unsigned NOT NULL DEFAULT '1',
  `id_cms` int(11) DEFAULT NULL,
  `id_manufacturer` int(11) DEFAULT NULL,
  `id_supplier` int(11) DEFAULT NULL,
  `id_category` int(11) DEFAULT NULL,
  `link_type` varchar(20) CHARACTER SET utf8 COLLATE utf8_bin NOT NULL DEFAULT 'FULL',
  `sub_menu_type` varchar(20) CHARACTER SET utf8 COLLATE utf8_bin NOT NULL DEFAULT 'FULL',
  `sub_menu_max_width` varchar(50) CHARACTER SET utf8 COLLATE utf8_bin NOT NULL,
  `custom_class` varchar(50) CHARACTER SET utf8 COLLATE utf8_bin DEFAULT NULL,
  `menu_icon` varchar(50) CHARACTER SET utf8 COLLATE utf8_bin DEFAULT NULL,
  `menu_img_link` varchar(50) CHARACTER SET utf8 COLLATE utf8_bin DEFAULT NULL,
  `bubble_text_color` varchar(50) DEFAULT NULL,
  `menu_item_width` varchar(50) DEFAULT NULL,
  `tab_item_width` varchar(50) DEFAULT NULL,
  `bubble_background_color` varchar(50) DEFAULT NULL,
  `menu_ver_text_color` varchar(50) DEFAULT NULL,
  `menu_ver_background_color` varchar(50) DEFAULT NULL,
  `background_image` varchar(200) DEFAULT NULL,
  `position_background` varchar(50) DEFAULT NULL,
  `menu_ver_alway_show` tinyint(1) unsigned NOT NULL DEFAULT '0',
  `menu_ver_hidden_border` tinyint(1) unsigned NOT NULL DEFAULT '0',
  `display_tabs_in_full_width` int(1) NOT NULL,
  PRIMARY KEY (`id_menu`)
) ENGINE=MyISAM AUTO_INCREMENT=38 DEFAULT CHARSET=utf8;

--
-- Dumping data for table `pre3303_ets_mm_menu`
--

INSERT INTO `pre3303_ets_mm_menu` VALUES (13,0,1,0,0,0,0,0,0,'HOME','FULL','100%','','fa-home','','#ffffff','230px','230px','#FC4444','#ffffff','#666666','','center',0,0,1),(29,12,1,0,0,0,12,0,0,'MNFT','FULL','100%','','','','#ffffff','230px','230px','#FC4444','#ffffff','#666666','','center',0,0,0),(3,0,1,0,0,0,0,0,0,'HOME','FULL','100%','','fa-home','','#ffffff','230px','230px','#FC4444','#ffffff','#666666','','center',0,0,1),(28,12,1,0,0,0,4,0,0,'MNFT','FULL','100%','','','','#ffffff','230px','230px','#FC4444','#ffffff','#666666','','center',0,0,0),(25,9,1,0,0,0,35,0,0,'MNFT','FULL','100%','','','','#ffffff','230px','230px','#FC4444','#ffffff','#666666','','center',0,0,0),(26,10,1,0,0,0,17,0,0,'MNFT','FULL','100%','','','','#ffffff','230px','230px','#FC4444','#ffffff','#666666','','center',0,0,0),(31,13,1,0,0,0,0,0,0,'CUSTOM','FULL','100%','','','','#ffffff','230px','230px','#FC4444','#ffffff','#666666','','center',0,0,0),(27,12,1,0,0,0,38,0,0,'MNFT','FULL','100%','','','','#ffffff','230px','230px','#FC4444','#ffffff','#666666','','center',0,0,0),(20,1,1,0,0,0,0,0,0,'CUSTOM','FULL','100%','','','','#ffffff','230px','230px','#FC4444','#ffffff','#666666','','center',0,0,0),(19,0,1,0,0,0,0,0,0,'HOME','FULL','100%','','fa-home','','#ffffff','230px','230px','#FC4444','#ffffff','#666666','','center',0,0,1),(14,1,1,0,0,0,0,0,0,'CUSTOM','FULL','100%','','','','#ffffff','230px','230px','#FC4444','#ffffff','#666666','','center',0,0,0),(15,5,1,0,0,0,6,0,0,'MNFT','FULL','100%','','','','#ffffff','230px','230px','#FC4444','#ffffff','#666666','','center',0,0,0),(16,12,1,0,0,0,0,0,210,'CATEGORY','FULL','100%','','','','#ffffff','230px','230px','#FC4444','#ffffff','#666666','','center',0,0,0),(17,8,1,0,0,0,11,0,0,'MNFT','FULL','100%','','','','#ffffff','230px','230px','#FC4444','#ffffff','#666666','','center',0,0,0),(18,4,1,0,0,0,13,0,0,'MNFT','FULL','100%','','','','#ffffff','230px','230px','#FC4444','#ffffff','#666666','','center',0,0,0),(30,12,1,0,0,0,33,0,0,'MNFT','FULL','100%','','','','#ffffff','230px','230px','#FC4444','#ffffff','#666666','','center',0,0,0),(32,3,1,0,0,0,5,0,0,'MNFT','FULL','100%','','','','#ffffff','230px','230px','#FC4444','#ffffff','#666666','','center',0,0,0),(33,7,1,0,0,0,12,0,0,'MNFT','FULL','100%','','','','#ffffff','230px','230px','#FC4444','#ffffff','#666666','','center',0,0,0),(34,2,1,0,0,0,53,0,0,'MNFT','FULL','100%','','','','#ffffff','230px','230px','#FC4444','#ffffff','#666666','','center',0,0,0),(35,6,1,0,0,0,14,0,0,'MNFT','FULL','100%','','','','#ffffff','230px','230px','#FC4444','#ffffff','#666666','','center',0,0,0),(36,11,1,0,0,0,59,0,0,'MNFT','FULL','100%','','','','#ffffff','230px','230px','#FC4444','#ffffff','#666666','','center',0,0,0);

--
-- Table structure for table `pre3303_ets_mm_menu_lang`
--

CREATE TABLE `pre3303_ets_mm_menu_lang` (
  `id_menu` int(10) unsigned NOT NULL,
  `id_lang` int(10) unsigned NOT NULL,
  `title` varchar(500) CHARACTER SET utf8 COLLATE utf8_bin NOT NULL,
  `link` varchar(500) CHARACTER SET utf8 COLLATE utf8_bin DEFAULT NULL,
  `bubble_text` varchar(50) CHARACTER SET utf8 COLLATE utf8_bin DEFAULT NULL
) ENGINE=MyISAM DEFAULT CHARSET=utf8;

--
-- Dumping data for table `pre3303_ets_mm_menu_lang`
--

INSERT INTO `pre3303_ets_mm_menu_lang` VALUES (13,2,'Home','',''),(13,1,'Accueil','',''),(36,1,'Logan Hicks','',''),(3,1,'Accueil','',''),(3,2,'Accueil','',''),(26,1,'Speedy Graphito','',''),(25,2,'S. Fairey (Obey)','',''),(27,2,'Dran','',''),(31,1,'Œuvres','https://litho.online/fr/61-lithoonline','Nouveau, Promo, Selection'),(27,1,'Dran','',''),(26,2,'Speedy Graphito','',''),(20,2,'All Artworks','https://storetest2.joelknafo-art.com/en/61-lithoonline',''),(20,1,'Tous les Artistes','https://litho.online/fr/61-lithoonline',''),(19,2,'Home','',''),(19,1,'Accueil','',''),(14,1,'Toutes les Œuvres','https://store.joelknafo-art.com/fr/56-jka',''),(14,2,'All Artworks','../en/56-jka',''),(15,1,'Ph. Hérard','',''),(15,2,'Philippe Hérard','',''),(16,1,'Evénements','','En ce moment'),(16,2,'Events','','these days'),(17,1,'G. Salzmann','',''),(17,2,'Gottfried Salzmann','',''),(18,1,'R. Froquet','',''),(18,2,'Romain Froquet','',''),(25,1,'S. Fairey (Obey)','',''),(28,1,'Miss Tic','',''),(28,2,'Miss Tic','',''),(29,1,'Levalet','',''),(29,2,'Levalet','',''),(30,1,'C215','',''),(30,2,'Cleon Peterson','',''),(31,2,'Artworks','https://litho.online/en/61-lithoonline','New, Sales, Selection'),(32,1,'Jo Di Bona','',''),(32,2,'Jo Di Bona','',''),(33,1,'Levalet','',''),(33,2,'Levalet','',''),(34,1,'Bom.K','',''),(34,2,'Bom.K','',''),(35,1,'Lek','','Expo en cours'),(35,2,'Lek','','Exhibition'),(36,2,'Logan Hicks','','');

--
-- Table structure for table `pre3303_ets_mm_menu_shop`
--

CREATE TABLE `pre3303_ets_mm_menu_shop` (
  `id_menu` int(10) unsigned NOT NULL,
  `id_shop` int(11) DEFAULT NULL
) ENGINE=MyISAM DEFAULT CHARSET=utf8;

--
-- Dumping data for table `pre3303_ets_mm_menu_shop`
--

INSERT INTO `pre3303_ets_mm_menu_shop` VALUES (1,2),(2,4),(3,5),(4,4),(5,4),(6,4),(7,4),(8,4),(9,4),(10,4),(11,4),(12,4),(13,2),(14,2),(15,2),(16,2),(17,2),(18,2),(19,4),(20,4),(21,4),(22,4),(23,4),(24,4),(25,4),(26,4),(27,4),(28,4),(29,4),(30,4),(31,4),(32,2),(33,2),(34,2),(35,2),(36,4),(37,4);

--
-- Table structure for table `pre3303_ets_mm_tab`
--

CREATE TABLE `pre3303_ets_mm_tab` (
  `id_tab` int(10) unsigned NOT NULL AUTO_INCREMENT,
  `id_menu` int(11) NOT NULL,
  `enabled` int(11) NOT NULL,
  `tab_img_link` text,
  `tab_sub_width` text,
  `tab_sub_content_pos` int(11) NOT NULL,
  `tab_icon` varchar(22) DEFAULT NULL,
  `bubble_text_color` varchar(50) DEFAULT NULL,
  `bubble_background_color` varchar(50) DEFAULT NULL,
  `sort_order` int(11) DEFAULT NULL,
  `background_image` varchar(200) DEFAULT NULL,
  `position_background` varchar(50) DEFAULT NULL,
  PRIMARY KEY (`id_tab`)
) ENGINE=MyISAM DEFAULT CHARSET=utf8;

--
-- Dumping data for table `pre3303_ets_mm_tab`
--


--
-- Table structure for table `pre3303_ets_mm_tab_lang`
--

CREATE TABLE `pre3303_ets_mm_tab_lang` (
  `id_tab` int(10) unsigned NOT NULL,
  `id_lang` int(10) unsigned NOT NULL,
  `title` varchar(500) CHARACTER SET utf8 COLLATE utf8_bin NOT NULL,
  `url` text,
  `bubble_text` varchar(500) CHARACTER SET utf8 COLLATE utf8_bin NOT NULL
) ENGINE=MyISAM DEFAULT CHARSET=utf8;

--
-- Dumping data for table `pre3303_ets_mm_tab_lang`
--


--
-- Table structure for table `pre3303_facebookpixels`
--

CREATE TABLE `pre3303_facebookpixels` (
  `id_facebookpixels` int(11) NOT NULL AUTO_INCREMENT,
  `pixel_active` int(1) NOT NULL,
  `pixel_name` text,
  `pixel_type` int(2) NOT NULL,
  `pixel_extras` text,
  `pixel_extras_type` int(2) DEFAULT NULL,
  `pixel_extras_name` text,
  PRIMARY KEY (`id_facebookpixels`)
) ENGINE=InnoDB DEFAULT CHARSET=utf8;

--
-- Dumping data for table `pre3303_facebookpixels`
--


--
-- Table structure for table `pre3303_feature`
--

CREATE TABLE `pre3303_feature` (
  `id_feature` int(10) unsigned NOT NULL AUTO_INCREMENT,
  `position` int(10) unsigned NOT NULL DEFAULT '0',
  PRIMARY KEY (`id_feature`)
) ENGINE=InnoDB AUTO_INCREMENT=16 DEFAULT CHARSET=utf8;

--
-- Dumping data for table `pre3303_feature`
--

INSERT INTO `pre3303_feature` VALUES (1,3),(2,4),(3,5),(4,6),(8,9),(9,8),(10,2),(11,0),(12,7),(14,1),(15,10);

--
-- Table structure for table `pre3303_feature_lang`
--

CREATE TABLE `pre3303_feature_lang` (
  `id_feature` int(10) unsigned NOT NULL,
  `id_lang` int(10) unsigned NOT NULL,
  `name` varchar(128) DEFAULT NULL,
  PRIMARY KEY (`id_feature`,`id_lang`),
  KEY `id_lang` (`id_lang`,`name`)
) ENGINE=InnoDB DEFAULT CHARSET=utf8;

--
-- Dumping data for table `pre3303_feature_lang`
--

INSERT INTO `pre3303_feature_lang` VALUES (11,1,'Année'),(14,1,'Diamètre en cm'),(10,1,'Encadrement'),(1,1,'Hauteur en cm'),(2,1,'Largeur en cm'),(4,1,'Poids en kg'),(3,1,'Profondeur en cm'),(15,1,'Signature'),(9,1,'Support'),(8,1,'Technique'),(12,1,'Tirage numéroté sur'),(11,2,'Date'),(3,2,'Depth in cm'),(14,2,'Diametre in cm'),(10,2,'Frame'),(1,2,'Height in cm'),(12,2,'Numbered copies'),(15,2,'Signature'),(9,2,'Support'),(8,2,'Technique'),(4,2,'Weight'),(2,2,'Width in cm');

--
-- Table structure for table `pre3303_feature_product`
--

CREATE TABLE `pre3303_feature_product` (
  `id_feature` int(10) unsigned NOT NULL,
  `id_product` int(10) unsigned NOT NULL,
  `id_feature_value` int(10) unsigned NOT NULL,
  PRIMARY KEY (`id_feature`,`id_product`,`id_feature_value`),
  KEY `id_feature_value` (`id_feature_value`),
  KEY `id_product` (`id_product`)
) ENGINE=InnoDB DEFAULT CHARSET=utf8;

--
-- Dumping data for table `pre3303_feature_product`
--

INSERT INTO `pre3303_feature_product` VALUES (8,2617,34),(8,2619,34),(8,2621,34),(8,2624,34),(8,4028,34),(8,4030,34),(8,4034,34),(8,4039,34),(8,4588,34),(8,4830,34),(8,4832,34),(8,4843,34),(8,5436,34),(8,5440,34),(8,5442,34),(8,6132,34),(8,6133,34),(8,6134,34),(8,6135,34),(8,6136,34),(8,6137,34),(8,6138,34),(8,6139,34),(8,6140,34),(8,6154,34),(8,6155,34),(8,6156,34),(8,6167,34),(8,6202,34),(8,6315,34),(8,6317,34),(8,6318,34),(8,6320,34),(8,6321,34),(8,6322,34),(8,6323,34),(8,6324,34),(8,6325,34),(8,6326,34),(8,6328,34),(8,6363,34),(8,6364,34),(8,6365,34),(8,6366,34),(8,6487,34),(8,6492,34),(8,6548,34),(8,2937,35),(8,3820,35),(8,4487,35),(8,6072,35),(8,6157,36),(8,6543,36),(8,2694,37),(8,2695,37),(8,2696,37),(8,2697,37),(8,2702,37),(8,2706,37),(8,2746,37),(8,2747,37),(8,2748,37),(8,2749,37),(8,2750,37),(8,2753,37),(8,2754,37),(8,2756,37),(8,2757,37),(8,2758,37),(8,2759,37),(8,2760,37),(8,3052,37),(8,3071,37),(8,3818,37),(8,3836,37),(8,3846,37),(8,3955,37),(8,3957,37),(8,4026,37),(8,4059,37),(8,4287,37),(8,4737,37),(8,4837,37),(8,4847,37),(8,4851,37),(8,4853,37),(8,4890,37),(8,4892,37),(8,4896,37),(8,4898,37),(8,4910,37),(8,4917,37),(8,4919,37),(8,4921,37),(8,4923,37),(8,4927,37),(8,4929,37),(8,4959,37),(8,4963,37),(8,4979,37),(8,5149,37),(8,5151,37),(8,5154,37),(8,5155,37),(8,5286,37),(8,5299,37),(8,5301,37),(8,5302,37),(8,5303,37),(8,5432,37),(8,5522,37),(8,5578,37),(8,5580,37),(8,5582,37),(8,5902,37),(8,5903,37),(8,5905,37),(8,5909,37),(8,5911,37),(8,5943,37),(8,5944,37),(8,5945,37),(8,5956,37),(8,5975,37),(8,5977,37),(8,5980,37),(8,5982,37),(8,5983,37),(8,5988,37),(8,5993,37),(8,5994,37),(8,5995,37),(8,6030,37),(8,6031,37),(8,6037,37),(8,6112,37),(8,6113,37),(8,6118,37),(8,6128,37),(8,6129,37),(8,6130,37),(8,6131,37),(8,6141,37),(8,6142,37),(8,6143,37),(8,6144,37),(8,6145,37),(8,6146,37),(8,6147,37),(8,6148,37),(8,6149,37),(8,6150,37),(8,6151,37),(8,6152,37),(8,6153,37),(8,6158,37),(8,6162,37),(8,6163,37),(8,6164,37),(8,6165,37),(8,6166,37),(8,6168,37),(8,6169,37),(8,6170,37),(8,6171,37),(8,6172,37),(8,6173,37),(8,6174,37),(8,6175,37),(8,6176,37),(8,6177,37),(8,6178,37),(8,6179,37),(8,6180,37),(8,6187,37),(8,6203,37),(8,6206,37),(8,6218,37),(8,6219,37),(8,6220,37),(8,6221,37),(8,6222,37),(8,6223,37),(8,6224,37),(8,6225,37),(8,6226,37),(8,6227,37),(8,6228,37),(8,6229,37),(8,6230,37),(8,6231,37),(8,6306,37),(8,6307,37),(8,6308,37),(8,6309,37),(8,6311,37),(8,6312,37),(8,6319,37),(8,6327,37),(8,6329,37),(8,6330,37),(8,6331,37),(8,6332,37),(8,6334,37),(8,6335,37),(8,6339,37),(8,6340,37),(8,6341,37),(8,6342,37),(8,6367,37),(8,6368,37),(8,6369,37),(8,6370,37),(8,6371,37),(8,6372,37),(8,6373,37),(8,6374,37),(8,6375,37),(8,6377,37),(8,6378,37),(8,6379,37),(8,6380,37),(8,6381,37),(8,6382,37),(8,6383,37),(8,6386,37),(8,6387,37),(8,6388,37),(8,6389,37),(8,6390,37),(8,6391,37),(8,6393,37),(8,6394,37),(8,6430,37),(8,6431,37),(8,6432,37),(8,6433,37),(8,6434,37),(8,6436,37),(8,6437,37),(8,6438,37),(8,6439,37),(8,6440,37),(8,6441,37),(8,6442,37),(8,6443,37),(8,6482,37),(8,6483,37),(8,6484,37),(8,6485,37),(8,6486,37),(8,6488,37),(8,6489,37),(8,6490,37),(8,6491,37),(8,6501,37),(8,6502,37),(8,6504,37),(8,6505,37),(8,6506,37),(8,6508,37),(8,6510,37),(8,6513,37),(8,6514,37),(8,6515,37),(8,6516,37),(8,6517,37),(8,6518,37),(8,6519,37),(8,6520,37),(8,6526,37),(8,6527,37),(8,6528,37),(8,6529,37),(8,6530,37),(8,6531,37),(8,6532,37),(8,6533,37),(8,6534,37),(8,6535,37),(8,6536,37),(8,6537,37),(8,6538,37),(8,6539,37),(8,6540,37),(8,6541,37),(8,6542,37),(8,6547,37),(8,6549,37),(8,6556,37),(8,6557,37),(8,6558,37),(8,6559,37),(8,6560,37),(8,6561,37),(8,6562,37),(8,6563,37),(8,6564,37),(8,6565,37),(8,6566,37),(8,6567,37),(8,6568,37),(8,6569,37),(8,6570,37),(8,6571,37),(8,6572,37),(8,6573,37),(8,6574,37),(8,6575,37),(8,6576,37),(8,6577,37),(8,6578,37),(8,6579,37),(8,6580,37),(8,6581,37),(8,6594,37),(8,6595,37),(8,6596,37),(8,6606,37),(8,6607,37),(8,6608,37),(8,6609,37),(8,6610,37),(8,6611,37),(8,6612,37),(8,6613,37),(8,6614,37),(8,6615,37),(8,6616,37),(8,6617,37),(8,6643,37),(8,6654,37),(8,6655,37),(8,6656,37),(8,6661,37),(8,6677,37),(8,6678,37),(8,6681,37),(8,6682,37),(8,6683,37),(8,6684,37),(8,6685,37),(8,6686,37),(8,6687,37),(8,6688,37),(8,6689,37),(8,6690,37),(8,6691,37),(8,6692,37),(8,6693,37),(8,6694,37),(8,6695,37),(8,6696,37),(8,6697,37),(8,6698,37),(8,6699,37),(8,6700,37),(8,6701,37),(8,6702,37),(8,6703,37),(8,6704,37),(8,6705,37),(8,6706,37),(8,6707,37),(8,6708,37),(8,6709,37),(8,6711,37),(8,6731,37),(8,6732,37),(8,6733,37),(8,6734,37),(8,6735,37),(8,6751,37),(8,6752,37),(9,2617,39),(9,2619,39),(9,2621,39),(9,2624,39),(9,2702,39),(9,2937,39),(9,3052,39),(9,3836,39),(9,3846,39),(9,4059,39),(9,4487,39),(9,4739,39),(9,4959,39),(9,4963,39),(9,4979,39),(9,5149,39),(9,5151,39),(9,5154,39),(9,5155,39),(9,5578,39),(9,5580,39),(9,5582,39),(9,5909,39),(9,5911,39),(9,5943,39),(9,5956,39),(9,5975,39),(9,5977,39),(9,5983,39),(9,6132,39),(9,6133,39),(9,6141,39),(9,6142,39),(9,6143,39),(9,6144,39),(9,6145,39),(9,6146,39),(9,6147,39),(9,6148,39),(9,6149,39),(9,6150,39),(9,6151,39),(9,6152,39),(9,6157,39),(9,6202,39),(9,6203,39),(9,6204,39),(9,6205,39),(9,6246,39),(9,6306,39),(9,6307,39),(9,6308,39),(9,6309,39),(9,6324,39),(9,6328,39),(9,6334,39),(9,6335,39),(9,6339,39),(9,6340,39),(9,6341,39),(9,6357,39),(9,6358,39),(9,6359,39),(9,6360,39),(9,6361,39),(9,6362,39),(9,6363,39),(9,6364,39),(9,6365,39),(9,6366,39),(9,6380,39),(9,6381,39),(9,6382,39),(9,6430,39),(9,6431,39),(9,6432,39),(9,6433,39),(9,6434,39),(9,6437,39),(9,6438,39),(9,6439,39),(9,6440,39),(9,6482,39),(9,6483,39),(9,6484,39),(9,6485,39),(9,6486,39),(9,6488,39),(9,6489,39),(9,6490,39),(9,6491,39),(9,6492,39),(9,6501,39),(9,6502,39),(9,6504,39),(9,6505,39),(9,6506,39),(9,6508,39),(9,6510,39),(9,6513,39),(9,6514,39),(9,6515,39),(9,6516,39),(9,6517,39),(9,6518,39),(9,6519,39),(9,6520,39),(9,6526,39),(9,6527,39),(9,6528,39),(9,6530,39),(9,6531,39),(9,6532,39),(9,6541,39),(9,6542,39),(9,6543,39),(9,6547,39),(9,6548,39),(9,6549,39),(9,6556,39),(9,6557,39),(9,6558,39),(9,6562,39),(9,6563,39),(9,6564,39),(9,6565,39),(9,6566,39),(9,6567,39),(9,6568,39),(9,6569,39),(9,6570,39),(9,6571,39),(9,6572,39),(9,6573,39),(9,6574,39),(9,6607,39),(9,6609,39),(9,6610,39),(9,6611,39),(9,6612,39),(9,6613,39),(9,6614,39),(9,6615,39),(9,6616,39),(9,6617,39),(9,6643,39),(9,6654,39),(9,6655,39),(9,6656,39),(9,6661,39),(9,6677,39),(9,6678,39),(9,6681,39),(9,6682,39),(9,6683,39),(9,6704,39),(9,6731,39),(9,6732,39),(9,6733,39),(9,6734,39),(9,6751,39),(9,6752,39),(9,6758,39),(9,6759,39),(9,3818,40),(9,3820,40),(9,4588,40),(9,4737,40),(9,4830,40),(9,6128,40),(9,6129,40),(9,6130,40),(9,6131,40),(9,6323,40),(9,6327,40),(9,6329,40),(9,6330,40),(9,6331,40),(9,6332,40),(9,6537,40),(9,6538,40),(9,6539,40),(9,6540,40),(9,4931,41),(9,2753,42),(9,2754,42),(9,2756,42),(9,2757,42),(9,2758,42),(9,2759,42),(9,2760,42),(9,3096,42),(9,3097,42),(9,3955,42),(9,3957,42),(9,4016,42),(9,4118,42),(9,4910,42),(9,4917,42),(9,4919,42),(9,4921,42),(9,4923,42),(9,4927,42),(9,5140,42),(9,5142,42),(9,5144,42),(9,5145,42),(9,5146,42),(9,5286,42),(9,5299,42),(9,5301,42),(9,5302,42),(9,5303,42),(9,5520,42),(9,5521,42),(9,5522,42),(9,5902,42),(9,5903,42),(9,5945,42),(9,6038,42),(9,6045,42),(9,6046,42),(9,6065,42),(9,6066,42),(9,6077,42),(9,6093,42),(9,6111,42),(9,6115,42),(9,6116,42),(9,6134,42),(9,6135,42),(9,6136,42),(9,6137,42),(9,6138,42),(9,6139,42),(9,6140,42),(9,6207,42),(9,6208,42),(9,6209,42),(9,6210,42),(9,6213,42),(9,6214,42),(9,6215,42),(9,6216,42),(9,6232,42),(9,6233,42),(9,6234,42),(9,6235,42),(9,6236,42),(9,6237,42),(9,6238,42),(9,6239,42),(9,6241,42),(9,6242,42),(9,6243,42),(9,6244,42),(9,6245,42),(9,6248,42),(9,6249,42),(9,6250,42),(9,6251,42),(9,6252,42),(9,6253,42),(9,6254,42),(9,6255,42),(9,6256,42),(9,6257,42),(9,6258,42),(9,6259,42),(9,6260,42),(9,6261,42),(9,6262,42),(9,6263,42),(9,6264,42),(9,6265,42),(9,6266,42),(9,6267,42),(9,6268,42),(9,6269,42),(9,6270,42),(9,6288,42),(9,6289,42),(9,6290,42),(9,6291,42),(9,6292,42),(9,6293,42),(9,6294,42),(9,6295,42),(9,6296,42),(9,6297,42),(9,6298,42),(9,6299,42),(9,6300,42),(9,6302,42),(9,6303,42),(9,6304,42),(9,6310,42),(9,6325,42),(9,6336,42),(9,6337,42),(9,6338,42),(9,6342,42),(9,6344,42),(9,6367,42),(9,6368,42),(9,6369,42),(9,6370,42),(9,6371,42),(9,6372,42),(9,6373,42),(9,6374,42),(9,6375,42),(9,6383,42),(9,6385,42),(9,6386,42),(9,6387,42),(9,6393,42),(9,6394,42),(9,6398,42),(9,6405,42),(9,6420,42),(9,6422,42),(9,6424,42),(9,6494,42),(9,6496,42),(9,6546,42),(9,6559,42),(9,6560,42),(9,6561,42),(9,6605,42),(9,6618,42),(9,6619,42),(9,6620,42),(9,6621,42),(9,6624,42),(9,6629,42),(9,6644,42),(9,6645,42),(9,6646,42),(9,6647,42),(9,6648,42),(9,6649,42),(9,6650,42),(9,6651,42),(9,6652,42),(9,6653,42),(9,6673,42),(9,6714,42),(9,6728,42),(9,6729,42),(9,6730,42),(9,4028,43),(9,4030,43),(9,4034,43),(9,4039,43),(9,6487,43),(10,6583,45),(10,6584,45),(10,6586,45),(10,6587,45),(10,6588,45),(10,6589,45),(10,6590,45),(10,6591,45),(10,6592,45),(10,6593,45),(10,6597,45),(10,6598,45),(10,6599,45),(10,6600,45),(10,6601,45),(10,6602,45),(10,6603,45),(10,6604,45),(10,6739,45),(10,6740,45),(10,6741,45),(10,6742,45),(10,6743,45),(10,6744,45),(10,6745,45),(10,6746,45),(10,6747,45),(10,6748,45),(10,6749,45),(10,6750,45),(10,6758,45),(10,6759,45),(10,6440,46),(10,6563,46),(10,6564,46),(10,6608,46),(10,6609,46),(10,6610,46),(10,6611,46),(10,6612,46),(10,6613,46),(10,6614,46),(10,6615,46),(10,6616,46),(10,6617,46),(10,6643,46),(10,6654,46),(10,6655,46),(10,6656,46),(10,6720,46),(10,6731,46),(10,6732,46),(10,6734,46),(10,6751,46),(10,6752,46),(10,6383,47),(10,6470,47),(10,6471,47),(10,6585,47),(10,6737,47),(9,2546,70),(9,2547,70),(9,2574,70),(9,2576,70),(9,2577,70),(9,2578,70),(9,2579,70),(9,2580,70),(9,2582,70),(9,2583,70),(9,2585,70),(9,2586,70),(9,2587,70),(9,2588,70),(9,2589,70),(9,2590,70),(9,4320,70),(9,4883,70),(9,4987,70),(9,5031,70),(9,6044,70),(9,6061,70),(9,4944,71),(9,4947,71),(9,6670,71),(9,6671,71),(9,3071,72),(9,4832,72),(9,5523,72),(9,6033,72),(9,6047,72),(9,4965,73),(9,4983,73),(9,6416,73),(9,6417,73),(9,6419,73),(9,6756,73),(9,6757,73),(8,2703,75),(8,2705,75),(8,5527,75),(8,5113,76),(8,5524,76),(8,6079,76),(8,6080,76),(8,6081,76),(8,6082,76),(9,4950,77),(9,4953,77),(9,5338,77),(9,6669,77),(11,2617,80),(11,2619,80),(11,2621,80),(11,2624,80),(11,2696,80),(11,3329,80),(11,3556,80),(11,6064,80),(11,6067,80),(11,6071,80),(11,6106,80),(11,6632,80),(11,6636,80),(11,6652,80),(11,2547,81),(11,2574,81),(11,2576,81),(11,2577,81),(11,2578,81),(11,2579,81),(11,2580,81),(11,2582,81),(11,2583,81),(11,2590,81),(11,2694,81),(11,2695,81),(11,2697,81),(11,2702,81),(11,2703,81),(11,2705,81),(11,2706,81),(11,2746,81),(11,2747,81),(11,2748,81),(11,2749,81),(11,2750,81),(11,2753,81),(11,2754,81),(11,2759,81),(11,2760,81),(11,3982,81),(11,4026,81),(11,4878,81),(11,4987,81),(11,5031,81),(11,6044,81),(11,6057,81),(11,6058,81),(11,6063,81),(11,6074,81),(11,6259,81),(11,6260,81),(11,6305,81),(11,2546,82),(11,2585,82),(11,2586,82),(11,2587,82),(11,2588,82),(11,2589,82),(11,2756,82),(11,2757,82),(11,2758,82),(11,2763,82),(11,2844,82),(11,2937,82),(11,3818,82),(11,3820,82),(11,3966,82),(11,3980,82),(11,3996,82),(11,4487,82),(11,4742,82),(11,4744,82),(11,4746,82),(11,4748,82),(11,4793,82),(11,4858,82),(11,6059,82),(11,6065,82),(11,6066,82),(11,6157,82),(11,6192,82),(11,6202,82),(11,6253,82),(11,6420,82),(11,6422,82),(11,6435,82),(11,6474,82),(11,6543,82),(11,6751,82),(11,2977,84),(11,3052,84),(11,3071,84),(11,3310,84),(11,3325,84),(11,3836,84),(11,3846,84),(11,3974,84),(11,4000,84),(11,4008,84),(11,4010,84),(11,4298,84),(11,4795,84),(11,4860,84),(11,5432,84),(11,5881,84),(11,5884,84),(11,5885,84),(11,6030,84),(11,6031,84),(11,6038,84),(11,6042,84),(11,6043,84),(11,6115,84),(11,6149,84),(11,6214,84),(11,6302,84),(11,6303,84),(11,6430,84),(11,6456,84),(11,6457,84),(11,6458,84),(11,6627,84),(11,6717,84),(11,6728,84),(11,6729,84),(11,6730,84),(11,3097,85),(11,3364,85),(11,3650,85),(11,3661,85),(11,3662,85),(11,3955,85),(11,3957,85),(11,4028,85),(11,4030,85),(11,4034,85),(11,4039,85),(11,4059,85),(11,4070,85),(11,4072,85),(11,4074,85),(11,4081,85),(11,4082,85),(11,4287,85),(11,4320,85),(11,4474,85),(11,4475,85),(11,4482,85),(11,4547,85),(11,4588,85),(11,4737,85),(11,4739,85),(11,4830,85),(11,4832,85),(11,4837,85),(11,4839,85),(11,4841,85),(11,4843,85),(11,4847,85),(11,4851,85),(11,4853,85),(11,4890,85),(11,4892,85),(11,4896,85),(11,4898,85),(11,4910,85),(11,4917,85),(11,4919,85),(11,4921,85),(11,4923,85),(11,4925,85),(11,4927,85),(11,4929,85),(11,4931,85),(11,4933,85),(11,4944,85),(11,4947,85),(11,4950,85),(11,4953,85),(11,4959,85),(11,4963,85),(11,4965,85),(11,4979,85),(11,5049,85),(11,5057,85),(11,5058,85),(11,5113,85),(11,5149,85),(11,5151,85),(11,5154,85),(11,5155,85),(11,5162,85),(11,5163,85),(11,5164,85),(11,5165,85),(11,5166,85),(11,5169,85),(11,5170,85),(11,5286,85),(11,5299,85),(11,5301,85),(11,5302,85),(11,5303,85),(11,5338,85),(11,5445,85),(11,5459,85),(11,5462,85),(11,5487,85),(11,5497,85),(11,5498,85),(11,5499,85),(11,5500,85),(11,5501,85),(11,5502,85),(11,5503,85),(11,5522,85),(11,5524,85),(11,5526,85),(11,5530,85),(11,5560,85),(11,5566,85),(11,5568,85),(11,5578,85),(11,5580,85),(11,5582,85),(11,5722,85),(11,5756,85),(11,5757,85),(11,5758,85),(11,5759,85),(11,5824,85),(11,5864,85),(11,5865,85),(11,5902,85),(11,5903,85),(11,5935,85),(11,5960,85),(11,5975,85),(11,6028,85),(11,6040,85),(11,6047,85),(11,6053,85),(11,6056,85),(11,6070,85),(11,6089,85),(11,6090,85),(11,6094,85),(11,6095,85),(11,6096,85),(11,6097,85),(11,6098,85),(11,6099,85),(11,6100,85),(11,6101,85),(11,6102,85),(11,6103,85),(11,6104,85),(11,6109,85),(11,6110,85),(11,6119,85),(11,6120,85),(11,6121,85),(11,6123,85),(11,6124,85),(11,6125,85),(11,6126,85),(11,6127,85),(11,6150,85),(11,6151,85),(11,6152,85),(11,6153,85),(11,6154,85),(11,6155,85),(11,6166,85),(11,6216,85),(11,6234,85),(11,6235,85),(11,6244,85),(11,6248,85),(11,6249,85),(11,6251,85),(11,6252,85),(11,6256,85),(11,6257,85),(11,6258,85),(11,6288,85),(11,6289,85),(11,6290,85),(11,6291,85),(11,6292,85),(11,6293,85),(11,6294,85),(11,6296,85),(11,6297,85),(11,6354,85),(11,6385,85),(11,6409,85),(11,6421,85),(11,6423,85),(11,6433,85),(11,6436,85),(11,6437,85),(11,6440,85),(11,6443,85),(11,6446,85),(11,6447,85),(11,6462,85),(11,6487,85),(11,6507,85),(11,6509,85),(11,6583,85),(11,6584,85),(11,6586,85),(11,6587,85),(11,6588,85),(11,6589,85),(11,6593,85),(11,6597,85),(11,6625,85),(11,6626,85),(11,6628,85),(11,6630,85),(11,6631,85),(11,6633,85),(11,6719,85),(11,6747,85),(11,6749,85),(11,6750,85),(11,6754,85),(11,6756,85),(11,4983,86),(11,5140,86),(11,5141,86),(11,5142,86),(11,5144,86),(11,5145,86),(11,5146,86),(11,5436,86),(11,5440,86),(11,5442,86),(11,5523,86),(11,5589,86),(11,5595,86),(11,5683,86),(11,5703,86),(11,5740,86),(11,5744,86),(11,5763,86),(11,5776,86),(11,5777,86),(11,5778,86),(11,5779,86),(11,5867,86),(11,5875,86),(11,5876,86),(11,5877,86),(11,5878,86),(11,5879,86),(11,5899,86),(11,5905,86),(11,5909,86),(11,5911,86),(11,5943,86),(11,5944,86),(11,5945,86),(11,5956,86),(11,5977,86),(11,5980,86),(11,5982,86),(11,5983,86),(11,5988,86),(11,5993,86),(11,5994,86),(11,5995,86),(11,6012,86),(11,6017,86),(11,6019,86),(11,6033,86),(11,6034,86),(11,6035,86),(11,6068,86),(11,6072,86),(11,6107,86),(11,6112,86),(11,6113,86),(11,6114,86),(11,6116,86),(11,6117,86),(11,6118,86),(11,6128,86),(11,6129,86),(11,6130,86),(11,6131,86),(11,6132,86),(11,6133,86),(11,6134,86),(11,6135,86),(11,6136,86),(11,6137,86),(11,6138,86),(11,6139,86),(11,6140,86),(11,6141,86),(11,6142,86),(11,6143,86),(11,6144,86),(11,6145,86),(11,6146,86),(11,6147,86),(11,6148,86),(11,6156,86),(11,6162,86),(11,6163,86),(11,6164,86),(11,6165,86),(11,6167,86),(11,6168,86),(11,6169,86),(11,6170,86),(11,6171,86),(11,6172,86),(11,6173,86),(11,6174,86),(11,6175,86),(11,6176,86),(11,6177,86),(11,6178,86),(11,6179,86),(11,6180,86),(11,6181,86),(11,6182,86),(11,6183,86),(11,6184,86),(11,6187,86),(11,6207,86),(11,6208,86),(11,6209,86),(11,6210,86),(11,6213,86),(11,6215,86),(11,6218,86),(11,6219,86),(11,6220,86),(11,6221,86),(11,6222,86),(11,6223,86),(11,6224,86),(11,6225,86),(11,6226,86),(11,6227,86),(11,6228,86),(11,6229,86),(11,6230,86),(11,6231,86),(11,6232,86),(11,6233,86),(11,6236,86),(11,6237,86),(11,6238,86),(11,6239,86),(11,6241,86),(11,6242,86),(11,6243,86),(11,6261,86),(11,6262,86),(11,6263,86),(11,6264,86),(11,6265,86),(11,6266,86),(11,6267,86),(11,6268,86),(11,6269,86),(11,6270,86),(11,6271,86),(11,6272,86),(11,6273,86),(11,6274,86),(11,6275,86),(11,6276,86),(11,6277,86),(11,6278,86),(11,6279,86),(11,6280,86),(11,6281,86),(11,6282,86),(11,6283,86),(11,6284,86),(11,6295,86),(11,6298,86),(11,6299,86),(11,6300,86),(11,6301,86),(11,6304,86),(11,6306,86),(11,6307,86),(11,6308,86),(11,6309,86),(11,6310,86),(11,6311,86),(11,6312,86),(11,6315,86),(11,6317,86),(11,6318,86),(11,6319,86),(11,6320,86),(11,6321,86),(11,6322,86),(11,6323,86),(11,6324,86),(11,6325,86),(11,6326,86),(11,6327,86),(11,6328,86),(11,6329,86),(11,6330,86),(11,6331,86),(11,6332,86),(11,6334,86),(11,6335,86),(11,6336,86),(11,6337,86),(11,6338,86),(11,6339,86),(11,6340,86),(11,6341,86),(11,6342,86),(11,6350,86),(11,6353,86),(11,6357,86),(11,6358,86),(11,6359,86),(11,6360,86),(11,6361,86),(11,6362,86),(11,6363,86),(11,6364,86),(11,6365,86),(11,6366,86),(11,6367,86),(11,6368,86),(11,6369,86),(11,6370,86),(11,6371,86),(11,6372,86),(11,6373,86),(11,6374,86),(11,6375,86),(11,6377,86),(11,6378,86),(11,6379,86),(11,6380,86),(11,6381,86),(11,6382,86),(11,6386,86),(11,6387,86),(11,6388,86),(11,6389,86),(11,6390,86),(11,6391,86),(11,6393,86),(11,6394,86),(11,6398,86),(11,6399,86),(11,6400,86),(11,6407,86),(11,6411,86),(11,6412,86),(11,6413,86),(11,6415,86),(11,6416,86),(11,6417,86),(11,6419,86),(11,6424,86),(11,6425,86),(11,6431,86),(11,6432,86),(11,6434,86),(11,6438,86),(11,6439,86),(11,6441,86),(11,6442,86),(11,6444,86),(11,6445,86),(11,6451,86),(11,6452,86),(11,6454,86),(11,6455,86),(11,6459,86),(11,6460,86),(11,6461,86),(11,6466,86),(11,6467,86),(11,6468,86),(11,6469,86),(11,6470,86),(11,6471,86),(11,6472,86),(11,6473,86),(11,6475,86),(11,6476,86),(11,6477,86),(11,6478,86),(11,6479,86),(11,6480,86),(11,6494,86),(11,6495,86),(11,6496,86),(11,6545,86),(11,6550,86),(11,6551,86),(11,6552,86),(11,6553,86),(11,6554,86),(11,6555,86),(11,6585,86),(11,6590,86),(11,6591,86),(11,6592,86),(11,6598,86),(11,6599,86),(11,6600,86),(11,6601,86),(11,6602,86),(11,6603,86),(11,6604,86),(11,6605,86),(11,6606,86),(11,6635,86),(11,6638,86),(11,6643,86),(11,6664,86),(11,6665,86),(11,6666,86),(11,6668,86),(11,6669,86),(11,6670,86),(11,6671,86),(11,6718,86),(11,6720,86),(11,6721,86),(11,6731,86),(11,6732,86),(11,6733,86),(11,6734,86),(11,6735,86),(11,6736,86),(11,6737,86),(11,6739,86),(11,6740,86),(11,6741,86),(11,6742,86),(11,6743,86),(11,6744,86),(11,6745,86),(11,6746,86),(11,6748,86),(11,6752,86),(11,6753,86),(11,6755,86),(11,6757,86),(11,6759,86),(11,3535,87),(11,4220,87),(11,4462,87),(11,6662,87),(11,6663,87),(1,2546,89),(1,2585,89),(1,2586,89),(1,2588,89),(1,2589,89),(1,4830,89),(1,6152,89),(1,6565,89),(1,6566,89),(1,6567,89),(1,6684,89),(1,6686,89),(1,6687,89),(1,6688,89),(1,6711,89),(2,2546,90),(2,2585,90),(2,2586,90),(2,2588,90),(2,2589,90),(2,3556,90),(2,3836,90),(2,3846,90),(2,6235,90),(2,6665,90),(2,6668,90),(2,6684,90),(2,6686,90),(2,6687,90),(2,6711,90),(8,2546,91),(8,2547,91),(8,2574,91),(8,2576,91),(8,2577,91),(8,2578,91),(8,2579,91),(8,2580,91),(8,2582,91),(8,2583,91),(8,2585,91),(8,2586,91),(8,2587,91),(8,2588,91),(8,2589,91),(8,2590,91),(8,2844,91),(8,4081,91),(8,4082,91),(8,4872,91),(8,4987,91),(8,5031,91),(8,6036,91),(8,6044,91),(8,6045,91),(8,6046,91),(8,6050,91),(8,6051,91),(8,6056,91),(8,6057,91),(8,6058,91),(8,6114,91),(8,6115,91),(8,6116,91),(8,6189,91),(8,6190,91),(8,6193,91),(8,6194,91),(8,6195,91),(8,6197,91),(8,6198,91),(8,6305,91),(11,4118,92),(11,5453,92),(11,5525,92),(11,5564,92),(11,6111,92),(11,5562,93),(11,6048,93),(1,2547,94),(1,2574,94),(1,2576,94),(1,2577,94),(1,2578,94),(1,2579,94),(1,2580,94),(1,2696,94),(1,2697,94),(2,2547,95),(2,2574,95),(2,2576,95),(2,2577,95),(2,2578,95),(2,2579,95),(2,2580,95),(1,2582,96),(1,2583,96),(1,5521,96),(1,6467,96),(1,6753,96),(2,2582,97),(2,2583,97),(2,2763,97),(2,4070,97),(2,4072,97),(2,4074,97),(2,4739,97),(2,5776,97),(2,5777,97),(2,5778,97),(2,5779,97),(2,6047,97),(2,6206,97),(2,6301,97),(2,6350,97),(2,6559,97),(2,6560,97),(2,6561,97),(2,6619,97),(2,6659,97),(2,6712,97),(2,6719,97),(1,2587,98),(1,4837,98),(2,2587,99),(2,4837,99),(2,4874,99),(2,4885,99),(2,6154,99),(2,6155,99),(2,6296,99),(2,6297,99),(2,6298,99),(2,6299,99),(2,6300,99),(2,6304,99),(2,6579,99),(1,2590,100),(1,2844,100),(1,5031,100),(1,6057,100),(1,6058,100),(1,6254,100),(1,6305,100),(1,6720,100),(1,6724,100),(2,2590,101),(2,2844,101),(2,5031,101),(2,6057,101),(2,6058,101),(2,6094,101),(2,6097,101),(2,6233,101),(2,6305,101),(2,6533,101),(2,6534,101),(2,6608,101),(2,6610,101),(2,6611,101),(2,6612,101),(2,6613,101),(2,6614,101),(2,6615,101),(2,6616,101),(2,6617,101),(2,6649,101),(9,2694,102),(9,2695,102),(9,2696,102),(9,2697,102),(1,2694,103),(1,2695,103),(1,2746,103),(1,2747,103),(1,2748,103),(1,2749,103),(1,2750,103),(1,2753,103),(1,2754,103),(1,5020,103),(1,5049,103),(1,6576,103),(1,6577,103),(2,2694,104),(2,2695,104),(2,2746,104),(2,2747,104),(2,2748,104),(2,2749,104),(2,2750,104),(2,6246,104),(2,2696,105),(2,2697,105),(3,2696,106),(3,2697,106),(1,2702,107),(1,2977,107),(1,3556,107),(1,3836,107),(1,3846,107),(1,4739,107),(1,4853,107),(1,4874,107),(1,4883,107),(1,4885,107),(1,5018,107),(1,5162,107),(1,5286,107),(1,5299,107),(1,5301,107),(1,5302,107),(1,5303,107),(1,5683,107),(1,5703,107),(1,5960,107),(1,6129,107),(1,6195,107),(1,6342,107),(1,6354,107),(1,6367,107),(1,6368,107),(1,6369,107),(1,6370,107),(1,6371,107),(1,6372,107),(1,6373,107),(1,6374,107),(1,6375,107),(1,6393,107),(1,6394,107),(1,6411,107),(1,6630,107),(1,6631,107),(1,6665,107),(1,6667,107),(1,6668,107),(1,6685,107),(1,6690,107),(1,6691,107),(1,6706,107),(2,2702,108),(2,2753,108),(2,2754,108),(2,4008,108),(2,5525,108),(2,6056,108),(2,6253,108),(3,2702,109),(3,4965,109),(3,4983,109),(3,6416,109),(3,6417,109),(3,6419,109),(3,6756,109),(3,6757,109),(9,2703,110),(9,2705,110),(9,5527,110),(1,2703,111),(1,2705,111),(1,4944,111),(1,4947,111),(1,6468,111),(1,6469,111),(1,6608,111),(1,6610,111),(1,6611,111),(1,6612,111),(1,6613,111),(1,6614,111),(1,6615,111),(1,6616,111),(1,6617,111),(1,6670,111),(1,6671,111),(2,2703,112),(2,2705,112),(2,4933,112),(2,6673,112),(9,2706,113),(9,4837,113),(9,4841,113),(9,4843,113),(9,4847,113),(9,4851,113),(9,4853,113),(9,4890,113),(9,4892,113),(9,4896,113),(9,4898,113),(9,5436,113),(9,5440,113),(9,5442,113),(9,5905,113),(9,5980,113),(9,5982,113),(9,6034,113),(9,6035,113),(9,6153,113),(9,6162,113),(9,6163,113),(9,6164,113),(9,6165,113),(9,6166,113),(9,6167,113),(9,6168,113),(9,6169,113),(9,6170,113),(9,6171,113),(9,6172,113),(9,6173,113),(9,6174,113),(9,6175,113),(9,6176,113),(9,6177,113),(9,6178,113),(9,6179,113),(9,6180,113),(9,6187,113),(9,6218,113),(9,6219,113),(9,6220,113),(9,6221,113),(9,6222,113),(9,6223,113),(9,6224,113),(9,6225,113),(9,6226,113),(9,6227,113),(9,6228,113),(9,6229,113),(9,6230,113),(9,6231,113),(9,6311,113),(9,6312,113),(9,6315,113),(9,6317,113),(9,6318,113),(9,6319,113),(9,6320,113),(9,6321,113),(9,6322,113),(9,6326,113),(9,6377,113),(9,6378,113),(9,6379,113),(9,6389,113),(9,6390,113),(9,6391,113),(9,6436,113),(9,6441,113),(9,6442,113),(9,6467,113),(9,6529,113),(9,6684,113),(9,6685,113),(9,6686,113),(9,6687,113),(9,6688,113),(9,6689,113),(9,6690,113),(9,6691,113),(9,6692,113),(9,6693,113),(9,6694,113),(9,6695,113),(9,6696,113),(9,6697,113),(9,6698,113),(9,6699,113),(9,6700,113),(9,6701,113),(9,6702,113),(9,6703,113),(9,6705,113),(9,6706,113),(9,6707,113),(9,6708,113),(9,6709,113),(9,6711,113),(9,6753,113),(9,6754,113),(9,6755,113),(1,2706,114),(2,2706,115),(2,4588,115),(2,6569,115),(2,6570,115),(2,6654,115),(2,6655,115),(2,6682,115),(2,6705,115),(2,6751,115),(3,2706,116),(3,6467,116),(3,6753,116),(9,2746,117),(9,2748,117),(1,2756,118),(1,2757,118),(1,2758,118),(1,2759,118),(1,2760,118),(1,4917,118),(1,6419,118),(1,6757,118),(2,2756,119),(2,2757,119),(2,2758,119),(2,2759,119),(2,2760,119),(2,6618,119),(2,6620,119),(2,6621,119),(2,6624,119),(2,6644,119),(2,6645,119),(2,6646,119),(2,6647,119),(2,6648,119),(2,6650,119),(1,2763,121),(1,3820,121),(1,6112,121),(1,6113,121),(1,6117,121),(1,6241,121),(1,6242,121),(1,6243,121),(1,6246,121),(1,6301,121),(1,6302,121),(1,6350,121),(1,6537,121),(1,6538,121),(1,6539,121),(1,6540,121),(1,6575,121),(1,6719,121),(1,2617,122),(1,2937,122),(1,5909,122),(1,6149,122),(1,6150,122),(2,2937,123),(2,2977,125),(2,3310,125),(2,4910,125),(2,5018,125),(2,5530,125),(2,5899,125),(2,5902,125),(2,5903,125),(2,5945,125),(2,6067,125),(2,6386,125),(2,6387,125),(1,3052,126),(1,5149,126),(1,5151,126),(1,5154,126),(1,5155,126),(1,5578,126),(1,5945,126),(1,5980,126),(1,5982,126),(1,5983,126),(1,6067,126),(1,6334,126),(1,6339,126),(1,6341,126),(1,6386,126),(1,6681,126),(1,6683,126),(2,3052,127),(2,5149,127),(2,5151,127),(2,5154,127),(2,5155,127),(2,5578,127),(2,5980,127),(2,5982,127),(2,5983,127),(2,6070,127),(2,6128,127),(2,6310,127),(2,6334,127),(2,6383,127),(2,6681,127),(2,6683,127),(2,6732,127),(2,6733,127),(1,3071,128),(1,4475,128),(1,4742,128),(1,4744,128),(1,4746,128),(1,4748,128),(1,4872,128),(1,5722,128),(1,5756,128),(1,5757,128),(1,5758,128),(1,5759,128),(1,6059,128),(1,6389,128),(1,6620,128),(1,6621,128),(1,6624,128),(1,6644,128),(1,6645,128),(1,6646,128),(1,6647,128),(1,6648,128),(1,6657,128),(1,6658,128),(1,6660,128),(1,6666,128),(1,6676,128),(2,3071,129),(2,3661,129),(2,3662,129),(2,4830,129),(2,5911,129),(2,6151,129),(2,6203,129),(2,6236,129),(2,6237,129),(2,6238,129),(2,6248,129),(2,6409,129),(2,6436,129),(2,6440,129),(2,6536,129),(2,6537,129),(2,6538,129),(2,6539,129),(2,6540,129),(2,6563,129),(2,6564,129),(2,6677,129),(2,6678,129),(2,6692,129),(2,6693,129),(2,6694,129),(2,6695,129),(2,6696,129),(2,6697,129),(2,6698,129),(2,6699,129),(2,6700,129),(2,6701,129),(2,6702,129),(2,6703,129),(2,6704,129),(8,3310,130),(8,3364,130),(8,3556,130),(8,3966,130),(8,3974,130),(8,3980,130),(8,3982,130),(8,3996,130),(8,4000,130),(8,4008,130),(8,4118,130),(8,4298,130),(8,4742,130),(8,4744,130),(8,4746,130),(8,4748,130),(8,4793,130),(8,4795,130),(8,4858,130),(8,4860,130),(8,5016,130),(8,5018,130),(8,5020,130),(8,5028,130),(8,5445,130),(8,5453,130),(8,5455,130),(8,5459,130),(8,5462,130),(8,5464,130),(8,5487,130),(8,5497,130),(8,5498,130),(8,5499,130),(8,5500,130),(8,5501,130),(8,5502,130),(8,5503,130),(8,5560,130),(8,5562,130),(8,5564,130),(8,5566,130),(8,5568,130),(8,5824,130),(8,5864,130),(8,5865,130),(8,5867,130),(8,5875,130),(8,5876,130),(8,5877,130),(8,5878,130),(8,5879,130),(8,5881,130),(8,5884,130),(8,5885,130),(8,6012,130),(8,6017,130),(8,6019,130),(8,6042,130),(8,6043,130),(8,6047,130),(8,6053,130),(8,6059,130),(8,6065,130),(8,6066,130),(8,6067,130),(8,6074,130),(8,6090,130),(8,6106,130),(8,6107,130),(8,6111,130),(8,6425,130),(8,6435,130),(8,6446,130),(8,6447,130),(8,6451,130),(8,6452,130),(8,6453,130),(8,6454,130),(8,6455,130),(8,6456,130),(8,6457,130),(8,6458,130),(8,6459,130),(8,6460,130),(8,6461,130),(8,6462,130),(8,6475,130),(8,6477,130),(8,6478,130),(8,6479,130),(8,6480,130),(8,6626,130),(8,6628,130),(8,6632,130),(8,6638,130),(8,6668,130),(8,6714,130),(1,3096,131),(1,3097,131),(1,3364,131),(1,5140,131),(1,5141,131),(1,5142,131),(1,6344,131),(1,6546,131),(1,6629,131),(2,3096,132),(2,3097,132),(2,3364,132),(2,5140,132),(2,5141,132),(2,5142,132),(2,6167,132),(2,6288,132),(2,6289,132),(2,6344,132),(2,6546,132),(2,6625,132),(2,6629,132),(2,6728,132),(2,6730,132),(1,3310,133),(1,6255,133),(1,6721,133),(8,3325,134),(8,3329,134),(8,3535,134),(8,4462,134),(8,4482,134),(8,4547,134),(8,5525,134),(8,5526,134),(8,6627,134),(8,6662,134),(8,6663,134),(1,3325,135),(1,5057,135),(1,5522,135),(1,5740,135),(1,5744,135),(1,6627,135),(2,3325,136),(2,4963,136),(2,5521,136),(2,5589,136),(2,5595,136),(2,6627,136),(2,6653,136),(2,6720,136),(1,3329,137),(2,3329,138),(2,6255,138),(2,6576,138),(2,6577,138),(8,3650,139),(1,3661,140),(1,3662,140),(1,5977,140),(1,6157,140),(1,6167,140),(1,6306,140),(1,6307,140),(1,6308,140),(1,6309,140),(1,6340,140),(1,6409,140),(1,6530,140),(1,6531,140),(1,6543,140),(1,6677,140),(1,6678,140),(1,6704,140),(1,6752,140),(1,6760,140),(1,6761,140),(1,3818,141),(2,3818,142),(2,4878,142),(2,5909,142),(2,6149,142),(2,6150,142),(2,6204,142),(2,6205,142),(2,6207,142),(2,6562,142),(2,3820,143),(2,3955,143),(2,3957,143),(2,6568,143),(1,3955,144),(1,3957,144),(1,5911,144),(1,6072,144),(1,6151,144),(1,6210,144),(1,6216,144),(1,6233,144),(1,6234,144),(1,6440,144),(1,6563,144),(1,6564,144),(1,3966,145),(1,3974,145),(1,3980,145),(1,3982,145),(1,3996,145),(1,4000,145),(1,4028,145),(1,4793,145),(1,4795,145),(1,4832,145),(1,4858,145),(1,4860,145),(1,5144,145),(1,5145,145),(1,5146,145),(1,5445,145),(1,5453,145),(1,5455,145),(1,5459,145),(1,5462,145),(1,5464,145),(1,5487,145),(1,5497,145),(1,5498,145),(1,5499,145),(1,5500,145),(1,5501,145),(1,5502,145),(1,5503,145),(1,5560,145),(1,5564,145),(1,5824,145),(1,5864,145),(1,5865,145),(1,5867,145),(1,5875,145),(1,5881,145),(1,5884,145),(1,5885,145),(1,6012,145),(1,6017,145),(1,6019,145),(1,6042,145),(1,6043,145),(1,6074,145),(1,6106,145),(1,6107,145),(1,6239,145),(1,6420,145),(1,6421,145),(1,6422,145),(1,6423,145),(1,6424,145),(1,6475,145),(1,6626,145),(1,6628,145),(1,6632,145),(1,6633,145),(1,6634,145),(1,6635,145),(1,6638,145),(1,6714,145),(2,3966,146),(2,3974,146),(2,3980,146),(2,3982,146),(2,3996,146),(2,4000,146),(2,4030,146),(2,4793,146),(2,4795,146),(2,4858,146),(2,4860,146),(2,5144,146),(2,5145,146),(2,5146,146),(2,5445,146),(2,5453,146),(2,5455,146),(2,5459,146),(2,5462,146),(2,5464,146),(2,5487,146),(2,5497,146),(2,5498,146),(2,5499,146),(2,5500,146),(2,5501,146),(2,5502,146),(2,5503,146),(2,5560,146),(2,5564,146),(2,5824,146),(2,5864,146),(2,5865,146),(2,5867,146),(2,5875,146),(2,5876,146),(2,5877,146),(2,5878,146),(2,5881,146),(2,5884,146),(2,5885,146),(2,6012,146),(2,6017,146),(2,6019,146),(2,6042,146),(2,6043,146),(2,6106,146),(2,6107,146),(2,6196,146),(2,6252,146),(2,6420,146),(2,6421,146),(2,6422,146),(2,6423,146),(2,6424,146),(2,6487,146),(2,6626,146),(2,6628,146),(2,6632,146),(2,6633,146),(2,6634,146),(2,6635,146),(2,6638,146),(1,4008,147),(1,4963,147),(1,6253,147),(1,6725,147),(8,4010,148),(1,4010,149),(1,5520,149),(1,6651,149),(1,6723,149),(2,4010,150),(2,6036,150),(11,4016,151),(11,4872,151),(11,4874,151),(11,4883,151),(11,4885,151),(11,5020,151),(11,6191,151),(11,6199,151),(11,6203,151),(11,6205,151),(11,6206,151),(1,4016,152),(1,6288,152),(1,6436,152),(1,6625,152),(2,4016,153),(1,4026,154),(1,4929,154),(1,4931,154),(1,6148,154),(2,4026,155),(2,6317,155),(2,4028,156),(2,4059,156),(2,4081,156),(2,4082,156),(2,4320,156),(2,4474,156),(2,4475,156),(2,4917,156),(2,5028,156),(2,5162,156),(2,5286,156),(2,5299,156),(2,5301,156),(2,5302,156),(2,5303,156),(2,5683,156),(2,5703,156),(2,5763,156),(2,5944,156),(2,5960,156),(2,5988,156),(2,5993,156),(2,5994,156),(2,5995,156),(2,6068,156),(2,6114,156),(2,6115,156),(2,6116,156),(2,6181,156),(2,6182,156),(2,6183,156),(2,6184,156),(2,6197,156),(2,6199,156),(2,6353,156),(2,6354,156),(2,6385,156),(2,6398,156),(2,6399,156),(2,6400,156),(2,6411,156),(2,6412,156),(2,6413,156),(2,6430,156),(2,6435,156),(2,6443,156),(2,6446,156),(2,6470,156),(2,6471,156),(2,6630,156),(2,6631,156),(2,6642,156),(2,6664,156),(2,6666,156),(2,6667,156),(2,6685,156),(2,6690,156),(2,6691,156),(2,6706,156),(2,6729,156),(2,6736,156),(2,6737,156),(1,4030,157),(1,4983,157),(1,6198,157),(1,6388,157),(1,6474,157),(1,6487,157),(1,6649,157),(1,4034,158),(1,4487,158),(1,4965,158),(1,6131,158),(1,6202,158),(1,6731,158),(1,6756,158),(2,4034,159),(2,4487,159),(2,6195,159),(2,6249,159),(2,6731,159),(1,4039,160),(1,4059,160),(1,4081,160),(1,4082,160),(1,5944,160),(1,5988,160),(1,5993,160),(1,5994,160),(1,5995,160),(1,6115,160),(1,6199,160),(1,6312,160),(1,6317,160),(1,6430,160),(1,6470,160),(1,6471,160),(1,6568,160),(1,6664,160),(1,6736,160),(1,6737,160),(2,4039,161),(2,6216,161),(8,4070,162),(8,4072,162),(8,4074,162),(8,5530,162),(8,6048,162),(8,6068,162),(8,6196,162),(8,6411,162),(8,6444,162),(8,6445,162),(8,6476,162),(8,6495,162),(1,4070,163),(1,4072,163),(1,4074,163),(1,5163,163),(1,5164,163),(1,5165,163),(1,5166,163),(1,5169,163),(1,5170,163),(1,5776,163),(1,5777,163),(1,5778,163),(1,5779,163),(1,5935,163),(1,6128,163),(1,6141,163),(1,6142,163),(1,6143,163),(1,6144,163),(1,6145,163),(1,6146,163),(1,6147,163),(1,6165,163),(1,6166,163),(1,6218,163),(1,6219,163),(1,6220,163),(1,6221,163),(1,6222,163),(1,6223,163),(1,6224,163),(1,6225,163),(1,6226,163),(1,6227,163),(1,6228,163),(1,6229,163),(1,6230,163),(1,6231,163),(1,6251,163),(1,6252,163),(1,6444,163),(1,6445,163),(1,6559,163),(1,6560,163),(1,6561,163),(1,6594,163),(1,6659,163),(1,6712,163),(8,4220,164),(1,4287,165),(2,4287,166),(1,4925,167),(1,5016,167),(2,4987,168),(2,6050,168),(1,4320,169),(1,4474,169),(1,4910,169),(1,5530,169),(1,5763,169),(1,5899,169),(1,5902,169),(1,5903,169),(1,6068,169),(1,6070,169),(1,6114,169),(1,6116,169),(1,6181,169),(1,6182,169),(1,6183,169),(1,6184,169),(1,6310,169),(1,6353,169),(1,6385,169),(1,6387,169),(1,6398,169),(1,6399,169),(1,6400,169),(1,6407,169),(1,6412,169),(1,6413,169),(1,6435,169),(1,6443,169),(1,6446,169),(1,6642,169),(1,6729,169),(8,5170,171),(8,5776,171),(8,5777,171),(8,5778,171),(8,5779,171),(8,5935,171),(8,5960,171),(8,6040,171),(8,6084,171),(8,6117,171),(8,6354,171),(1,4588,173),(1,5440,173),(1,5442,173),(1,5580,173),(1,5582,173),(1,5956,173),(1,6204,173),(1,6205,173),(1,6335,173),(1,6377,173),(1,6378,173),(1,6379,173),(1,6441,173),(1,6442,173),(1,6558,173),(1,6569,173),(1,6570,173),(1,6607,173),(1,6654,173),(1,6655,173),(1,6682,173),(1,6705,173),(1,6751,173),(1,4737,174),(1,6493,174),(1,6618,174),(1,6619,174),(1,6650,174),(1,6652,174),(1,6727,174),(2,4737,175),(2,4742,176),(2,4744,176),(2,4746,176),(2,4748,176),(2,4851,176),(2,4872,176),(2,5016,176),(2,5163,176),(2,5164,176),(2,5165,176),(2,5166,176),(2,5169,176),(2,5170,176),(2,5722,176),(2,5740,176),(2,5744,176),(2,5756,176),(2,5757,176),(2,5758,176),(2,5759,176),(2,5935,176),(2,6059,176),(2,6141,176),(2,6142,176),(2,6143,176),(2,6144,176),(2,6145,176),(2,6146,176),(2,6147,176),(2,6192,176),(2,6256,176),(2,6259,176),(2,6444,176),(2,6445,176),(2,6578,176),(2,6595,176),(2,6657,176),(2,6658,176),(2,6660,176),(2,4832,177),(2,6152,177),(2,6156,177),(2,6213,177),(2,6565,177),(2,6566,177),(2,6567,177),(8,4839,178),(8,4841,178),(8,4944,178),(8,4947,178),(8,4950,178),(8,4953,178),(8,4965,178),(8,4983,178),(8,5338,178),(8,6034,178),(8,6035,178),(8,6077,178),(8,6416,178),(8,6417,178),(8,6419,178),(8,6467,178),(8,6468,178),(8,6469,178),(8,6470,178),(8,6471,178),(8,6583,178),(8,6584,178),(8,6585,178),(8,6586,178),(8,6587,178),(8,6588,178),(8,6589,178),(8,6590,178),(8,6591,178),(8,6592,178),(8,6597,178),(8,6598,178),(8,6599,178),(8,6600,178),(8,6601,178),(8,6602,178),(8,6603,178),(8,6604,178),(8,6669,178),(8,6670,178),(8,6671,178),(8,6736,178),(8,6737,178),(8,6739,178),(8,6740,178),(8,6741,178),(8,6742,178),(8,6743,178),(8,6744,178),(8,6745,178),(8,6746,178),(8,6747,178),(8,6748,178),(8,6749,178),(8,6750,178),(8,6753,178),(8,6754,178),(8,6755,178),(8,6756,178),(8,6757,178),(8,6758,178),(8,6759,178),(1,4298,179),(1,4839,179),(1,6034,179),(1,6035,179),(1,6036,179),(1,6755,179),(2,4839,180),(2,6193,180),(1,4841,181),(1,6754,181),(2,4841,182),(2,6754,182),(1,4843,183),(1,4987,183),(1,5058,183),(1,6099,183),(1,6124,183),(1,6126,183),(1,6232,183),(1,6609,183),(1,6722,183),(2,4843,184),(1,4847,185),(2,4847,186),(2,6153,186),(1,4851,187),(1,6189,187),(1,6190,187),(1,6311,187),(2,4853,188),(2,5520,188),(9,2763,189),(9,4874,189),(9,4878,189),(9,4885,189),(9,5113,189),(9,6030,189),(9,6031,189),(9,6191,189),(9,6192,189),(9,6196,189),(9,6199,189),(9,6206,189),(8,2763,190),(8,4874,190),(8,4878,190),(8,4883,190),(8,4885,190),(8,6036,190),(8,6052,190),(8,6054,190),(8,6061,190),(8,6069,190),(8,6092,190),(8,6093,190),(8,6191,190),(8,6192,190),(8,6196,190),(8,6199,190),(1,4878,191),(2,4883,192),(2,4925,192),(1,4890,193),(1,4892,193),(1,4896,193),(1,4898,193),(1,5943,193),(1,5975,193),(1,6206,193),(1,6437,193),(1,6532,193),(1,6606,193),(1,6692,193),(1,6693,193),(1,6694,193),(1,6695,193),(1,6696,193),(1,6697,193),(1,6698,193),(1,6699,193),(1,6700,193),(1,6701,193),(1,6702,193),(1,6703,193),(1,6732,193),(1,6733,193),(2,4890,194),(2,4892,194),(2,4896,194),(2,4898,194),(2,6157,194),(2,6306,194),(2,6307,194),(2,6308,194),(2,6309,194),(2,6340,194),(2,6530,194),(2,6531,194),(2,6543,194),(2,6676,194),(1,4919,195),(2,4919,196),(2,5057,196),(2,6535,196),(1,4921,197),(1,4923,197),(2,4921,198),(2,4923,198),(9,4925,199),(8,4925,200),(8,4931,200),(1,4927,201),(2,4927,202),(9,4929,203),(2,4929,204),(2,4931,204),(8,4933,205),(1,4933,206),(1,6622,206),(1,6623,206),(1,6653,206),(2,4944,207),(2,4947,207),(2,6670,207),(2,6671,207),(3,4944,208),(3,4947,208),(3,4950,208),(3,4953,208),(3,5338,208),(3,6468,208),(3,6469,208),(3,6669,208),(3,6670,208),(3,6671,208),(1,4950,209),(1,4953,209),(1,5338,209),(1,6162,209),(1,6163,209),(1,6164,209),(1,6669,209),(2,4950,210),(2,4953,210),(2,5338,210),(2,6254,210),(2,6669,210),(2,6726,210),(1,4959,212),(1,4979,212),(1,5113,212),(1,5589,212),(1,5595,212),(1,6090,212),(1,6095,212),(1,6096,212),(1,6100,212),(1,6109,212),(1,6110,212),(1,6119,212),(1,6120,212),(1,6121,212),(1,6123,212),(1,6125,212),(1,6127,212),(1,6500,212),(1,6511,212),(1,6512,212),(1,6522,212),(1,6525,212),(1,6640,212),(1,6641,212),(1,6673,212),(2,4959,213),(2,4979,213),(2,6061,213),(2,6090,213),(2,6095,213),(2,6096,213),(2,6100,213),(2,6109,213),(2,6110,213),(2,6119,213),(2,6120,213),(2,6121,213),(2,6123,213),(2,6125,213),(2,6127,213),(2,6468,213),(2,6469,213),(2,6500,213),(2,6511,213),(2,6512,213),(2,6522,213),(2,6525,213),(2,6640,213),(2,6641,213),(2,6722,213),(2,6760,213),(2,6761,213),(1,4118,214),(1,5432,214),(1,6050,214),(1,6111,214),(1,6130,214),(1,6192,214),(1,6417,214),(2,4965,215),(2,4983,215),(2,6416,215),(2,6417,215),(2,6419,215),(2,6756,215),(2,6757,215),(11,5016,216),(11,5018,216),(11,6077,216),(2,5020,217),(2,6580,217),(2,6594,217),(11,5028,218),(11,6246,218),(11,6383,218),(1,5028,219),(1,6196,219),(2,5049,220),(2,6467,220),(2,6609,220),(2,6718,220),(2,6727,220),(2,6753,220),(2,5058,221),(2,5524,221),(2,5526,221),(2,6032,221),(2,6099,221),(2,6124,221),(2,6126,221),(2,6493,221),(2,6715,221),(2,5432,222),(1,6236,223),(1,6237,223),(1,6238,223),(2,5440,224),(2,5442,224),(11,5455,225),(11,6061,225),(1,5566,227),(1,5568,227),(2,5566,228),(2,5568,228),(1,5562,229),(1,6069,229),(1,6197,229),(2,4118,230),(2,5562,230),(2,6111,230),(2,6194,230),(2,5580,231),(2,5582,231),(2,5956,231),(2,6558,231),(2,6573,231),(2,6574,231),(1,5876,232),(1,5877,232),(1,5878,232),(1,5905,232),(1,6416,232),(1,6728,232),(1,6730,232),(1,6734,232),(1,5879,233),(1,6425,233),(2,5879,234),(2,5905,235),(2,6734,235),(2,5943,236),(2,6752,236),(9,5944,237),(9,5988,237),(9,5993,237),(9,5994,237),(9,5995,237),(9,6443,237),(2,5975,238),(2,5977,239),(2,6357,239),(2,6358,239),(2,6359,239),(2,6360,239),(2,6437,239),(2,6438,239),(2,6439,239),(2,6717,239),(12,4944,255),(12,4947,255),(12,4950,255),(12,5338,255),(12,6669,255),(12,6670,255),(12,6671,255),(12,2703,256),(12,2705,256),(12,6030,256),(12,6031,256),(12,6385,256),(12,5049,257),(12,5057,257),(12,5058,257),(12,5722,257),(12,5778,257),(12,5779,257),(12,4082,258),(12,4320,258),(12,4872,258),(12,5163,258),(12,5164,258),(12,5165,258),(12,5166,258),(12,5169,258),(12,5170,258),(12,5763,258),(12,5776,258),(12,5777,258),(12,6398,258),(12,6399,258),(12,6409,258),(12,6410,258),(12,6642,258),(12,6657,258),(12,6658,258),(12,2977,259),(12,3661,259),(12,3662,259),(12,5162,259),(12,5530,259),(12,5683,259),(12,5703,259),(12,6630,259),(12,6631,259),(12,2588,260),(12,4474,260),(12,4475,260),(12,6199,260),(12,6664,260),(12,6665,260),(12,6666,260),(12,6667,260),(12,2546,261),(12,2585,261),(12,2586,261),(12,2589,261),(12,4878,261),(12,6052,261),(12,6193,261),(12,6195,261),(12,6196,261),(12,6622,261),(12,6623,261),(12,4858,262),(12,5566,262),(12,5568,262),(12,6074,262),(12,6106,262),(12,6423,262),(12,6633,262),(12,3310,263),(12,5455,263),(12,5876,263),(12,5877,263),(12,5878,263),(12,5881,263),(12,5884,263),(12,5885,263),(12,6042,263),(12,6043,263),(12,5487,264),(12,5497,264),(12,5499,264),(12,5500,264),(12,5502,264),(12,5503,264),(12,5864,264),(12,5865,264),(12,3974,265),(12,3980,265),(12,3982,265),(12,4008,265),(12,4298,265),(12,4793,265),(12,4795,265),(12,4860,265),(12,5445,265),(12,5459,265),(12,5462,265),(12,5464,265),(12,5560,265),(12,5564,265),(12,6019,265),(12,6420,265),(12,6475,265),(12,6626,265),(12,6628,265),(12,6632,265),(12,6635,265),(12,5867,266),(12,5875,266),(11,5520,303),(11,5527,303),(8,5520,304),(8,6266,304),(8,6267,304),(8,6268,304),(8,6269,304),(8,6270,304),(8,5521,307),(11,5521,309),(2,5522,310),(1,5524,311),(1,5526,311),(1,6032,311),(1,6094,311),(1,6097,311),(1,6715,311),(1,5525,312),(1,6056,312),(1,6061,312),(2,5527,315),(9,2977,322),(9,3661,322),(9,3662,322),(9,4070,322),(9,4072,322),(9,4074,322),(9,5162,322),(9,5163,322),(9,5164,322),(9,5165,322),(9,5166,322),(9,5169,322),(9,5170,322),(9,5530,322),(9,5589,322),(9,5595,322),(9,5683,322),(9,5703,322),(9,5722,322),(9,5740,322),(9,5744,322),(9,5763,322),(9,5776,322),(9,5777,322),(9,5778,322),(9,5779,322),(9,5899,322),(9,5935,322),(9,6028,322),(9,6056,322),(9,6070,322),(9,6301,322),(9,6350,322),(9,6399,322),(9,6411,322),(9,6630,322),(9,6631,322),(1,6031,333),(2,6031,334),(8,2977,339),(8,3661,339),(8,3662,339),(8,4320,339),(8,4474,339),(8,4475,339),(8,5049,339),(8,5057,339),(8,5058,339),(8,5162,339),(8,5163,339),(8,5164,339),(8,5165,339),(8,5166,339),(8,5169,339),(8,5589,339),(8,5595,339),(8,5683,339),(8,5703,339),(8,5722,339),(8,5740,339),(8,5744,339),(8,5756,339),(8,5757,339),(8,5758,339),(8,5759,339),(8,5763,339),(8,5899,339),(8,6028,339),(8,6038,339),(8,6070,339),(8,6089,339),(8,6094,339),(8,6095,339),(8,6096,339),(8,6097,339),(8,6098,339),(8,6099,339),(8,6100,339),(8,6101,339),(8,6102,339),(8,6103,339),(8,6104,339),(8,6109,339),(8,6110,339),(8,6119,339),(8,6120,339),(8,6121,339),(8,6123,339),(8,6124,339),(8,6125,339),(8,6126,339),(8,6127,339),(8,6181,339),(8,6182,339),(8,6183,339),(8,6184,339),(8,6301,339),(8,6350,339),(8,6353,339),(8,6385,339),(8,6398,339),(8,6399,339),(8,6400,339),(8,6407,339),(8,6409,339),(8,6410,339),(8,6412,339),(8,6413,339),(8,6421,339),(8,6423,339),(8,6497,339),(8,6498,339),(8,6499,339),(8,6525,339),(8,6593,339),(8,6622,339),(8,6623,339),(8,6630,339),(8,6631,339),(8,6633,339),(8,6634,339),(8,6635,339),(8,6640,339),(8,6641,339),(8,6657,339),(8,6658,339),(8,6659,339),(8,6660,339),(8,6664,339),(8,6665,339),(8,6666,339),(8,6667,339),(8,6676,339),(8,6712,339),(12,5759,347),(12,5757,350),(12,5756,351),(12,5595,356),(12,5589,358),(12,3096,362),(12,3097,362),(12,4016,362),(12,5140,362),(12,5141,362),(12,5142,362),(12,5144,362),(12,5145,362),(12,6344,362),(12,6546,362),(12,6629,362),(9,4474,378),(9,5049,378),(9,5057,378),(9,5058,378),(9,6640,378),(9,6641,378),(9,4082,396),(12,4081,401),(9,4081,402),(12,2574,403),(12,2576,403),(12,2577,403),(12,2582,403),(12,2583,403),(12,5524,422),(1,5523,429),(2,5523,430),(1,6033,439),(2,6033,440),(2,6034,450),(3,6034,451),(2,6035,460),(3,6035,461),(1,6045,492),(2,6045,493),(11,6045,494),(1,6046,498),(2,6046,499),(11,6046,500),(12,5031,558),(12,6059,566),(1,6054,567),(2,6054,568),(11,6054,569),(1,6047,572),(1,6044,573),(2,6044,574),(12,6044,575),(1,6052,576),(2,6052,577),(1,6051,578),(2,6051,579),(12,6058,589),(12,6056,590),(1,6038,591),(2,6038,592),(2,5113,595),(12,5113,596),(9,6063,597),(9,6064,597),(9,6071,597),(1,5527,781),(1,6092,790),(2,6092,791),(11,6092,792),(12,6092,793),(1,6093,798),(2,6093,799),(11,6093,800),(12,6093,801),(1,6084,802),(2,6084,803),(11,6084,804),(2,6074,841),(1,6103,856),(2,6103,857),(1,6102,858),(2,6102,859),(1,6101,860),(2,6101,861),(1,6098,862),(2,6098,863),(12,4987,866),(2,6072,868),(1,6071,872),(2,6071,873),(12,6071,874),(12,6070,875),(12,4118,880),(2,6069,882),(11,6069,883),(12,6069,884),(12,6067,885),(1,6064,886),(2,6064,887),(12,6064,888),(1,6063,892),(2,6063,893),(12,6063,894),(14,6077,921),(12,6114,933),(12,6116,935),(2,6117,939),(12,6117,940),(1,6089,954),(2,6089,955),(12,6111,956),(1,6118,957),(2,6118,958),(2,6113,959),(2,6112,960),(1,6037,1046),(2,6037,1047),(11,6037,1048),(9,6154,1054),(9,6155,1054),(9,6156,1054),(1,6154,1057),(1,6296,1057),(1,6297,1057),(1,6298,1057),(1,6299,1057),(1,6300,1057),(1,6304,1057),(1,6656,1057),(1,6153,1060),(2,2617,1070),(9,6181,1252),(9,6182,1252),(9,6183,1252),(9,6184,1252),(9,6400,1252),(9,6412,1252),(9,6413,1252),(9,6435,1252),(9,6642,1252),(9,6657,1252),(9,6658,1252),(9,6659,1252),(9,6660,1252),(9,6712,1252),(2,6198,1367),(12,6198,1368),(15,6306,1370),(15,6307,1370),(15,6308,1370),(15,6309,1370),(15,6340,1370),(15,6411,1370),(15,6657,1370),(15,6658,1370),(15,6659,1370),(15,6712,1370),(15,6131,1371),(15,6202,1371),(15,6583,1373),(15,6584,1373),(15,6585,1373),(15,6586,1373),(15,6587,1373),(15,6588,1373),(15,6589,1373),(15,6593,1373),(15,6597,1373),(15,6676,1373),(15,6747,1373),(15,6749,1373),(15,6750,1373),(15,6176,1375),(15,6187,1375),(15,6500,1375),(15,6511,1375),(15,6512,1375),(15,6522,1375),(15,6571,1375),(2,6190,1398),(12,6190,1399),(8,6213,1452),(8,6214,1452),(8,6215,1452),(8,6216,1452),(8,6232,1452),(8,6233,1452),(8,6234,1452),(8,6235,1452),(8,6236,1452),(8,6237,1452),(8,6238,1452),(8,6239,1452),(8,6241,1452),(8,6242,1452),(8,6243,1452),(8,6244,1452),(8,6245,1452),(8,6246,1452),(8,6248,1452),(8,6249,1452),(8,6250,1452),(8,6251,1452),(8,6252,1452),(8,6253,1452),(8,6254,1452),(8,6255,1452),(8,6256,1452),(8,6257,1452),(8,6258,1452),(8,6259,1452),(8,6260,1452),(8,6302,1452),(8,6303,1452),(8,6605,1452),(2,6219,1623),(12,6219,1624),(2,6220,1625),(12,6220,1626),(2,6231,1627),(12,6231,1628),(2,6230,1629),(12,6230,1630),(2,6223,1631),(12,6223,1632),(2,6229,1633),(12,6229,1634),(2,6228,1635),(12,6228,1636),(2,6227,1637),(12,6227,1638),(2,6225,1641),(12,6225,1642),(2,6224,1643),(12,6224,1644),(2,6221,1645),(12,6221,1646),(2,6222,1647),(12,6222,1648),(2,6202,1680),(8,6261,1831),(8,6262,1831),(8,6263,1831),(8,6264,1831),(8,6265,1831),(8,6271,1832),(8,6272,1832),(8,6273,1832),(8,6274,1832),(8,6275,1832),(8,6276,1832),(8,6277,1832),(8,6278,1832),(8,6279,1832),(8,6280,1832),(8,6281,1832),(8,6282,1832),(8,6283,1832),(8,6284,1832),(8,6357,1832),(8,6358,1832),(8,6359,1832),(8,6360,1832),(8,6361,1832),(8,6362,1832),(1,6405,1836),(9,6271,1936),(9,6272,1936),(9,6273,1936),(9,6274,1936),(9,6275,1936),(9,6276,1936),(9,6277,1936),(9,6278,1936),(9,6279,1936),(9,6280,1936),(9,6281,1936),(9,6282,1936),(9,6283,2119),(9,6284,2119),(10,6261,2134),(10,6262,2134),(10,6263,2134),(10,6264,2134),(10,6265,2134),(10,6266,2134),(10,6267,2134),(10,6268,2134),(10,6269,2134),(10,6270,2134),(10,6271,2134),(10,6272,2134),(10,6273,2134),(10,6274,2134),(10,6275,2134),(10,6276,2134),(10,6277,2134),(10,6278,2134),(10,6279,2134),(10,6280,2134),(10,6281,2134),(10,6282,2134),(10,6294,2134),(10,6336,2134),(10,6366,2134),(10,6425,2134),(10,6443,2134),(10,6493,2134),(10,6618,2134),(10,6619,2134),(10,6620,2134),(10,6621,2134),(10,6624,2134),(10,6625,2134),(10,6644,2134),(10,6645,2134),(10,6646,2134),(10,6647,2134),(10,6648,2134),(10,6649,2134),(10,6650,2134),(10,6651,2134),(10,6652,2134),(10,6653,2134),(10,6717,2134),(10,6718,2134),(10,6719,2134),(10,6721,2134),(10,6722,2134),(10,6723,2134),(10,6724,2134),(10,6725,2134),(10,6726,2134),(10,6727,2134),(10,6728,2134),(10,6729,2134),(10,6730,2134),(10,6736,2134),(1,6284,2197),(2,6284,2198),(1,6191,2222),(2,6191,2223),(12,6191,2224),(12,2579,2225),(12,2763,2227),(11,6255,2261),(2,6232,2273),(1,6259,2275),(1,6244,2282),(2,6244,2283),(1,6208,2292),(2,6208,2293),(8,6208,2294),(1,6258,2310),(2,6258,2311),(3,6206,2322),(1,6257,2323),(2,6257,2324),(8,6288,2325),(8,6289,2325),(8,6290,2325),(8,6291,2325),(8,6292,2325),(8,6293,2325),(8,6294,2325),(8,6295,2325),(8,6296,2325),(8,6297,2325),(8,6298,2325),(8,6299,2325),(8,6300,2325),(8,6304,2325),(8,6625,2325),(1,6293,2420),(2,6293,2421),(12,6293,2422),(1,6292,2423),(2,6292,2424),(12,6292,2425),(1,6291,2426),(2,6291,2427),(12,6291,2428),(1,6290,2429),(2,6290,2430),(12,6290,2431),(1,6289,2432),(12,6289,2433),(12,6288,2435),(2,6302,2485),(12,6304,2491),(12,6300,2492),(12,6299,2493),(12,6298,2494),(1,6295,2495),(2,6295,2496),(12,6295,2497),(2,6189,2499),(12,6189,2500),(12,4874,2502),(1,6249,2533),(2,6239,2534),(8,6310,2536),(8,6336,2536),(8,6337,2536),(8,6338,2536),(8,6493,2536),(8,6494,2536),(8,6496,2536),(8,6618,2536),(8,6619,2536),(8,6620,2536),(8,6621,2536),(8,6624,2536),(8,6644,2536),(8,6645,2536),(8,6646,2536),(8,6647,2536),(8,6648,2536),(8,6649,2536),(8,6650,2536),(8,6651,2536),(8,6652,2536),(8,6653,2536),(1,6319,2587),(2,6319,2588),(1,6318,2595),(2,6318,2596),(1,6321,2605),(2,6321,2606),(1,6322,2611),(2,6322,2612),(1,6324,2643),(2,6324,2644),(1,6323,2645),(2,6323,2646),(1,6328,2689),(2,6328,2690),(12,6017,2718),(1,6331,2749),(2,6331,2750),(2,6241,2760),(1,6320,2788),(2,6320,2789),(1,6327,2792),(2,6327,2793),(1,6329,2796),(2,6329,2797),(2,6218,2812),(12,6218,2813),(2,6226,2814),(12,6226,2815),(2,6339,2816),(1,6270,2835),(2,6270,2836),(1,6265,2839),(2,6265,2840),(1,6187,2849),(2,6187,2850),(1,6180,2853),(2,6180,2854),(1,6179,2859),(2,6179,2860),(1,6178,2861),(2,6178,2862),(1,6177,2865),(2,6177,2866),(1,6176,2867),(2,6176,2868),(1,6174,2871),(2,6174,2872),(1,6172,2877),(2,6172,2878),(1,6170,2879),(2,6170,2880),(1,6169,2881),(2,6169,2882),(2,6166,2885),(2,6164,2887),(2,6165,2888),(2,6163,2889),(2,6162,2891),(1,5436,2892),(2,5436,2893),(1,6140,2906),(2,6140,2907),(1,6139,2908),(2,6139,2909),(1,6137,2914),(2,6137,2915),(1,6135,2918),(2,6135,2919),(1,6134,2920),(2,6134,2921),(1,6132,2926),(2,6132,2927),(2,6131,2928),(2,6130,2929),(2,6312,2931),(3,6312,2932),(2,6148,2939),(1,6330,2951),(2,6330,2952),(1,6175,2959),(2,6175,2960),(1,6168,2961),(2,6168,2962),(1,6171,2963),(2,6171,2964),(2,6129,2967),(1,6337,2970),(2,6337,2971),(1,6338,2972),(2,6338,2973),(1,6104,2988),(2,6104,2989),(12,2587,2997),(12,2580,2999),(12,2590,3001),(12,5879,3002),(1,6066,3009),(2,6066,3010),(12,6066,3011),(1,6325,3017),(2,6325,3018),(1,6359,3041),(1,6358,3042),(1,6357,3043),(1,6360,3044),(1,6361,3045),(2,6361,3046),(1,6365,3065),(2,6365,3066),(2,6371,3087),(2,6372,3089),(1,6281,3110),(2,6281,3111),(1,6282,3150),(2,6282,3151),(1,6279,3152),(2,6279,3153),(1,6278,3154),(2,6278,3155),(1,6277,3156),(2,6277,3157),(1,6269,3166),(2,6269,3167),(1,6268,3168),(2,6268,3169),(1,6266,3172),(2,6266,3173),(1,6264,3174),(2,6264,3175),(1,6263,3176),(2,6263,3177),(1,6261,3180),(2,6261,3181),(1,6362,3194),(2,6362,3195),(1,6173,3211),(2,6173,3212),(2,6311,3248),(3,6311,3249),(11,6254,3251),(1,6215,3256),(2,6215,3257),(1,6209,3264),(2,6209,3265),(8,6209,3266),(1,6380,3271),(2,6380,3272),(2,6342,3273),(1,6381,3274),(2,6381,3275),(1,6332,3276),(2,6332,3277),(1,6294,3290),(2,6294,3291),(12,6294,3292),(1,6303,3293),(2,6303,3294),(2,6393,3296),(2,6394,3299),(12,6296,3307),(12,6297,3309),(2,6389,3330),(3,6389,3331),(1,6391,3332),(2,6391,3333),(3,6391,3334),(1,6390,3335),(2,6390,3336),(3,6390,3337),(1,6410,3362),(2,6410,3363),(12,6115,3365),(1,6194,3385),(1,6193,3387),(12,6301,3390),(12,4885,3417),(12,6192,3419),(12,2578,3421),(12,4748,3422),(12,2547,3427),(1,6283,3432),(2,6283,3433),(12,6412,3438),(12,6413,3439),(1,6030,3440),(2,6030,3441),(1,6275,3443),(2,6275,3444),(1,6366,3445),(2,6366,3446),(1,6363,3447),(2,6363,3448),(1,6280,3451),(2,6280,3452),(1,6274,3453),(2,6274,3454),(12,4010,3459),(1,6383,3460),(1,6364,3461),(2,6364,3462),(8,6205,3473),(12,6350,3474),(1,6315,3475),(2,6315,3476),(1,6203,3516),(1,6434,3527),(2,6434,3528),(1,6276,3532),(2,6276,3533),(8,6204,3534),(11,6204,3535),(10,6435,3552),(12,6435,3553),(9,6305,3554),(1,6138,3562),(2,6138,3563),(1,6326,3566),(2,6326,3567),(1,6133,3568),(2,6133,3569),(14,6158,3570),(2,6368,3571),(2,6367,3572),(1,6156,3574),(1,6155,3575),(1,6065,3696),(2,6065,3697),(12,6065,3698),(9,6469,3711),(9,6470,3714),(9,6471,3717),(1,6472,3745),(2,6472,3746),(3,6472,3747),(1,6267,3757),(2,6267,3758),(1,6271,3759),(2,6271,3760),(12,4744,3762),(1,6272,3764),(2,6272,3765),(1,6262,3766),(2,6262,3767),(12,4746,3770),(12,4742,3771),(1,6415,3810),(2,6415,3811),(9,6415,3812),(12,6415,3813),(9,6053,3832),(9,6447,3832),(9,6451,3832),(9,6452,3832),(9,6453,3832),(9,6454,3832),(9,6455,3832),(9,6456,3832),(9,6457,3832),(9,6458,3832),(9,6459,3832),(9,6460,3832),(9,6462,3832),(1,6053,3835),(2,6053,3836),(12,6053,3837),(12,6447,3838),(12,6454,3838),(12,6455,3838),(12,6456,3838),(12,6457,3838),(12,6459,3838),(12,6460,3838),(12,6461,3838),(12,6477,3838),(12,6478,3838),(12,6479,3838),(12,6480,3838),(1,6451,3858),(2,6451,3859),(12,6451,3860),(1,6456,3875),(2,6456,3876),(1,6457,3885),(2,6457,3886),(1,6452,3887),(2,6452,3888),(12,6452,3889),(1,6459,3896),(2,6459,3897),(1,6460,3898),(2,6460,3899),(1,6461,3900),(2,6461,3901),(1,6447,3904),(2,6447,3905),(1,6454,3908),(2,6454,3909),(1,6462,3910),(2,6462,3911),(12,6462,3912),(1,6453,3937),(2,6453,3938),(12,6453,3939),(1,6455,3940),(2,6455,3941),(1,6458,3945),(2,6458,3946),(12,6458,3947),(9,6466,3951),(9,6473,3951),(9,6545,3951),(1,6466,3955),(2,6466,3956),(3,6466,3957),(1,6473,3967),(2,6473,3968),(3,6473,3969),(2,6210,3972),(8,6210,3973),(1,6382,3974),(2,6382,3975),(2,6242,3976),(1,6248,3978),(9,6468,3979),(2,6474,4012),(3,6474,4013),(9,6474,4014),(12,6474,4015),(2,6388,4016),(3,6388,4017),(9,6388,4018),(11,3096,4019),(11,6344,4019),(11,6482,4019),(11,6483,4019),(11,6484,4019),(11,6485,4019),(11,6486,4019),(11,6488,4019),(11,6489,4019),(11,6490,4019),(11,6491,4019),(11,6492,4019),(11,6500,4019),(11,6501,4019),(11,6502,4019),(11,6504,4019),(11,6505,4019),(11,6506,4019),(11,6508,4019),(11,6510,4019),(11,6511,4019),(11,6512,4019),(11,6513,4019),(11,6514,4019),(11,6515,4019),(11,6516,4019),(11,6517,4019),(11,6518,4019),(11,6519,4019),(11,6520,4019),(11,6522,4019),(11,6525,4019),(11,6526,4019),(11,6527,4019),(11,6528,4019),(11,6529,4019),(11,6530,4019),(11,6531,4019),(11,6532,4019),(11,6534,4019),(11,6535,4019),(11,6536,4019),(11,6537,4019),(11,6538,4019),(11,6539,4019),(11,6540,4019),(11,6541,4019),(11,6542,4019),(11,6546,4019),(11,6547,4019),(11,6548,4019),(11,6549,4019),(11,6556,4019),(11,6557,4019),(11,6558,4019),(11,6559,4019),(11,6560,4019),(11,6561,4019),(11,6562,4019),(11,6563,4019),(11,6564,4019),(11,6565,4019),(11,6566,4019),(11,6567,4019),(11,6568,4019),(11,6569,4019),(11,6570,4019),(11,6571,4019),(11,6572,4019),(11,6574,4019),(11,6575,4019),(11,6576,4019),(11,6577,4019),(11,6578,4019),(11,6579,4019),(11,6580,4019),(11,6581,4019),(11,6595,4019),(11,6596,4019),(11,6607,4019),(11,6609,4019),(11,6610,4019),(11,6611,4019),(11,6612,4019),(11,6613,4019),(11,6614,4019),(11,6615,4019),(11,6616,4019),(11,6617,4019),(11,6618,4019),(11,6619,4019),(11,6620,4019),(11,6621,4019),(11,6623,4019),(11,6624,4019),(11,6629,4019),(11,6634,4019),(11,6640,4019),(11,6641,4019),(11,6642,4019),(11,6644,4019),(11,6645,4019),(11,6646,4019),(11,6647,4019),(11,6648,4019),(11,6649,4019),(11,6650,4019),(11,6651,4019),(11,6654,4019),(11,6655,4019),(11,6656,4019),(11,6657,4019),(11,6658,4019),(11,6659,4019),(11,6660,4019),(11,6661,4019),(11,6667,4019),(11,6673,4019),(11,6676,4019),(11,6677,4019),(11,6678,4019),(11,6681,4019),(11,6682,4019),(11,6683,4019),(11,6685,4019),(11,6688,4019),(11,6689,4019),(11,6690,4019),(11,6691,4019),(11,6692,4019),(11,6693,4019),(11,6694,4019),(11,6695,4019),(11,6696,4019),(11,6697,4019),(11,6698,4019),(11,6699,4019),(11,6700,4019),(11,6701,4019),(11,6702,4019),(11,6703,4019),(11,6704,4019),(11,6706,4019),(11,6708,4019),(11,6709,4019),(11,6711,4019),(11,6712,4019),(11,6714,4019),(11,6715,4019),(11,6722,4019),(11,6723,4019),(11,6724,4019),(11,6725,4019),(11,6726,4019),(11,6727,4019),(11,6758,4019),(11,6760,4019),(11,6761,4019),(1,6439,4021),(1,6048,4022),(2,6048,4023),(1,6477,4032),(2,6477,4033),(1,6478,4036),(2,6478,4037),(1,6479,4042),(2,6479,4043),(1,6480,4048),(2,6480,4049),(1,6481,4056),(2,6481,4057),(3,6481,4058),(12,6481,4059),(1,6494,4080),(2,6494,4081),(1,6496,4082),(2,6496,4083),(1,6497,4084),(2,6497,4085),(12,6497,4086),(1,6499,4099),(2,6499,4100),(12,6499,4101),(1,6498,4102),(2,6498,4103),(12,6498,4104),(12,6500,4105),(12,6511,4105),(12,6512,4105),(12,6522,4105),(12,6525,4105),(12,6668,4105),(1,6273,4198),(2,6273,4199),(1,6492,4222),(2,6492,4223),(1,6501,4272),(2,6501,4273),(2,6335,4393),(1,6533,4404),(3,6533,4405),(1,6534,4409),(3,6534,4410),(9,6534,4411),(1,6527,4426),(2,6527,4427),(1,6545,4431),(2,6545,4432),(3,6545,4433),(1,6542,4436),(2,6542,4437),(1,6526,4438),(2,6526,4439),(1,6548,4444),(2,6548,4445),(1,6438,4496),(9,2844,4499),(12,5899,4500),(1,6513,4503),(2,6513,4504),(1,6516,4507),(2,6516,4508),(1,6529,4509),(2,6529,4510),(1,6482,4519),(2,6482,4520),(1,6486,4523),(2,6486,4524),(1,6485,4529),(2,6485,4530),(1,6484,4531),(2,6484,4532),(1,6488,4533),(2,6488,4534),(1,6504,4535),(2,6504,4536),(1,6549,4539),(2,6549,4540),(1,6510,4551),(2,6510,4552),(1,6557,4561),(2,6557,4562),(2,6532,4658),(2,6370,4727),(2,6373,4728),(2,6369,4729),(2,6374,4731),(2,6375,4732),(1,6593,4733),(2,6593,4734),(12,6593,4735),(1,6584,4755),(2,6584,4756),(12,6584,4757),(1,6586,4758),(2,6586,4759),(12,6586,4760),(1,6590,4761),(2,6590,4762),(1,6589,4768),(2,6589,4769),(12,6589,4770),(1,6592,4771),(2,6592,4772),(1,6588,4776),(2,6588,4777),(12,6588,4778),(1,6597,4785),(2,6597,4786),(12,6597,4787),(2,6405,4830),(1,6509,4842),(2,6509,4843),(3,6509,4844),(9,6509,4845),(1,6507,4854),(2,6507,4855),(3,6507,4856),(9,6507,4857),(1,6587,4858),(2,6587,4859),(12,6587,4860),(1,6583,4861),(2,6583,4862),(12,6583,4863),(1,6256,4879),(1,6207,4880),(8,6207,4881),(2,6243,4882),(1,6260,4883),(2,6260,4884),(1,6250,4885),(2,6250,4886),(11,6250,4887),(2,6251,4888),(2,6234,4889),(1,6245,4890),(2,6245,4891),(11,6245,4892),(1,6214,4893),(2,6214,4894),(1,6213,4896),(1,6235,4902),(1,6520,4922),(2,6520,4923),(1,6536,4926),(3,6536,4927),(9,6536,4928),(1,6519,4932),(2,6519,4933),(1,6605,4936),(12,5146,4937),(12,4000,4938),(12,3966,4940),(12,5453,4942),(12,3996,4944),(2,4298,4947),(12,5740,4948),(12,5744,4949),(12,6400,4953),(2,6622,4976),(2,6623,4978),(1,6518,4980),(2,6518,4981),(1,6547,4982),(2,6547,4983),(1,6528,4984),(2,6528,4985),(1,6505,4986),(2,6505,4987),(1,6506,4988),(2,6506,4989),(1,6581,4999),(2,6581,5000),(3,6581,5001),(9,6581,5002),(3,6577,5003),(9,6577,5004),(1,6578,5005),(3,6578,5006),(9,6578,5007),(3,6576,5009),(2,6607,5010),(1,6595,5011),(3,6595,5012),(9,6595,5013),(1,6579,5014),(3,6579,5015),(9,6579,5016),(2,6575,5017),(3,6575,5018),(9,6575,5019),(3,6594,5022),(1,6535,5025),(3,6535,5026),(9,6535,5027),(9,6525,5028),(1,6515,5029),(2,6515,5030),(1,6541,5031),(2,6541,5032),(14,6517,5033),(1,6514,5034),(2,6514,5035),(12,6411,5036),(1,6502,5038),(2,6502,5039),(1,6476,5067),(2,6476,5068),(1,6136,5069),(2,6136,5070),(1,6489,5071),(2,6489,5072),(1,6491,5073),(2,6491,5074),(1,6562,5075),(1,6483,5076),(2,6483,5077),(1,6556,5078),(2,6556,5079),(2,6606,5080),(9,6606,5081),(1,6580,5087),(3,6580,5088),(9,6580,5089),(1,6431,5090),(2,6431,5091),(1,6490,5092),(2,6490,5093),(1,6552,5105),(2,6552,5106),(12,6552,5107),(1,6553,5108),(2,6553,5109),(12,6553,5110),(1,6554,5111),(2,6554,5112),(12,6554,5113),(1,6550,5114),(2,6550,5115),(12,6550,5116),(1,6551,5117),(2,6551,5118),(12,6551,5119),(1,6555,5120),(2,6555,5121),(12,6555,5122),(12,6445,5123),(12,6638,5128),(1,6636,5132),(2,6636,5133),(12,6636,5134),(12,6107,5136),(12,6421,5137),(12,6422,5138),(12,6424,5139),(2,6425,5140),(12,6425,5141),(2,6475,5142),(12,6634,5143),(1,6508,5144),(2,6508,5145),(1,6432,5146),(2,6432,5147),(1,6433,5148),(2,6433,5149),(2,6651,5158),(2,6652,5162),(1,6336,5167),(2,6336,5168),(1,6643,5169),(2,6643,5170),(2,6656,5171),(9,6665,5196),(9,6667,5197),(9,6666,5199),(8,6673,5200),(9,6664,5202),(1,6495,5207),(2,6495,5208),(1,6661,5209),(2,6661,5210),(15,6660,5211),(12,6444,5213),(2,6377,5231),(2,6378,5232),(2,6379,5233),(2,6441,5234),(2,6341,5235),(12,6446,5250),(2,6688,5254),(1,6689,5255),(2,6689,5256),(12,6660,5258),(1,6573,5261),(1,6574,5262),(1,6572,5265),(2,6572,5266),(1,6707,5271),(1,6708,5277),(2,6708,5278),(1,6709,5281),(2,6709,5282),(12,6659,5283),(9,6676,5286),(12,6676,5287),(1,6585,5288),(2,6585,5289),(12,6585,5290),(1,6591,5291),(2,6591,5292),(1,6598,5293),(2,6598,5294),(1,6599,5295),(2,6599,5296),(1,6600,5297),(2,6600,5298),(1,6601,5299),(2,6601,5300),(1,6602,5301),(2,6602,5302),(1,6603,5303),(2,6603,5304),(1,6604,5305),(2,6604,5306),(12,6640,5307),(12,6641,5310),(1,6571,5313),(2,6571,5314),(2,6714,5318),(12,6714,5319),(2,6442,5322),(12,4883,5324),(9,6735,5460),(14,6735,5461),(8,6728,5489),(8,6730,5491),(2,6721,5518),(8,6721,5519),(9,6721,5520),(8,6722,5521),(9,6722,5522),(2,6723,5523),(8,6723,5524),(9,6723,5525),(2,6724,5526),(8,6724,5527),(9,6724,5528),(2,6725,5532),(8,6725,5533),(9,6725,5534),(1,6726,5535),(8,6726,5536),(9,6726,5537),(8,6720,5540),(9,6720,5541),(8,6719,5542),(9,6719,5543),(1,6718,5544),(8,6718,5545),(9,6718,5546),(9,6737,5551),(9,6736,5553),(8,6729,5554),(8,6727,5557),(9,6727,5558),(1,6717,5560),(8,6717,5561),(9,6717,5562),(1,6739,5579),(2,6739,5580),(1,6741,5596),(2,6741,5597),(1,6742,5598),(2,6742,5599),(1,6743,5600),(2,6743,5601),(1,6744,5602),(2,6744,5603),(1,6745,5604),(2,6745,5605),(1,6746,5606),(2,6746,5607),(1,6747,5611),(2,6747,5612),(12,6747,5613),(1,6748,5616),(2,6748,5617),(1,6749,5621),(2,6749,5622),(12,6749,5623),(1,6750,5624),(2,6750,5625),(12,6750,5626),(1,6740,5627),(2,6740,5628),(2,6755,5633),(3,6755,5634),(2,6407,5635),(12,6407,5636),(1,6758,5642),(2,6758,5643),(1,6759,5648),(2,6759,5649),(1,6028,5650),(2,6028,5651),(12,5758,5653),(12,6760,5655),(12,6761,5657);

--
-- Table structure for table `pre3303_feature_shop`
--

CREATE TABLE `pre3303_feature_shop` (
  `id_feature` int(11) unsigned NOT NULL,
  `id_shop` int(11) unsigned NOT NULL,
  PRIMARY KEY (`id_feature`,`id_shop`),
  KEY `id_shop` (`id_shop`)
) ENGINE=InnoDB DEFAULT CHARSET=utf8;

--
-- Dumping data for table `pre3303_feature_shop`
--

INSERT INTO `pre3303_feature_shop` VALUES (1,2),(2,2),(3,2),(4,2),(8,2),(9,2),(10,2),(11,2),(12,2),(14,2),(15,2),(1,4),(2,4),(3,4),(4,4),(8,4),(9,4),(10,4),(11,4),(12,4),(14,4),(15,4),(1,5),(2,5),(3,5),(4,5),(8,5),(9,5),(10,5),(11,5),(12,5),(14,5),(15,5);

--
-- Table structure for table `pre3303_feature_value`
--

CREATE TABLE `pre3303_feature_value` (
  `id_feature_value` int(10) unsigned NOT NULL AUTO_INCREMENT,
  `id_feature` int(10) unsigned NOT NULL,
  `custom` tinyint(3) unsigned DEFAULT NULL,
  PRIMARY KEY (`id_feature_value`),
  KEY `feature` (`id_feature`)
) ENGINE=InnoDB AUTO_INCREMENT=5658 DEFAULT CHARSET=utf8;

--
-- Dumping data for table `pre3303_feature_value`
--

INSERT INTO `pre3303_feature_value` VALUES (22,1,1),(23,2,1),(24,4,1),(25,3,1),(26,1,1),(27,2,1),(28,4,1),(29,3,1),(30,1,1),(31,2,1),(32,4,1),(33,3,1),(34,8,0),(35,8,0),(36,8,0),(37,8,0),(38,8,0),(39,9,0),(40,9,0),(41,9,0),(42,9,0),(43,9,0),(44,9,0),(45,10,0),(46,10,0),(47,10,0),(70,9,0),(71,9,0),(72,9,0),(73,9,0),(74,8,0),(75,8,0),(76,8,0),(77,9,0),(78,9,0),(79,9,0),(80,11,0),(81,11,0),(82,11,0),(84,11,0),(85,11,0),(86,11,0),(87,11,0),(89,1,0),(90,2,0),(91,8,0),(92,11,0),(93,11,0),(94,1,0),(95,2,0),(96,1,0),(97,2,0),(98,1,0),(99,2,0),(100,1,0),(101,2,0),(102,9,0),(103,1,0),(104,2,0),(105,2,0),(106,3,0),(107,1,0),(108,2,0),(109,3,0),(110,9,0),(111,1,0),(112,2,0),(113,9,0),(114,1,0),(115,2,0),(116,3,0),(117,9,0),(118,1,0),(119,2,0),(121,1,0),(122,1,0),(123,2,0),(124,8,0),(125,2,0),(126,1,0),(127,2,0),(128,1,0),(129,2,0),(130,8,0),(131,1,0),(132,2,0),(133,1,0),(134,8,0),(135,1,0),(136,2,0),(137,1,0),(138,2,0),(139,8,0),(140,1,0),(141,1,0),(142,2,0),(143,2,0),(144,1,0),(145,1,0),(146,2,0),(147,1,0),(148,8,0),(149,1,0),(150,2,0),(151,11,0),(152,1,0),(153,2,0),(154,1,0),(155,2,0),(156,2,0),(157,1,0),(158,1,0),(159,2,0),(160,1,0),(161,2,0),(162,8,0),(163,1,0),(164,8,0),(165,1,0),(166,2,0),(167,1,0),(168,2,0),(169,1,0),(170,8,0),(171,8,0),(172,8,0),(173,1,0),(174,1,0),(175,2,0),(176,2,0),(177,2,0),(178,8,0),(179,1,0),(180,2,0),(181,1,0),(182,2,0),(183,1,0),(184,2,0),(185,1,0),(186,2,0),(187,1,0),(188,2,0),(189,9,0),(190,8,0),(191,1,0),(192,2,0),(193,1,0),(194,2,0),(195,1,0),(196,2,0),(197,1,0),(198,2,0),(199,9,0),(200,8,0),(201,1,0),(202,2,0),(203,9,0),(204,2,0),(205,8,0),(206,1,0),(207,2,0),(208,3,0),(209,1,0),(210,2,0),(211,8,0),(212,1,0),(213,2,0),(214,1,0),(215,2,0),(216,11,0),(217,2,0),(218,11,0),(219,1,0),(220,2,0),(221,2,0),(222,2,0),(223,1,0),(224,2,0),(225,11,0),(227,1,0),(228,2,0),(229,1,0),(230,2,0),(231,2,0),(232,1,0),(233,1,0),(234,2,0),(235,2,0),(236,2,0),(237,9,0),(238,2,0),(239,2,0),(255,12,0),(256,12,0),(257,12,0),(258,12,0),(259,12,0),(260,12,0),(261,12,0),(262,12,0),(263,12,0),(264,12,0),(265,12,0),(266,12,0),(303,11,0),(304,8,0),(307,8,0),(308,9,0),(309,11,0),(310,2,0),(311,1,0),(312,1,0),(313,11,0),(314,1,0),(315,2,0),(322,9,0),(333,1,1),(334,2,1),(339,8,0),(347,12,1),(350,12,1),(351,12,1),(356,12,1),(358,12,1),(362,12,0),(378,9,0),(396,9,1),(401,12,1),(402,9,1),(403,12,0),(422,12,1),(429,1,1),(430,2,1),(439,1,1),(440,2,1),(450,2,1),(451,3,1),(460,2,1),(461,3,1),(492,1,1),(493,2,1),(494,11,1),(498,1,1),(499,2,1),(500,11,1),(558,12,1),(566,12,1),(567,1,1),(568,2,1),(569,11,1),(572,1,1),(573,1,1),(574,2,1),(575,12,1),(576,1,1),(577,2,1),(578,1,1),(579,2,1),(589,12,1),(590,12,1),(591,1,1),(592,2,1),(595,2,1),(596,12,1),(597,9,0),(781,1,1),(790,1,1),(791,2,1),(792,11,1),(793,12,1),(798,1,1),(799,2,1),(800,11,1),(801,12,1),(802,1,1),(803,2,1),(804,11,1),(841,2,1),(856,1,1),(857,2,1),(858,1,1),(859,2,1),(860,1,1),(861,2,1),(862,1,1),(863,2,1),(866,12,1),(868,2,1),(872,1,1),(873,2,1),(874,12,1),(875,12,1),(880,12,1),(882,2,1),(883,11,1),(884,12,1),(885,12,1),(886,1,1),(887,2,1),(888,12,1),(892,1,1),(893,2,1),(894,12,1),(921,14,1),(933,12,1),(935,12,1),(939,2,1),(940,12,1),(954,1,1),(955,2,1),(956,12,1),(957,1,1),(958,2,1),(959,2,1),(960,2,1),(1046,1,1),(1047,2,1),(1048,11,1),(1054,9,0),(1057,1,0),(1060,1,0),(1070,2,1),(1252,9,0),(1367,2,1),(1368,12,1),(1370,15,0),(1371,15,0),(1373,15,0),(1374,15,0),(1375,15,0),(1398,2,1),(1399,12,1),(1452,8,0),(1623,2,1),(1624,12,1),(1625,2,1),(1626,12,1),(1627,2,1),(1628,12,1),(1629,2,1),(1630,12,1),(1631,2,1),(1632,12,1),(1633,2,1),(1634,12,1),(1635,2,1),(1636,12,1),(1637,2,1),(1638,12,1),(1641,2,1),(1642,12,1),(1643,2,1),(1644,12,1),(1645,2,1),(1646,12,1),(1647,2,1),(1648,12,1),(1680,2,1),(1831,8,0),(1832,8,0),(1836,1,0),(1837,1,0),(1936,9,0),(2119,9,0),(2134,10,0),(2197,1,1),(2198,2,1),(2222,1,1),(2223,2,1),(2224,12,1),(2225,12,1),(2227,12,1),(2261,11,1),(2273,2,1),(2275,1,1),(2282,1,1),(2283,2,1),(2292,1,1),(2293,2,1),(2294,8,1),(2310,1,1),(2311,2,1),(2322,3,1),(2323,1,1),(2324,2,1),(2325,8,0),(2420,1,1),(2421,2,1),(2422,12,1),(2423,1,1),(2424,2,1),(2425,12,1),(2426,1,1),(2427,2,1),(2428,12,1),(2429,1,1),(2430,2,1),(2431,12,1),(2432,1,1),(2433,12,1),(2435,12,1),(2485,2,1),(2491,12,1),(2492,12,1),(2493,12,1),(2494,12,1),(2495,1,1),(2496,2,1),(2497,12,1),(2499,2,1),(2500,12,1),(2502,12,1),(2533,1,1),(2534,2,1),(2536,8,0),(2587,1,1),(2588,2,1),(2595,1,1),(2596,2,1),(2605,1,1),(2606,2,1),(2611,1,1),(2612,2,1),(2643,1,1),(2644,2,1),(2645,1,1),(2646,2,1),(2689,1,1),(2690,2,1),(2718,12,1),(2749,1,1),(2750,2,1),(2760,2,1),(2788,1,1),(2789,2,1),(2792,1,1),(2793,2,1),(2796,1,1),(2797,2,1),(2812,2,1),(2813,12,1),(2814,2,1),(2815,12,1),(2816,2,1),(2835,1,1),(2836,2,1),(2839,1,1),(2840,2,1),(2849,1,1),(2850,2,1),(2853,1,1),(2854,2,1),(2859,1,1),(2860,2,1),(2861,1,1),(2862,2,1),(2865,1,1),(2866,2,1),(2867,1,1),(2868,2,1),(2871,1,1),(2872,2,1),(2877,1,1),(2878,2,1),(2879,1,1),(2880,2,1),(2881,1,1),(2882,2,1),(2885,2,1),(2887,2,1),(2888,2,1),(2889,2,1),(2891,2,1),(2892,1,1),(2893,2,1),(2906,1,1),(2907,2,1),(2908,1,1),(2909,2,1),(2914,1,1),(2915,2,1),(2918,1,1),(2919,2,1),(2920,1,1),(2921,2,1),(2926,1,1),(2927,2,1),(2928,2,1),(2929,2,1),(2931,2,1),(2932,3,1),(2939,2,1),(2951,1,1),(2952,2,1),(2959,1,1),(2960,2,1),(2961,1,1),(2962,2,1),(2963,1,1),(2964,2,1),(2967,2,1),(2970,1,1),(2971,2,1),(2972,1,1),(2973,2,1),(2988,1,1),(2989,2,1),(2997,12,1),(2999,12,1),(3001,12,1),(3002,12,1),(3009,1,1),(3010,2,1),(3011,12,1),(3017,1,1),(3018,2,1),(3041,1,1),(3042,1,1),(3043,1,1),(3044,1,1),(3045,1,1),(3046,2,1),(3065,1,1),(3066,2,1),(3087,2,1),(3089,2,1),(3110,1,1),(3111,2,1),(3150,1,1),(3151,2,1),(3152,1,1),(3153,2,1),(3154,1,1),(3155,2,1),(3156,1,1),(3157,2,1),(3166,1,1),(3167,2,1),(3168,1,1),(3169,2,1),(3172,1,1),(3173,2,1),(3174,1,1),(3175,2,1),(3176,1,1),(3177,2,1),(3180,1,1),(3181,2,1),(3194,1,1),(3195,2,1),(3211,1,1),(3212,2,1),(3248,2,1),(3249,3,1),(3251,11,1),(3256,1,1),(3257,2,1),(3264,1,1),(3265,2,1),(3266,8,1),(3271,1,1),(3272,2,1),(3273,2,1),(3274,1,1),(3275,2,1),(3276,1,1),(3277,2,1),(3290,1,1),(3291,2,1),(3292,12,1),(3293,1,1),(3294,2,1),(3296,2,1),(3299,2,1),(3307,12,1),(3309,12,1),(3330,2,1),(3331,3,1),(3332,1,1),(3333,2,1),(3334,3,1),(3335,1,1),(3336,2,1),(3337,3,1),(3362,1,1),(3363,2,1),(3365,12,1),(3385,1,1),(3387,1,1),(3390,12,1),(3417,12,1),(3419,12,1),(3421,12,1),(3422,12,1),(3427,12,1),(3432,1,1),(3433,2,1),(3438,12,1),(3439,12,1),(3440,1,1),(3441,2,1),(3443,1,1),(3444,2,1),(3445,1,1),(3446,2,1),(3447,1,1),(3448,2,1),(3451,1,1),(3452,2,1),(3453,1,1),(3454,2,1),(3459,12,1),(3460,1,1),(3461,1,1),(3462,2,1),(3473,8,1),(3474,12,1),(3475,1,1),(3476,2,1),(3516,1,1),(3527,1,1),(3528,2,1),(3532,1,1),(3533,2,1),(3534,8,1),(3535,11,1),(3552,10,1),(3553,12,1),(3554,9,1),(3562,1,1),(3563,2,1),(3566,1,1),(3567,2,1),(3568,1,1),(3569,2,1),(3570,14,1),(3571,2,1),(3572,2,1),(3574,1,1),(3575,1,1),(3696,1,1),(3697,2,1),(3698,12,1),(3711,9,1),(3714,9,1),(3717,9,1),(3745,1,1),(3746,2,1),(3747,3,1),(3757,1,1),(3758,2,1),(3759,1,1),(3760,2,1),(3762,12,1),(3764,1,1),(3765,2,1),(3766,1,1),(3767,2,1),(3770,12,1),(3771,12,1),(3810,1,1),(3811,2,1),(3812,9,1),(3813,12,1),(3832,9,0),(3833,1,0),(3834,2,0),(3835,1,1),(3836,2,1),(3837,12,1),(3838,12,0),(3858,1,1),(3859,2,1),(3860,12,1),(3875,1,1),(3876,2,1),(3885,1,1),(3886,2,1),(3887,1,1),(3888,2,1),(3889,12,1),(3896,1,1),(3897,2,1),(3898,1,1),(3899,2,1),(3900,1,1),(3901,2,1),(3904,1,1),(3905,2,1),(3908,1,1),(3909,2,1),(3910,1,1),(3911,2,1),(3912,12,1),(3937,1,1),(3938,2,1),(3939,12,1),(3940,1,1),(3941,2,1),(3945,1,1),(3946,2,1),(3947,12,1),(3951,9,0),(3955,1,1),(3956,2,1),(3957,3,1),(3967,1,1),(3968,2,1),(3969,3,1),(3972,2,1),(3973,8,1),(3974,1,1),(3975,2,1),(3976,2,1),(3978,1,1),(3979,9,1),(4012,2,1),(4013,3,1),(4014,9,1),(4015,12,1),(4016,2,1),(4017,3,1),(4018,9,1),(4019,11,0),(4021,1,1),(4022,1,1),(4023,2,1),(4032,1,1),(4033,2,1),(4036,1,1),(4037,2,1),(4042,1,1),(4043,2,1),(4048,1,1),(4049,2,1),(4056,1,1),(4057,2,1),(4058,3,1),(4059,12,1),(4080,1,1),(4081,2,1),(4082,1,1),(4083,2,1),(4084,1,1),(4085,2,1),(4086,12,1),(4099,1,1),(4100,2,1),(4101,12,1),(4102,1,1),(4103,2,1),(4104,12,1),(4105,12,0),(4198,1,1),(4199,2,1),(4222,1,1),(4223,2,1),(4272,1,1),(4273,2,1),(4393,2,1),(4404,1,1),(4405,3,1),(4409,1,1),(4410,3,1),(4411,9,1),(4426,1,1),(4427,2,1),(4431,1,1),(4432,2,1),(4433,3,1),(4436,1,1),(4437,2,1),(4438,1,1),(4439,2,1),(4444,1,1),(4445,2,1),(4496,1,1),(4499,9,1),(4500,12,1),(4503,1,1),(4504,2,1),(4507,1,1),(4508,2,1),(4509,1,1),(4510,2,1),(4519,1,1),(4520,2,1),(4523,1,1),(4524,2,1),(4529,1,1),(4530,2,1),(4531,1,1),(4532,2,1),(4533,1,1),(4534,2,1),(4535,1,1),(4536,2,1),(4539,1,1),(4540,2,1),(4551,1,1),(4552,2,1),(4561,1,1),(4562,2,1),(4658,2,1),(4727,2,1),(4728,2,1),(4729,2,1),(4731,2,1),(4732,2,1),(4733,1,1),(4734,2,1),(4735,12,1),(4755,1,1),(4756,2,1),(4757,12,1),(4758,1,1),(4759,2,1),(4760,12,1),(4761,1,1),(4762,2,1),(4768,1,1),(4769,2,1),(4770,12,1),(4771,1,1),(4772,2,1),(4776,1,1),(4777,2,1),(4778,12,1),(4785,1,1),(4786,2,1),(4787,12,1),(4830,2,1),(4842,1,1),(4843,2,1),(4844,3,1),(4845,9,1),(4854,1,1),(4855,2,1),(4856,3,1),(4857,9,1),(4858,1,1),(4859,2,1),(4860,12,1),(4861,1,1),(4862,2,1),(4863,12,1),(4879,1,1),(4880,1,1),(4881,8,1),(4882,2,1),(4883,1,1),(4884,2,1),(4885,1,1),(4886,2,1),(4887,11,1),(4888,2,1),(4889,2,1),(4890,1,1),(4891,2,1),(4892,11,1),(4893,1,1),(4894,2,1),(4896,1,1),(4902,1,1),(4922,1,1),(4923,2,1),(4926,1,1),(4927,3,1),(4928,9,1),(4932,1,1),(4933,2,1),(4936,1,1),(4937,12,1),(4938,12,1),(4940,12,1),(4942,12,1),(4944,12,1),(4947,2,1),(4948,12,1),(4949,12,1),(4953,12,1),(4976,2,1),(4978,2,1),(4980,1,1),(4981,2,1),(4982,1,1),(4983,2,1),(4984,1,1),(4985,2,1),(4986,1,1),(4987,2,1),(4988,1,1),(4989,2,1),(4999,1,1),(5000,2,1),(5001,3,1),(5002,9,1),(5003,3,1),(5004,9,1),(5005,1,1),(5006,3,1),(5007,9,1),(5009,3,1),(5010,2,1),(5011,1,1),(5012,3,1),(5013,9,1),(5014,1,1),(5015,3,1),(5016,9,1),(5017,2,1),(5018,3,1),(5019,9,1),(5022,3,1),(5025,1,1),(5026,3,1),(5027,9,1),(5028,9,1),(5029,1,1),(5030,2,1),(5031,1,1),(5032,2,1),(5033,14,1),(5034,1,1),(5035,2,1),(5036,12,1),(5038,1,1),(5039,2,1),(5067,1,1),(5068,2,1),(5069,1,1),(5070,2,1),(5071,1,1),(5072,2,1),(5073,1,1),(5074,2,1),(5075,1,1),(5076,1,1),(5077,2,1),(5078,1,1),(5079,2,1),(5080,2,1),(5081,9,1),(5087,1,1),(5088,3,1),(5089,9,1),(5090,1,1),(5091,2,1),(5092,1,1),(5093,2,1),(5105,1,1),(5106,2,1),(5107,12,1),(5108,1,1),(5109,2,1),(5110,12,1),(5111,1,1),(5112,2,1),(5113,12,1),(5114,1,1),(5115,2,1),(5116,12,1),(5117,1,1),(5118,2,1),(5119,12,1),(5120,1,1),(5121,2,1),(5122,12,1),(5123,12,1),(5128,12,1),(5132,1,1),(5133,2,1),(5134,12,1),(5136,12,1),(5137,12,1),(5138,12,1),(5139,12,1),(5140,2,1),(5141,12,1),(5142,2,1),(5143,12,1),(5144,1,1),(5145,2,1),(5146,1,1),(5147,2,1),(5148,1,1),(5149,2,1),(5158,2,1),(5162,2,1),(5167,1,1),(5168,2,1),(5169,1,1),(5170,2,1),(5171,2,1),(5196,9,1),(5197,9,1),(5199,9,1),(5200,8,1),(5202,9,1),(5207,1,1),(5208,2,1),(5209,1,1),(5210,2,1),(5211,15,0),(5213,12,1),(5231,2,1),(5232,2,1),(5233,2,1),(5234,2,1),(5235,2,1),(5250,12,1),(5254,2,1),(5255,1,1),(5256,2,1),(5258,12,1),(5261,1,1),(5262,1,1),(5265,1,1),(5266,2,1),(5271,1,1),(5277,1,1),(5278,2,1),(5281,1,1),(5282,2,1),(5283,12,1),(5286,9,1),(5287,12,1),(5288,1,1),(5289,2,1),(5290,12,1),(5291,1,1),(5292,2,1),(5293,1,1),(5294,2,1),(5295,1,1),(5296,2,1),(5297,1,1),(5298,2,1),(5299,1,1),(5300,2,1),(5301,1,1),(5302,2,1),(5303,1,1),(5304,2,1),(5305,1,1),(5306,2,1),(5307,12,1),(5310,12,1),(5313,1,1),(5314,2,1),(5318,2,1),(5319,12,1),(5322,2,1),(5324,12,1),(5460,9,1),(5461,14,1),(5489,8,1),(5491,8,1),(5518,2,1),(5519,8,1),(5520,9,1),(5521,8,1),(5522,9,1),(5523,2,1),(5524,8,1),(5525,9,1),(5526,2,1),(5527,8,1),(5528,9,1),(5532,2,1),(5533,8,1),(5534,9,1),(5535,1,1),(5536,8,1),(5537,9,1),(5540,8,1),(5541,9,1),(5542,8,1),(5543,9,1),(5544,1,1),(5545,8,1),(5546,9,1),(5551,9,1),(5553,9,1),(5554,8,1),(5557,8,1),(5558,9,1),(5559,9,0),(5560,1,1),(5561,8,1),(5562,9,1),(5579,1,1),(5580,2,1),(5596,1,1),(5597,2,1),(5598,1,1),(5599,2,1),(5600,1,1),(5601,2,1),(5602,1,1),(5603,2,1),(5604,1,1),(5605,2,1),(5606,1,1),(5607,2,1),(5611,1,1),(5612,2,1),(5613,12,1),(5616,1,1),(5617,2,1),(5621,1,1),(5622,2,1),(5623,12,1),(5624,1,1),(5625,2,1),(5626,12,1),(5627,1,1),(5628,2,1),(5633,2,1),(5634,3,1),(5635,2,1),(5636,12,1),(5642,1,1),(5643,2,1),(5648,1,1),(5649,2,1),(5650,1,1),(5651,2,1),(5653,12,1),(5655,12,1),(5657,12,1);

--
-- Table structure for table `pre3303_feature_value_lang`
--

CREATE TABLE `pre3303_feature_value_lang` (
  `id_feature_value` int(10) unsigned NOT NULL,
  `id_lang` int(10) unsigned NOT NULL,
  `value` varchar(255) DEFAULT NULL,
  PRIMARY KEY (`id_feature_value`,`id_lang`)
) ENGINE=InnoDB DEFAULT CHARSET=utf8;

--
-- Dumping data for table `pre3303_feature_value_lang`
--

INSERT INTO `pre3303_feature_value_lang` VALUES (22,1,'2.75 in'),(22,2,'2.75 in'),(23,1,'2.06 in'),(23,2,'2.06 in'),(24,1,'49,2 g'),(24,2,'49.2 g'),(25,1,'0.26 in'),(25,2,'0.26 in'),(26,1,'1.07 in'),(26,2,'1.07 in'),(27,1,'1.62 in'),(27,2,'1.62 in'),(28,1,'15,5 g'),(28,2,'15.5 g'),(29,1,'0.41 in (clip included)'),(29,2,'0.41 in (clip included)'),(30,1,'4.33 in'),(30,2,'4.33 in'),(31,1,'2.76 in'),(31,2,'2.76 in'),(32,1,'120 g'),(32,2,'120g'),(33,1,'0.31 in'),(33,2,'0.31 in'),(34,1,'Acrylique'),(34,2,'Acrylique'),(35,1,'Aérosol'),(35,2,'Aérosol'),(36,1,'Huile'),(36,2,'Oil'),(37,1,'Technique mixte'),(37,2,'Mixed Technique'),(38,1,'Collage'),(38,2,'Collage'),(39,1,'Toile'),(39,2,'Toile'),(40,1,'Tôle'),(40,2,'Tôle'),(41,1,'Panneau de Bois'),(41,2,'Panneau de Bois'),(42,1,'Papier'),(42,2,'Papier'),(43,1,'Papier Kraft'),(43,2,'Papier Kraft'),(44,1,'Papier Kraft marouflé sur bois'),(44,2,'Papier Kraft marouflé sur bois'),(45,1,'sans cadre'),(45,2,'sans cadre'),(46,1,'caisse américaine'),(46,2,'caisse américaine'),(47,1,'cadre sous verre'),(47,2,'cadre sous verre'),(70,1,'Papier Rives BFK 270 gr'),(70,2,'Papier Rives BFK 270 gr'),(71,1,'Brique'),(71,2,'Brique'),(72,1,'Carton'),(72,2,'Carton'),(73,1,'Parpaing'),(73,2,'Parpaing'),(74,1,'Bronze'),(74,2,'Bronze'),(75,1,'Sculpture'),(75,2,'sculpture'),(76,1,'Photographie'),(76,2,'Photographie'),(77,1,'Pavé'),(77,2,'Pavé'),(78,1,'Plexiglass'),(78,2,'Plexiglass'),(79,1,'Tissus'),(79,2,'Tissus'),(80,1,'2013'),(80,2,'2013'),(81,1,'2014'),(81,2,'2014'),(82,1,'2015'),(82,2,'2015'),(84,1,'2016'),(84,2,'2016'),(85,1,'2017'),(85,2,'2017'),(86,1,'2018'),(86,2,'2018'),(87,1,'2020'),(87,2,'2020'),(89,1,'92'),(89,2,'92'),(90,1,'65'),(90,2,'65'),(91,1,'Lithographie'),(91,2,'Lithographie'),(92,1,'2008'),(92,2,'2008'),(93,1,'2009'),(93,2,'2009'),(94,1,'51'),(94,2,'51'),(95,1,'37'),(95,2,'37'),(96,1,'32'),(96,2,'32'),(97,1,'40'),(97,2,'40'),(98,1,'105'),(98,2,'105'),(99,1,'75'),(99,2,'75'),(100,1,'34'),(100,2,'34'),(101,1,'27'),(101,2,'27'),(102,1,'Plâtre'),(102,2,'Plâtre'),(103,1,'35'),(103,2,'35'),(104,1,'35'),(104,2,'35'),(105,1,'41'),(105,2,'41'),(106,1,'6'),(106,2,'6'),(107,1,'50'),(107,2,'50'),(108,1,'25'),(108,2,'25'),(109,1,'10'),(109,2,'10'),(110,1,'Bronze'),(110,2,'Bronze'),(111,1,'22'),(111,2,'22'),(112,1,'16'),(112,2,'16'),(113,1,'Bois'),(113,2,'Bois'),(114,1,'129'),(114,2,'129'),(115,1,'97'),(115,2,'97'),(116,1,'8'),(116,2,'8'),(117,1,'?'),(117,2,'?'),(118,1,'42'),(118,2,'42'),(119,1,'29'),(119,2,'29'),(121,1,'60'),(121,2,'60'),(122,1,'116'),(122,2,'116'),(123,1,'119'),(123,2,'119'),(124,1,'Digigraphie'),(124,2,'Digigraphie'),(125,1,'70'),(125,2,'70'),(126,1,'100'),(126,2,'100'),(127,1,'100'),(127,2,'100'),(128,1,'40'),(128,2,'40'),(129,1,'60'),(129,2,'60'),(130,1,'Sérigraphie'),(130,2,'Sérigraphie'),(131,1,'91'),(131,2,'91'),(132,1,'61'),(132,2,'61'),(133,1,'23'),(133,2,'23'),(134,1,'Livre'),(134,2,'Livre'),(135,1,'24'),(135,2,'24'),(136,1,'24'),(136,2,'24'),(137,1,'15'),(137,2,'15'),(138,1,'15'),(138,2,'15'),(139,1,'Coffret'),(139,2,'Coffret'),(140,1,'80'),(140,2,'80'),(141,1,'55'),(141,2,'55'),(142,1,'89'),(142,2,'89'),(143,1,'92'),(143,2,'92'),(144,1,'73'),(144,2,'73'),(145,1,'61'),(145,2,'61'),(146,1,'46'),(146,2,'46'),(147,1,'33'),(147,2,'33'),(148,1,'Sérigraphie et vinyle'),(148,2,'Sérigraphie et vinyle'),(149,1,'31'),(149,2,'31'),(150,1,'31'),(150,2,'31'),(151,1,'2010'),(151,2,'2010'),(152,1,'78'),(152,2,'78'),(153,1,'64'),(153,2,'64'),(154,1,'180'),(154,2,'180'),(155,1,'110'),(155,2,'110'),(156,1,'50'),(156,2,'50'),(157,1,'38'),(157,2,'38'),(158,1,'41'),(158,2,'41'),(159,1,'33'),(159,2,'33'),(160,1,'65'),(160,2,'65'),(161,1,'54'),(161,2,'54'),(162,1,'Estampe rehaussée'),(162,2,'Digigraphie réhaussée'),(163,1,'30'),(163,2,'30'),(164,1,'Cadre'),(164,2,'Cadre'),(165,1,'11'),(165,2,'11'),(166,1,'11'),(166,2,'11'),(167,1,'44'),(167,2,'44'),(168,1,'34'),(168,2,'34'),(169,1,'70'),(169,2,'70'),(170,1,'Catalogue'),(170,2,'Catalogue'),(171,1,'Estampe'),(171,2,'Estampe'),(172,1,'Tôle'),(172,2,'Tôle'),(173,1,'130'),(173,2,'130'),(174,1,'29'),(174,2,'29'),(175,1,'39'),(175,2,'39'),(176,1,'30'),(176,2,'30'),(177,1,'73'),(177,2,'73'),(178,1,'Pochoir'),(178,2,'Pochoir'),(179,1,'43'),(179,2,'43'),(180,1,'63'),(180,2,'63'),(181,1,'64'),(181,2,'64'),(182,1,'56'),(182,2,'56'),(183,1,'27'),(183,2,'27'),(184,1,'107'),(184,2,'107'),(185,1,'94'),(185,2,'94'),(186,1,'85'),(186,2,'85'),(187,1,'52'),(187,2,'52'),(188,1,'36'),(188,2,'36'),(189,1,'Photographie'),(189,2,'Photographie'),(190,1,'Gravure'),(190,2,'Gravure'),(191,1,'59'),(191,2,'59'),(192,1,'66'),(192,2,'66'),(193,1,'120'),(193,2,'120'),(194,1,'80'),(194,2,'80'),(195,1,'28'),(195,2,'28'),(196,1,'32'),(196,2,'32'),(197,1,'12'),(197,2,'12'),(198,1,'12'),(198,2,'12'),(199,1,'Installation'),(199,2,'Installation'),(200,1,'Installation'),(200,2,'Installation'),(201,1,'103'),(201,2,'103'),(202,1,'198'),(202,2,'198'),(203,1,'Papier et bois'),(203,2,'Papier et bois'),(204,1,'94'),(204,2,'94'),(205,1,'Papier'),(205,2,'Papier'),(206,1,'16'),(206,2,'16'),(207,1,'10'),(207,2,'10'),(208,1,'5'),(208,2,'5'),(209,1,'14'),(209,2,'14'),(210,1,'14'),(210,2,'14'),(211,1,'Toile'),(211,2,'Canvas'),(212,1,'20'),(212,2,'20'),(213,1,'20'),(213,2,'20'),(214,1,'45'),(214,2,'45'),(215,1,'19'),(215,2,'19'),(216,1,'2011'),(216,2,'2011'),(217,1,'68'),(217,2,'68'),(218,1,'2012'),(218,2,'2012'),(219,1,'36'),(219,2,'36'),(220,1,'22'),(220,2,'22'),(221,1,'21'),(221,2,'21'),(222,1,'109'),(222,2,'109'),(223,1,'48'),(223,2,'48'),(224,1,'122'),(224,2,'122'),(225,1,'2007'),(225,2,'2007'),(227,1,'57'),(227,2,'57'),(228,1,'57'),(228,2,'57'),(229,1,'66'),(229,2,'66'),(230,1,'45'),(230,2,'45'),(231,1,'195'),(231,2,'195'),(232,1,'46'),(232,2,'46'),(233,1,'85'),(233,2,'85'),(234,1,'121'),(234,2,'121'),(235,1,'38'),(235,2,'38'),(236,1,'160'),(236,2,'160'),(237,1,'Médium MDF'),(237,2,'Médium MDF'),(238,1,'140'),(238,2,'140'),(239,1,'120'),(239,2,'120'),(255,1,'7 exemplaires'),(255,2,'7 exemplaires'),(256,1,'8 exemplaires'),(256,2,'8 exemplaires'),(257,1,'12 exemplaires'),(257,2,'12 exemplaires'),(258,1,'20 exemplaires'),(258,2,'20 exemplaires'),(259,1,'33 exemplaires'),(259,2,'33 exemplaires'),(260,1,'40 exemplaires'),(260,2,'40 exemplaires'),(261,1,'60 exemplaires'),(261,2,'60 exemplaires'),(262,1,'200 exemplaires'),(262,2,'200 exemplaires'),(263,1,'300 exemplaires'),(263,2,'300 exemplaires'),(264,1,'400 exemplaires'),(264,2,'400 exemplaires'),(265,1,'450 exemplaires'),(265,2,'450 exemplaires'),(266,1,'700 exemplaires'),(266,2,'700 exemplaires'),(303,1,'1993'),(303,2,'1993'),(304,1,'Encre'),(304,2,'Ink'),(307,1,'Mine de plomb et crayon rouge'),(307,2,'Mine de plomb et crayon rouge'),(308,1,'Disque Vinyl'),(308,2,'Disque Vinyl'),(309,1,'1991'),(309,2,'1991'),(310,1,'18'),(310,2,'18'),(311,1,'21'),(311,2,'21'),(312,1,'25'),(312,2,'25'),(313,1,'1990'),(313,2,'1990'),(314,1,'10'),(314,2,'10'),(315,1,'5'),(315,2,'5'),(322,1,'Papier Museum Etching 350g'),(322,2,'Museum Etching 350g'),(333,1,'60'),(333,2,''),(334,1,'40'),(334,2,''),(339,1,'Estampe numérique'),(339,2,'Digital printing'),(347,1,'5 exemplaires'),(347,2,''),(350,1,'5 exemplaires'),(350,2,''),(351,1,'5 exempalires'),(351,2,''),(356,1,'25 exemplaires'),(356,2,''),(358,1,'25 exemplaires'),(358,2,''),(362,1,'Open Edition'),(362,2,'Open Edition'),(378,1,'Papier German Etching 310g'),(378,2,'German Etching 310g'),(396,1,'Rivoli 240g'),(396,2,''),(401,1,'Exemplaire unique'),(401,2,''),(402,1,'Rivoli 240g'),(402,2,''),(403,1,'55 exemplaires'),(403,2,'55 exemplaires'),(422,1,'50 exemplaires'),(422,2,''),(429,1,'18'),(429,2,''),(430,1,'18'),(430,2,''),(439,1,'18'),(439,2,''),(440,1,'18'),(440,2,''),(450,1,'28'),(450,2,''),(451,1,'1'),(451,2,''),(460,1,'28'),(460,2,''),(461,1,'1'),(461,2,''),(492,1,'40'),(492,2,''),(493,1,'30'),(493,2,''),(494,1,'2014'),(494,2,''),(498,1,'40'),(498,2,''),(499,1,'30'),(499,2,''),(500,1,'2014'),(500,2,''),(558,1,'EA'),(558,2,''),(566,1,'50 exemplaires'),(566,2,''),(567,1,'50'),(567,2,''),(568,1,'66'),(568,2,''),(569,1,'2001'),(569,2,''),(572,1,'50'),(572,2,''),(573,1,'43'),(573,2,''),(574,1,'60'),(574,2,''),(575,1,'60 exemplaires'),(575,2,''),(576,1,'62'),(576,2,''),(577,1,'49'),(577,2,''),(578,1,'50'),(578,2,''),(579,1,'37'),(579,2,''),(589,1,'55 exemplaires'),(589,2,''),(590,1,'25 exemplaires'),(590,2,''),(591,1,'50'),(591,2,''),(592,1,'50'),(592,2,''),(595,1,'20'),(595,2,''),(596,1,'50 exemplaires'),(596,2,''),(597,1,'Papier Velin d\'arche 270g '),(597,2,'Papier Velin d\'arche 270g '),(781,1,'8'),(781,2,''),(790,1,'38'),(790,2,''),(791,1,'28'),(791,2,''),(792,1,'1988'),(792,2,''),(793,1,'80 exemplaires'),(793,2,''),(798,1,'40'),(798,2,''),(799,1,'56'),(799,2,''),(800,1,'1988'),(800,2,''),(801,1,'99 exemplaires'),(801,2,''),(802,1,'76'),(802,2,''),(803,1,'56'),(803,2,''),(804,1,'1986'),(804,2,''),(841,1,'86'),(841,2,''),(856,1,'40'),(856,2,''),(857,1,'30'),(857,2,''),(858,1,'40'),(858,2,''),(859,1,'30'),(859,2,''),(860,1,'40'),(860,2,''),(861,1,'30'),(861,2,''),(862,1,'30'),(862,2,''),(863,1,'40'),(863,2,''),(866,1,'EA'),(866,2,''),(868,1,'59'),(868,2,''),(872,1,'75'),(872,2,''),(873,1,'105'),(873,2,''),(874,1,'30 exemplaires'),(874,2,''),(875,1,'1 exemplaire'),(875,2,''),(880,1,'140 exemplaires'),(880,2,''),(882,1,'51'),(882,2,''),(883,1,'1994'),(883,2,''),(884,1,'80 exemplaires'),(884,2,''),(885,1,'50 exemplaires'),(885,2,''),(886,1,'105'),(886,2,''),(887,1,'75'),(887,2,''),(888,1,'30 exemplaires'),(888,2,''),(892,1,'75'),(892,2,''),(893,1,'105'),(893,2,''),(894,1,'50 exemplaires'),(894,2,''),(921,1,'50'),(921,2,''),(933,1,'1 exemplaire'),(933,2,''),(935,1,'20 exemplaires'),(935,2,''),(939,1,'42'),(939,2,''),(940,1,'150 exemplaires'),(940,2,''),(954,1,'27'),(954,2,''),(955,1,'21'),(955,2,''),(956,1,'140 exemplaires'),(956,2,''),(957,1,'56'),(957,2,''),(958,1,'28'),(958,2,''),(959,1,'43'),(959,2,''),(960,1,'43'),(960,2,''),(1046,1,'50'),(1046,2,''),(1047,1,'50'),(1047,2,''),(1048,1,'2017'),(1048,2,''),(1054,1,'Sac de jute'),(1054,2,'Sac de jute'),(1057,1,'110'),(1057,2,'110'),(1058,1,'165'),(1058,2,''),(1059,1,'165'),(1059,2,''),(1060,1,'165'),(1060,2,'165'),(1070,1,'81'),(1070,2,''),(1252,1,'Papier Coton 320 gr'),(1252,2,'Cotton Paper 320 gr'),(1367,1,'43'),(1367,2,'43'),(1368,1,'150 exemplaires'),(1368,2,'150 exemplaires'),(1370,1,'de l\'artiste, en bas à droite'),(1370,2,'de l\'artiste, en bas à droite'),(1371,1,'de l\'artiste, en bas à gauche'),(1371,2,'de l\'artiste, en bas à droite'),(1373,1,'de l\'artiste, en bas'),(1373,2,'de l\'artiste, en bas'),(1374,1,'de l\'artiste, en haut'),(1374,2,'de l\'artiste, en haut'),(1375,1,'de l\'artiste, au dos'),(1375,2,'de l\'artiste, au dos'),(1398,1,'77'),(1398,2,'77'),(1399,1,'30 exemplaires'),(1399,2,''),(1452,1,'Aquarelle'),(1452,2,'Watercolor'),(1623,1,'17,5'),(1623,2,'17,5'),(1624,1,'10 exemplaires'),(1624,2,'10 prints'),(1625,1,'17,5'),(1625,2,'17,5'),(1626,1,'10 exemplaires'),(1626,2,'10 prints'),(1627,1,'17,5'),(1627,2,'17,5'),(1628,1,'10 exemplaires'),(1628,2,'10 prints'),(1629,1,'17,5'),(1629,2,'17,5'),(1630,1,'10 exemplaires'),(1630,2,'10 prints'),(1631,1,'17,5'),(1631,2,'17,5'),(1632,1,'10 exemplaires'),(1632,2,'10 prints'),(1633,1,'17,5'),(1633,2,'17,5'),(1634,1,'10 exemplaires'),(1634,2,'10 prints'),(1635,1,'17,5'),(1635,2,'17,5'),(1636,1,'10 exemplaires'),(1636,2,'10 prints'),(1637,1,'17,5'),(1637,2,'17,5'),(1638,1,'10 exemplaires'),(1638,2,'10 prints'),(1641,1,'17,5'),(1641,2,'17,5'),(1642,1,'10 exemplaires'),(1642,2,'10 prints'),(1643,1,'17,5'),(1643,2,'17,5'),(1644,1,'10 exemplaires'),(1644,2,'10 prints'),(1645,1,'17,5'),(1645,2,'17,5'),(1646,1,'10 exemplaires'),(1646,2,'10 prints'),(1647,1,'17,5'),(1647,2,'17,5'),(1648,1,'10 exemplaires'),(1648,2,'10 prints'),(1680,1,'33'),(1680,2,''),(1831,1,'Encre et pastel'),(1831,2,'Ink and pastel'),(1832,1,'Encre et acrylique'),(1832,2,'Ink and acrylic'),(1836,1,'30,5'),(1836,2,'30,5'),(1837,1,'76'),(1837,2,'76'),(1936,1,'Papier 600 gr'),(1936,2,'Paper 600 gr'),(2119,1,'Papier marouflé sur toile'),(2119,2,'Papier marouflé sur toile'),(2134,1,'Box sous verre'),(2134,2,'Box sous verre'),(2197,1,'162'),(2197,2,'162'),(2198,1,'114'),(2198,2,'114'),(2222,1,'69'),(2222,2,'69'),(2223,1,'49'),(2223,2,'49'),(2224,1,'30 exemplaires'),(2224,2,'30 exemplaires'),(2225,1,'55 exemplaires'),(2225,2,''),(2227,1,'50 exemplaires'),(2227,2,''),(2261,1,'2000'),(2261,2,'2000'),(2273,1,'74'),(2273,2,'73'),(2275,1,'75'),(2275,2,'75'),(2282,1,'47'),(2282,2,'47'),(2283,1,'60'),(2283,2,'60'),(2292,1,'74'),(2292,2,'74'),(2293,1,'53'),(2293,2,'53'),(2294,1,'Aquarelle'),(2294,2,'Aquarelle'),(2310,1,'53'),(2310,2,'74'),(2311,1,'74'),(2311,2,'53'),(2322,1,'40'),(2322,2,''),(2323,1,'73'),(2323,2,'73'),(2324,1,'53'),(2324,2,'53'),(2325,1,'Estampe numérique 3D'),(2325,2,'3D numeric print'),(2420,1,'83'),(2420,2,'83'),(2421,1,'61'),(2421,2,'61'),(2422,1,'30 exemplaires'),(2422,2,'30 prints'),(2423,1,'75'),(2423,2,'75'),(2424,1,'61'),(2424,2,'61'),(2425,1,'30 exemplaires'),(2425,2,'30 prints'),(2426,1,'81,5'),(2426,2,'81,5'),(2427,1,'61'),(2427,2,'61'),(2428,1,'30 exemplaires'),(2428,2,'30 prints'),(2429,1,'77,5'),(2429,2,'77,5'),(2430,1,'60,7'),(2430,2,'60,7'),(2431,1,'30 exemplaires'),(2431,2,'30 prints'),(2432,1,'83,3'),(2432,2,'83,3'),(2433,1,'30 exemplaires'),(2433,2,'30 prints'),(2435,1,'30 exemplaires'),(2435,2,'30 prints'),(2485,1,'72'),(2485,2,'72'),(2491,1,'6 exemplaires'),(2491,2,'6 prints'),(2492,1,'6 exemplaires'),(2492,2,'6 prints'),(2493,1,'6 exemplaires'),(2493,2,'6 prints'),(2494,1,'6 exemplaires'),(2494,2,'6 prints'),(2495,1,'100'),(2495,2,'100'),(2496,1,'70'),(2496,2,'70'),(2497,1,'25 exemplaires'),(2497,2,'30 prints'),(2499,1,'77'),(2499,2,'77'),(2500,1,'30 exemplaires'),(2500,2,'30 exemplaires'),(2502,1,'49 exemplaires'),(2502,2,''),(2533,1,'48,5'),(2533,2,'48,5'),(2534,1,'47'),(2534,2,'47'),(2536,1,'Crayon'),(2536,2,'Pencil'),(2587,1,'111'),(2587,2,'111'),(2588,1,'71'),(2588,2,'71'),(2595,1,'111'),(2595,2,'111'),(2596,1,'71'),(2596,2,'71'),(2605,1,'111'),(2605,2,'111'),(2606,1,'71'),(2606,2,'71'),(2611,1,'111'),(2611,2,'111'),(2612,1,'71'),(2612,2,'71'),(2643,1,'73'),(2643,2,'73'),(2644,1,'100'),(2644,2,'100'),(2645,1,'65'),(2645,2,'65'),(2646,1,'81'),(2646,2,'81'),(2689,1,'75'),(2689,2,'75'),(2690,1,'65'),(2690,2,'65'),(2718,1,'325 exemplaires'),(2718,2,''),(2749,1,'220'),(2749,2,'220'),(2750,1,'30'),(2750,2,'30'),(2760,1,'48'),(2760,2,'48'),(2788,1,'111'),(2788,2,'111'),(2789,1,'71'),(2789,2,'71'),(2792,1,'220'),(2792,2,'220'),(2793,1,'30'),(2793,2,'30'),(2796,1,'220'),(2796,2,'220'),(2797,1,'30'),(2797,2,'30'),(2812,1,'17,5'),(2812,2,'17,5'),(2813,1,'10 exemplaires'),(2813,2,'10 prints'),(2814,1,'17,5'),(2814,2,'17,5'),(2815,1,'10 exemplaires'),(2815,2,'10 prints'),(2816,1,'81'),(2816,2,'81'),(2835,1,'36'),(2835,2,'36'),(2836,1,'26'),(2836,2,'26'),(2839,1,'26'),(2839,2,'26'),(2840,1,'36'),(2840,2,'36'),(2849,1,'105'),(2849,2,'105'),(2850,1,'138'),(2850,2,'138'),(2853,1,'33'),(2853,2,'33'),(2854,1,'36'),(2854,2,'36'),(2859,1,'32,5'),(2859,2,'64,5'),(2860,1,'38'),(2860,2,'64'),(2861,1,'64,5'),(2861,2,'64,5'),(2862,1,'64'),(2862,2,'64'),(2865,1,'44'),(2865,2,'44'),(2866,1,'54'),(2866,2,'54'),(2867,1,'32,5'),(2867,2,'32,5'),(2868,1,'29,5'),(2868,2,'29,5'),(2871,1,'68'),(2871,2,'68'),(2872,1,'52'),(2872,2,'52'),(2877,1,'52,5'),(2877,2,'52,5'),(2878,1,'62'),(2878,2,'62'),(2879,1,'72'),(2879,2,'72'),(2880,1,'53'),(2880,2,'53'),(2881,1,'69,5'),(2881,2,'72'),(2882,1,'56'),(2882,2,'49,5'),(2885,1,'30'),(2885,2,'30'),(2887,1,'42'),(2887,2,'42'),(2888,1,'30'),(2888,2,'42'),(2889,1,'42'),(2889,2,'42'),(2891,1,'42'),(2891,2,'42'),(2892,1,'37'),(2892,2,'37'),(2893,1,'48'),(2893,2,'48'),(2906,1,'40'),(2906,2,''),(2907,1,'30'),(2907,2,''),(2908,1,'35'),(2908,2,''),(2909,1,'50'),(2909,2,''),(2914,1,'30'),(2914,2,''),(2915,1,'40'),(2915,2,''),(2918,1,'30'),(2918,2,''),(2919,1,'40'),(2919,2,''),(2920,1,'50'),(2920,2,''),(2921,1,'70'),(2921,2,''),(2926,1,'114'),(2926,2,''),(2927,1,'146'),(2927,2,''),(2928,1,'50'),(2928,2,''),(2929,1,'14,5'),(2929,2,''),(2931,1,'90'),(2931,2,'90'),(2932,1,'30'),(2932,2,'30'),(2937,1,'165'),(2937,2,''),(2938,1,'165'),(2938,2,''),(2939,1,'180'),(2939,2,''),(2951,1,'220'),(2951,2,'220'),(2952,1,'30'),(2952,2,'30'),(2959,1,'32,5'),(2959,2,'32,5'),(2960,1,'29,5'),(2960,2,'29,5'),(2961,1,'72'),(2961,2,'72'),(2962,1,'49,5'),(2962,2,'49,5'),(2963,1,'52,5'),(2963,2,'52,5'),(2964,1,'62,5'),(2964,2,'62,5'),(2967,1,'17'),(2967,2,''),(2970,1,'41'),(2970,2,'41'),(2971,1,'29,5'),(2971,2,'29,5'),(2972,1,'29,5'),(2972,2,'41'),(2973,1,'29,5'),(2973,2,'29,5'),(2988,1,'40'),(2988,2,''),(2989,1,'30'),(2989,2,''),(2997,1,'5 coffrets'),(2997,2,''),(2999,1,'55 exemplaires'),(2999,2,''),(3001,1,'110 exemplaires'),(3001,2,''),(3002,1,'75 exemplaires'),(3002,2,''),(3009,1,'58'),(3009,2,'58'),(3010,1,'58'),(3010,2,'58'),(3011,1,'133 exemplaires'),(3011,2,''),(3017,1,'100'),(3017,2,'100'),(3018,1,'45'),(3018,2,'45'),(3041,1,'95'),(3041,2,''),(3042,1,'95'),(3042,2,''),(3043,1,'95'),(3043,2,''),(3044,1,'95'),(3044,2,''),(3045,1,'200'),(3045,2,''),(3046,1,'165'),(3046,2,''),(3065,1,'100'),(3065,2,''),(3066,1,'81'),(3066,2,''),(3087,1,'50'),(3087,2,'50'),(3089,1,'50'),(3089,2,'50'),(3110,1,'76'),(3110,2,'76'),(3111,1,'58'),(3111,2,'58'),(3150,1,'76'),(3150,2,'76'),(3151,1,'58'),(3151,2,'58'),(3152,1,'76'),(3152,2,'76'),(3153,1,'58'),(3153,2,'58'),(3154,1,'76'),(3154,2,'76'),(3155,1,'58'),(3155,2,'58'),(3156,1,'76'),(3156,2,'76'),(3157,1,'58'),(3157,2,'58'),(3166,1,'36'),(3166,2,'36'),(3167,1,'26'),(3167,2,'26'),(3168,1,'36'),(3168,2,'36'),(3169,1,'26'),(3169,2,'26'),(3172,1,'36'),(3172,2,'36'),(3173,1,'26'),(3173,2,'26'),(3174,1,'30,5'),(3174,2,'30,5'),(3175,1,'23'),(3175,2,'23'),(3176,1,'30,5'),(3176,2,'30,5'),(3177,1,'23'),(3177,2,'23'),(3180,1,'30,5'),(3180,2,'30,5'),(3181,1,'23'),(3181,2,'23'),(3194,1,'200'),(3194,2,'200'),(3195,1,'180'),(3195,2,'180'),(3211,1,'69'),(3211,2,'69'),(3212,1,'52'),(3212,2,'52'),(3248,1,'26,5'),(3248,2,'26,5'),(3249,1,'23'),(3249,2,'23'),(3251,1,'2006'),(3251,2,'2006'),(3256,1,'54'),(3256,2,'54'),(3257,1,'73'),(3257,2,'73'),(3264,1,'53'),(3264,2,'53'),(3265,1,'74'),(3265,2,'74'),(3266,1,'Aquarelle'),(3266,2,'Aquarelle'),(3271,1,'140'),(3271,2,'140'),(3272,1,'100'),(3272,2,'100'),(3273,1,'50'),(3273,2,'50'),(3274,1,'130'),(3274,2,'130'),(3275,1,'97'),(3275,2,'97'),(3276,1,'220'),(3276,2,'220'),(3277,1,'30'),(3277,2,'30'),(3290,1,'61'),(3290,2,'61'),(3291,1,'37'),(3291,2,'37'),(3292,1,'30 exemplaires'),(3292,2,'30 prints'),(3293,1,'75'),(3293,2,'75'),(3294,1,'110'),(3294,2,'110'),(3296,1,'50'),(3296,2,'50'),(3299,1,'50'),(3299,2,'50'),(3307,1,'6 exemplaires'),(3307,2,'6 prints'),(3309,1,'6 exemplaires'),(3309,2,'6 prints'),(3330,1,'200'),(3330,2,'200'),(3331,1,'50'),(3331,2,'50'),(3332,1,'200'),(3332,2,'200'),(3333,1,'70'),(3333,2,'70'),(3334,1,'20'),(3334,2,'20'),(3335,1,'200'),(3335,2,'200'),(3336,1,'100'),(3336,2,'100'),(3337,1,'10'),(3337,2,'10'),(3362,1,'42'),(3362,2,''),(3363,1,'29,7'),(3363,2,''),(3365,1,'1 exemplaire'),(3365,2,''),(3385,1,'76'),(3385,2,'76'),(3387,1,'82'),(3387,2,'82'),(3390,1,'50 exemplaires'),(3390,2,''),(3417,1,'49 exemplaires'),(3417,2,''),(3419,1,'50 exemplaires'),(3419,2,'30 exemplaires'),(3421,1,'55 exemplaires'),(3421,2,''),(3422,1,'50 exemplaires'),(3422,2,''),(3427,1,'55 exemplaires'),(3427,2,''),(3432,1,'97'),(3432,2,'97'),(3433,1,'146'),(3433,2,'146'),(3438,1,'50 exemplaires'),(3438,2,''),(3439,1,'50 exemplaires'),(3439,2,''),(3440,1,'60'),(3440,2,''),(3441,1,'40'),(3441,2,''),(3443,1,'76'),(3443,2,'76'),(3444,1,'58'),(3444,2,'58'),(3445,1,'65'),(3445,2,''),(3446,1,'50'),(3446,2,''),(3447,1,'97'),(3447,2,''),(3448,1,'162'),(3448,2,''),(3451,1,'76'),(3451,2,'76'),(3452,1,'58'),(3452,2,'58'),(3453,1,'76'),(3453,2,'76'),(3454,1,'58'),(3454,2,'58'),(3459,1,'500 exemplaires'),(3459,2,''),(3460,1,'70'),(3460,2,''),(3461,1,'100'),(3461,2,''),(3462,1,'81'),(3462,2,''),(3473,1,'Acrylique sur photo'),(3473,2,'Acrylique sur photo'),(3474,1,'50 exemplaires'),(3474,2,''),(3475,1,'55'),(3475,2,'55'),(3476,1,'143'),(3476,2,'143'),(3516,1,'161'),(3516,2,'161'),(3527,1,'110'),(3527,2,'110'),(3528,1,'90'),(3528,2,'90'),(3532,1,'76'),(3532,2,'76'),(3533,1,'58'),(3533,2,'58'),(3534,1,'Acrylique sur photo'),(3534,2,''),(3535,1,'2004'),(3535,2,'2004'),(3552,1,'Entre deux verres'),(3552,2,''),(3553,1,'50 exemplaires'),(3553,2,''),(3554,1,'Rives BFK 270g'),(3554,2,''),(3562,1,'32'),(3562,2,''),(3563,1,'48'),(3563,2,''),(3566,1,'76'),(3566,2,'76'),(3567,1,'146'),(3567,2,'146'),(3568,1,'100'),(3568,2,''),(3569,1,'81'),(3569,2,''),(3570,1,'30'),(3570,2,''),(3571,1,'50'),(3571,2,'50'),(3572,1,'50'),(3572,2,'50'),(3574,1,'106'),(3574,2,''),(3575,1,'110'),(3575,2,''),(3696,1,'58'),(3696,2,''),(3697,1,'58'),(3697,2,''),(3698,1,'148 exemplaires'),(3698,2,''),(3711,1,'Bidon militaire ancien 14/18'),(3711,2,''),(3714,1,'Carton plume'),(3714,2,''),(3717,1,'Carton plume'),(3717,2,''),(3745,1,'18'),(3745,2,''),(3746,1,'13'),(3746,2,''),(3747,1,'22'),(3747,2,''),(3757,1,'36'),(3757,2,'36'),(3758,1,'26'),(3758,2,'26'),(3759,1,'76'),(3759,2,'76'),(3760,1,'58'),(3760,2,'58'),(3762,1,'50 exemplaires'),(3762,2,''),(3764,1,'76'),(3764,2,'76'),(3765,1,'58'),(3765,2,'58'),(3766,1,'30,5'),(3766,2,'30,5'),(3767,1,'23'),(3767,2,'23'),(3770,1,'50 exemplaires'),(3770,2,''),(3771,1,'50 exemplaires'),(3771,2,''),(3810,1,'71'),(3810,2,'71'),(3811,1,'71'),(3811,2,'71'),(3812,1,'Rag Paper 290g'),(3812,2,'290gsm Coventry Rag paper '),(3813,1,'150 exemplaires'),(3813,2,'150'),(3832,1,'290gsm Coventry Rag paper'),(3832,2,'290gsm Coventry Rag paper'),(3833,1,'71'),(3833,2,'71'),(3834,1,'71'),(3834,2,'71'),(3835,1,'66'),(3835,2,''),(3836,1,'51'),(3836,2,''),(3837,1,'150'),(3837,2,''),(3838,1,'150 exemplaires'),(3838,2,'150 copies'),(3858,1,'96,5'),(3858,2,'96,5'),(3859,1,'71'),(3859,2,'71'),(3860,1,'125'),(3860,2,'125'),(3875,1,'43'),(3875,2,'96,5'),(3876,1,'92,5'),(3876,2,'71'),(3885,1,'43'),(3885,2,'96,5'),(3886,1,'92,5'),(3886,2,'71'),(3887,1,'96,5'),(3887,2,'96,5'),(3888,1,'71'),(3888,2,'71'),(3889,1,'125'),(3889,2,'125'),(3896,1,'61'),(3896,2,'61'),(3897,1,'45,5'),(3897,2,'45,5'),(3898,1,'61'),(3898,2,'61'),(3899,1,'45,5'),(3899,2,'45,5'),(3900,1,'61'),(3900,2,'61'),(3901,1,'45,5'),(3901,2,'45,5'),(3904,1,'66'),(3904,2,'66'),(3905,1,'51'),(3905,2,'51'),(3908,1,'71'),(3908,2,'71'),(3909,1,'71'),(3909,2,'71'),(3910,1,'71'),(3910,2,'71'),(3911,1,'71'),(3911,2,'71'),(3912,1,'175'),(3912,2,'175'),(3937,1,'96,5'),(3937,2,'96,5'),(3938,1,'71'),(3938,2,'71'),(3939,1,'125'),(3939,2,''),(3940,1,'71'),(3940,2,'71'),(3941,1,'71'),(3941,2,'71'),(3945,1,'61'),(3945,2,'96,5'),(3946,1,'45,5'),(3946,2,'71'),(3947,1,'125'),(3947,2,''),(3951,1,'Résine'),(3951,2,'Resin'),(3955,1,'18'),(3955,2,''),(3956,1,'13'),(3956,2,''),(3957,1,'22'),(3957,2,''),(3967,1,'18'),(3967,2,''),(3968,1,'13'),(3968,2,''),(3969,1,'22'),(3969,2,''),(3972,1,'53'),(3972,2,''),(3973,1,'Aquarelle'),(3973,2,''),(3974,1,'130'),(3974,2,'130'),(3975,1,'97'),(3975,2,'97'),(3976,1,'47'),(3976,2,'47'),(3978,1,'47'),(3978,2,'47'),(3979,1,'Bidon militaire ancien 14/18'),(3979,2,''),(4012,1,'29'),(4012,2,'29'),(4013,1,'7'),(4013,2,'7'),(4014,1,'Vélin d\'Arches 300g '),(4014,2,'Vélin d\'Arches 300g'),(4015,1,'11'),(4015,2,'11'),(4016,1,'105'),(4016,2,'26,5'),(4017,1,'15'),(4017,2,'23'),(4018,1,'Etui à guitard'),(4018,2,''),(4019,1,'2019'),(4019,2,'2019'),(4021,1,'140'),(4021,2,'140'),(4022,1,'70'),(4022,2,''),(4023,1,'50'),(4023,2,''),(4032,1,'61'),(4032,2,'61'),(4033,1,'45,5'),(4033,2,'45,5'),(4036,1,'41'),(4036,2,'41'),(4037,1,'41'),(4037,2,'41'),(4042,1,'31'),(4042,2,'31'),(4043,1,'48'),(4043,2,'48'),(4048,1,'46'),(4048,2,'46'),(4049,1,'26'),(4049,2,'26'),(4056,1,'27'),(4056,2,'27'),(4057,1,'21'),(4057,2,'21'),(4058,1,'5'),(4058,2,'5'),(4059,1,'40'),(4059,2,'40'),(4080,1,'41'),(4080,2,'41'),(4081,1,'29,5'),(4081,2,'29,5'),(4082,1,'41'),(4082,2,'41'),(4083,1,'29,5'),(4083,2,'29,5'),(4084,1,'48,5'),(4084,2,'48,5'),(4085,1,'33'),(4085,2,'33'),(4086,1,'250'),(4086,2,''),(4099,1,'33'),(4099,2,'33'),(4100,1,'48,5'),(4100,2,'48,5'),(4101,1,'250'),(4101,2,''),(4102,1,'33'),(4102,2,'33'),(4103,1,'48,5'),(4103,2,'48,5'),(4104,1,'250'),(4104,2,''),(4105,1,'50 exemplaires'),(4105,2,'50 copies'),(4198,1,'76'),(4198,2,'76'),(4199,1,'58'),(4199,2,'58'),(4222,1,'97'),(4222,2,'97'),(4223,1,'146'),(4223,2,'146'),(4272,1,'150'),(4272,2,'150'),(4273,1,'150'),(4273,2,'150'),(4393,1,'81'),(4393,2,'81'),(4404,1,'62'),(4404,2,'62'),(4405,1,'15'),(4405,2,'15'),(4409,1,'62'),(4409,2,'62'),(4410,1,'15'),(4410,2,'15'),(4411,1,'Playmobil plastique'),(4411,2,''),(4426,1,'100'),(4426,2,'100'),(4427,1,'100'),(4427,2,'100'),(4431,1,'18'),(4431,2,''),(4432,1,'13'),(4432,2,''),(4433,1,'22'),(4433,2,''),(4436,1,'150cm'),(4436,2,'130'),(4437,1,'2x50cm'),(4437,2,'97'),(4438,1,'100'),(4438,2,'100'),(4439,1,'100'),(4439,2,'100'),(4444,1,'81'),(4444,2,'81'),(4445,1,'100'),(4445,2,'100'),(4496,1,'140'),(4496,2,'140'),(4499,1,'Rives 250g'),(4499,2,''),(4500,1,'50 exemplaires'),(4500,2,''),(4503,1,'130'),(4503,2,'97'),(4504,1,'97'),(4504,2,'130'),(4507,1,'100'),(4507,2,'100'),(4508,1,'100'),(4508,2,'100'),(4509,1,'100'),(4509,2,'100'),(4510,1,'100'),(4510,2,'100'),(4519,1,'97'),(4519,2,'97'),(4520,1,'146'),(4520,2,'146'),(4523,1,'130'),(4523,2,'130'),(4524,1,'162'),(4524,2,'162'),(4529,1,'100'),(4529,2,'100'),(4530,1,'81'),(4530,2,'81'),(4531,1,'100'),(4531,2,'100'),(4532,1,'81'),(4532,2,'81'),(4533,1,'100'),(4533,2,'100'),(4534,1,'81'),(4534,2,'81'),(4535,1,'100'),(4535,2,'100'),(4536,1,'81'),(4536,2,'81'),(4539,1,'100'),(4539,2,'100'),(4540,1,'81'),(4540,2,'81'),(4551,1,'38'),(4551,2,'38'),(4552,1,'46'),(4552,2,'46'),(4561,1,'146'),(4561,2,'146'),(4562,1,'89'),(4562,2,'89'),(4658,1,'170'),(4658,2,'170'),(4727,1,'50'),(4727,2,'50'),(4728,1,'50'),(4728,2,'50'),(4729,1,'50'),(4729,2,'50'),(4731,1,'50'),(4731,2,'50'),(4732,1,'50'),(4732,2,'50'),(4733,1,'50'),(4733,2,'50'),(4734,1,'70'),(4734,2,'70'),(4735,1,'20'),(4735,2,'20'),(4755,1,'76'),(4755,2,'76'),(4756,1,'56'),(4756,2,'46'),(4757,1,'15'),(4757,2,'15'),(4758,1,'76'),(4758,2,'76'),(4759,1,'56'),(4759,2,'46'),(4760,1,'15'),(4760,2,'15'),(4761,1,'45'),(4761,2,'45'),(4762,1,'45'),(4762,2,'45'),(4768,1,'76'),(4768,2,'76'),(4769,1,'56'),(4769,2,'46'),(4770,1,'15'),(4770,2,'15'),(4771,1,'45'),(4771,2,'45'),(4772,1,'45'),(4772,2,'45'),(4776,1,'76'),(4776,2,'76'),(4777,1,'56'),(4777,2,'46'),(4778,1,'15'),(4778,2,'15'),(4785,1,'41'),(4785,2,'41'),(4786,1,'112'),(4786,2,'112'),(4787,1,'15'),(4787,2,'15'),(4830,1,'30,5'),(4830,2,''),(4842,1,'28'),(4842,2,'28'),(4843,1,'12'),(4843,2,'12'),(4844,1,'7'),(4844,2,'7'),(4845,1,'vinyle'),(4845,2,'Vinyl'),(4854,1,'28'),(4854,2,'28'),(4855,1,'12'),(4855,2,'12'),(4856,1,'7'),(4856,2,'7'),(4857,1,'vinyle'),(4857,2,'Vinyl'),(4858,1,'76'),(4858,2,'76'),(4859,1,'56'),(4859,2,'46'),(4860,1,'15'),(4860,2,'15'),(4861,1,'76'),(4861,2,'76'),(4862,1,'56'),(4862,2,'46'),(4863,1,'15'),(4863,2,'15'),(4879,1,'47'),(4879,2,''),(4880,1,'73,5'),(4880,2,'73,5'),(4881,1,'Aquarelle'),(4881,2,'Aquarelle'),(4882,1,'47'),(4882,2,'47'),(4883,1,'51'),(4883,2,'51'),(4884,1,'49'),(4884,2,'49'),(4885,1,'30'),(4885,2,'30'),(4886,1,'47'),(4886,2,'47'),(4887,1,'2005'),(4887,2,'2005'),(4888,1,'47'),(4888,2,'47'),(4889,1,'26,5'),(4889,2,''),(4890,1,'60'),(4890,2,'60'),(4891,1,'26'),(4891,2,'26'),(4892,1,'2004'),(4892,2,'2004'),(4893,1,'75'),(4893,2,'75'),(4894,1,'55'),(4894,2,'55'),(4896,1,'53'),(4896,2,''),(4902,1,'50,5'),(4902,2,'50,5'),(4922,1,'130'),(4922,2,'130'),(4923,1,'97'),(4923,2,'97'),(4926,1,'169'),(4926,2,'169'),(4927,1,'62'),(4927,2,'62'),(4928,1,'Borne jeux d\'arcade'),(4928,2,'Borne arcade'),(4932,1,'120'),(4932,2,'120'),(4933,1,'140'),(4933,2,'140'),(4936,1,'53'),(4936,2,'73'),(4937,1,'Open Edition'),(4937,2,''),(4938,1,'350 exemplaires'),(4938,2,''),(4940,1,'350 exemplaires'),(4940,2,''),(4942,1,'500 exemplaires'),(4942,2,''),(4944,1,'150 exemplaires'),(4944,2,''),(4947,1,'34,5'),(4947,2,''),(4948,1,'25 exemplaires'),(4948,2,''),(4949,1,'25 exemplaires'),(4949,2,''),(4953,1,'15 exemplaires'),(4953,2,''),(4976,1,'7'),(4976,2,''),(4978,1,'7'),(4978,2,'7'),(4980,1,'120'),(4980,2,'120'),(4981,1,'140'),(4981,2,'140'),(4982,1,'100'),(4982,2,'100'),(4983,1,'81'),(4983,2,'81'),(4984,1,'100'),(4984,2,'100'),(4985,1,'100'),(4985,2,'100'),(4986,1,'60'),(4986,2,'73'),(4987,1,'73'),(4987,2,'60'),(4988,1,'50'),(4988,2,'50'),(4989,1,'73'),(4989,2,'73'),(4999,1,'99'),(4999,2,'99'),(5000,1,'81'),(5000,2,'81'),(5001,1,'13'),(5001,2,'13'),(5002,1,'Tiroir en métal'),(5002,2,'metal box'),(5003,1,'13'),(5003,2,'13'),(5004,1,'Tiroir en métal'),(5004,2,''),(5005,1,'68'),(5005,2,''),(5006,1,'13'),(5006,2,'13'),(5007,1,'Tiroir en métal'),(5007,2,''),(5009,1,'13'),(5009,2,''),(5010,1,'97'),(5010,2,'97'),(5011,1,'34'),(5011,2,'34'),(5012,1,'13'),(5012,2,'13'),(5013,1,'Tiroir en métal'),(5013,2,''),(5014,1,'68'),(5014,2,'33'),(5015,1,'13'),(5015,2,'13'),(5016,1,'Tiroir en métal'),(5016,2,''),(5017,1,'67'),(5017,2,'26,5'),(5018,1,'13'),(5018,2,''),(5019,1,'Tiroir en métal'),(5019,2,''),(5022,1,'13'),(5022,2,'13'),(5025,1,'62'),(5025,2,'100'),(5026,1,'15'),(5026,2,'4'),(5027,1,'Guitare électrique'),(5027,2,''),(5028,1,'Papier 310g'),(5028,2,''),(5029,1,'100'),(5029,2,'100'),(5030,1,'100'),(5030,2,'100'),(5031,1,'130'),(5031,2,'97'),(5032,1,'97'),(5032,2,'130'),(5033,1,'100'),(5033,2,'100'),(5034,1,'130'),(5034,2,'130'),(5035,1,'195'),(5035,2,'195'),(5036,1,'15 exemplaires'),(5036,2,''),(5038,1,'150'),(5038,2,'150'),(5039,1,'150'),(5039,2,'150'),(5067,1,'70'),(5067,2,'70'),(5068,1,'50'),(5068,2,'50'),(5069,1,'30'),(5069,2,''),(5070,1,'40'),(5070,2,''),(5071,1,'46'),(5071,2,'46'),(5072,1,'80'),(5072,2,'80'),(5073,1,'100'),(5073,2,'100'),(5074,1,'73'),(5074,2,'73'),(5075,1,'116'),(5075,2,'116'),(5076,1,'114'),(5076,2,'114'),(5077,1,'114'),(5077,2,'114'),(5078,1,'97'),(5078,2,'97'),(5079,1,'146'),(5079,2,'146'),(5080,1,'240'),(5080,2,'240'),(5081,1,'Ardoises'),(5081,2,'Salte stone'),(5087,1,'75'),(5087,2,'75'),(5088,1,'13'),(5088,2,'13'),(5089,1,'Tiroir en métal'),(5089,2,''),(5090,1,'160'),(5090,2,'160'),(5091,1,'160'),(5091,2,'160'),(5092,1,'120'),(5092,2,'120'),(5093,1,'60'),(5093,2,'60'),(5105,1,'42'),(5105,2,'42'),(5106,1,'29,7'),(5106,2,'29,7'),(5107,1,'30'),(5107,2,'30'),(5108,1,'42'),(5108,2,'42'),(5109,1,'29,7'),(5109,2,'29,7'),(5110,1,'30'),(5110,2,'30'),(5111,1,'42'),(5111,2,'42'),(5112,1,'60'),(5112,2,'60'),(5113,1,'10'),(5113,2,'10'),(5114,1,'100'),(5114,2,'100'),(5115,1,'70'),(5115,2,'70'),(5116,1,'5'),(5116,2,'5'),(5117,1,'42'),(5117,2,'42'),(5118,1,'60'),(5118,2,'60'),(5119,1,'10'),(5119,2,'10'),(5120,1,'60'),(5120,2,'60'),(5121,1,'42'),(5121,2,'42'),(5122,1,'10'),(5122,2,'10'),(5123,1,'25 exemplaires'),(5123,2,''),(5128,1,'500 exemplaires'),(5128,2,'500'),(5132,1,'43'),(5132,2,''),(5133,1,'52'),(5133,2,''),(5134,1,'389'),(5134,2,'389'),(5136,1,'500 exemplaires'),(5136,2,''),(5137,1,'150 exemplaires'),(5137,2,''),(5138,1,'350'),(5138,2,''),(5139,1,'550'),(5139,2,''),(5140,1,'121'),(5140,2,''),(5141,1,'75'),(5141,2,''),(5142,1,'78'),(5142,2,''),(5143,1,'550'),(5143,2,'550'),(5144,1,'46'),(5144,2,'46'),(5145,1,'55'),(5145,2,'55'),(5146,1,'120'),(5146,2,'120'),(5147,1,'80'),(5147,2,'80'),(5148,1,'130'),(5148,2,'130'),(5149,1,'80'),(5149,2,'80'),(5158,1,'28'),(5158,2,'28'),(5162,1,'27'),(5162,2,'28'),(5167,1,'29,5'),(5167,2,''),(5168,1,'21,5'),(5168,2,''),(5169,1,'120'),(5169,2,'170'),(5170,1,'80'),(5170,2,'130'),(5171,1,'90'),(5171,2,'90'),(5196,1,'Papier Fine Art Museum'),(5196,2,''),(5197,1,'Papier Fine Art Museum'),(5197,2,''),(5199,1,'Papier Fine Art Museum'),(5199,2,''),(5200,1,'dissolvant'),(5200,2,''),(5202,1,'Papier Fine Art Museum'),(5202,2,''),(5207,1,'70'),(5207,2,'70'),(5208,1,'50'),(5208,2,'50'),(5209,1,'190'),(5209,2,'190'),(5210,1,'190'),(5210,2,'190'),(5211,1,'de l\'artiste, à l\'intérieur'),(5211,2,'from the artist, inside'),(5213,1,'25 exemplaires'),(5213,2,''),(5231,1,'97'),(5231,2,'50'),(5232,1,'97'),(5232,2,'50'),(5233,1,'97'),(5233,2,'50'),(5234,1,'97'),(5234,2,'50'),(5235,1,'81'),(5235,2,'81'),(5250,1,'100 exemplaires'),(5250,2,''),(5254,1,'52'),(5254,2,'52'),(5255,1,'84'),(5255,2,'84'),(5256,1,'52'),(5256,2,'52'),(5258,1,'10 exemplaires'),(5258,2,'10 copies'),(5261,1,'114'),(5261,2,''),(5262,1,'114'),(5262,2,''),(5265,1,'162'),(5265,2,'162'),(5266,1,'114'),(5266,2,'114'),(5271,1,'133'),(5271,2,''),(5277,1,'133'),(5277,2,'133'),(5278,1,'93'),(5278,2,'93'),(5281,1,'133'),(5281,2,'133'),(5282,1,'93'),(5282,2,'93'),(5283,1,'10 exemplaires'),(5283,2,'10 copies'),(5286,1,'William Turner 310g'),(5286,2,'William Turner 310g'),(5287,1,'15 exemplaires'),(5287,2,'15 copies'),(5288,1,'76'),(5288,2,'76'),(5289,1,'56'),(5289,2,'56'),(5290,1,'10'),(5290,2,'15'),(5291,1,'60'),(5291,2,'60'),(5292,1,'45'),(5292,2,'45'),(5293,1,'61'),(5293,2,'61'),(5294,1,'46'),(5294,2,'46'),(5295,1,'61'),(5295,2,'61'),(5296,1,'46'),(5296,2,'46'),(5297,1,'61'),(5297,2,'61'),(5298,1,'46'),(5298,2,'46'),(5299,1,'76'),(5299,2,'76'),(5300,1,'56'),(5300,2,'56'),(5301,1,'76'),(5301,2,'76'),(5302,1,'56'),(5302,2,'56'),(5303,1,'76'),(5303,2,'76'),(5304,1,'56'),(5304,2,'56'),(5305,1,'56'),(5305,2,'56'),(5306,1,'76'),(5306,2,'76'),(5307,1,'25 exemplaires'),(5307,2,''),(5310,1,'25 exemplaires'),(5310,2,''),(5313,1,'146'),(5313,2,''),(5314,1,'114'),(5314,2,''),(5318,1,'91'),(5318,2,'91'),(5319,1,'550'),(5319,2,'550'),(5322,1,'97'),(5322,2,'50'),(5324,1,'50 exemplaires'),(5324,2,''),(5460,1,'panneau de signalisation'),(5460,2,'Traffic sign'),(5461,1,'85'),(5461,2,'85'),(5489,1,'mine de plomb'),(5489,2,'graphite'),(5491,1,'graphite et fusain'),(5491,2,'graphite'),(5518,1,'23'),(5518,2,'23'),(5519,1,'dissolvant'),(5519,2,'Dissolvent'),(5520,1,'affiche publicitaire'),(5520,2,'advertising poster'),(5521,1,'dissolvant'),(5521,2,'Dissolvent'),(5522,1,'affiche publicitaire'),(5522,2,'advertising poster'),(5523,1,'23'),(5523,2,'23'),(5524,1,'dissolvant'),(5524,2,'Dissolvent'),(5525,1,'affiche publicitaire'),(5525,2,'advertising poster'),(5526,1,'23'),(5526,2,''),(5527,1,'dissolvant'),(5527,2,'Dissolvent'),(5528,1,'affiche publicitaire'),(5528,2,'advertising poster'),(5532,1,'26'),(5532,2,'26'),(5533,1,'dissolvant'),(5533,2,'Dissolvent'),(5534,1,'affiche publicitaire'),(5534,2,'advertising poster'),(5535,1,'19'),(5535,2,'19'),(5536,1,'dissolvant'),(5536,2,'Dissolvent'),(5537,1,'affiche publicitaire'),(5537,2,'advertising poster'),(5540,1,'dissolvant'),(5540,2,'Dissolvent'),(5541,1,'affiche publicitaire'),(5541,2,'advertising poster'),(5542,1,'dissolvant'),(5542,2,'Dissolvent'),(5543,1,'affiche publicitaire'),(5543,2,'advertising poster'),(5544,1,'27'),(5544,2,'27'),(5545,1,'dissolvant'),(5545,2,'Dissolvent'),(5546,1,'affiche publicitaire'),(5546,2,'advertising poster'),(5551,1,'feather paper'),(5551,2,'feather paper'),(5553,1,'papier plume'),(5553,2,'feather paper'),(5554,1,'graphite et fusain'),(5554,2,'graphite and charcol'),(5557,1,'dissolvant'),(5557,2,'Dissolvent'),(5558,1,'affiche publicitaire'),(5558,2,'advertising poster'),(5559,1,'Carton plume'),(5559,2,'Feather paper'),(5560,1,'170 '),(5560,2,'170'),(5561,1,'dissolvant'),(5561,2,'Dissolvent'),(5562,1,'affiche publicitaire'),(5562,2,'advertising poster'),(5579,1,'56'),(5579,2,'56'),(5580,1,'76'),(5580,2,'76'),(5596,1,'76'),(5596,2,'76'),(5597,1,'56'),(5597,2,'56'),(5598,1,'76'),(5598,2,'76'),(5599,1,'56'),(5599,2,'56'),(5600,1,'61'),(5600,2,'61'),(5601,1,'46'),(5601,2,'46'),(5602,1,'61'),(5602,2,'61'),(5603,1,'46'),(5603,2,'46'),(5604,1,'61'),(5604,2,'61'),(5605,1,'46'),(5605,2,'46'),(5606,1,'60'),(5606,2,'60'),(5607,1,'45'),(5607,2,'45'),(5611,1,'41'),(5611,2,'41'),(5612,1,'112'),(5612,2,'112'),(5613,1,'15'),(5613,2,'15'),(5616,1,'45'),(5616,2,'45'),(5617,1,'45'),(5617,2,'45'),(5621,1,'76'),(5621,2,'76'),(5622,1,'56'),(5622,2,'46'),(5623,1,'15'),(5623,2,'15'),(5624,1,'76'),(5624,2,'76'),(5625,1,'56'),(5625,2,'46'),(5626,1,'15'),(5626,2,'15'),(5627,1,'76'),(5627,2,'76'),(5628,1,'56'),(5628,2,'56'),(5633,1,'28'),(5633,2,''),(5634,1,'1'),(5634,2,''),(5635,1,'50'),(5635,2,'50'),(5636,1,'20 exemplaires'),(5636,2,'20'),(5642,1,'122'),(5642,2,'122'),(5643,1,'274'),(5643,2,'274'),(5648,1,'91'),(5648,2,'91'),(5649,1,'122'),(5649,2,'122'),(5650,1,'44,5'),(5650,2,''),(5651,1,'32'),(5651,2,''),(5653,1,'5 exemplaires'),(5653,2,''),(5655,1,'99 exemplaires'),(5655,2,''),(5657,1,'99 exemplaires'),(5657,2,'');

--
-- Table structure for table `pre3303_feedbiz_amazon_options`
--

CREATE TABLE `pre3303_feedbiz_amazon_options` (
  `id_product` int(11) NOT NULL,
  `region` varchar(2) NOT NULL,
  `id_product_attribute` int(11) NOT NULL DEFAULT '0',
  `force` int(11) DEFAULT NULL,
  `nopexport` tinyint(4) DEFAULT NULL,
  `noqexport` tinyint(4) DEFAULT NULL,
  `fba` tinyint(4) DEFAULT NULL,
  `fba_value` float DEFAULT NULL,
  `latency` tinyint(4) DEFAULT NULL,
  `disable` tinyint(4) DEFAULT NULL,
  `price` float DEFAULT NULL,
  `asin1` varchar(16) DEFAULT NULL,
  `asin2` varchar(16) DEFAULT NULL,
  `asin3` varchar(16) DEFAULT NULL,
  `text` varchar(256) DEFAULT NULL,
  `bullet_point1` varchar(500) DEFAULT NULL,
  `bullet_point2` varchar(500) DEFAULT NULL,
  `bullet_point3` varchar(500) DEFAULT NULL,
  `bullet_point4` varchar(500) DEFAULT NULL,
  `bullet_point5` varchar(500) DEFAULT NULL,
  `shipping` float DEFAULT NULL,
  `shipping_type` tinyint(4) DEFAULT NULL,
  `gift_wrap` tinyint(4) DEFAULT NULL,
  `gift_message` tinyint(4) DEFAULT NULL,
  `browsenode` varchar(16) DEFAULT NULL,
  `repricing_min` float DEFAULT NULL,
  `repricing_max` float DEFAULT NULL,
  `repricing_gap` float DEFAULT NULL,
  `shipping_group` varchar(200) DEFAULT NULL,
  PRIMARY KEY (`id_product`,`id_product_attribute`,`region`),
  KEY `ASIN` (`asin1`)
) ENGINE=MyISAM DEFAULT CHARSET=utf8;

--
-- Dumping data for table `pre3303_feedbiz_amazon_options`
--


--
-- Table structure for table `pre3303_feedbiz_configuration`
--

CREATE TABLE `pre3303_feedbiz_configuration` (
  `configuration` varchar(32) DEFAULT NULL,
  `id_shop` int(11) DEFAULT '1',
  `value` longtext NOT NULL,
  UNIQUE KEY `configuration` (`configuration`)
) ENGINE=MyISAM DEFAULT CHARSET=utf8;

--
-- Dumping data for table `pre3303_feedbiz_configuration`
--

INSERT INTO `pre3303_feedbiz_configuration` VALUES ('feedbiz_categories',4,'a:59:{i:0;s:2:\"61\";i:1;s:2:\"62\";i:2;s:2:\"76\";i:3;s:2:\"78\";i:4;s:2:\"79\";i:5;s:2:\"80\";i:6;s:2:\"81\";i:7;s:2:\"90\";i:8;s:2:\"96\";i:9;s:2:\"97\";i:10;s:2:\"98\";i:11;s:2:\"99\";i:12;s:3:\"100\";i:13;s:3:\"101\";i:14;s:3:\"103\";i:15;s:3:\"104\";i:16;s:3:\"105\";i:17;s:3:\"106\";i:18;s:3:\"107\";i:19;s:3:\"108\";i:20;s:3:\"109\";i:21;s:3:\"110\";i:22;s:3:\"111\";i:23;s:3:\"112\";i:24;s:3:\"113\";i:25;s:3:\"114\";i:26;s:3:\"115\";i:27;s:3:\"116\";i:28;s:3:\"120\";i:29;s:3:\"123\";i:30;s:3:\"129\";i:31;s:3:\"134\";i:32;s:3:\"142\";i:33;s:3:\"143\";i:34;s:3:\"144\";i:35;s:3:\"145\";i:36;s:3:\"146\";i:37;s:3:\"147\";i:38;s:3:\"149\";i:39;s:3:\"150\";i:40;s:3:\"151\";i:41;s:3:\"152\";i:42;s:3:\"153\";i:43;s:3:\"154\";i:44;s:3:\"155\";i:45;s:3:\"158\";i:46;s:3:\"159\";i:47;s:2:\"77\";i:48;s:2:\"82\";i:49;s:2:\"83\";i:50;s:2:\"85\";i:51;s:2:\"91\";i:52;s:2:\"92\";i:53;s:2:\"93\";i:54;s:2:\"94\";i:55;s:2:\"95\";i:56;s:3:\"122\";i:57;s:3:\"140\";i:58;s:3:\"141\";}'),('context',4,'a:1:{s:0:\"\";O:8:\"stdClass\":15:{s:4:\"cart\";N;s:8:\"customer\";N;s:6:\"cookie\";N;s:4:\"link\";N;s:7:\"country\";O:8:\"stdClass\":14:{s:2:\"id\";i:8;s:7:\"id_zone\";s:1:\"9\";s:11:\"id_currency\";s:1:\"0\";s:8:\"iso_code\";s:2:\"FR\";s:11:\"call_prefix\";s:2:\"33\";s:4:\"name\";O:8:\"stdClass\":2:{s:1:\"1\";s:6:\"France\";s:1:\"2\";s:6:\"France\";}s:15:\"contains_states\";s:1:\"0\";s:26:\"need_identification_number\";s:1:\"0\";s:13:\"need_zip_code\";s:1:\"1\";s:15:\"zip_code_format\";s:5:\"NNNNN\";s:17:\"display_tax_label\";s:1:\"0\";s:6:\"active\";s:1:\"1\";s:12:\"id_shop_list\";N;s:8:\"force_id\";b:0;}s:8:\"employee\";O:8:\"stdClass\":31:{s:2:\"id\";i:2;s:10:\"id_profile\";s:1:\"1\";s:7:\"id_lang\";s:1:\"1\";s:8:\"lastname\";s:5:\"PEDEN\";s:9:\"firstname\";s:7:\"Thierry\";s:5:\"email\";s:21:\"thierry.peden@free.fr\";s:6:\"passwd\";s:60:\"$2y$10$PBj7YI7pX13MVxB3JC7EWuNUGHcNSbCPWANa9PhPfCBsiOg7ZWV0i\";s:15:\"last_passwd_gen\";s:19:\"2018-05-26 10:34:37\";s:15:\"stats_date_from\";s:10:\"2018-01-01\";s:13:\"stats_date_to\";s:10:\"2018-12-31\";s:18:\"stats_compare_from\";s:10:\"0000-00-00\";s:16:\"stats_compare_to\";s:10:\"0000-00-00\";s:20:\"stats_compare_option\";s:1:\"1\";s:20:\"preselect_date_range\";s:0:\"\";s:8:\"bo_color\";s:0:\"\";s:11:\"default_tab\";s:1:\"1\";s:8:\"bo_theme\";s:7:\"default\";s:6:\"bo_css\";s:15:\"admin-theme.css\";s:8:\"bo_width\";s:1:\"0\";s:7:\"bo_menu\";s:1:\"1\";s:18:\"bo_show_screencast\";b:0;s:6:\"active\";s:1:\"1\";s:5:\"optin\";s:1:\"0\";s:11:\"remote_addr\";N;s:13:\"id_last_order\";s:1:\"3\";s:24:\"id_last_customer_message\";s:1:\"0\";s:16:\"id_last_customer\";s:4:\"6028\";s:20:\"reset_password_token\";s:0:\"\";s:23:\"reset_password_validity\";s:19:\"0000-00-00 00:00:00\";s:12:\"id_shop_list\";N;s:8:\"force_id\";b:0;}s:10:\"controller\";N;s:41:\"override_controller_name_for_translations\";N;s:8:\"language\";O:8:\"stdClass\":11:{s:2:\"id\";i:1;s:4:\"name\";s:18:\"Français (French)\";s:8:\"iso_code\";s:2:\"fr\";s:6:\"locale\";s:5:\"fr-FR\";s:13:\"language_code\";s:2:\"fr\";s:16:\"date_format_lite\";s:5:\"d/m/Y\";s:16:\"date_format_full\";s:11:\"d/m/Y H:i:s\";s:6:\"is_rtl\";s:1:\"0\";s:6:\"active\";s:1:\"1\";s:12:\"id_shop_list\";N;s:8:\"force_id\";b:0;}s:8:\"currency\";O:8:\"stdClass\":16:{s:2:\"id\";i:1;s:4:\"name\";s:4:\"euro\";s:8:\"iso_code\";s:3:\"EUR\";s:12:\"iso_code_num\";s:3:\"978\";s:15:\"conversion_rate\";s:8:\"1.000000\";s:7:\"deleted\";s:1:\"0\";s:6:\"active\";s:1:\"1\";s:4:\"sign\";s:3:\"€\";s:6:\"format\";s:12:\"#,##0.00 ¤\";s:5:\"blank\";i:1;s:8:\"decimals\";i:1;s:6:\"prefix\";N;s:6:\"suffix\";N;s:12:\"id_shop_list\";N;s:8:\"force_id\";b:0;s:4:\"cldr\";O:8:\"stdClass\":0:{}}s:3:\"tab\";N;s:4:\"shop\";O:8:\"stdClass\":14:{s:13:\"id_shop_group\";s:1:\"1\";s:11:\"id_category\";s:2:\"61\";s:10:\"theme_name\";s:17:\"leo_fashion_store\";s:4:\"name\";s:5:\"Litho\";s:6:\"active\";s:1:\"1\";s:7:\"deleted\";s:1:\"0\";s:12:\"physical_uri\";s:1:\"/\";s:11:\"virtual_uri\";s:0:\"\";s:6:\"domain\";s:12:\"litho.online\";s:10:\"domain_ssl\";s:12:\"litho.online\";s:5:\"theme\";O:8:\"stdClass\":0:{}s:2:\"id\";i:4;s:12:\"id_shop_list\";N;s:8:\"force_id\";b:0;}s:6:\"smarty\";N;s:13:\"mobile_detect\";N;s:4:\"mode\";N;}}'),('feedbiz_filter_manufacturers',4,'b:0;'),('feedbiz_filter_suppliers',4,'b:0;');

--
-- Table structure for table `pre3303_feedbiz_ebay_options`
--

CREATE TABLE `pre3303_feedbiz_ebay_options` (
  `id_product` int(11) NOT NULL,
  `region` varchar(5) NOT NULL,
  `id_product_attribute` int(11) NOT NULL DEFAULT '0',
  `force` int(11) DEFAULT NULL,
  `disable` tinyint(4) DEFAULT NULL,
  `price` float DEFAULT NULL,
  PRIMARY KEY (`id_product`,`id_product_attribute`,`region`)
) ENGINE=MyISAM DEFAULT CHARSET=utf8;

--
-- Dumping data for table `pre3303_feedbiz_ebay_options`
--


--
-- Table structure for table `pre3303_feedbiz_orders`
--

CREATE TABLE `pre3303_feedbiz_orders` (
  `id_order` int(11) NOT NULL,
  `mp_order_id` varchar(32) NOT NULL,
  `channel_id` int(11) DEFAULT '1',
  `channel_name` varchar(32) DEFAULT NULL,
  `mp_reference` varchar(64) DEFAULT NULL,
  `mp_number` varchar(32) NOT NULL,
  `mp_status` int(11) DEFAULT NULL,
  `multichannel` varchar(32) NOT NULL,
  `shipping_type` varchar(255) DEFAULT NULL,
  `is_prime` tinyint(4) DEFAULT NULL,
  `is_premium` tinyint(4) DEFAULT NULL,
  `is_business` tinyint(4) DEFAULT NULL,
  `earliest_ship_date` datetime DEFAULT NULL,
  `latest_ship_date` datetime DEFAULT NULL,
  `cancelled_reason` varchar(200) DEFAULT NULL,
  PRIMARY KEY (`id_order`),
  UNIQUE KEY `mp_order_id` (`mp_order_id`)
) ENGINE=MyISAM DEFAULT CHARSET=utf8;

--
-- Dumping data for table `pre3303_feedbiz_orders`
--


--
-- Table structure for table `pre3303_feedbiz_product_option`
--

CREATE TABLE `pre3303_feedbiz_product_option` (
  `id_product` int(11) NOT NULL,
  `id_product_attribute` int(11) NOT NULL,
  `id_lang` int(11) NOT NULL,
  `force` int(11) DEFAULT NULL,
  `disable` tinyint(4) DEFAULT NULL,
  `price` float DEFAULT NULL,
  `shipping` float DEFAULT NULL,
  `text` varchar(200) DEFAULT NULL,
  UNIQUE KEY `id_product` (`id_product`,`id_product_attribute`,`id_lang`)
) ENGINE=MyISAM DEFAULT CHARSET=utf8;

--
-- Dumping data for table `pre3303_feedbiz_product_option`
--


--
-- Table structure for table `pre3303_fpf_gpt`
--

CREATE TABLE `pre3303_fpf_gpt` (
  `id_fpf_gtp` int(11) NOT NULL AUTO_INCREMENT,
  `id_category` int(11) NOT NULL,
  `id_shop` int(11) NOT NULL,
  `google_taxonomy_id` int(4) DEFAULT NULL,
  PRIMARY KEY (`id_fpf_gtp`),
  UNIQUE KEY `id_category` (`id_category`,`id_shop`)
) ENGINE=InnoDB DEFAULT CHARSET=utf8;

--
-- Dumping data for table `pre3303_fpf_gpt`
--


--
-- Table structure for table `pre3303_gact_orders`
--

CREATE TABLE `pre3303_gact_orders` (
  `id_conversion` int(11) NOT NULL AUTO_INCREMENT,
  `type` enum('confirmation','payment') DEFAULT 'confirmation',
  `cart_id` int(11) NOT NULL,
  `is_sent` int(2) NOT NULL DEFAULT '0',
  `order_id` int(10) NOT NULL,
  `confirmation` int(2) NOT NULL DEFAULT '0',
  PRIMARY KEY (`id_conversion`),
  KEY `x_btr_cart` (`cart_id`),
  KEY `x_btr_order` (`order_id`)
) ENGINE=MyISAM AUTO_INCREMENT=349 DEFAULT CHARSET=utf8;

--
-- Dumping data for table `pre3303_gact_orders`
--

INSERT INTO `pre3303_gact_orders` VALUES (1,'confirmation',28,0,4,0),(2,'confirmation',30,1,5,1),(3,'confirmation',31,0,6,0),(4,'confirmation',38,0,7,0),(5,'confirmation',41,0,8,0),(6,'confirmation',43,0,9,0),(7,'confirmation',44,0,10,0),(8,'confirmation',56,0,11,0),(9,'confirmation',57,0,12,0),(10,'confirmation',60,0,13,0),(11,'confirmation',61,1,14,1),(12,'confirmation',62,1,15,1),(13,'confirmation',67,0,16,0),(14,'confirmation',68,0,17,0),(15,'confirmation',70,0,18,0),(16,'confirmation',71,0,19,0),(17,'confirmation',72,0,20,0),(18,'confirmation',74,1,21,1),(19,'confirmation',77,0,22,0),(20,'confirmation',91,0,23,0),(21,'confirmation',94,0,24,0),(22,'confirmation',95,0,25,0),(23,'confirmation',96,0,26,0),(24,'confirmation',98,0,27,0),(25,'confirmation',99,0,28,0),(26,'confirmation',102,0,29,0),(27,'confirmation',105,0,30,0),(28,'confirmation',106,0,31,0),(29,'confirmation',107,0,32,0),(30,'confirmation',103,0,33,0),(31,'confirmation',108,0,34,0),(32,'confirmation',109,0,35,0),(33,'confirmation',110,0,36,0),(34,'confirmation',111,0,37,0),(35,'confirmation',114,0,38,0),(36,'confirmation',126,0,39,0),(37,'confirmation',127,0,40,0),(38,'confirmation',128,0,41,0),(39,'confirmation',131,1,42,1),(40,'confirmation',132,1,43,1),(41,'confirmation',141,1,44,1),(42,'confirmation',143,0,45,0),(43,'confirmation',145,0,46,0),(44,'confirmation',147,0,47,0),(45,'confirmation',148,0,48,0),(46,'confirmation',151,0,49,0),(47,'confirmation',152,0,50,0),(48,'confirmation',156,1,51,1),(49,'confirmation',157,1,52,1),(50,'confirmation',176,0,56,0),(51,'confirmation',178,0,57,0),(52,'confirmation',177,0,58,0),(53,'confirmation',179,0,59,0),(54,'confirmation',181,0,60,0),(55,'confirmation',184,0,61,0),(56,'confirmation',185,0,62,0),(57,'confirmation',186,0,63,0),(58,'confirmation',187,0,64,0),(59,'confirmation',189,0,65,0),(60,'confirmation',190,0,66,0),(61,'confirmation',191,0,67,0),(62,'confirmation',192,0,68,0),(63,'confirmation',193,0,69,0),(64,'confirmation',194,0,70,0),(65,'confirmation',195,0,71,0),(66,'confirmation',196,0,72,0),(67,'confirmation',197,0,73,0),(68,'confirmation',198,0,74,0),(69,'confirmation',214,0,77,0),(70,'confirmation',216,1,78,1),(71,'confirmation',218,0,79,0),(72,'confirmation',220,0,80,0),(73,'confirmation',222,0,81,0),(74,'confirmation',223,0,82,0),(75,'confirmation',224,0,83,0),(76,'confirmation',226,0,84,0),(77,'confirmation',227,0,85,0),(78,'confirmation',230,0,88,0),(79,'confirmation',233,0,89,0),(80,'confirmation',234,0,90,0),(81,'confirmation',235,0,91,0),(82,'confirmation',237,0,93,0),(83,'confirmation',225,0,95,0),(84,'confirmation',249,0,96,0),(85,'confirmation',250,0,97,0),(86,'confirmation',256,0,98,0),(87,'confirmation',257,0,99,0),(88,'confirmation',258,0,100,0),(89,'confirmation',263,0,101,0),(90,'confirmation',264,0,102,0),(91,'confirmation',266,0,103,0),(92,'confirmation',267,0,104,0),(93,'confirmation',268,0,105,0),(94,'confirmation',272,0,106,0),(95,'confirmation',273,0,107,0),(96,'confirmation',274,0,108,0),(97,'confirmation',275,0,109,0),(98,'confirmation',278,0,110,0),(99,'confirmation',279,0,111,0),(100,'confirmation',280,0,112,0),(101,'confirmation',271,1,113,1),(102,'confirmation',285,0,114,0),(103,'confirmation',287,0,115,0),(104,'confirmation',294,0,116,0),(105,'confirmation',295,1,56,1),(106,'confirmation',291,0,118,0),(107,'confirmation',297,0,119,0),(108,'confirmation',298,0,120,0),(109,'confirmation',300,0,121,0),(110,'confirmation',289,0,122,0),(111,'confirmation',316,0,123,0),(112,'confirmation',314,1,124,1),(113,'confirmation',313,0,125,0),(114,'confirmation',320,0,126,0),(115,'confirmation',321,0,127,0),(116,'confirmation',323,0,128,0),(117,'confirmation',325,0,129,0),(118,'confirmation',327,0,130,0),(119,'confirmation',346,0,131,0),(120,'confirmation',347,0,132,0),(121,'confirmation',349,0,133,0),(122,'confirmation',245,0,137,0),(123,'confirmation',357,0,139,0),(124,'confirmation',369,1,142,1),(125,'confirmation',373,0,143,0),(126,'confirmation',378,1,144,1),(127,'confirmation',396,0,147,0),(128,'confirmation',398,0,148,0),(129,'confirmation',399,0,149,0),(130,'confirmation',404,1,150,1),(131,'confirmation',413,1,157,1),(132,'confirmation',416,0,158,0),(133,'confirmation',420,0,159,0),(134,'confirmation',422,0,160,0),(135,'confirmation',424,0,161,0),(136,'confirmation',425,0,162,0),(137,'confirmation',426,0,163,0),(138,'confirmation',427,0,164,0),(139,'confirmation',428,0,165,0),(140,'confirmation',429,0,166,0),(141,'confirmation',430,1,167,1),(142,'confirmation',434,1,96,1),(143,'confirmation',435,0,169,0),(144,'confirmation',436,0,170,0),(145,'confirmation',437,0,171,0),(146,'confirmation',449,0,174,0),(147,'confirmation',454,0,178,0),(148,'confirmation',458,0,181,0),(149,'confirmation',466,1,185,1),(150,'confirmation',469,0,186,0),(151,'confirmation',470,0,187,0),(152,'confirmation',473,0,188,0),(153,'confirmation',12,0,6,0),(154,'confirmation',15,0,7,0),(155,'confirmation',63,0,12,0),(156,'confirmation',64,0,13,0),(157,'confirmation',67,0,14,0),(158,'confirmation',188,0,17,0),(159,'confirmation',191,0,18,0),(160,'confirmation',192,0,19,0),(161,'confirmation',194,0,20,0),(162,'confirmation',195,0,21,0),(163,'confirmation',196,0,22,0),(164,'confirmation',197,0,23,0),(165,'confirmation',199,0,24,0),(166,'confirmation',204,0,27,0),(167,'confirmation',209,0,28,0),(168,'confirmation',213,0,30,0),(169,'confirmation',215,0,32,0),(170,'confirmation',217,0,33,0),(171,'confirmation',219,0,34,0),(172,'confirmation',221,1,35,1),(173,'confirmation',210,0,39,0),(174,'confirmation',256,0,44,0),(175,'confirmation',259,0,45,0),(176,'confirmation',260,0,46,0),(177,'confirmation',266,0,47,0),(178,'confirmation',269,0,49,0),(179,'confirmation',277,0,50,0),(180,'confirmation',278,0,51,0),(181,'confirmation',282,0,52,0),(182,'confirmation',287,0,53,0),(183,'confirmation',292,1,55,1),(184,'confirmation',295,1,56,1),(185,'confirmation',301,1,57,1),(186,'confirmation',302,1,58,1),(187,'confirmation',303,0,59,0),(188,'confirmation',306,0,60,0),(189,'confirmation',311,0,61,0),(190,'confirmation',317,0,62,0),(191,'confirmation',319,0,63,0),(192,'confirmation',321,0,64,0),(193,'confirmation',322,0,65,0),(194,'confirmation',296,0,66,0),(195,'confirmation',324,0,67,0),(196,'confirmation',325,0,68,0),(197,'confirmation',327,0,69,0),(198,'confirmation',333,1,70,1),(199,'confirmation',338,0,71,0),(200,'confirmation',343,0,73,0),(201,'confirmation',345,0,74,0),(202,'confirmation',305,1,75,1),(203,'confirmation',348,1,76,1),(204,'confirmation',357,0,79,0),(205,'confirmation',358,0,81,0),(206,'confirmation',359,0,82,0),(207,'confirmation',360,0,83,0),(208,'confirmation',355,0,84,0),(209,'confirmation',368,0,88,0),(210,'confirmation',372,1,89,1),(211,'confirmation',395,0,90,0),(212,'confirmation',402,0,93,0),(213,'confirmation',432,0,94,0),(214,'confirmation',434,1,96,1),(215,'confirmation',444,0,98,0),(216,'confirmation',445,0,99,0),(217,'confirmation',450,0,100,0),(218,'confirmation',454,0,101,0),(219,'confirmation',456,1,102,1),(220,'confirmation',458,0,104,0),(221,'confirmation',460,0,105,0),(222,'confirmation',464,0,106,0),(223,'confirmation',467,0,107,0),(224,'confirmation',468,0,108,0),(225,'confirmation',436,0,109,0),(226,'confirmation',469,0,110,0),(227,'confirmation',470,0,111,0),(228,'confirmation',475,0,112,0),(229,'confirmation',453,0,113,0),(230,'confirmation',477,0,114,0),(231,'confirmation',472,0,115,0),(232,'confirmation',474,0,116,0),(233,'confirmation',490,0,117,0),(234,'confirmation',492,0,118,0),(235,'confirmation',493,0,119,0),(236,'confirmation',495,0,120,0),(237,'confirmation',496,0,121,0),(238,'confirmation',498,0,122,0),(239,'confirmation',497,0,123,0),(240,'confirmation',500,0,124,0),(241,'confirmation',499,0,125,0),(242,'confirmation',502,0,126,0),(243,'confirmation',504,0,127,0),(244,'confirmation',505,0,128,0),(245,'confirmation',506,0,129,0),(246,'confirmation',507,0,130,0),(247,'confirmation',455,0,131,0),(248,'confirmation',510,0,132,0),(249,'confirmation',512,0,133,0),(250,'confirmation',513,0,134,0),(251,'confirmation',514,0,135,0),(252,'confirmation',516,0,136,0),(253,'confirmation',517,0,137,0),(254,'confirmation',518,0,138,0),(255,'confirmation',520,0,139,0),(256,'confirmation',521,0,140,0),(257,'confirmation',522,0,141,0),(258,'confirmation',523,0,142,0),(259,'confirmation',452,0,143,0),(260,'confirmation',451,0,144,0),(261,'confirmation',527,0,145,0),(262,'confirmation',532,0,149,0),(263,'confirmation',533,0,150,0),(264,'confirmation',541,0,151,0),(265,'confirmation',543,0,152,0),(266,'confirmation',547,0,153,0),(267,'confirmation',561,1,157,1),(268,'confirmation',556,0,159,0),(269,'confirmation',566,0,161,0),(270,'confirmation',570,0,162,0),(271,'confirmation',576,0,164,0),(272,'confirmation',584,0,166,0),(273,'confirmation',586,0,167,0),(274,'confirmation',591,0,168,0),(275,'confirmation',592,0,169,0),(276,'confirmation',593,0,170,0),(277,'confirmation',594,0,171,0),(278,'confirmation',579,0,172,0),(279,'confirmation',483,0,173,0),(280,'confirmation',604,0,176,0),(281,'confirmation',606,0,177,0),(282,'confirmation',603,0,178,0),(283,'confirmation',608,0,179,0),(284,'confirmation',610,1,180,1),(285,'confirmation',612,0,182,0),(286,'confirmation',614,0,183,0),(287,'confirmation',616,1,184,1),(288,'confirmation',618,1,185,1),(289,'confirmation',621,0,186,0),(290,'confirmation',620,0,187,0),(291,'confirmation',625,0,188,0),(292,'confirmation',631,0,189,0),(293,'confirmation',632,0,190,0),(294,'confirmation',638,0,193,0),(295,'confirmation',641,0,194,0),(296,'confirmation',642,0,195,0),(297,'confirmation',644,0,196,0),(298,'confirmation',649,1,199,1),(299,'confirmation',650,0,200,0),(300,'confirmation',656,0,201,0),(301,'confirmation',657,0,202,0),(302,'confirmation',664,0,203,0),(303,'confirmation',665,1,204,1),(304,'confirmation',669,0,205,0),(305,'confirmation',670,1,206,1),(306,'confirmation',673,0,207,0),(307,'confirmation',674,0,208,0),(308,'confirmation',675,0,209,0),(309,'confirmation',676,0,210,0),(310,'confirmation',681,1,211,1),(311,'confirmation',688,0,212,0),(312,'confirmation',689,1,213,1),(313,'confirmation',694,1,214,1),(314,'confirmation',696,1,215,1),(315,'confirmation',697,0,216,0),(316,'confirmation',698,0,217,0),(317,'confirmation',700,0,218,0),(318,'confirmation',703,0,220,0),(319,'confirmation',704,0,221,0),(320,'confirmation',709,0,223,0),(321,'confirmation',671,1,224,1),(322,'confirmation',718,0,225,0),(323,'confirmation',720,1,226,1),(324,'confirmation',728,0,227,0),(325,'confirmation',730,0,228,0),(326,'confirmation',751,1,233,1),(327,'confirmation',706,0,234,0),(328,'confirmation',747,0,235,0),(329,'confirmation',760,1,237,1),(330,'confirmation',761,0,238,0),(331,'confirmation',773,1,241,1),(332,'confirmation',777,0,242,0),(333,'confirmation',782,0,243,0),(334,'confirmation',783,0,244,0),(335,'confirmation',790,0,245,0),(336,'confirmation',797,0,246,0),(337,'confirmation',800,0,247,0),(338,'confirmation',802,0,248,0),(339,'confirmation',805,0,249,0),(340,'confirmation',799,0,250,0),(341,'confirmation',804,0,252,0),(342,'confirmation',807,0,254,0),(343,'confirmation',727,0,256,0),(344,'confirmation',813,0,258,0),(345,'confirmation',821,0,260,0),(346,'confirmation',822,1,261,1),(347,'confirmation',838,0,265,0),(348,'confirmation',839,0,266,0);

--
-- Table structure for table `pre3303_ganalytics`
--

CREATE TABLE `pre3303_ganalytics` (
  `id_google_analytics` int(11) NOT NULL AUTO_INCREMENT,
  `id_order` int(11) NOT NULL,
  `id_customer` int(10) NOT NULL,
  `id_shop` int(11) NOT NULL,
  `sent` tinyint(1) DEFAULT NULL,
  `date_add` datetime DEFAULT NULL,
  PRIMARY KEY (`id_google_analytics`),
  KEY `id_order` (`id_order`),
  KEY `sent` (`sent`)
) ENGINE=InnoDB AUTO_INCREMENT=98 DEFAULT CHARSET=utf8;

--
-- Dumping data for table `pre3303_ganalytics`
--

INSERT INTO `pre3303_ganalytics` VALUES (1,71,0,4,1,'2019-03-23 19:19:58'),(2,72,0,4,1,'2019-03-24 18:04:10'),(3,73,0,4,1,'2019-03-24 18:36:54'),(4,76,0,4,1,'2019-03-28 15:18:06'),(5,77,0,4,1,'2019-03-28 18:34:49'),(6,78,0,4,1,'2019-03-28 18:34:49'),(7,80,0,4,1,'2019-03-30 14:20:04'),(8,85,0,4,1,'2019-03-30 17:07:50'),(9,86,0,4,1,'2019-03-30 18:27:05'),(10,87,0,4,1,'2019-04-03 15:19:15'),(11,90,0,4,1,'2019-04-04 15:11:14'),(12,91,0,4,1,'2019-04-04 15:20:37'),(13,92,0,4,1,'2019-04-04 15:20:37'),(14,93,0,4,1,'2019-04-04 18:32:38'),(15,95,0,4,1,'2019-04-05 15:16:13'),(16,96,0,4,1,'2019-04-05 17:30:26'),(17,97,0,4,1,'2019-04-07 15:55:06'),(18,98,0,4,1,'2019-04-10 16:52:32'),(19,99,0,4,1,'2019-04-10 16:52:32'),(20,100,0,4,1,'2019-04-10 16:52:32'),(21,102,0,4,1,'2019-04-11 16:03:38'),(22,103,0,4,1,'2019-04-11 16:03:37'),(23,101,0,4,1,'2019-04-11 16:48:43'),(24,104,0,4,1,'2019-04-11 16:48:41'),(25,105,0,4,1,'2019-04-11 16:48:41'),(26,122,0,4,1,'2019-04-16 18:10:02'),(27,125,0,4,1,'2019-04-16 18:10:00'),(28,126,0,4,1,'2019-04-16 19:32:15'),(29,128,0,4,1,'2019-04-16 20:07:15'),(30,129,0,4,1,'2019-04-16 20:46:44'),(31,137,0,4,1,'2019-04-17 16:41:47'),(32,139,0,4,1,'2019-04-17 18:34:05'),(33,140,0,4,1,'2019-04-18 11:22:28'),(34,145,0,4,1,'2019-04-18 18:08:39'),(35,146,0,4,1,'2019-04-18 18:11:05'),(36,147,0,4,1,'2019-04-18 18:16:53'),(37,148,0,4,1,'2019-04-19 13:09:26'),(38,149,0,4,1,'2019-04-20 15:43:06'),(39,154,0,4,1,'2019-04-25 16:49:30'),(40,155,0,4,1,'2019-04-25 17:50:41'),(41,156,0,4,1,'2019-05-02 12:10:17'),(42,158,0,4,1,'2019-05-03 17:10:27'),(43,159,0,4,1,'2019-05-04 13:13:39'),(44,160,0,4,1,'2019-05-04 17:55:16'),(45,161,0,4,1,'2019-05-04 18:33:12'),(46,162,0,4,1,'2019-05-09 13:22:46'),(47,163,0,4,1,'2019-05-09 15:40:23'),(48,165,0,4,1,'2019-05-10 15:48:03'),(49,174,0,4,1,'2019-05-16 17:13:34'),(50,175,0,4,1,'2019-05-16 17:13:34'),(51,176,0,4,1,'2019-05-17 11:59:44'),(52,180,0,4,1,'2019-05-17 15:09:34'),(53,181,0,4,1,'2019-05-17 18:26:09'),(54,178,0,4,1,'2019-05-17 18:26:07'),(55,183,0,4,1,'2019-05-17 19:51:31'),(56,184,0,4,1,'2019-05-18 13:44:58'),(57,187,0,4,1,'2019-05-18 17:46:40'),(58,191,0,4,1,'2019-05-23 15:16:06'),(59,192,0,4,1,'2019-05-23 15:16:06'),(60,197,0,4,1,'2019-05-25 13:36:36'),(61,198,0,4,1,'2019-05-25 13:36:36'),(62,196,0,4,1,'2019-05-25 17:28:06'),(63,200,0,4,1,'2019-05-28 18:28:28'),(64,203,0,4,1,'2019-05-29 18:51:20'),(65,210,0,4,1,'2019-05-30 14:23:59'),(66,213,0,4,1,'2019-05-30 16:31:11'),(67,219,0,4,1,'2019-06-01 09:48:06'),(68,222,0,4,1,'2019-06-01 17:01:04'),(69,225,0,4,1,'2019-06-05 12:48:22'),(70,226,0,4,1,'2019-06-05 12:48:22'),(71,227,0,4,1,'2019-06-05 17:40:38'),(72,229,0,4,1,'2019-06-06 16:04:46'),(73,230,0,4,1,'2019-06-07 16:46:40'),(74,231,0,4,1,'2019-06-07 18:31:25'),(75,232,0,4,1,'2019-06-11 11:30:57'),(76,233,0,4,1,'2019-06-11 12:43:14'),(77,236,0,4,1,'2019-06-13 16:36:46'),(78,235,0,4,1,'2019-06-13 17:50:50'),(79,237,0,4,1,'2019-06-14 13:52:43'),(80,238,0,4,1,'2019-06-14 14:46:43'),(81,239,0,4,1,'2019-06-15 16:56:11'),(82,240,0,4,1,'2019-06-15 18:05:43'),(83,243,0,4,1,'2019-06-20 15:43:46'),(84,245,0,4,1,'2019-06-27 14:36:29'),(85,246,0,4,1,'2019-06-27 15:28:40'),(86,251,0,4,1,'2019-06-27 16:39:51'),(87,253,0,4,1,'2019-06-27 16:39:51'),(88,255,0,4,1,'2019-06-27 17:37:06'),(89,257,0,4,1,'2019-06-27 17:37:06'),(90,259,0,4,1,'2019-06-28 16:43:27'),(91,261,0,4,1,'2019-07-03 20:52:29'),(92,260,0,4,1,'2019-07-03 20:52:29'),(93,262,0,4,1,'2019-07-04 16:03:44'),(94,263,0,4,1,'2019-07-04 17:05:45'),(95,264,0,4,1,'2019-07-04 17:05:44'),(96,265,0,4,1,'2019-07-05 14:06:17'),(97,266,0,4,1,'2019-07-05 16:11:48');

--
-- Table structure for table `pre3303_gender`
--

CREATE TABLE `pre3303_gender` (
  `id_gender` int(11) NOT NULL AUTO_INCREMENT,
  `type` tinyint(1) NOT NULL,
  PRIMARY KEY (`id_gender`)
) ENGINE=InnoDB AUTO_INCREMENT=4 DEFAULT CHARSET=utf8;

--
-- Dumping data for table `pre3303_gender`
--

INSERT INTO `pre3303_gender` VALUES (1,0),(2,1),(3,2);

--
-- Table structure for table `pre3303_gender_lang`
--

CREATE TABLE `pre3303_gender_lang` (
  `id_gender` int(10) unsigned NOT NULL,
  `id_lang` int(10) unsigned NOT NULL,
  `name` varchar(20) NOT NULL,
  PRIMARY KEY (`id_gender`,`id_lang`),
  KEY `id_gender` (`id_gender`)
) ENGINE=InnoDB DEFAULT CHARSET=utf8;

--
-- Dumping data for table `pre3303_gender_lang`
--

INSERT INTO `pre3303_gender_lang` VALUES (1,1,'M'),(1,2,'Mr.'),(2,1,'Mme'),(2,2,'Mrs.'),(3,1,'Dr'),(3,2,'Dr');

--
