-- Table structure for table `pre3303_homeslider`
--

CREATE TABLE `pre3303_homeslider` (
  `id_homeslider_slides` int(10) unsigned NOT NULL AUTO_INCREMENT,
  `id_shop` int(10) unsigned NOT NULL,
  PRIMARY KEY (`id_homeslider_slides`,`id_shop`)
) ENGINE=InnoDB AUTO_INCREMENT=11 DEFAULT CHARSET=utf8;

--
-- Dumping data for table `pre3303_homeslider`
--

INSERT INTO `pre3303_homeslider` VALUES (4,4),(5,2),(6,2),(7,2),(8,2),(9,2),(10,2);

--
-- Table structure for table `pre3303_homeslider_slides`
--

CREATE TABLE `pre3303_homeslider_slides` (
  `id_homeslider_slides` int(10) unsigned NOT NULL AUTO_INCREMENT,
  `position` int(10) unsigned NOT NULL DEFAULT '0',
  `active` tinyint(1) unsigned NOT NULL DEFAULT '0',
  PRIMARY KEY (`id_homeslider_slides`)
) ENGINE=InnoDB AUTO_INCREMENT=11 DEFAULT CHARSET=utf8;

--
-- Dumping data for table `pre3303_homeslider_slides`
--

INSERT INTO `pre3303_homeslider_slides` VALUES (4,0,1),(5,0,0),(6,0,0),(7,0,0),(8,0,1),(9,0,1),(10,0,1);

--
-- Table structure for table `pre3303_homeslider_slides_lang`
--

CREATE TABLE `pre3303_homeslider_slides_lang` (
  `id_homeslider_slides` int(10) unsigned NOT NULL,
  `id_lang` int(10) unsigned NOT NULL,
  `title` varchar(255) NOT NULL,
  `description` text NOT NULL,
  `legend` varchar(255) NOT NULL,
  `url` varchar(255) NOT NULL,
  `image` varchar(255) NOT NULL,
  PRIMARY KEY (`id_homeslider_slides`,`id_lang`)
) ENGINE=InnoDB DEFAULT CHARSET=utf8;

--
-- Dumping data for table `pre3303_homeslider_slides_lang`
--

INSERT INTO `pre3303_homeslider_slides_lang` VALUES (4,1,'','','','https://litho.online/fr/134-c215','35a1e67361f59b2626c8eee78e826adcaaea93f5_Bandeau site litho C215.jpg'),(4,2,'','','','https://litho.online/en/134-c215','222b70f16243a1f640c00160deeb170bba6dce8d_Bandeau site litho C215.jpg'),(5,1,'Lek','','','https://store.joelknafo-art.com/fr/219-lek','1cd55ab0ca94c388565ca96c0ed94f9a9f458167_Banner-Lek.jpg'),(5,2,'Lek','','','https://store.joelknafo-art.com/fr/219-lek','f488e04b0c0c824ddae8f475e91f068cb2788893_Banner-Lek.jpg'),(6,1,'Gottfried Salzmann','','','https://store.joelknafo-art.com/fr/201-gottfried-salzmann','572397ea4f792790e5b017b93b6ccd006e4994de_Banner-GottfriedSalzmann.jpg'),(6,2,'Gottfried Salzmann','','','https://store.joelknafo-art.com/en/201-gottfried-salzmann','250ff3a7d8004e8e6246f0eec4c0251a7298e0a7_Banner-GottfriedSalzmann.jpg'),(7,1,'Philippe Hérard','','','https://store.joelknafo-art.com/fr/216-philippe-herard','d66e9c1935181a6b03f463a198744f1d0af834de_Banner-PhilippeHerard.jpg'),(7,2,'Philippe Hérard','','','https://store.joelknafo-art.com/en/216-philippe-herard','07445500e3cc456d8ecf8b13abd79a968bd3f0e7_Banner-PhilippeHerard.jpg'),(8,1,'Jo Di Bona','','Puma Blues','https://store.joelknafo-art.com/fr/5_jo-di-bona','5e0829e691647e75891800f8fd43319e10b5258f_Bandeau PUMA BLUES 80x80 by Jo Di Bona 2018 technique mixte sur toile1000px.jpg'),(8,2,'Jo Di Bona','','Puma Blues','https://store.joelknafo-art.com/fr/5_jo-di-bona','53f6f99874e235ff2994d17ee2246585424bc908_Bandeau PUMA BLUES 80x80 by Jo Di Bona 2018 technique mixte sur toile1000px.jpg'),(9,1,'Romain Froquet','','Go With The Flow','https://store.joelknafo-art.com/fr/13_romain-froquet','cf294b3a41f157421f81a3bf526f077ebb4c956a_bandeau Go with the flow_130x97cm_2018.jpg'),(9,2,'Romain Froquet','','Go With The Flow','https://store.joelknafo-art.com/fr/13_romain-froquet','2b7f632621cbd338333dbccc2eaae35e5f195ff4_bandeau Go with the flow_130x97cm_2018.jpg'),(10,1,'Levalet','','Les Bonnes Manières','https://store.joelknafo-art.com/fr/12_levalet','5a5fec1337bf78bc5086668da64495d0e7fc920e_Levalet Les bonnes manieres 1.jpg'),(10,2,'Levalet','','Les Bonnes Manières','https://store.joelknafo-art.com/fr/12_levalet','640164c13036c01d7e054716e330eddfb919881e_Les bonnes manières 1.jpg');

--
-- Table structure for table `pre3303_hook`
--

CREATE TABLE `pre3303_hook` (
  `id_hook` int(10) unsigned NOT NULL AUTO_INCREMENT,
  `name` varchar(64) NOT NULL,
  `title` varchar(64) NOT NULL,
  `description` text,
  `position` tinyint(1) NOT NULL DEFAULT '1',
  PRIMARY KEY (`id_hook`),
  UNIQUE KEY `hook_name` (`name`)
) ENGINE=InnoDB AUTO_INCREMENT=287 DEFAULT CHARSET=utf8;

--
-- Dumping data for table `pre3303_hook`
--

INSERT INTO `pre3303_hook` VALUES (1,'actionValidateOrder','New orders','',1),(2,'displayMaintenance','Maintenance Page','This hook displays new elements on the maintenance page',1),(3,'displayProductPageDrawer','Product Page Drawer','This hook displays content in the right sidebar of the product page',1),(4,'actionPaymentConfirmation','Payment confirmation','This hook displays new elements after the payment is validated',1),(5,'displayPaymentReturn','Payment return','',1),(6,'actionUpdateQuantity','Quantity update','Quantity is updated only when a customer effectively places their order',1),(7,'displayRightColumn','Right column blocks','This hook displays new elements in the right-hand column',1),(8,'displayLeftColumn','Left column blocks','This hook displays new elements in the left-hand column',1),(9,'displayHome','Homepage content','This hook displays new elements on the homepage',1),(10,'Header','Pages html head section','This hook adds additional elements in the head section of your pages (head section of html)',1),(11,'actionCartSave','Cart creation and update','This hook is displayed when a product is added to the cart or if the cart\'s content is modified',1),(12,'actionAuthentication','Successful customer authentication','This hook is displayed after a customer successfully signs in',1),(13,'actionProductAdd','Product creation','This hook is displayed after a product is created',1),(14,'actionProductUpdate','Product update','This hook is displayed after a product has been updated',1),(15,'displayAfterBodyOpeningTag','Very top of pages','Use this hook for advertisement or modals you want to load first',1),(16,'displayBeforeBodyClosingTag','Very bottom of pages','Use this hook for your modals or any content you want to load at the very end',1),(17,'displayTop','Top of pages','This hook displays additional elements at the top of your pages',1),(18,'displayNavFullWidth','Navigation','This hook displays full width navigation menu at the top of your pages',1),(19,'displayRightColumnProduct','New elements on the product page (right column)','This hook displays new elements in the right-hand column of the product page',1),(20,'actionProductDelete','Product deletion','This hook is called when a product is deleted',1),(21,'actionObjectProductInCartDeleteBefore','Cart product removal','This hook is called before a product is removed from a cart',1),(22,'actionObjectProductInCartDeleteAfter','Cart product removal','This hook is called after a product is removed from a cart',1),(23,'displayFooterProduct','Product footer','This hook adds new blocks under the product\'s description',1),(24,'displayInvoice','Invoice','This hook displays new blocks on the invoice (order)',1),(25,'actionOrderStatusUpdate','Order status update - Event','This hook launches modules when the status of an order changes',1),(26,'displayAdminOrder','Display new elements in the Back Office, tab AdminOrder','This hook launches modules when the AdminOrder tab is displayed in the Back Office',1),(27,'displayAdminOrderTabOrder','Display new elements in Back Office, AdminOrder, panel Order','This hook launches modules when the AdminOrder tab is displayed in the Back Office and extends / override Order panel tabs',1),(28,'displayAdminOrderTabShip','Display new elements in Back Office, AdminOrder, panel Shipping','This hook launches modules when the AdminOrder tab is displayed in the Back Office and extends / override Shipping panel tabs',1),(29,'displayAdminOrderContentOrder','Display new elements in Back Office, AdminOrder, panel Order','This hook launches modules when the AdminOrder tab is displayed in the Back Office and extends / override Order panel content',1),(30,'displayAdminOrderContentShip','Display new elements in Back Office, AdminOrder, panel Shipping','This hook launches modules when the AdminOrder tab is displayed in the Back Office and extends / override Shipping panel content',1),(31,'displayFooter','Footer','This hook displays new blocks in the footer',1),(32,'displayPDFInvoice','PDF Invoice','This hook allows you to display additional information on PDF invoices',1),(33,'displayInvoiceLegalFreeText','PDF Invoice - Legal Free Text','This hook allows you to modify the legal free text on PDF invoices',1),(34,'displayAdminCustomers','Display new elements in the Back Office, tab AdminCustomers','This hook launches modules when the AdminCustomers tab is displayed in the Back Office',1),(35,'displayOrderConfirmation','Order confirmation page','This hook is called within an order\'s confirmation page',1),(36,'actionCustomerAccountAdd','Successful customer account creation','This hook is called when a new customer creates an account successfully',1),(37,'actionCustomerAccountUpdate','Successful customer account update','This hook is called when a customer updates its account successfully',1),(38,'displayCustomerAccount','Customer account displayed in Front Office','This hook displays new elements on the customer account page',1),(39,'actionOrderSlipAdd','Order slip creation','This hook is called when a new credit slip is added regarding client order',1),(40,'displayShoppingCartFooter','Shopping cart footer','This hook displays some specific information on the shopping cart\'s page',1),(41,'displayCreateAccountEmailFormBottom','Customer authentication form','This hook displays some information on the bottom of the email form',1),(42,'displayAuthenticateFormBottom','Customer authentication form','This hook displays some information on the bottom of the authentication form',1),(43,'displayCustomerAccountForm','Customer account creation form','This hook displays some information on the form to create a customer account',1),(44,'displayAdminStatsModules','Stats - Modules','',1),(45,'displayAdminStatsGraphEngine','Graph engines','',1),(46,'actionOrderReturn','Returned product','This hook is displayed when a customer returns a product ',1),(47,'displayProductAdditionalInfo','Product page additional info','This hook adds additional information on the product page',1),(48,'displayBackOfficeHome','Administration panel homepage','This hook is displayed on the admin panel\'s homepage',1),(49,'displayAdminStatsGridEngine','Grid engines','',1),(50,'actionWatermark','Watermark','',1),(51,'actionProductCancel','Product cancelled','This hook is called when you cancel a product in an order',1),(52,'displayLeftColumnProduct','New elements on the product page (left column)','This hook displays new elements in the left-hand column of the product page',1),(53,'actionProductOutOfStock','Out-of-stock product','This hook displays new action buttons if a product is out of stock',1),(54,'actionProductAttributeUpdate','Product attribute update','This hook is displayed when a product\'s attribute is updated',1),(55,'displayCarrierList','Extra carrier (module mode)','',1),(56,'displayShoppingCart','Shopping cart - Additional button','This hook displays new action buttons within the shopping cart',1),(57,'actionCarrierUpdate','Carrier Update','This hook is called when a carrier is updated',1),(58,'actionOrderStatusPostUpdate','Post update of order status','',1),(59,'displayCustomerAccountFormTop','Block above the form for create an account','This hook is displayed above the customer\'s account creation form',1),(60,'displayBackOfficeHeader','Administration panel header','This hook is displayed in the header of the admin panel',1),(61,'displayBackOfficeTop','Administration panel hover the tabs','This hook is displayed on the roll hover of the tabs within the admin panel',1),(62,'displayBackOfficeFooter','Administration panel footer','This hook is displayed within the admin panel\'s footer',1),(63,'actionProductAttributeDelete','Product attribute deletion','This hook is displayed when a product\'s attribute is deleted',1),(64,'actionCarrierProcess','Carrier process','',1),(65,'displayBeforeCarrier','Before carriers list','This hook is displayed before the carrier list in Front Office',1),(66,'displayAfterCarrier','After carriers list','This hook is displayed after the carrier list in Front Office',1),(67,'displayOrderDetail','Order detail','This hook is displayed within the order\'s details in Front Office',1),(68,'actionPaymentCCAdd','Payment CC added','',1),(69,'actionCategoryAdd','Category creation','This hook is displayed when a category is created',1),(70,'actionCategoryUpdate','Category modification','This hook is displayed when a category is modified',1),(71,'actionCategoryDelete','Category deletion','This hook is displayed when a category is deleted',1),(72,'displayPaymentTop','Top of payment page','This hook is displayed at the top of the payment page',1),(73,'actionHtaccessCreate','After htaccess creation','This hook is displayed after the htaccess creation',1),(74,'actionAdminMetaSave','After saving the configuration in AdminMeta','This hook is displayed after saving the configuration in AdminMeta',1),(75,'displayAttributeGroupForm','Add fields to the form \'attribute group\'','This hook adds fields to the form \'attribute group\'',1),(76,'actionAttributeGroupSave','Saving an attribute group','This hook is called while saving an attributes group',1),(77,'actionAttributeGroupDelete','Deleting attribute group','This hook is called while deleting an attributes  group',1),(78,'displayFeatureForm','Add fields to the form \'feature\'','This hook adds fields to the form \'feature\'',1),(79,'actionFeatureSave','Saving attributes\' features','This hook is called while saving an attributes features',1),(80,'actionFeatureDelete','Deleting attributes\' features','This hook is called while deleting an attributes features',1),(81,'actionProductSave','Saving products','This hook is called while saving products',1),(82,'displayAttributeGroupPostProcess','On post-process in admin attribute group','This hook is called on post-process in admin attribute group',1),(83,'displayFeaturePostProcess','On post-process in admin feature','This hook is called on post-process in admin feature',1),(84,'displayFeatureValueForm','Add fields to the form \'feature value\'','This hook adds fields to the form \'feature value\'',1),(85,'displayFeatureValuePostProcess','On post-process in admin feature value','This hook is called on post-process in admin feature value',1),(86,'actionFeatureValueDelete','Deleting attributes\' features\' values','This hook is called while deleting an attributes features value',1),(87,'actionFeatureValueSave','Saving an attributes features value','This hook is called while saving an attributes features value',1),(88,'displayAttributeForm','Add fields to the form \'attribute value\'','This hook adds fields to the form \'attribute value\'',1),(89,'actionAttributePostProcess','On post-process in admin feature value','This hook is called on post-process in admin feature value',1),(90,'actionAttributeDelete','Deleting an attributes features value','This hook is called while deleting an attributes features value',1),(91,'actionAttributeSave','Saving an attributes features value','This hook is called while saving an attributes features value',1),(92,'actionTaxManager','Tax Manager Factory','',1),(93,'displayMyAccountBlock','My account block','This hook displays extra information within the \'my account\' block\"',1),(94,'actionModuleInstallBefore','actionModuleInstallBefore','',1),(95,'actionModuleInstallAfter','actionModuleInstallAfter','',1),(96,'displayTopColumn','Top column blocks','This hook displays new elements in the top of columns',1),(97,'displayBackOfficeCategory','Display new elements in the Back Office, tab AdminCategories','This hook launches modules when the AdminCategories tab is displayed in the Back Office',1),(98,'displayProductListFunctionalButtons','Display new elements in the Front Office, products list','This hook launches modules when the products list is displayed in the Front Office',1),(99,'displayNav','Navigation','',1),(100,'displayOverrideTemplate','Change the default template of current controller','',1),(101,'actionAdminLoginControllerSetMedia','Set media on admin login page header','This hook is called after adding media to admin login page header',1),(102,'actionOrderEdited','Order edited','This hook is called when an order is edited',1),(103,'actionEmailAddBeforeContent','Add extra content before mail content','This hook is called just before fetching mail template',1),(104,'actionEmailAddAfterContent','Add extra content after mail content','This hook is called just after fetching mail template',1),(105,'sendMailAlterTemplateVars','Alter template vars on the fly','This hook is called when Mail::send() is called',1),(106,'displayCartExtraProductActions','Extra buttons in shopping cart','This hook adds extra buttons to the product lines, in the shopping cart',1),(107,'displayPaymentByBinaries','Payment form generated by binaries','This hook displays form generated by binaries during the checkout',1),(108,'additionalCustomerFormFields','Add fields to the Customer form','This hook returns an array of FormFields to add them to the customer registration form',1),(109,'addWebserviceResources','Add extra webservice resource','This hook is called when webservice resources list in webservice controller',1),(110,'displayCustomerLoginFormAfter','Display elements after login form','This hook displays new elements after the login form',1),(111,'actionClearCache','Clear smarty cache','This hook is called when smarty\'s cache is cleared',1),(112,'actionClearCompileCache','Clear smarty compile cache','This hook is called when smarty\'s compile cache is cleared',1),(113,'actionClearSf2Cache','Clear Sf2 cache','This hook is called when the Symfony cache is cleared',1),(114,'actionValidateCustomerAddressForm','Customer address form validation','This hook is called when a customer submit its address form',1),(115,'displayCarrierExtraContent','Display additional content for a carrier (e.g pickup points)','This hook calls only the module related to the carrier, in order to add options when needed',1),(116,'validateCustomerFormFields','Customer registration form validation','This hook is called to a module when it has sent additional fields with additionalCustomerFormFields',1),(117,'displayProductExtraContent','Display extra content on the product page','This hook expects ProductExtraContent instances, which will be properly displayed by the template on the product page',1),(118,'filterCmsContent','Filter the content page','This hook is called just before fetching content page',1),(119,'filterCmsCategoryContent','Filter the content page category','This hook is called just before fetching content page category',1),(120,'filterProductContent','Filter the content page product','This hook is called just before fetching content page product',1),(121,'filterCategoryContent','Filter the content page category','This hook is called just before fetching content page category',1),(122,'filterManufacturerContent','Filter the content page manufacturer','This hook is called just before fetching content page manufacturer',1),(123,'filterSupplierContent','Filter the content page supplier','This hook is called just before fetching content page supplier',1),(124,'filterHtmlContent','Filter HTML field before rending a page','This hook is called just before fetching a page on HTML field',1),(125,'displayDashboardTop','Dashboard Top','Displays the content in the dashboard\'s top area',1),(126,'actionUpdateLangAfter','Update \"lang\" tables','Update \"lang\" tables after adding or updating a language',1),(127,'actionOutputHTMLBefore','Before HTML output','This hook is used to filter the whole HTML page before it is rendered (only front)',1),(128,'displayAfterProductThumbs','Display extra content below product thumbs','This hook displays new elements below product images ex. additional media',1),(129,'actionDispatcherBefore','Before dispatch','This hook is called at the beginning of the dispatch method of the Dispatcher',1),(130,'actionDispatcherAfter','After dispatch','This hook is called at the end of the dispatch method of the Dispatcher',1),(131,'filterProductSearch','Filter search products result','This hook is called in order to allow to modify search product result',1),(132,'actionProductSearchAfter','Event triggered after search product completed','This hook is called after the product search. Parameters are already filter',1),(133,'actionEmailSendBefore','Before sending an email','This hook is used to filter the content or the metadata of an email before sending it or even prevent its sending',1),(134,'dashboardZoneOne','dashboardZoneOne','',1),(135,'dashboardData','dashboardData','',1),(136,'actionObjectOrderAddAfter','actionObjectOrderAddAfter','',1),(137,'actionObjectCustomerAddAfter','actionObjectCustomerAddAfter','',1),(138,'actionObjectCustomerMessageAddAfter','actionObjectCustomerMessageAddAfter','',1),(139,'actionObjectCustomerThreadAddAfter','actionObjectCustomerThreadAddAfter','',1),(140,'actionObjectOrderReturnAddAfter','actionObjectOrderReturnAddAfter','',1),(141,'actionAdminControllerSetMedia','actionAdminControllerSetMedia','',1),(142,'dashboardZoneTwo','dashboardZoneTwo','',1),(143,'actionSearch','actionSearch','',1),(144,'actionObjectLanguageAddAfter','actionObjectLanguageAddAfter','',1),(145,'paymentOptions','paymentOptions','',1),(146,'displayNav1','displayNav1','',1),(147,'actionAdminStoresControllerUpdate_optionsAfter','actionAdminStoresControllerUpdate_optionsAfter','',1),(148,'actionAdminCurrenciesControllerSaveAfter','actionAdminCurrenciesControllerSaveAfter','',1),(149,'actionModuleRegisterHookAfter','actionModuleRegisterHookAfter','',1),(150,'actionModuleUnRegisterHookAfter','actionModuleUnRegisterHookAfter','',1),(151,'displayFooterBefore','displayFooterBefore','',1),(152,'productSearchProvider','productSearchProvider','',1),(153,'displayOrderConfirmation2','displayOrderConfirmation2','',1),(154,'displayCrossSellingShoppingCart','displayCrossSellingShoppingCart','',1),(155,'actionAdminGroupsControllerSaveAfter','actionAdminGroupsControllerSaveAfter','',1),(156,'actionShopDataDuplication','actionShopDataDuplication','',1),(157,'actionObjectCategoryUpdateAfter','actionObjectCategoryUpdateAfter','',1),(158,'actionObjectCategoryDeleteAfter','actionObjectCategoryDeleteAfter','',1),(159,'actionObjectCategoryAddAfter','actionObjectCategoryAddAfter','',1),(160,'actionObjectCmsUpdateAfter','actionObjectCmsUpdateAfter','',1),(161,'actionObjectCmsDeleteAfter','actionObjectCmsDeleteAfter','',1),(162,'actionObjectCmsAddAfter','actionObjectCmsAddAfter','',1),(163,'actionObjectSupplierUpdateAfter','actionObjectSupplierUpdateAfter','',1),(164,'actionObjectSupplierDeleteAfter','actionObjectSupplierDeleteAfter','',1),(165,'actionObjectSupplierAddAfter','actionObjectSupplierAddAfter','',1),(166,'actionObjectManufacturerUpdateAfter','actionObjectManufacturerUpdateAfter','',1),(167,'actionObjectManufacturerDeleteAfter','actionObjectManufacturerDeleteAfter','',1),(168,'actionObjectManufacturerAddAfter','actionObjectManufacturerAddAfter','',1),(169,'actionObjectProductUpdateAfter','actionObjectProductUpdateAfter','',1),(170,'actionObjectProductDeleteAfter','actionObjectProductDeleteAfter','',1),(171,'actionObjectProductAddAfter','actionObjectProductAddAfter','',1),(172,'displaySearch','displaySearch','',1),(173,'search','search','',1),(174,'displayAdminNavBarBeforeEnd','displayAdminNavBarBeforeEnd','',1),(175,'displayAdminAfterHeader','displayAdminAfterHeader','',1),(176,'displayNav2','','',1),(177,'displayReassurance','','',1),(178,'actionAdminMetaControllerUpdate_optionsAfter','actionAdminMetaControllerUpdate_optionsAfter','',1),(179,'actionAdminPerformanceControllerSaveAfter','actionAdminPerformanceControllerSaveAfter','',1),(180,'actionObjectCarrierAddAfter','actionObjectCarrierAddAfter','',1),(181,'actionObjectContactAddAfter','actionObjectContactAddAfter','',1),(182,'actionAdminThemesControllerUpdate_optionsAfter','actionAdminThemesControllerUpdate_optionsAfter','',1),(183,'actionObjectShopUpdateAfter','actionObjectShopUpdateAfter','',1),(184,'actionAdminPreferencesControllerUpdate_optionsAfter','actionAdminPreferencesControllerUpdate_optionsAfter','',1),(185,'actionObjectShopAddAfter','actionObjectShopAddAfter','',1),(186,'actionObjectShopGroupAddAfter','actionObjectShopGroupAddAfter','',1),(187,'actionObjectCartAddAfter','actionObjectCartAddAfter','',1),(188,'actionObjectEmployeeAddAfter','actionObjectEmployeeAddAfter','',1),(189,'actionObjectImageAddAfter','actionObjectImageAddAfter','',1),(190,'actionObjectCartRuleAddAfter','actionObjectCartRuleAddAfter','',1),(191,'actionAdminStoresControllerSaveAfter','actionAdminStoresControllerSaveAfter','',1),(192,'actionAdminWebserviceControllerSaveAfter','actionAdminWebserviceControllerSaveAfter','',1),(193,'displayAdminProductsMainStepLeftColumnMiddle','Display new elements in back office product page, left column of','This hook launches modules when the back office product page is displayed',1),(194,'displayAdminProductsMainStepLeftColumnBottom','Display new elements in back office product page, left column of','This hook launches modules when the back office product page is displayed',1),(195,'displayAdminProductsMainStepRightColumnBottom','Display new elements in back office product page, right column o','This hook launches modules when the back office product page is displayed',1),(196,'displayAdminProductsQuantitiesStepBottom','Display new elements in back office product page, Quantities/Com','This hook launches modules when the back office product page is displayed',1),(197,'displayAdminProductsPriceStepBottom','Display new elements in back office product page, Price tab','This hook launches modules when the back office product page is displayed',1),(198,'displayAdminProductsOptionsStepTop','Display new elements in back office product page, Options tab','This hook launches modules when the back office product page is displayed',1),(199,'displayAdminProductsOptionsStepBottom','Display new elements in back office product page, Options tab','This hook launches modules when the back office product page is displayed',1),(200,'displayAdminProductsSeoStepBottom','Display new elements in back office product page, SEO tab','This hook launches modules when the back office product page is displayed',1),(201,'displayAdminProductsShippingStepBottom','Display new elements in back office product page, Shipping tab','This hook launches modules when the back office product page is displayed',1),(202,'displayAdminProductsCombinationBottom','Display new elements in back office product page, Combination ta','This hook launches modules when the back office product page is displayed',1),(203,'displayWrapperTop','Main wrapper section (top)','This hook displays new elements in the top of the main wrapper',1),(204,'displayWrapperBottom','Main wrapper section (bottom)','This hook displays new elements in the bottom of the main wrapper',1),(205,'displayContentWrapperTop','Content wrapper section (top)','This hook displays new elements in the top of the content wrapper',1),(206,'displayContentWrapperBottom','Content wrapper section (bottom)','This hook displays new elements in the bottom of the content wrapper',1),(207,'displayAdminCustomersAddressesItemAction','Display new elements in the Back Office, tab AdminCustomers, Add','This hook launches modules when the Addresses list into the AdminCustomers tab is displayed in the Back Office',1),(208,'displayDashboardToolbarTopMenu','Display new elements in back office page with a dashboard, on to','This hook launches modules when a page with a dashboard is displayed',1),(209,'displayDashboardToolbarIcons','Display new elements in back office page with dashboard, on icon','This hook launches modules when the back office with dashboard is displayed',1),(210,'moduleroutes','moduleroutes','',1),(211,'displayBanner','displayBanner','',1),(212,'displayFooterAfter','displayFooterAfter','',1),(213,'pagebuilderConfig','pagebuilderConfig','',1),(214,'displayProductInformation','displayProductInformation','',1),(215,'actionAdminShopControllerSaveAfter','actionAdminShopControllerSaveAfter','',1),(216,'displayLeoProfileProduct','displayLeoProfileProduct','',1),(217,'displayAdminProductsExtra','displayAdminProductsExtra','',1),(218,'displayApSC','displayApSC','',1),(219,'displayPaymentEu','displayPaymentEu','Hook to display payment options',1),(220,'displayProductPriceBlock','displayProductPriceBlock','',1),(221,'displayCheckoutSubtotalDetails','displayCheckoutSubtotalDetails','',1),(222,'advancedPaymentOptions','advancedPaymentOptions','',1),(223,'displayCartTotalPriceLabel','displayCartTotalPriceLabel','',1),(224,'displayCMSPrintButton','displayCMSPrintButton','',1),(225,'displayCMSDisputeInformation','displayCMSDisputeInformation','',1),(226,'termsAndConditions','termsAndConditions','',1),(227,'displayCheckoutSummaryTop','displayCheckoutSummaryTop','',1),(228,'displayLeoCartButton','displayLeoCartButton','',1),(229,'displayLeoCartQuantity','displayLeoCartQuantity','',1),(230,'displayLeoCartAttribute','displayLeoCartAttribute','',1),(231,'displayLeoProductReviewExtra','displayLeoProductReviewExtra','',1),(232,'displayLeoProductTab','displayLeoProductTab','',1),(233,'displayLeoProductTabContent','displayLeoProductTabContent','',1),(234,'displayLeoProductListReview','displayLeoProductListReview','',1),(235,'displayLeoCompareButton','displayLeoCompareButton','',1),(236,'displayLeoWishlistButton','displayLeoWishlistButton','',1),(237,'displayLeoProducReviewCompare','displayLeoProducReviewCompare','',1),(238,'actionAdminBefore','','',1),(239,'actionObjectAddAfter','actionObjectAddAfter','',1),(240,'actionObjectDeleteAfter','actionObjectDeleteAfter','',1),(241,'displayPDFDeliverySlip','displayPDFDeliverySlip','',1),(242,'actionObjectCurrencyAddAfter','actionObjectCurrencyAddAfter','',1),(243,'actionCartUpdateQuantityBefore','actionCartUpdateQuantityBefore','',1),(244,'actionObjectCMSCategoryAddAfter','actionObjectCMSCategoryAddAfter','',1),(245,'actionObjectCMSCategoryUpdateAfter','actionObjectCMSCategoryUpdateAfter','',1),(246,'actionObjectCMSCategoryDeleteAfter','actionObjectCMSCategoryDeleteAfter','',1),(247,'actionObjectLanguageUpdateAfter','actionObjectLanguageUpdateAfter','',1),(248,'actionObjectLanguageDeleteAfter','actionObjectLanguageDeleteAfter','',1),(249,'ActionPDFInvoiceRender','ActionPDFInvoiceRender','',1),(250,'displayPDFOrderSlip','displayPDFOrderSlip','',1),(251,'displayPDFOrderReturn','displayPDFOrderReturn','',1),(252,'m4PDFMail','m4PDFMail','',1),(253,'actionObjectCustomerUpdateAfter','actionObjectCustomerUpdateAfter','',1),(254,'actionObjectCartUpdateAfter','actionObjectCartUpdateAfter','',1),(255,'actionObjectCartRuleUpdateAfter','actionObjectCartRuleUpdateAfter','',1),(256,'actionOrderHistoryAddAfter','actionOrderHistoryAddAfter','',1),(257,'registerGDPRConsent','registerGDPRConsent','',1),(258,'actionAdminGenerateSupplyOrderFormPDFBefore','actionAdminGenerateSupplyOrderFormPDFBefore','',1),(259,'actionProductCoverage','actionProductCoverage','',1),(260,'actionDeleteGDPRCustomer','actionDeleteGDPRCustomer','',1),(261,'actionExportGDPRData','actionExportGDPRData','',1),(262,'actionFrontControllerSetMedia','actionFrontControllerSetMedia','',1),(263,'actionAjaxDieProductControllerdisplayAjaxQuickviewBefore','actionAjaxDieProductControllerdisplayAjaxQuickviewBefore','',1),(264,'displayGDPRConsent','displayGDPRConsent','',1),(265,'actionInvoiceNumberFormatted','actionInvoiceNumberFormatted','',1),(266,'actionAdministrationPageForm','Manage Administration Page form fields','This hook adds, update or remove fields of the Administration Page form',1),(267,'actionAdministrationPageFormSave','Processing Administration page form','This hook is called when the Administration Page form is processed',1),(268,'actionPerformancePageForm','Manage Performance Page form fields','This hook adds, update or remove fields of the Performance Page form',1),(269,'actionPerformancePageFormSave','Processing Performance page form','This hook is called when the Performance Page form is processed',1),(270,'actionMaintenancePageForm','Manage Maintenance Page form fields','This hook adds, update or remove fields of the Maintenance Page form',1),(271,'actionMaintenancePageFormSave','Processing Maintenance page form','This hook is called when the Maintenance Page form is processed',1),(272,'displayAdminEndContent','Administration end of content','This hook is displayed at the end of the main content, before the footer',1),(273,'displayBlock','displayBlock','',1),(274,'displayMMItemMenu','displayMMItemMenu','',1),(275,'displayMMItemColumn','displayMMItemColumn','',1),(276,'displayMegaMenu','displayMegaMenu','',1),(277,'displayMMItemBlock','displayMMItemBlock','',1),(278,'displayMMItemTab','displayMMItemTab','',1),(279,'displayCustomMenu','displayCustomMenu','',1),(280,'displayCustomerInforTop','displayCustomerInforTop','',1),(281,'displayCartTop','displayCartTop','',1),(282,'displayMMProductList','displayMMProductList','',1),(283,'displayMMProductListItem','displayMMProductListItem','',1),(284,'displayAfterTitle','displayAfterTitle','',1),(285,'actionObjectOrderDetailUpdateAfter','actionObjectOrderDetailUpdateAfter','',1),(286,'actionAuthenticationBefore','actionAuthenticationBefore','',1);

--
-- Table structure for table `pre3303_hook_alias`
--

CREATE TABLE `pre3303_hook_alias` (
  `id_hook_alias` int(10) unsigned NOT NULL AUTO_INCREMENT,
  `alias` varchar(64) NOT NULL,
  `name` varchar(64) NOT NULL,
  PRIMARY KEY (`id_hook_alias`),
  UNIQUE KEY `alias` (`alias`)
) ENGINE=InnoDB AUTO_INCREMENT=84 DEFAULT CHARSET=utf8;

--
-- Dumping data for table `pre3303_hook_alias`
--

INSERT INTO `pre3303_hook_alias` VALUES (1,'newOrder','actionValidateOrder'),(2,'paymentConfirm','actionPaymentConfirmation'),(3,'paymentReturn','displayPaymentReturn'),(4,'updateQuantity','actionUpdateQuantity'),(5,'rightColumn','displayRightColumn'),(6,'leftColumn','displayLeftColumn'),(7,'home','displayHome'),(8,'displayHeader','Header'),(9,'cart','actionCartSave'),(10,'authentication','actionAuthentication'),(11,'addproduct','actionProductAdd'),(12,'updateproduct','actionProductUpdate'),(13,'top','displayTop'),(14,'extraRight','displayRightColumnProduct'),(15,'deleteproduct','actionProductDelete'),(16,'productfooter','displayFooterProduct'),(17,'invoice','displayInvoice'),(18,'updateOrderStatus','actionOrderStatusUpdate'),(19,'adminOrder','displayAdminOrder'),(20,'footer','displayFooter'),(21,'PDFInvoice','displayPDFInvoice'),(22,'adminCustomers','displayAdminCustomers'),(23,'orderConfirmation','displayOrderConfirmation'),(24,'createAccount','actionCustomerAccountAdd'),(25,'customerAccount','displayCustomerAccount'),(26,'orderSlip','actionOrderSlipAdd'),(27,'shoppingCart','displayShoppingCartFooter'),(28,'createAccountForm','displayCustomerAccountForm'),(29,'AdminStatsModules','displayAdminStatsModules'),(30,'GraphEngine','displayAdminStatsGraphEngine'),(31,'orderReturn','actionOrderReturn'),(32,'productActions','displayProductAdditionalInfo'),(33,'displayProductButtons','displayProductAdditionalInfo'),(34,'backOfficeHome','displayBackOfficeHome'),(35,'GridEngine','displayAdminStatsGridEngine'),(36,'watermark','actionWatermark'),(37,'cancelProduct','actionProductCancel'),(38,'extraLeft','displayLeftColumnProduct'),(39,'productOutOfStock','actionProductOutOfStock'),(40,'updateProductAttribute','actionProductAttributeUpdate'),(41,'extraCarrier','displayCarrierList'),(42,'shoppingCartExtra','displayShoppingCart'),(43,'updateCarrier','actionCarrierUpdate'),(44,'postUpdateOrderStatus','actionOrderStatusPostUpdate'),(45,'createAccountTop','displayCustomerAccountFormTop'),(46,'backOfficeHeader','displayBackOfficeHeader'),(47,'backOfficeTop','displayBackOfficeTop'),(48,'backOfficeFooter','displayBackOfficeFooter'),(49,'deleteProductAttribute','actionProductAttributeDelete'),(50,'processCarrier','actionCarrierProcess'),(51,'beforeCarrier','displayBeforeCarrier'),(52,'orderDetailDisplayed','displayOrderDetail'),(53,'paymentCCAdded','actionPaymentCCAdd'),(54,'categoryAddition','actionCategoryAdd'),(55,'categoryUpdate','actionCategoryUpdate'),(56,'categoryDeletion','actionCategoryDelete'),(57,'paymentTop','displayPaymentTop'),(58,'afterCreateHtaccess','actionHtaccessCreate'),(59,'afterSaveAdminMeta','actionAdminMetaSave'),(60,'attributeGroupForm','displayAttributeGroupForm'),(61,'afterSaveAttributeGroup','actionAttributeGroupSave'),(62,'afterDeleteAttributeGroup','actionAttributeGroupDelete'),(63,'featureForm','displayFeatureForm'),(64,'afterSaveFeature','actionFeatureSave'),(65,'afterDeleteFeature','actionFeatureDelete'),(66,'afterSaveProduct','actionProductSave'),(67,'postProcessAttributeGroup','displayAttributeGroupPostProcess'),(68,'postProcessFeature','displayFeaturePostProcess'),(69,'featureValueForm','displayFeatureValueForm'),(70,'postProcessFeatureValue','displayFeatureValuePostProcess'),(71,'afterDeleteFeatureValue','actionFeatureValueDelete'),(72,'afterSaveFeatureValue','actionFeatureValueSave'),(73,'attributeForm','displayAttributeForm'),(74,'postProcessAttribute','actionAttributePostProcess'),(75,'afterDeleteAttribute','actionAttributeDelete'),(76,'afterSaveAttribute','actionAttributeSave'),(77,'taxManager','actionTaxManager'),(78,'myAccountBlock','displayMyAccountBlock'),(79,'actionBeforeCartUpdateQty','actionCartUpdateQuantityBefore'),(80,'actionBeforeAjaxDie','actionAjaxDieBefore'),(81,'actionBeforeAuthentication','actionAuthenticationBefore'),(82,'actionBeforeSubmitAccount','actionSubmitAccountBefore'),(83,'actionAfterDeleteProductInCart','actionDeleteProductInCartAfter');

--
-- Table structure for table `pre3303_hook_module`
--

CREATE TABLE `pre3303_hook_module` (
  `id_module` int(10) unsigned NOT NULL,
  `id_shop` int(11) unsigned NOT NULL DEFAULT '1',
  `id_hook` int(10) unsigned NOT NULL,
  `position` tinyint(2) unsigned NOT NULL,
  PRIMARY KEY (`id_module`,`id_hook`,`id_shop`),
  KEY `id_hook` (`id_hook`),
  KEY `id_module` (`id_module`),
  KEY `position` (`id_shop`,`position`)
) ENGINE=InnoDB DEFAULT CHARSET=utf8;

--
-- Dumping data for table `pre3303_hook_module`
--

INSERT INTO `pre3303_hook_module` VALUES (75,0,7,1),(75,0,17,1),(75,0,18,1),(75,0,19,1),(75,0,31,1),(75,0,60,1),(75,0,97,1),(75,0,120,1),(75,0,121,1),(75,0,146,1),(75,0,151,1),(75,0,176,1),(75,0,177,1),(75,0,183,1),(75,0,210,1),(75,0,211,1),(75,0,212,1),(75,0,213,1),(75,0,214,1),(75,0,215,1),(75,0,216,1),(75,0,217,1),(75,0,218,1),(76,0,9,1),(76,0,10,1),(75,0,9,2),(75,0,23,2),(75,0,47,2),(75,0,52,2),(75,0,149,2),(75,0,157,2),(76,0,60,2),(76,0,210,2),(76,0,215,2),(77,0,7,2),(77,0,10,2),(77,0,17,2),(77,0,18,2),(77,0,19,2),(77,0,31,2),(77,0,146,2),(77,0,151,2),(77,0,176,2),(77,0,177,2),(77,0,212,2),(75,0,156,3),(75,0,169,3),(77,0,9,3),(77,0,23,3),(77,0,47,3),(77,0,52,3),(77,0,215,3),(75,0,8,4),(77,0,8,5),(75,0,141,6),(76,0,8,7),(1,2,135,1),(1,2,136,1),(1,2,137,1),(1,2,138,1),(1,2,139,1),(1,2,140,1),(1,2,141,1),(2,2,58,1),(2,2,142,1),(4,2,143,1),(5,2,45,1),(6,2,49,1),(7,2,144,1),(8,2,8,1),(9,2,5,1),(9,2,145,1),(10,2,146,1),(10,2,147,1),(11,2,148,1),(12,2,149,1),(12,2,150,1),(15,2,36,1),(15,2,108,1),(15,2,151,1),(16,2,69,1),(16,2,70,1),(16,2,71,1),(16,2,76,1),(16,2,77,1),(16,2,79,1),(16,2,80,1),(16,2,81,1),(16,2,86,1),(16,2,87,1),(16,2,89,1),(16,2,90,1),(16,2,91,1),(16,2,152,1),(17,2,13,1),(17,2,14,1),(17,2,20,1),(17,2,153,1),(17,2,154,1),(17,2,155,1),(18,2,9,1),(18,2,10,1),(18,2,156,1),(19,2,176,1),(20,2,31,1),(20,2,126,1),(21,2,17,1),(21,2,157,1),(21,2,158,1),(21,2,159,1),(21,2,160,1),(21,2,161,1),(21,2,162,1),(21,2,163,1),(21,2,164,1),(21,2,165,1),(21,2,166,1),(21,2,167,1),(21,2,168,1),(21,2,169,1),(21,2,170,1),(21,2,171,1),(22,2,172,1),(23,2,47,1),(27,2,44,1),(37,2,12,1),(37,2,16,1),(47,2,173,1),(50,2,60,1),(50,2,174,1),(50,2,175,1),(51,2,1,1),(51,2,25,1),(51,2,95,1),(51,2,178,1),(51,2,179,1),(51,2,180,1),(51,2,181,1),(51,2,182,1),(51,2,183,1),(51,2,184,1),(51,2,185,1),(51,2,186,1),(51,2,187,1),(51,2,188,1),(51,2,189,1),(51,2,190,1),(51,2,191,1),(51,2,192,1),(53,2,134,1),(54,2,177,1),(61,2,23,1),(62,2,100,1),(62,2,104,1),(62,2,105,1),(62,2,220,1),(62,2,221,1),(62,2,222,1),(62,2,223,1),(62,2,224,1),(62,2,225,1),(62,2,226,1),(62,2,227,1),(66,2,26,1),(66,2,28,1),(66,2,30,1),(66,2,35,1),(66,2,55,1),(66,2,57,1),(66,2,64,1),(66,2,67,1),(66,2,115,1),(66,2,239,1),(66,2,240,1),(66,2,241,1),(67,2,7,1),(67,2,43,1),(68,2,33,1),(68,2,38,1),(68,2,40,1),(68,2,93,1),(68,2,242,1),(68,2,243,1),(69,2,244,1),(69,2,245,1),(69,2,246,1),(69,2,247,1),(69,2,248,1),(70,2,32,1),(70,2,249,1),(70,2,250,1),(70,2,251,1),(70,2,252,1),(70,2,258,1),(71,2,210,1),(71,2,253,1),(71,2,254,1),(71,2,255,1),(75,2,18,1),(75,2,19,1),(75,2,52,1),(75,2,97,1),(75,2,120,1),(75,2,121,1),(75,2,183,1),(75,2,210,1),(75,2,211,1),(75,2,212,1),(75,2,213,1),(75,2,214,1),(75,2,215,1),(75,2,216,1),(75,2,217,1),(75,2,218,1),(79,2,228,1),(79,2,229,1),(79,2,230,1),(79,2,231,1),(79,2,232,1),(79,2,233,1),(79,2,234,1),(79,2,235,1),(79,2,236,1),(79,2,237,1),(82,2,6,1),(82,2,256,1),(83,2,257,1),(85,2,107,1),(89,2,46,1),(89,2,53,1),(89,2,54,1),(89,2,63,1),(89,2,102,1),(89,2,259,1),(89,2,260,1),(89,2,261,1),(90,2,72,1),(90,2,262,1),(90,2,263,1),(91,2,264,1),(92,2,265,1),(93,2,273,1),(93,2,274,1),(93,2,275,1),(93,2,276,1),(93,2,277,1),(93,2,278,1),(93,2,279,1),(93,2,280,1),(93,2,281,1),(93,2,282,1),(93,2,283,1),(97,2,11,1),(98,2,15,1),(98,2,284,1),(98,2,285,1),(99,2,51,1),(1,2,134,2),(2,2,135,2),(2,2,141,2),(3,2,142,2),(4,2,136,2),(11,2,176,2),(12,2,31,2),(16,2,8,2),(17,2,9,2),(17,2,70,2),(21,2,156,2),(22,2,10,2),(22,2,17,2),(25,2,146,2),(26,2,5,2),(26,2,145,2),(28,2,44,2),(37,2,36,2),(51,2,60,2),(51,2,137,2),(51,2,139,2),(51,2,147,2),(51,2,162,2),(51,2,171,2),(52,2,149,2),(52,2,150,2),(54,2,126,2),(59,2,13,2),(59,2,14,2),(59,2,20,2),(59,2,58,2),(60,2,52,2),(66,2,104,2),(67,2,25,2),(67,2,35,2),(68,2,26,2),(69,2,144,2),(69,2,157,2),(69,2,158,2),(69,2,159,2),(69,2,169,2),(70,2,241,2),(71,2,1,2),(71,2,190,2),(73,2,244,2),(73,2,245,2),(73,2,246,2),(73,2,247,2),(73,2,248,2),(75,2,7,2),(75,2,23,2),(75,2,149,2),(75,2,157,2),(76,2,210,2),(76,2,215,2),(77,2,18,2),(77,2,19,2),(77,2,212,2),(79,2,16,2),(79,2,38,2),(82,2,217,2),(89,2,6,2),(89,2,93,2),(89,2,257,2),(91,2,108,2),(91,2,260,2),(99,2,11,2),(3,2,135,3),(3,2,141,3),(4,2,142,3),(7,2,9,3),(10,2,31,3),(13,2,176,3),(14,2,156,3),(17,2,8,3),(21,2,70,3),(29,2,44,3),(51,2,136,3),(60,2,13,3),(60,2,14,3),(60,2,20,3),(67,2,36,3),(68,2,5,3),(68,2,25,3),(68,2,35,3),(68,2,58,3),(68,2,145,3),(69,2,171,3),(71,2,137,3),(73,2,144,3),(73,2,157,3),(73,2,158,3),(73,2,159,3),(73,2,169,3),(75,2,60,3),(75,2,156,3),(75,2,169,3),(76,2,10,3),(77,2,7,3),(77,2,23,3),(77,2,52,3),(77,2,215,3),(78,2,18,3),(78,2,19,3),(78,2,212,3),(82,2,26,3),(82,2,104,3),(85,2,1,3),(89,2,38,3),(91,2,257,3),(97,2,16,3),(4,2,135,4),(5,2,141,4),(14,2,9,4),(30,2,44,4),(61,2,13,4),(61,2,14,4),(61,2,20,4),(62,2,10,4),(71,2,25,4),(73,2,171,4),(76,2,60,4),(78,2,7,4),(78,2,23,4),(78,2,52,4),(78,2,156,4),(78,2,215,4),(82,2,58,4),(85,2,35,4),(88,2,5,4),(88,2,145,4),(89,2,1,4),(91,2,36,4),(91,2,38,4),(92,2,26,4),(93,2,18,4),(95,2,176,4),(97,2,31,4),(98,2,16,4),(31,2,44,5),(52,2,60,5),(66,2,10,5),(68,2,141,5),(71,2,13,5),(71,2,14,5),(79,2,141,5),(86,2,35,5),(89,2,20,5),(97,2,1,5),(97,2,5,5),(97,2,36,5),(98,2,25,5),(99,2,9,5),(99,2,23,5),(99,2,26,5),(99,2,31,5),(32,2,44,6),(75,2,141,6),(77,2,10,6),(79,2,60,6),(90,2,35,6),(33,2,44,7),(66,2,60,7),(67,2,10,7),(91,2,141,7),(97,2,35,7),(34,2,44,8),(68,2,10,8),(68,2,60,8),(96,2,141,8),(98,2,35,8),(35,2,44,9),(69,2,60,9),(78,2,10,9),(97,2,141,9),(99,2,35,9),(36,2,44,10),(70,2,60,10),(79,2,10,10),(38,2,44,11),(71,2,10,11),(73,2,60,11),(39,2,44,12),(73,2,10,12),(82,2,60,12),(40,2,44,13),(75,2,10,13),(93,2,60,13),(41,2,44,14),(89,2,10,14),(98,2,60,14),(42,2,44,15),(90,2,10,15),(99,2,60,15),(43,2,44,16),(93,2,10,16),(44,2,44,17),(95,2,10,17),(45,2,44,18),(96,2,10,18),(46,2,44,19),(97,2,10,19),(47,2,44,20),(98,2,10,20),(48,2,44,21),(99,2,10,21),(49,2,44,22),(1,4,135,1),(1,4,136,1),(1,4,137,1),(1,4,138,1),(1,4,139,1),(1,4,140,1),(1,4,141,1),(2,4,58,1),(2,4,142,1),(4,4,143,1),(5,4,45,1),(6,4,49,1),(7,4,144,1),(8,4,8,1),(9,4,5,1),(9,4,145,1),(10,4,146,1),(10,4,147,1),(11,4,148,1),(12,4,149,1),(12,4,150,1),(15,4,36,1),(15,4,108,1),(15,4,151,1),(16,4,69,1),(16,4,70,1),(16,4,71,1),(16,4,76,1),(16,4,77,1),(16,4,79,1),(16,4,80,1),(16,4,81,1),(16,4,86,1),(16,4,87,1),(16,4,89,1),(16,4,90,1),(16,4,91,1),(16,4,152,1),(17,4,13,1),(17,4,14,1),(17,4,20,1),(17,4,153,1),(17,4,154,1),(17,4,155,1),(18,4,9,1),(18,4,10,1),(18,4,156,1),(19,4,176,1),(20,4,15,1),(20,4,31,1),(20,4,126,1),(21,4,17,1),(21,4,157,1),(21,4,158,1),(21,4,159,1),(21,4,160,1),(21,4,161,1),(21,4,162,1),(21,4,163,1),(21,4,164,1),(21,4,165,1),(21,4,166,1),(21,4,167,1),(21,4,168,1),(21,4,169,1),(21,4,170,1),(21,4,171,1),(22,4,172,1),(23,4,47,1),(27,4,44,1),(37,4,12,1),(37,4,16,1),(47,4,173,1),(50,4,60,1),(50,4,174,1),(50,4,175,1),(51,4,1,1),(51,4,25,1),(51,4,95,1),(51,4,178,1),(51,4,179,1),(51,4,180,1),(51,4,181,1),(51,4,182,1),(51,4,183,1),(51,4,184,1),(51,4,185,1),(51,4,186,1),(51,4,187,1),(51,4,188,1),(51,4,189,1),(51,4,190,1),(51,4,191,1),(51,4,192,1),(53,4,134,1),(54,4,177,1),(61,4,23,1),(62,4,100,1),(62,4,104,1),(62,4,105,1),(62,4,220,1),(62,4,221,1),(62,4,222,1),(62,4,223,1),(62,4,224,1),(62,4,225,1),(62,4,226,1),(62,4,227,1),(66,4,26,1),(66,4,28,1),(66,4,30,1),(66,4,35,1),(66,4,55,1),(66,4,57,1),(66,4,64,1),(66,4,67,1),(66,4,115,1),(66,4,239,1),(66,4,240,1),(66,4,241,1),(67,4,7,1),(67,4,43,1),(68,4,33,1),(68,4,40,1),(68,4,93,1),(68,4,242,1),(68,4,243,1),(69,4,244,1),(69,4,245,1),(69,4,246,1),(69,4,247,1),(69,4,248,1),(70,4,32,1),(70,4,249,1),(70,4,250,1),(70,4,251,1),(70,4,252,1),(70,4,258,1),(71,4,210,1),(71,4,253,1),(71,4,254,1),(71,4,255,1),(75,4,18,1),(75,4,19,1),(75,4,52,1),(75,4,97,1),(75,4,120,1),(75,4,121,1),(75,4,183,1),(75,4,210,1),(75,4,211,1),(75,4,212,1),(75,4,213,1),(75,4,214,1),(75,4,215,1),(75,4,216,1),(75,4,217,1),(75,4,218,1),(79,4,38,1),(79,4,228,1),(79,4,229,1),(79,4,230,1),(79,4,231,1),(79,4,232,1),(79,4,233,1),(79,4,234,1),(79,4,235,1),(79,4,236,1),(79,4,237,1),(82,4,6,1),(82,4,256,1),(83,4,257,1),(85,4,107,1),(89,4,46,1),(89,4,53,1),(89,4,54,1),(89,4,63,1),(89,4,102,1),(89,4,259,1),(89,4,260,1),(89,4,261,1),(90,4,72,1),(90,4,262,1),(90,4,263,1),(91,4,264,1),(92,4,265,1),(93,4,273,1),(93,4,274,1),(93,4,275,1),(93,4,276,1),(93,4,277,1),(93,4,278,1),(93,4,279,1),(93,4,280,1),(93,4,281,1),(93,4,282,1),(93,4,283,1),(97,4,11,1),(98,4,284,1),(98,4,285,1),(99,4,51,1),(1,4,134,2),(2,4,135,2),(2,4,141,2),(3,4,142,2),(4,4,136,2),(12,4,31,2),(13,4,176,2),(16,4,8,2),(17,4,9,2),(17,4,70,2),(20,4,151,2),(21,4,156,2),(22,4,10,2),(22,4,17,2),(25,4,146,2),(26,4,5,2),(26,4,145,2),(28,4,44,2),(37,4,36,2),(51,4,137,2),(51,4,139,2),(51,4,147,2),(51,4,162,2),(51,4,171,2),(52,4,149,2),(52,4,150,2),(54,4,126,2),(59,4,13,2),(59,4,14,2),(59,4,20,2),(59,4,58,2),(66,4,104,2),(67,4,25,2),(67,4,35,2),(68,4,26,2),(68,4,38,2),(69,4,144,2),(69,4,157,2),(69,4,158,2),(69,4,159,2),(69,4,169,2),(70,4,241,2),(71,4,1,2),(71,4,190,2),(73,4,244,2),(73,4,245,2),(73,4,246,2),(73,4,247,2),(73,4,248,2),(75,4,7,2),(75,4,23,2),(75,4,60,2),(75,4,149,2),(75,4,157,2),(76,4,210,2),(76,4,215,2),(77,4,18,2),(77,4,19,2),(77,4,52,2),(77,4,212,2),(79,4,16,2),(82,4,217,2),(89,4,6,2),(89,4,93,2),(89,4,257,2),(91,4,108,2),(91,4,260,2),(98,4,15,2),(99,4,11,2),(3,4,135,3),(3,4,141,3),(4,4,142,3),(7,4,9,3),(10,4,31,3),(11,4,176,3),(14,4,156,3),(21,4,70,3),(29,4,44,3),(51,4,60,3),(51,4,136,3),(60,4,8,3),(60,4,13,3),(60,4,14,3),(60,4,20,3),(67,4,36,3),(68,4,5,3),(68,4,25,3),(68,4,35,3),(68,4,58,3),(68,4,145,3),(69,4,171,3),(71,4,137,3),(73,4,144,3),(73,4,157,3),(73,4,158,3),(73,4,159,3),(73,4,169,3),(75,4,156,3),(75,4,169,3),(76,4,10,3),(77,4,7,3),(77,4,23,3),(77,4,215,3),(78,4,18,3),(78,4,19,3),(78,4,52,3),(78,4,212,3),(82,4,26,3),(82,4,104,3),(85,4,1,3),(89,4,38,3),(91,4,257,3),(97,4,16,3),(4,4,135,4),(5,4,141,4),(14,4,9,4),(17,4,52,4),(30,4,44,4),(61,4,13,4),(61,4,14,4),(61,4,20,4),(62,4,10,4),(71,4,25,4),(73,4,171,4),(76,4,60,4),(78,4,7,4),(78,4,23,4),(78,4,156,4),(78,4,215,4),(82,4,58,4),(85,4,35,4),(88,4,5,4),(88,4,145,4),(89,4,1,4),(91,4,36,4),(91,4,38,4),(92,4,26,4),(93,4,18,4),(95,4,176,4),(97,4,31,4),(98,4,16,4),(31,4,44,5),(52,4,60,5),(66,4,10,5),(68,4,141,5),(71,4,13,5),(71,4,14,5),(79,4,141,5),(86,4,35,5),(89,4,20,5),(97,4,1,5),(97,4,5,5),(97,4,36,5),(98,4,25,5),(99,4,9,5),(99,4,23,5),(99,4,26,5),(99,4,31,5),(32,4,44,6),(67,4,10,6),(75,4,141,6),(79,4,60,6),(90,4,35,6),(33,4,44,7),(66,4,60,7),(77,4,10,7),(91,4,141,7),(97,4,35,7),(34,4,44,8),(68,4,60,8),(78,4,10,8),(96,4,141,8),(98,4,35,8),(35,4,44,9),(68,4,10,9),(69,4,60,9),(97,4,141,9),(99,4,35,9),(36,4,44,10),(70,4,60,10),(79,4,10,10),(38,4,44,11),(71,4,10,11),(73,4,60,11),(39,4,44,12),(73,4,10,12),(82,4,60,12),(40,4,44,13),(89,4,10,13),(93,4,60,13),(41,4,44,14),(90,4,10,14),(98,4,60,14),(42,4,44,15),(75,4,10,15),(99,4,60,15),(43,4,44,16),(93,4,10,16),(44,4,44,17),(95,4,10,17),(45,4,44,18),(96,4,10,18),(46,4,44,19),(97,4,10,19),(47,4,44,20),(98,4,10,20),(48,4,44,21),(99,4,10,21),(49,4,44,22),(1,5,135,1),(1,5,136,1),(1,5,137,1),(1,5,138,1),(1,5,139,1),(1,5,140,1),(1,5,141,1),(2,5,58,1),(2,5,142,1),(4,5,143,1),(5,5,45,1),(6,5,49,1),(7,5,144,1),(9,5,5,1),(9,5,145,1),(10,5,147,1),(11,5,148,1),(12,5,149,1),(12,5,150,1),(15,5,36,1),(15,5,108,1),(16,5,8,1),(16,5,69,1),(16,5,70,1),(16,5,71,1),(16,5,76,1),(16,5,77,1),(16,5,79,1),(16,5,80,1),(16,5,81,1),(16,5,86,1),(16,5,87,1),(16,5,89,1),(16,5,90,1),(16,5,91,1),(16,5,152,1),(17,5,13,1),(17,5,14,1),(17,5,20,1),(17,5,153,1),(17,5,154,1),(17,5,155,1),(18,5,10,1),(18,5,156,1),(20,5,15,1),(20,5,126,1),(21,5,157,1),(21,5,158,1),(21,5,159,1),(21,5,160,1),(21,5,161,1),(21,5,162,1),(21,5,163,1),(21,5,164,1),(21,5,165,1),(21,5,166,1),(21,5,167,1),(21,5,168,1),(21,5,169,1),(21,5,170,1),(21,5,171,1),(22,5,172,1),(23,5,47,1),(27,5,44,1),(37,5,12,1),(37,5,16,1),(47,5,173,1),(50,5,60,1),(50,5,174,1),(50,5,175,1),(51,5,1,1),(51,5,25,1),(51,5,95,1),(51,5,178,1),(51,5,179,1),(51,5,180,1),(51,5,181,1),(51,5,182,1),(51,5,183,1),(51,5,184,1),(51,5,185,1),(51,5,186,1),(51,5,187,1),(51,5,188,1),(51,5,189,1),(51,5,190,1),(51,5,191,1),(51,5,192,1),(53,5,134,1),(54,5,177,1),(59,5,52,1),(61,5,23,1),(62,5,100,1),(62,5,104,1),(62,5,105,1),(62,5,220,1),(62,5,221,1),(62,5,222,1),(62,5,223,1),(62,5,224,1),(62,5,225,1),(62,5,226,1),(62,5,227,1),(66,5,26,1),(66,5,28,1),(66,5,30,1),(66,5,35,1),(66,5,55,1),(66,5,57,1),(66,5,64,1),(66,5,67,1),(66,5,115,1),(66,5,239,1),(66,5,240,1),(66,5,241,1),(67,5,7,1),(67,5,43,1),(68,5,33,1),(68,5,38,1),(68,5,40,1),(68,5,93,1),(68,5,242,1),(68,5,243,1),(69,5,244,1),(69,5,245,1),(69,5,246,1),(69,5,247,1),(69,5,248,1),(70,5,32,1),(70,5,249,1),(70,5,250,1),(70,5,251,1),(70,5,252,1),(70,5,258,1),(71,5,210,1),(71,5,253,1),(71,5,254,1),(71,5,255,1),(75,5,17,1),(75,5,18,1),(75,5,19,1),(75,5,31,1),(75,5,97,1),(75,5,120,1),(75,5,121,1),(75,5,146,1),(75,5,151,1),(75,5,176,1),(75,5,177,1),(75,5,183,1),(75,5,210,1),(75,5,211,1),(75,5,212,1),(75,5,213,1),(75,5,214,1),(75,5,215,1),(75,5,216,1),(75,5,217,1),(75,5,218,1),(76,5,9,1),(79,5,38,1),(79,5,228,1),(79,5,229,1),(79,5,230,1),(79,5,231,1),(79,5,232,1),(79,5,233,1),(79,5,234,1),(79,5,235,1),(79,5,236,1),(79,5,237,1),(82,5,6,1),(82,5,256,1),(83,5,257,1),(85,5,107,1),(89,5,46,1),(89,5,53,1),(89,5,54,1),(89,5,63,1),(89,5,102,1),(89,5,259,1),(89,5,260,1),(89,5,261,1),(90,5,72,1),(90,5,262,1),(90,5,263,1),(91,5,264,1),(92,5,265,1),(93,5,273,1),(93,5,274,1),(93,5,275,1),(93,5,276,1),(93,5,277,1),(93,5,278,1),(93,5,279,1),(93,5,280,1),(93,5,281,1),(93,5,282,1),(93,5,283,1),(97,5,11,1),(98,5,284,1),(98,5,285,1),(99,5,51,1),(1,5,134,2),(2,5,135,2),(2,5,141,2),(3,5,142,2),(4,5,136,2),(17,5,70,2),(21,5,156,2),(22,5,10,2),(26,5,5,2),(26,5,145,2),(28,5,44,2),(37,5,36,2),(51,5,137,2),(51,5,139,2),(51,5,147,2),(51,5,162,2),(51,5,171,2),(52,5,149,2),(52,5,150,2),(54,5,126,2),(59,5,8,2),(59,5,13,2),(59,5,14,2),(59,5,20,2),(59,5,58,2),(66,5,104,2),(67,5,25,2),(67,5,35,2),(68,5,26,2),(69,5,144,2),(69,5,157,2),(69,5,158,2),(69,5,159,2),(69,5,169,2),(70,5,241,2),(71,5,1,2),(71,5,190,2),(73,5,244,2),(73,5,245,2),(73,5,246,2),(73,5,247,2),(73,5,248,2),(75,5,7,2),(75,5,9,2),(75,5,23,2),(75,5,47,2),(75,5,52,2),(75,5,60,2),(75,5,149,2),(75,5,157,2),(76,5,210,2),(76,5,215,2),(77,5,17,2),(77,5,18,2),(77,5,19,2),(77,5,31,2),(77,5,146,2),(77,5,151,2),(77,5,176,2),(77,5,177,2),(77,5,212,2),(79,5,16,2),(82,5,217,2),(89,5,6,2),(89,5,38,2),(89,5,93,2),(89,5,257,2),(91,5,108,2),(91,5,260,2),(93,5,172,2),(98,5,15,2),(99,5,11,2),(3,5,135,3),(3,5,141,3),(4,5,142,3),(14,5,156,3),(21,5,70,3),(29,5,44,3),(51,5,60,3),(51,5,136,3),(60,5,13,3),(60,5,14,3),(60,5,20,3),(60,5,52,3),(67,5,36,3),(68,5,5,3),(68,5,25,3),(68,5,35,3),(68,5,58,3),(68,5,145,3),(69,5,171,3),(71,5,137,3),(73,5,144,3),(73,5,157,3),(73,5,158,3),(73,5,159,3),(73,5,169,3),(75,5,8,3),(75,5,156,3),(75,5,169,3),(76,5,10,3),(77,5,7,3),(77,5,9,3),(77,5,23,3),(77,5,47,3),(77,5,215,3),(78,5,17,3),(78,5,18,3),(78,5,19,3),(78,5,31,3),(78,5,146,3),(78,5,151,3),(78,5,176,3),(78,5,177,3),(78,5,212,3),(82,5,26,3),(82,5,104,3),(85,5,1,3),(91,5,38,3),(91,5,257,3),(97,5,16,3),(4,5,135,4),(5,5,141,4),(13,5,176,4),(20,5,151,4),(22,5,17,4),(30,5,44,4),(61,5,13,4),(61,5,14,4),(61,5,20,4),(62,5,10,4),(71,5,25,4),(73,5,171,4),(76,5,60,4),(77,5,8,4),(77,5,52,4),(78,5,7,4),(78,5,9,4),(78,5,23,4),(78,5,47,4),(78,5,156,4),(78,5,215,4),(82,5,58,4),(85,5,31,4),(85,5,35,4),(88,5,5,4),(88,5,145,4),(89,5,1,4),(91,5,36,4),(92,5,26,4),(93,5,18,4),(98,5,16,4),(31,5,44,5),(52,5,60,5),(66,5,10,5),(68,5,141,5),(71,5,13,5),(71,5,14,5),(78,5,8,5),(78,5,52,5),(79,5,141,5),(86,5,31,5),(86,5,35,5),(89,5,20,5),(89,5,47,5),(93,5,17,5),(97,5,1,5),(97,5,5,5),(97,5,36,5),(98,5,25,5),(99,5,9,5),(99,5,23,5),(99,5,26,5),(32,5,44,6),(67,5,10,6),(75,5,141,6),(76,5,8,6),(79,5,60,6),(90,5,35,6),(95,5,17,6),(97,5,31,6),(33,5,44,7),(66,5,60,7),(77,5,10,7),(91,5,141,7),(97,5,35,7),(99,5,31,7),(34,5,44,8),(68,5,60,8),(78,5,10,8),(96,5,141,8),(98,5,35,8),(35,5,44,9),(68,5,10,9),(69,5,60,9),(97,5,141,9),(99,5,35,9),(36,5,44,10),(70,5,60,10),(79,5,10,10),(38,5,44,11),(71,5,10,11),(73,5,60,11),(39,5,44,12),(73,5,10,12),(82,5,60,12),(40,5,44,13),(75,5,10,13),(93,5,60,13),(41,5,44,14),(89,5,10,14),(98,5,60,14),(42,5,44,15),(90,5,10,15),(99,5,60,15),(43,5,44,16),(93,5,10,16),(44,5,44,17),(95,5,10,17),(45,5,44,18),(96,5,10,18),(46,5,44,19),(97,5,10,19),(47,5,44,20),(98,5,10,20),(48,5,44,21),(99,5,10,21),(49,5,44,22);

--
-- Table structure for table `pre3303_hook_module_exceptions`
--

CREATE TABLE `pre3303_hook_module_exceptions` (
  `id_hook_module_exceptions` int(10) unsigned NOT NULL AUTO_INCREMENT,
  `id_shop` int(11) unsigned NOT NULL DEFAULT '1',
  `id_module` int(10) unsigned NOT NULL,
  `id_hook` int(10) unsigned NOT NULL,
  `file_name` varchar(255) DEFAULT NULL,
  PRIMARY KEY (`id_hook_module_exceptions`),
  KEY `id_module` (`id_module`),
  KEY `id_hook` (`id_hook`)
) ENGINE=InnoDB DEFAULT CHARSET=utf8;

--
-- Dumping data for table `pre3303_hook_module_exceptions`
--


--
-- Table structure for table `pre3303_image`
--

CREATE TABLE `pre3303_image` (
  `id_image` int(10) unsigned NOT NULL AUTO_INCREMENT,
  `id_product` int(10) unsigned NOT NULL,
  `position` smallint(2) unsigned NOT NULL DEFAULT '0',
  `cover` tinyint(1) unsigned DEFAULT NULL,
  PRIMARY KEY (`id_image`),
  UNIQUE KEY `id_product_cover` (`id_product`,`cover`),
  UNIQUE KEY `idx_product_image` (`id_image`,`id_product`,`cover`),
  KEY `image_product` (`id_product`)
) ENGINE=InnoDB AUTO_INCREMENT=1790 DEFAULT CHARSET=utf8;

--
-- Dumping data for table `pre3303_image`
--

INSERT INTO `pre3303_image` VALUES (3,2574,1,1),(4,2576,1,1),(5,2577,1,1),(6,2578,1,1),(7,2579,1,1),(8,2580,1,1),(9,2582,1,1),(10,2583,1,1),(12,2586,1,1),(13,2587,1,1),(14,2588,1,1),(15,2589,1,1),(16,2590,1,1),(17,2617,1,NULL),(18,2619,1,1),(19,2621,1,1),(20,2624,1,1),(21,2694,1,NULL),(22,2695,1,NULL),(23,2696,1,NULL),(24,2697,1,NULL),(25,2702,1,NULL),(27,2705,1,NULL),(28,2706,1,NULL),(30,2747,1,1),(31,2748,1,1),(32,2749,1,1),(33,2750,1,1),(34,2753,1,1),(35,2754,1,NULL),(36,2756,1,1),(37,2757,1,1),(38,2758,1,1),(39,2759,1,1),(40,2760,1,1),(41,2763,1,1),(43,2937,1,1),(44,2977,1,1),(45,3052,1,NULL),(47,3096,1,1),(48,3097,1,1),(49,3310,1,1),(50,3325,1,1),(51,3329,1,1),(52,3364,1,1),(53,3535,1,1),(54,3556,1,1),(55,3650,1,1),(56,3661,1,1),(57,3662,1,1),(58,3818,1,NULL),(59,3820,1,1),(60,3836,1,1),(61,3846,1,1),(62,3955,1,NULL),(63,3957,1,NULL),(64,3966,1,1),(65,3974,1,1),(66,3980,1,1),(67,3982,1,1),(68,3996,1,1),(69,4000,1,1),(70,4008,1,1),(71,4010,1,1),(72,4016,1,1),(73,4026,1,1),(74,4028,1,NULL),(75,4030,1,NULL),(76,4034,1,NULL),(77,4039,1,NULL),(78,4059,1,1),(79,4070,1,1),(80,4072,1,1),(81,4074,1,1),(82,4081,1,1),(83,4082,1,1),(84,4118,1,1),(85,4214,1,1),(86,4216,1,1),(87,4220,1,1),(88,4287,1,1),(89,4298,1,1),(92,4462,1,1),(93,4475,1,1),(94,4474,1,1),(95,4482,1,1),(96,4487,1,NULL),(97,4547,1,1),(98,4588,1,NULL),(99,4737,1,1),(100,4739,1,1),(101,4742,1,1),(102,4744,1,1),(103,4746,1,1),(104,4748,1,1),(105,4793,1,1),(106,4795,1,1),(107,4830,1,NULL),(108,4832,1,NULL),(111,4839,1,1),(112,4841,1,1),(113,4843,1,NULL),(114,4847,1,1),(115,4851,1,1),(116,4853,1,1),(117,4858,1,1),(118,4860,1,1),(119,4872,1,1),(120,4874,1,1),(121,4878,1,1),(122,4883,1,1),(123,4885,1,1),(124,4890,1,NULL),(125,4892,1,NULL),(126,4896,1,1),(127,4898,1,1),(128,4910,1,1),(129,4917,1,1),(130,4919,1,1),(131,4921,1,1),(132,4923,1,1),(133,4925,1,1),(134,4927,1,1),(135,4929,1,NULL),(136,4931,1,1),(137,4933,1,1),(138,4944,1,1),(139,4947,1,1),(140,4950,1,1),(141,4953,1,1),(142,4959,1,NULL),(143,4963,1,NULL),(144,4965,1,1),(146,4983,1,1),(147,4987,1,1),(148,5031,1,1),(149,5049,1,1),(150,5057,1,1),(151,5058,1,1),(154,5140,1,1),(155,5141,1,1),(156,5142,1,1),(157,5144,1,1),(158,5145,1,1),(159,5146,1,1),(160,5149,1,1),(161,5151,1,1),(162,5154,1,1),(163,5155,1,1),(165,5162,1,1),(166,5163,1,1),(167,5164,1,1),(168,5165,1,1),(169,5166,1,1),(171,5169,1,1),(172,5170,1,1),(173,5286,1,1),(174,5299,1,1),(175,5301,1,1),(176,5302,1,1),(177,5303,1,1),(178,5338,1,1),(179,5432,1,1),(180,5436,1,NULL),(181,5440,1,NULL),(183,5445,1,1),(184,5453,1,1),(185,5455,1,1),(186,5459,1,1),(187,5462,1,1),(188,5464,1,1),(189,5487,1,1),(190,5497,1,1),(191,5498,1,1),(192,5499,1,1),(193,5500,1,1),(194,5501,1,1),(195,5502,1,1),(196,5503,1,1),(198,5530,1,1),(201,5560,1,1),(202,5566,1,1),(203,5568,1,1),(204,5564,1,1),(205,5562,1,1),(206,5578,1,1),(207,5580,1,1),(208,5582,1,1),(211,5589,1,1),(212,5595,1,1),(213,5683,1,1),(214,5703,1,1),(216,5740,1,1),(217,5744,1,1),(218,5756,1,1),(219,5759,1,1),(220,5758,1,1),(221,5757,1,1),(222,5763,1,1),(223,5776,1,1),(224,5777,1,1),(225,5778,1,1),(226,5779,1,1),(227,5824,1,1),(228,5864,1,1),(229,5865,1,1),(230,5867,1,1),(231,5875,1,1),(232,5876,1,1),(233,5877,1,1),(234,5878,1,1),(235,5879,1,1),(236,5881,1,1),(237,5884,1,1),(238,5885,1,1),(239,5899,1,1),(240,5902,1,NULL),(242,5905,1,1),(243,5909,1,NULL),(244,5911,1,1),(245,5935,1,1),(246,5943,1,1),(247,5944,1,NULL),(248,5945,1,1),(249,5956,1,1),(250,5960,1,1),(251,5975,1,NULL),(252,5977,1,1),(253,5980,1,1),(254,5982,1,1),(255,5983,1,1),(256,5988,1,1),(257,5993,1,1),(258,5994,1,1),(259,5995,1,NULL),(260,6012,1,1),(261,6017,1,1),(262,6019,1,1),(266,5722,1,1),(267,6028,1,1),(270,6031,1,1),(271,6030,1,1),(272,2546,1,1),(273,2547,1,1),(274,6032,1,1),(278,2705,2,1),(280,2703,2,1),(281,2844,2,1),(282,5524,1,1),(283,5524,2,NULL),(284,5524,3,NULL),(286,5522,1,1),(287,5522,2,NULL),(288,5113,2,1),(289,5523,1,1),(291,6033,1,1),(292,4320,1,1),(293,6034,1,1),(294,6034,2,NULL),(297,6035,1,1),(298,6035,2,NULL),(300,5028,1,1),(301,5020,1,1),(302,5018,1,1),(303,5016,1,1),(306,6045,1,1),(308,6046,1,1),(312,6042,1,1),(313,6043,1,1),(317,6054,1,1),(318,6053,1,1),(319,6047,1,1),(320,6044,1,1),(321,6061,1,1),(322,6061,2,NULL),(324,6051,1,1),(325,6052,1,1),(326,6051,2,NULL),(327,6036,1,1),(328,6050,1,1),(329,6048,1,1),(330,6048,2,NULL),(331,6057,1,1),(332,6057,2,NULL),(333,6057,3,NULL),(334,6057,4,NULL),(335,6058,1,1),(336,6058,2,NULL),(337,6056,1,1),(338,6038,1,1),(339,6040,1,1),(340,6040,2,NULL),(341,6040,3,NULL),(342,6040,4,NULL),(343,6040,5,NULL),(344,6040,6,NULL),(345,6040,7,NULL),(346,6040,8,NULL),(347,6040,9,NULL),(348,6064,1,1),(349,6065,1,1),(351,6066,1,1),(352,6067,1,1),(353,6068,1,1),(354,6063,1,1),(355,6069,1,1),(356,6070,1,1),(357,6071,1,1),(358,6072,1,1),(360,6074,1,1),(367,5527,1,1),(368,6084,1,1),(370,6092,1,1),(372,6093,1,1),(373,6093,2,NULL),(375,6083,1,1),(376,6082,1,1),(377,6081,1,1),(378,6080,1,1),(379,6079,1,1),(380,6090,1,1),(381,6089,1,1),(382,6094,1,1),(384,6095,1,1),(386,6096,1,1),(388,6097,1,1),(390,6098,1,1),(392,6099,1,1),(394,6100,1,1),(396,6101,1,1),(398,6102,1,1),(400,6103,1,1),(402,6104,1,1),(405,6106,1,1),(407,6107,1,1),(410,6109,1,1),(412,6110,1,1),(413,6103,2,NULL),(414,6110,2,NULL),(415,6109,2,NULL),(416,6104,2,NULL),(417,6102,2,NULL),(418,6101,2,NULL),(419,6100,2,NULL),(420,6099,2,NULL),(421,6098,2,NULL),(422,6097,2,NULL),(423,6096,2,NULL),(424,6095,2,NULL),(425,6094,2,NULL),(426,6090,2,NULL),(427,6089,2,NULL),(429,6111,1,1),(430,6077,1,1),(431,6112,1,1),(433,6113,1,1),(435,6114,1,1),(437,6115,1,1),(439,6116,1,1),(441,6117,1,1),(443,6118,1,1),(445,6119,1,NULL),(447,6119,2,1),(448,6120,1,NULL),(450,6120,2,1),(451,6121,1,NULL),(453,6121,2,1),(456,6123,1,NULL),(457,6123,2,1),(459,6124,1,NULL),(460,6124,2,1),(461,6125,1,NULL),(463,6125,2,1),(464,6126,1,NULL),(466,6126,2,1),(467,6127,1,NULL),(470,6127,2,1),(471,5530,2,NULL),(472,5530,3,NULL),(473,5530,4,NULL),(474,5530,5,NULL),(475,5530,6,NULL),(476,5530,7,NULL),(477,5530,8,NULL),(478,5530,9,NULL),(479,5530,10,NULL),(480,5530,11,NULL),(481,5530,12,NULL),(482,5530,13,NULL),(483,4034,2,1),(485,4030,2,1),(486,3071,1,1),(487,4028,2,1),(488,4039,2,1),(489,4843,2,1),(490,4832,2,1),(491,3955,2,1),(492,3957,2,1),(493,4830,2,1),(494,5902,2,1),(495,5903,1,1),(496,4588,2,1),(499,6128,1,1),(501,6129,1,1),(503,6130,1,1),(505,6131,1,1),(507,6132,1,1),(508,4979,1,1),(509,4963,2,1),(510,4959,2,1),(511,4487,2,1),(512,3818,2,1),(514,6133,1,1),(516,6134,1,1),(518,6135,1,1),(520,6136,1,1),(522,6137,1,1),(524,6138,1,1),(526,6139,1,1),(528,6140,1,1),(530,5995,2,1),(531,5944,2,1),(532,2702,2,1),(533,2754,2,1),(534,2694,2,NULL),(535,2694,3,1),(536,2696,2,1),(537,2696,3,NULL),(538,2697,2,1),(539,2695,2,1),(540,2706,2,1),(541,2706,3,NULL),(542,2706,4,NULL),(543,5442,1,1),(544,5440,2,1),(545,5436,2,1),(546,5975,2,1),(547,5909,2,NULL),(548,4837,1,1),(549,3052,2,1),(550,4890,2,1),(551,4892,2,1),(554,6141,1,1),(556,6142,1,1),(558,6143,1,1),(560,6144,1,1),(562,6145,1,1),(564,6146,1,1),(566,6147,1,1),(569,6148,1,1),(572,6149,1,1),(574,6150,1,1),(576,6151,1,1),(578,6152,1,1),(580,6153,1,1),(582,6154,1,1),(584,6155,1,1),(586,6156,1,1),(587,2617,2,1),(588,2746,1,1),(589,6157,1,1),(590,4929,2,1),(592,6158,1,1),(593,6158,2,NULL),(595,6162,1,1),(597,6163,1,1),(599,6164,1,1),(601,6165,1,1),(602,6165,2,NULL),(605,6166,1,1),(610,6168,1,NULL),(612,6169,1,1),(614,6170,1,1),(616,6171,1,NULL),(618,6172,1,NULL),(620,6173,1,1),(622,6174,1,1),(624,6175,1,1),(626,6176,1,1),(628,6177,1,1),(630,6178,1,1),(632,6179,1,1),(634,6180,1,1),(635,6181,1,1),(637,6182,1,1),(639,6183,1,1),(641,6184,1,1),(645,6187,1,1),(646,6167,1,1),(648,6189,1,1),(651,6190,1,1),(653,6191,1,1),(655,6192,1,1),(659,6194,1,1),(660,6195,1,1),(661,6196,1,1),(663,6197,1,1),(664,6196,2,NULL),(666,6198,1,1),(669,6199,1,1),(670,6202,1,1),(671,6203,1,NULL),(672,6204,1,NULL),(673,6205,1,NULL),(674,6206,1,NULL),(675,6207,1,NULL),(677,6209,1,NULL),(678,6210,1,NULL),(680,6210,2,1),(681,6213,1,1),(682,6214,1,1),(684,6215,1,1),(685,6216,1,1),(686,6218,1,1),(688,6219,1,1),(690,6220,1,1),(692,6221,1,1),(694,6222,1,1),(696,6223,1,1),(698,6224,1,1),(700,6225,1,1),(702,6226,1,1),(704,6227,1,1),(706,6228,1,1),(708,6229,1,1),(710,6230,1,1),(712,6231,1,1),(713,6232,1,1),(714,6233,1,1),(715,6234,1,1),(716,6235,1,1),(717,6236,1,1),(718,6237,1,1),(719,6238,1,1),(720,6239,1,1),(722,6241,1,1),(724,6242,1,1),(726,6243,1,1),(728,6244,1,1),(730,6245,1,1),(731,6246,1,1),(737,6249,1,1),(738,6248,1,1),(740,6250,1,1),(741,6251,1,1),(742,6252,1,1),(744,6253,1,1),(746,6254,1,1),(748,6255,1,1),(749,6206,2,1),(750,6209,2,1),(751,6204,2,1),(752,6205,2,1),(753,6203,2,1),(754,6207,2,1),(756,6256,1,1),(758,6257,1,1),(761,6258,1,1),(763,6259,1,1),(765,6260,1,1),(766,6261,1,1),(768,6262,1,1),(770,6263,1,1),(772,6264,1,1),(774,6265,1,1),(776,6266,1,1),(778,6267,1,1),(780,6268,1,1),(782,6269,1,1),(784,6270,1,1),(786,6271,1,1),(788,6272,1,1),(790,6273,1,1),(792,6274,1,1),(794,6275,1,1),(796,6276,1,1),(798,6277,1,1),(800,6278,1,1),(802,6279,1,1),(804,6280,1,1),(806,6281,1,1),(808,6282,1,1),(810,6283,1,1),(812,6284,1,1),(814,6288,1,1),(816,6289,1,1),(818,6290,1,1),(820,6291,1,1),(822,6292,1,1),(824,6293,1,1),(826,6294,1,1),(828,6295,1,1),(829,6296,1,1),(831,6297,1,1),(833,6298,1,1),(834,6299,1,1),(836,6300,1,1),(837,6301,1,1),(839,6302,1,1),(841,6303,1,1),(843,6304,1,1),(845,6305,1,1),(846,6306,1,1),(848,6308,1,1),(849,6307,1,1),(851,6309,1,1),(852,6310,1,1),(853,6311,1,1),(854,6312,1,1),(857,6315,1,1),(858,6317,1,1),(860,6318,1,1),(862,6319,1,1),(866,6321,1,1),(868,6322,1,1),(870,6323,1,1),(872,6324,1,1),(874,6325,1,1),(876,6326,1,1),(878,6327,1,NULL),(880,6328,1,1),(881,6327,2,1),(882,6329,1,NULL),(884,6329,2,1),(885,6330,1,NULL),(887,6330,2,1),(888,6331,1,NULL),(890,6331,2,1),(891,6332,1,NULL),(893,6332,2,1),(894,6334,1,1),(896,6335,1,1),(897,6172,2,1),(898,6171,2,1),(899,6168,2,1),(901,6336,1,1),(903,6337,1,1),(905,6338,1,1),(907,6339,1,1),(908,6320,1,1),(910,6340,1,1),(912,6341,1,1),(914,6342,1,1),(916,5909,3,1),(918,6344,1,1),(922,6350,1,1),(923,6353,1,1),(924,6354,1,1),(926,6357,1,1),(928,6358,1,1),(930,6359,1,1),(932,6360,1,1),(934,6361,1,1),(936,6362,1,1),(937,6363,1,1),(939,6364,1,1),(941,6365,1,1),(943,6366,1,1),(945,6367,1,1),(947,6368,1,1),(949,6369,1,1),(951,6370,1,1),(953,6371,1,1),(955,6372,1,1),(957,6373,1,1),(959,6374,1,1),(961,6375,1,1),(964,6377,1,1),(966,6378,1,1),(968,6379,1,1),(970,6380,1,1),(972,6381,1,1),(974,6382,1,1),(976,6383,1,1),(977,6385,1,1),(979,6386,1,1),(981,6387,1,1),(983,6388,1,1),(985,6389,1,1),(987,6390,1,1),(989,6391,1,1),(991,6393,1,1),(994,6394,1,1),(995,6398,1,1),(997,6399,1,1),(999,6400,1,1),(1000,6405,1,1),(1001,6405,2,NULL),(1002,6405,3,NULL),(1003,6405,4,NULL),(1004,6405,5,NULL),(1006,6407,1,1),(1007,6409,1,1),(1008,6410,1,1),(1009,6411,1,1),(1010,6412,1,1),(1012,6413,1,1),(1013,6414,1,NULL),(1015,6414,2,NULL),(1016,6414,3,1),(1017,6415,1,1),(1020,6193,1,1),(1026,4965,2,NULL),(1027,6416,1,1),(1028,6416,2,NULL),(1029,6417,1,1),(1030,6417,2,NULL),(1033,6419,1,1),(1034,6419,2,NULL),(1037,6420,1,1),(1039,6421,1,1),(1043,6423,1,1),(1045,6424,1,1),(1048,6425,1,1),(1049,6422,1,1),(1052,6430,1,1),(1054,6431,1,1),(1056,6432,1,1),(1058,6433,1,1),(1060,6434,1,1),(1062,6435,1,1),(1064,6436,1,1),(1066,6437,1,1),(1068,6438,1,1),(1070,6439,1,1),(1072,6440,1,1),(1074,6441,1,1),(1076,6442,1,1),(1078,6443,1,1),(1080,6444,1,1),(1082,6445,1,1),(1084,6446,1,1),(1086,6447,1,1),(1087,2585,1,1),(1089,6451,1,1),(1091,6452,1,1),(1093,6453,1,1),(1095,6454,1,1),(1097,6455,1,1),(1099,6456,1,1),(1101,6457,1,1),(1103,6458,1,1),(1105,6459,1,1),(1107,6460,1,1),(1109,6461,1,1),(1111,6462,1,1),(1113,6466,1,1),(1115,6467,1,1),(1116,6467,2,NULL),(1117,6467,3,NULL),(1121,6468,1,1),(1122,6468,2,NULL),(1125,6469,1,1),(1126,6469,2,NULL),(1128,6470,1,1),(1130,6471,1,1),(1131,6466,2,NULL),(1134,6472,1,1),(1148,6475,1,1),(1149,6474,1,1),(1150,6474,2,NULL),(1151,6474,3,NULL),(1152,6474,4,NULL),(1153,6474,5,NULL),(1154,6474,6,NULL),(1155,6474,7,NULL),(1156,6474,8,NULL),(1157,6474,9,NULL),(1160,6476,1,1),(1161,6476,2,NULL),(1162,6476,3,NULL),(1164,6477,1,1),(1165,6477,2,NULL),(1168,6478,1,1),(1169,6478,2,NULL),(1170,6478,3,NULL),(1174,6479,1,1),(1175,6479,2,NULL),(1176,6479,3,NULL),(1180,6480,1,1),(1181,6480,2,NULL),(1182,6480,3,NULL),(1184,6481,1,1),(1185,6481,2,NULL),(1186,6481,3,NULL),(1187,6481,4,NULL),(1203,6487,1,NULL),(1209,6487,2,1),(1226,6495,1,1),(1227,6495,2,NULL),(1228,6495,3,NULL),(1233,6497,1,1),(1235,6498,1,1),(1237,6499,1,1),(1238,6500,1,1),(1250,6507,1,1),(1255,6509,1,1),(1260,6511,1,1),(1262,6512,1,1),(1263,6501,1,1),(1264,6502,1,1),(1266,6513,1,1),(1268,6514,1,1),(1270,6515,1,1),(1272,6516,1,1),(1274,6517,1,1),(1276,6518,1,1),(1278,6519,1,1),(1280,6520,1,1),(1284,6522,1,1),(1285,6525,1,1),(1287,6526,1,1),(1289,6527,1,1),(1291,6528,1,1),(1293,6529,1,1),(1295,6530,1,1),(1297,6531,1,1),(1299,6532,1,1),(1300,6517,2,NULL),(1301,6517,3,NULL),(1303,6533,1,1),(1304,6533,2,NULL),(1307,6534,1,1),(1308,6534,2,NULL),(1311,6535,1,1),(1313,6536,1,1),(1315,6537,1,1),(1317,6538,1,1),(1319,6539,1,1),(1321,6540,1,1),(1323,6541,1,1),(1325,6542,1,1),(1327,6543,1,1),(1331,6545,1,1),(1333,6546,1,1),(1345,6550,1,1),(1347,6551,1,1),(1349,6552,1,1),(1351,6553,1,1),(1353,6554,1,1),(1355,6555,1,1),(1358,6556,1,1),(1359,6482,1,1),(1360,6483,1,1),(1361,6486,1,1),(1362,6490,1,1),(1363,6491,1,1),(1364,6485,1,1),(1365,6484,1,1),(1366,6488,1,1),(1367,6504,1,1),(1368,6549,1,1),(1369,6547,1,1),(1370,6505,1,1),(1371,6506,1,1),(1372,6508,1,1),(1373,6510,1,1),(1374,6489,1,1),(1376,6557,1,1),(1378,6558,1,1),(1380,6559,1,1),(1382,6560,1,1),(1384,6561,1,1),(1387,6562,1,1),(1389,6563,1,1),(1391,6564,1,1),(1393,6565,1,1),(1395,6566,1,1),(1397,6567,1,1),(1399,6568,1,1),(1401,6569,1,1),(1403,6570,1,1),(1406,6571,1,1),(1408,6572,1,1),(1410,6573,1,1),(1412,6574,1,1),(1414,6575,1,1),(1415,6575,2,NULL),(1418,6576,1,1),(1419,6576,2,NULL),(1422,6577,1,1),(1423,6577,2,NULL),(1426,6578,1,1),(1428,6579,1,1),(1429,6579,2,NULL),(1432,6580,1,1),(1433,6580,2,NULL),(1436,6581,1,1),(1437,6581,2,NULL),(1439,6583,1,1),(1441,6584,1,1),(1443,6585,1,1),(1445,6586,1,1),(1447,6587,1,1),(1449,6588,1,1),(1451,6589,1,1),(1453,6590,1,1),(1455,6591,1,1),(1457,6592,1,1),(1459,6593,1,1),(1462,6594,1,1),(1463,6594,2,NULL),(1465,6595,1,1),(1466,6596,1,1),(1468,6597,1,1),(1470,6598,1,1),(1472,6599,1,1),(1474,6600,1,1),(1476,6601,1,1),(1478,6602,1,1),(1480,6603,1,1),(1482,6604,1,1),(1485,6606,1,1),(1486,6606,2,NULL),(1488,6607,1,1),(1490,6608,1,1),(1492,6609,1,1),(1494,6610,1,1),(1496,6611,1,1),(1498,6612,1,1),(1500,6613,1,1),(1502,6614,1,1),(1505,6615,1,1),(1507,6616,1,1),(1509,6617,1,1),(1510,6493,1,1),(1512,6618,1,1),(1514,6619,1,1),(1516,6620,1,1),(1518,6621,1,1),(1519,6605,1,1),(1521,6622,1,1),(1523,6623,1,1),(1525,6624,1,1),(1527,6626,1,1),(1530,6629,1,1),(1532,6630,1,1),(1534,6631,1,1),(1536,6632,1,1),(1545,6635,1,1),(1547,6636,1,1),(1551,6638,1,1),(1552,6640,1,1),(1553,6640,2,NULL),(1554,6640,3,NULL),(1556,6641,2,NULL),(1557,6641,3,NULL),(1558,6641,1,1),(1560,6642,1,1),(1561,6642,2,NULL),(1562,6634,1,1),(1563,6633,1,1),(1565,6643,1,1),(1567,6644,1,1),(1569,6645,1,1),(1571,6646,1,1),(1573,6647,1,1),(1575,6648,1,1),(1577,6649,1,1),(1579,6650,1,1),(1581,6651,1,1),(1583,6652,1,1),(1585,6653,1,1),(1587,6654,1,1),(1591,6656,1,1),(1592,6655,1,1),(1593,6657,1,1),(1595,6658,1,1),(1597,6659,1,1),(1599,6660,1,1),(1600,6660,2,NULL),(1601,6660,3,NULL),(1602,6660,4,NULL),(1603,6660,5,NULL),(1604,6660,6,NULL),(1605,6660,7,NULL),(1606,6660,8,NULL),(1607,6660,9,NULL),(1609,6661,1,1),(1610,6662,1,1),(1611,6663,1,1),(1613,6664,1,1),(1615,6665,1,1),(1617,6666,1,1),(1619,6667,1,1),(1621,6668,1,1),(1623,6669,1,1),(1624,6669,2,NULL),(1626,6670,1,1),(1627,6670,2,NULL),(1630,6671,1,1),(1631,6671,2,NULL),(1634,6676,1,1),(1636,6677,1,1),(1638,6678,1,1),(1643,6681,1,1),(1645,6682,1,1),(1647,6683,1,1),(1649,6684,1,1),(1651,6685,1,1),(1653,6686,1,1),(1655,6687,1,1),(1657,6688,1,1),(1659,6689,1,1),(1661,6690,1,1),(1663,6691,1,1),(1665,6692,1,1),(1667,6693,1,1),(1669,6694,1,1),(1671,6695,1,1),(1673,6696,1,1),(1676,6697,1,1),(1678,6698,1,1),(1680,6699,1,1),(1682,6700,1,1),(1684,6701,1,1),(1686,6702,1,1),(1688,6703,1,1),(1691,6704,1,1),(1693,6705,1,1),(1695,6706,1,1),(1697,6707,1,1),(1699,6708,1,1),(1701,6709,1,1),(1703,6711,1,1),(1704,6712,1,1),(1706,6714,1,1),(1707,6715,1,1),(1708,6715,2,NULL),(1710,6717,1,1),(1712,6718,1,1),(1714,6719,1,1),(1716,6720,1,1),(1718,6721,1,1),(1720,6722,1,1),(1722,6723,1,1),(1724,6724,1,1),(1727,6725,1,1),(1729,6726,1,1),(1731,6727,1,1),(1732,6728,1,1),(1734,6729,1,1),(1736,6730,1,1),(1737,6731,1,1),(1739,6732,1,1),(1741,6733,1,1),(1743,6734,1,1),(1745,6735,1,1),(1747,6471,2,NULL),(1748,6736,1,1),(1750,6737,1,1),(1752,6739,1,1),(1753,6740,1,1),(1754,6741,1,1),(1755,6742,1,1),(1756,6743,1,1),(1757,6744,1,1),(1758,6745,1,1),(1759,6746,1,1),(1760,6747,1,1),(1761,6748,1,1),(1762,6749,1,1),(1763,6750,1,1),(1766,6751,1,1),(1768,6752,1,1),(1769,6753,1,1),(1770,6753,2,NULL),(1771,6753,3,NULL),(1772,6754,1,1),(1773,6755,1,1),(1774,6755,2,NULL),(1775,6756,1,1),(1776,6756,2,NULL),(1777,6757,1,1),(1778,6757,2,NULL),(1780,6758,1,1),(1782,6759,1,1),(1784,6760,1,1),(1785,6760,2,NULL),(1788,6761,1,1),(1789,6761,2,NULL);

--
-- Table structure for table `pre3303_image_lang`
--

CREATE TABLE `pre3303_image_lang` (
  `id_image` int(10) unsigned NOT NULL,
  `id_lang` int(10) unsigned NOT NULL,
  `legend` varchar(128) DEFAULT NULL,
  PRIMARY KEY (`id_image`,`id_lang`),
  KEY `id_image` (`id_image`)
) ENGINE=InnoDB DEFAULT CHARSET=utf8;

--
-- Dumping data for table `pre3303_image_lang`
--

INSERT INTO `pre3303_image_lang` VALUES (3,1,'Litho.Online René Botti - Série Figure'),(3,2,'René Botti - Série Figure -Lithgraphie signée et numérotée- 51x37'),(4,1,'Litho.Online Hervé Di Rosa - Figure Bleue'),(4,2,'Hervé Di Rosa - Figure Bleue -Lithgraphie signée et numérotée- 51x37'),(5,1,'Litho.Online FKDL - Série Figure'),(5,2,'FKDL - Série Figure -Lithgraphie signée et numérotée- 51x37'),(6,1,'Litho.Online Gregos - Série Figure'),(6,2,'Gregos - Série Figure -Lithgraphie signée et numérotée- 51x37'),(7,1,'Litho.Online Gottfried Salzmann - Série Figure'),(7,2,'Gottfried Salzmann - Série Figure - Litho signée et numérotée - 51x37'),(8,1,'Litho.Online Stoul - Série Figure'),(8,2,'Stoul - Série Figure -Lithgraphie signée et numérotée- 51x37'),(9,1,'Litho.Online Guy Denning - Série FigureID'),(9,2,'Guy Denning - Série Figure -Lithgraphie signée et numérotée-  32'),(10,1,'Litho.Online Jacques Villeglé - Etre étonné c\'est un bonheur'),(10,2,'Jacques Villeglé - Etre étonné c\'est un bonheur - Litho 32'),(12,1,'Litho.Online Jérôme Mesnager - Quel Cirque !'),(12,2,'Jérôme Mesnager - Quel Cirque ! - Lithographie 92x65cm - 2015'),(13,1,'Litho.Online Galerie Joel Knafo Art - Le noir est une couleur Urbaine'),(13,2,'Coffret le noir est une couleur Urbaine - 5 Lithographies - 2015'),(14,1,'Litho.Online Miss Tic - Dans nos jardins secrets le désir se crée'),(14,2,'Miss Tic. - Dans nos jardins secrets le désir se crée - Litho 65x92cm - 2015'),(15,1,'Litho.Online Artiste Ouvrier - Judith'),(15,2,'Artiste Ouvrier - Judith - Lithographie 92x65cm - Rives BFK 270g - 2015'),(16,1,'Litho.Online Jacques Villeglé - Coffret FIGURE'),(16,2,'Coffret FIGURE - Suite 10 lithographies + uneTechnique mixte de J. Villeglé - 2014'),(17,1,'Annabelle Tattu - La mariée - Acrylique sur Toile - Oeuvre unique - 2013'),(17,2,'Annabelle Tattu - La mariée - Acrylique sur Toile - Oeuvre unique - 2013'),(18,1,'Annabelle Tattu - Pussy Riot - Acrylique sur Toile - Oeuvre unique - 2013'),(18,2,'Annabelle Tattu - Pussy Riot - Acrylique sur Toile - Oeuvre unique - 2013'),(19,1,'Annabelle Tattu - bain - Acrylique sur Toile - Oeuvre unique - 2013'),(19,2,'Annabelle Tattu - bain - Acrylique sur Toile - Oeuvre unique - 2013'),(20,1,'Annabelle Tattu - Gitane - Acrylique sur Toile - Oeuvre unique - 2013'),(20,2,'Annabelle Tattu - Gitane - Acrylique sur Toile - Oeuvre unique - 2013'),(21,1,'Gregos - Commedia 5 -Technique mixte - Format 35x35cm - 2014'),(21,2,'Gregos - Commedia 5 -Technique mixte - Format 35x35cm - 2014'),(22,1,'Gregos - Sans titre -Technique mixte - Format 35x35cm - 2014'),(22,2,'Gregos - Sans titre -Technique mixte - Format 35x35cm - 2014'),(23,1,'Gregos - Good News -Technique mixte - Format 51x41x6cm - 2013'),(23,2,'Gregos - Good News -Technique mixte - Format 51x41x6cm - 2013'),(24,1,'Gregos - Sans Titre -Technique mixte - Format 51x41x6cm - 2014'),(24,2,'Gregos - Sans Titre -Technique mixte - Format 51x41x6cm - 2014'),(25,1,'Gregos - Athènes -Technique mixte sur toile - Format 50x25x10cm - 2014'),(25,2,'Gregos - Athènes -Technique mixte sur toile - Format 50x25x10cm - 2014'),(27,1,'Litho.Online Gregos - Espiègle'),(27,2,'Gregos - Espiègle - Bronze N°2/8 - Format 22x16cm - 2014'),(28,1,'Gregos - Commedia del Street Art - Tech. mixte sur bois - 129'),(28,2,'Gregos - Commedia del Street Art - Tech. mixte sur bois - 129'),(29,1,'Gregos - Commedia 6 -Technique mixte - Format 35x35cm - 2014'),(29,2,'Gregos - Commedia 6 -Technique mixte - Format 35x35cm - 2014'),(30,1,'Gregos - Commedia 7 -Technique mixte - Format 35x35cm - 2014'),(30,2,'Gregos - Commedia 7 -Technique mixte - Format 35x35cm - 2014'),(31,1,'Gregos - Commedia 8 -Technique mixte - Format 35x35cm - 2014'),(31,2,'Gregos - Commedia 8 -Technique mixte - Format 35x35cm - 2014'),(32,1,'Gregos - Commedia 9 -Technique mixte - Format 35x35cm - 2014'),(32,2,'Gregos - Commedia 9 -Technique mixte - Format 35x35cm - 2014'),(33,1,'Gregos - Commedia 10 -Technique mixte - Format 35x35cm - 2014'),(33,2,'Gregos - Commedia 10 -Technique mixte - Format 35x35cm - 2014'),(34,1,'Annabelle Tattu - Owls -Technique mixte sur papier - Oeuvre unique - 2014'),(34,2,'Annabelle Tattu - Owls -Technique mixte sur papier - Oeuvre unique - 2014'),(35,1,'Annabelle Tattu - Dénervé -Technique mixte sur papier - Oeuvre unique - 2014'),(35,2,'Annabelle Tattu - Dénervé -Technique mixte sur papier - Oeuvre unique - 2014'),(36,1,'Annabelle Tattu - Transition 1 - Tech. mixte sur papier - Oeuvre unique - 2015'),(36,2,'Annabelle Tattu - Transition 1 - Tech. mixte sur papier - Oeuvre unique - 2015'),(37,1,'Annabelle Tattu - Transition 2 - Tech. mixte sur papier - Oeuvre unique - 2015'),(37,2,'Annabelle Tattu - Transition 2 - Tech. mixte sur papier - Oeuvre unique - 2015'),(38,1,'Annabelle Tattu - Transition 4 - Tech. mixte sur papier - Oeuvre unique - 2015'),(38,2,'Annabelle Tattu - Transition 4 - Tech. mixte sur papier - Oeuvre unique - 2015'),(39,1,'Annabelle Tattu A tear in the Heart Tech. mixte sur papier Oeuvre unique 2014'),(39,2,'Annabelle Tattu A tear in the Heart Tech. mixte sur papier Oeuvre unique 2014'),(40,1,'Annabelle Tattu - Roots - Tech. mixte sur papier - Oeuvre unique - 2014'),(40,2,'Annabelle Tattu - Roots - Tech. mixte sur papier - Oeuvre unique - 2014'),(41,1,'Litho.Online Gottfried Salzmann - NY by Night'),(41,2,'Gottfried Salzmann - NY by Night - Photeauforte signée et numérotée sur 50 ex - 60x40 cm - 2015'),(43,1,'Seen - Grey Multi Tag spray sur toile - 116x119cm - 2015'),(43,2,'Seen - Grey Multi Tag spray sur toile - 116x119cm - 2015'),(44,1,'Litho.Online Levalet - Légion'),(44,2,'Levalet - Légion- digigraphie signée/numérotée 33ex - 50x70 cm - 2016'),(45,1,'Jo di Bona- Weight of Life -Technique mixte'),(45,2,'Jo di Bona- Weight of Life -Technique mixte'),(46,1,'Philippe Hérard - Cent-Titres -Technique mixte - 40x60cm - 2016'),(46,2,'Philippe Hérard - Cent-Titres -Technique mixte - 40x60cm - 2016'),(47,1,'Litho.Online Shepard Fairey - Make Art Not War'),(47,2,'Obey (Shepard Fairey) - Make Art Not War - Poster signé - Format 91x61cm - 2017'),(48,1,'Litho.Online Shepard Fairey - Paradise Turns'),(48,2,'Obey (Shepard Fairey) - Paradise Turns - Poster signé - Format 91x61cm - 2017'),(49,1,'Litho.Online Levalet - Coffret'),(49,2,'Coffret Levalet - Signé et numéroté sur 300 ex  - Éditions Critères'),(50,1,'Litho.Online Levalet - Livre Des illusions comiques'),(50,2,'Levalet - Livre Des illusions comiques - Format 24x24cm - 192 pages'),(51,1,'Levalet - Livre Scènes de rue - Format 15x15cm - 72 pages'),(51,2,'Levalet - Livre Scènes de rue - Format 15x15cm - 72 pages'),(52,1,'Litho.Online Shepard Fairey - Lifeguard not on Duty'),(52,2,'Obey (S. Fairey) - Lifeguard not on Duty - signé - Format 91x61cm - 2017'),(53,1,'Lek & Sowat - Livre Underground Doesn\'t Exist Anymore - Signé par les artistes'),(53,2,'Lek & Sowat - Livre Underground Doesn\'t Exist Anymore - Signé par les artistes'),(54,1,'Litho.Online Miss Tic - Juste une justice juste'),(54,2,'Miss Tic. - Juste une justice juste - Sérigraphie sur papier - 50x65cm - 2013'),(55,1,'Litho.Online Collaboration - Hérard/Levalet - Va & Vient'),(55,2,'Va & Vient Hérard/Levalet - Tirage tête signé/numéroté + une photo - 50 ex. 2017'),(56,1,'Litho.Online Levalet - Sheep'),(56,2,'Levalet - Sheep - digigraphie signée/numérotée 33ex - 60x80 cm - 2017'),(57,1,'Litho.Online Philippe Hérard - Cent-Titres 60x80cm'),(57,2,'Philippe Hérard - Cent-titres - digigraphie signée/numérotée 33ex - 80x60 cm - 2017'),(58,1,'Miss Tic - Comment taire'),(58,2,'Miss Tic - Comment taire'),(59,1,'store.joelknafo-art.com Miss Tic - Passe moi le sel de la vie'),(59,2,'Miss Tic - Passe moi le sel de la vie - 2015 - encre aérosol sur tôle - 60 x 92 cm'),(60,1,'store.joelknafo-art.com Jo di Bona - Citizen Erased'),(60,2,'Jo di Bona- Citizen Erased -Technique mixte sur toile - 50 x 65 cm - 2016'),(61,1,'store.joelknafo-art.com Jo di Bona - In Utero'),(61,2,'Jo di Bona- In Utero -Technique mixte sur toile - 50 x 65 cm - 2016'),(62,1,'Philippe Hérard - Cent-Titres  2017 -Technique mixte sur papier - 73 x 92 cm'),(62,2,'Philippe Hérard - Cent-Titres  2017 -Technique mixte sur papier - 73 x 92 cm'),(63,1,'Philippe Hérard - Cent-Titres  2017 -Technique mixte sur papier - 73 x 92 cm'),(63,2,'Philippe Hérard - Cent-Titres  2017 -Technique mixte sur papier - 73 x 92 cm'),(64,1,'Litho.Online Shepard Fairey - Rise Above'),(64,2,'Shepard Fairey (Obey) - Rise Above - 2015 - Sérigraphie signée et numérotée sur 350 exemplaires - 61 x 46 cm'),(65,1,'Litho.Online Shepard Fairey - Earth Crisis Drop'),(65,2,'Shepard Fairey (Obey)  Earth Crisis Drop - 2016 - Sérigraphie signée et numérotée sur 450 exemplaires - 61 x 46 cm'),(66,1,'Litho.Online Shepard Fairey - Keep it Underground'),(66,2,'Shepard Fairey (Obey)- Keep it Underground - Sérigr signée numérotée 450 ex - 61x46 cm - 2015'),(67,1,'Litho.Online Shepard Fairey - Peace&Freedom Dove'),(67,2,'Shepard Fairey (Obey) - Peace&Freedom Dove - Sérigraphie signée numérotée sur 450ex - 61x46cm- 2014'),(68,1,'Litho.Online Collaboration - Shepard Fairey/ Cleon Peterson - Pattern of corruption'),(68,2,'Shepard Fairey/ Cleon Peterson  Pattern of corruption - sérigr. sign/num 150ex - 61x46 - 2015cm'),(69,1,'Litho.Online Shepard Fairey - Bad Brain Punk Showcase'),(69,2,'Shepard Fairey (Obey) - Bad Brain Punk Showcase - 2016 - Sérigraphie signée n° 350ex - 61x46cm'),(70,1,'Litho.Online Shepard Fairey - Andre'),(70,2,'Shepard Fairey (Obey) - Andre  2016 - Letterpress - signée et numérotée sur 450 exemplaires - 33x25cm'),(71,1,'Litho.Online Shepard Fairey - Noise Project'),(71,2,'Shepard Fairey (Obey) - Noise Project - 2016 - Sérigraphie et vinyles - signée et numérotée sur 500 exemplaires - 31 x 31 cm'),(72,1,'Litho.Online Shepard Fairey - André (N/B)'),(72,2,'Shepard Fairey (Obey) - André (N/B) - Poster signé et daté - 78x64 cm - 2010'),(73,1,'store.joelknafo-art.com Levalet - On / Off'),(73,2,'Levalet - On / Off - 2014 -Technique mixte - 180 x 110 cm'),(74,1,'Philippe Hérard - Cent-Titres - 2017 - Acrylique sur papier Kraft marouflé sur bois - 61 x 50  cm'),(74,2,'Philippe Hérard - Cent-Titres - 2017 - Acrylique sur papier Kraft marouflé sur bois - 61 x 50  cm'),(75,1,'Philippe Hérard - Cent-Titres - 2017 - Acrylique sur papier Kraft marouflé sur bois - 38 x 46 cm'),(75,2,'Philippe Hérard - Cent-Titres - 2017 - Acrylique sur papier Kraft marouflé sur bois - 38 x 46 cm'),(76,1,'Philippe Hérard - Cent-Titres - 2017 - Acrylique sur papier Kraft marouflé sur bois - 41 x 33  cm'),(76,2,'Philippe Hérard - Cent-Titres - 2017 - Acrylique sur papier Kraft marouflé sur bois - 41 x 33  cm'),(77,1,'Philippe Hérard - Cent-Titres - 2017 - Acrylique sur papier Kraft marouflé sur bois - 65 x 54 cm'),(77,2,'Philippe Hérard - Cent-Titres - 2017 - Acrylique sur papier Kraft marouflé sur bois - 65 x 54 cm'),(78,1,'store.joelknafo-art.com Jo di Bona - Forever Young'),(78,2,'Jo di Bona- Forever Young  2017 -Technique mixte sur toile - 65 x 50 cm'),(79,1,'Litho.Online Philippe Hérard - Cent-Titres'),(79,2,'Philippe Hérard - CENT-TITRES - 2017 - Digigraphie rehaussée et signée - 30 x 40 cm - encadrée'),(80,1,'Litho.Online Philippe Hérard - Cent-Titres'),(80,2,'Philippe Hérard - CENT-TITRES - 2017 - Digigraphie rehaussée et signée - 30 x 40 cm - encadrée'),(81,1,'Litho.Online Philippe Hérard - Cent-Titres'),(81,2,'Philippe Hérard - CENT-TITRES - 2017 - Digigraphie rehaussée et signée - 30 x 40 cm - encadrée'),(82,1,'Litho.Online Romain Froquet - Cinnamon'),(82,2,'Romain Froquet - Cinnamon - Lithographie - édition monotype 1/1 - Papier Rivoli 240g'),(83,1,'Litho.Online Romain Froquet - Cinnamon'),(83,2,'Romain Froquet - Cinnamon - Lithographie - édition multiple sur 20 exemplaires - Papier Rivoli 240g'),(84,1,'Litho.Online Cleon Peterson - The occupation 1'),(84,2,'Cleon Peterson - Serigraphie - signée et numérotée au dos - sur 140 exemplaires'),(85,1,'store.joelknafo-art.com Jo di Bona - Sans Titre'),(85,2,'Jo di Bona-  - 2017 -Technique mixte sur bois - 78x60 cm'),(86,1,'store.joelknafo-art.com Jo di Bona - Sans Titre'),(86,2,'Jo di Bona-  - 2017 -Technique mixte sur bois - 105x75 cm'),(87,1,'Litho.Online Cadre'),(87,2,'cadre'),(88,1,'Litho.Online Galerie Joel Knafo Art - Petit Bois - Urban Artwood 2017'),(88,2,'Petit bois Urban Artwood 2017 - 11 x 11 cm - 2017 -Technique mixte sur bois'),(89,1,'Litho.Online Shepard Fairey - Earth Crisis Paris'),(89,2,'Shepard Fairey (Obey)  Earth Crisis Paris - 6 Letterpress signées num. 450ex - 44x34'),(92,1,'Livre Opus Délits- Jana & JS'),(92,2,'Livre Opus Délits- Jana & JS'),(93,1,'Litho.Online Miss Tic - Fée Clochette'),(93,2,'Miss Tic - Estampe Fée Clochette - 40x50cm - Signée et numérotée sur 40ex - 2017'),(94,1,'Litho.Online Miss Tic - L\'imagination au pouvoir, mais lequel ?'),(94,2,'Miss Tic - Estampe L\'imagination au pouvoir'),(95,1,'Miss Tic - Livre Flashback... 30 ans de création - 224 pages - couverture  cartonnée - 2017'),(95,2,'Miss Tic - Livre Flashback... 30 ans de création - 224 pages - couverture  cartonnée - 2017'),(96,1,'Miss Tic - Le corps au régime ment - Aérosol sur toile de lin - 41x33cm - 2015'),(96,2,'Miss Tic - Le corps au régime ment - Aérosol sur toile de lin - 41x33cm - 2015'),(97,1,'Litho.Online Miss Tic - Livre Flashback... 30 ans de création'),(97,2,'Miss Tic - Livre Flashback... 30 ans de création - 224 pages - couverture  souple - 2017'),(98,1,'Philippe Hérard - Cent titres - Acrylique sur tôle - 130x97cm - 2017'),(98,2,'Philippe Hérard - Cent titres - Acrylique sur tôle - 130x97cm - 2017'),(99,1,'Jana & Js - What will it take?  Acrylique'),(99,2,'Jana & Js - What will it take?  Acrylique'),(100,1,'Jana & Js - Never leave me alone  Acrylique'),(100,2,'Jana & Js - Never leave me alone  Acrylique'),(101,1,'Litho.Online JonOne - Sans Titre'),(101,2,'JonOne - Sans Titre - Sérigraphie rehaussée'),(102,1,'Litho.Online JonOne - Sans Titre'),(102,2,'JonOne - Sans Titre - Sérigraphie rehaussée'),(103,1,'Litho.Online JonOne - Sans Titre'),(103,2,'JonOne - Sans Titre - Sérigraphie rehaussée'),(104,1,'Litho.Online JonOne - Sans Titre'),(104,2,'JonOne - Sans Titre - Sérigraphie rehaussée'),(105,1,'Litho.Online Shepard Fairey - Power Bidder'),(105,2,'Shepard Fairey (Obey)  Power Bidder - Sérigraphie signée numérotée sur 450ex - 61x46cm - 2015'),(106,1,'Litho.Online Shepard Fairey - Peace Guard2'),(106,2,'Shepard Fairey (Obey)  Peace Guard2 - Sérigr. sign. num. 450ex - 61x46cm - 2016'),(107,1,'Philippe Hérard - Cent-Titres - Acrylique sur tôle'),(107,2,'Philippe Hérard - Cent-Titres - Acrylique sur tôle'),(108,1,'Philippe Hérard - Cent-Titres - Acrylique sur carton'),(108,2,'Philippe Hérard - Cent-Titres - Acrylique sur carton'),(109,1,'Jo di Bona - Sans Titre -Technique mixte sur bois - 78x60cm - 2017'),(109,2,'Jo di Bona - Sans Titre -Technique mixte sur bois - 78x60cm - 2017'),(110,1,'Jo di Bona - Sans Titre -Technique mixte sur bois - 105x75cm - 2017'),(110,2,'Jo di Bona - Sans Titre -Technique mixte sur bois - 105x75cm - 2017'),(111,1,'Litho.Online Pochoir original C215 - Sans Titre'),(111,2,'C215 - Sans Titre - Pochoir sur verso casier typographique en bois - 43'),(112,1,'Litho.Online C215 - Sans Titre'),(112,2,'C215 - Sans Titre - Pochoir sur porte ancienne en bois - 64x56cm - 2017'),(113,1,'Philippe Hérard - Cent-Titres - Acrylique sur bois - 27x107cm - 2017'),(113,2,'Philippe Hérard - Cent-Titres - Acrylique sur bois - 27x107cm - 2017'),(114,1,'store.joelknafo-art.com Levalet - Jouer avec le feu'),(114,2,'Levalet - Jouer avec le feu -Technique mixte sur bois - 94x85 cm - 2017'),(115,1,'Annabelle Tattu - Floraison -Technique mixte sur bois - 52x30 cm - 2017'),(115,2,'Annabelle Tattu - Floraison -Technique mixte sur bois - 52x30 cm - 2017'),(116,1,'store.joelknafo-art.com Annabelle Tattu Annabelle Tattu - Au cur de ma sève'),(116,2,'Annabelle Tattu - Au cur de ma sève -Technique mixte sur bois - 50x36 cm - 2017'),(117,1,'Litho.Online Shepard Fairey - Decoding Desinformation (Black)'),(117,2,'Shepard Fairey  Decoding Desinformation (Black) - Sérigr signée numérotée 200ex - 61x46cm - 2015'),(118,1,'Litho.Online Shepard Fairey - Danger no smoking'),(118,2,'Shepard Fairey (Obey) Danger no smoking - Sérigraphie signée numérotée 450ex- 61x46cm- 2016'),(119,1,'Litho.Online Gottfried Salzmann - NY Perspective'),(119,2,'Gottfried Salzmann - NY Perspective - Lithographie et gravure signée et numérotée sur 19/20 exemplaires - 40x30cm - 2010'),(120,1,'Litho.Online Gottfried Salzmann - Lehmann Brothers'),(120,2,'Gottfried Salzmann - Lehmann Brothers - Gravure sur photographie signée et numérotée EA (tirage 49 exemplaires) - 50x75cm - 2010'),(121,1,'Litho.Online Gottfried Salzmann - Le rêve New York'),(121,2,'Gottfried Salzmann - Le rêve New York - Gravure sur photographie signée et numérotée 53/60 exemplaires - 59x89cm - 2014'),(122,1,'Litho.Online Gottfried Salzmann - New York Westside'),(122,2,'Gottfried Salzmann - New York Westside - Gravure aquatinte signée et numérotée 26/50 exemplaires - 50x66cm - 2010'),(123,1,'Litho.Online Gottfried Salzmann - Deep Throat'),(123,2,'Gottfried Salzmann - Deep Throat - Gravure et collage sur photo signée et numérotée 18/49 exemplaires - 50x75cm - 2010'),(124,1,'Jo di Bona - Killing me softly (avec Lauryn Hill) -Technique mixte sur panneau de bois - 120x80cm - 2017'),(124,2,'Jo di Bona - Killing me softly (avec Lauryn Hill) -Technique mixte sur panneau de bois - 120x80cm - 2017'),(125,1,'Jo di Bona - Don\'t be so shy (avec Imany) -Technique mixte sur panneau de bois - 120x80cm - 2017'),(125,2,'Jo di Bona - Don\'t be so shy (avec Imany) -Technique mixte sur panneau de bois - 120x80cm - 2017'),(126,1,'store.joelknafo-art.com Jo di Bona - Doll Parts (avec Cara Delevingne)'),(126,2,'Jo di Bona - Doll Parts (avec Cara Delevingne) -Technique mixte sur panneau de bois - 120x80cm - 2017'),(127,1,'store.joelknafo-art.com Jo di Bona - Viola Flame (avec Frieda Pinto)'),(127,2,'Jo di Bona - Viola Flame (avec Frieda Pinto) -Technique mixte sur panneau de bois - 120x80cm - 2017'),(128,1,'store.joelknafo-art.com Levalet - Open Minded 1'),(128,2,'Levalet - Open-Minded 1  Mixed media on paper - 70 x 70 cm - 2017'),(129,1,'store.joelknafo-art.com Levalet - Explorer'),(129,2,'Levalet - Explorer  Mixed media on paper - 42 x 50 cm - 2017'),(130,1,'store.joelknafo-art.com Levalet - La peau de l\'ours'),(130,2,'Levalet - La peau de l\'ours  Mixed media on paper - 28 x 32 cm - 2017'),(131,1,'store.joelknafo-art.com Levalet - L\'âge d\'or'),(131,2,'Levalet - L\'âge d\'or - Tech. mixte'),(132,1,'store.joelknafo-art.com Levalet - L\'âge d\'or'),(132,2,'Levalet - L\'âge d\'or - Tech. mixte'),(133,1,'store.joelknafo-art.com Levalet - Bugs 2'),(133,2,'Levalet - Bugs 2 - Installation sous vitrine'),(134,1,'store.joelknafo-art.com Levalet - Bons baisers d\'ailleurs'),(134,2,'Levalet - Bons baisers d\'ailleurs - Tech mixte papier sur toile - 103x198cm - 2017'),(135,1,'Levalet - La mesure -Technique mixte sur papier et bois - 180x94cm - 2017'),(135,2,'Levalet - La mesure -Technique mixte sur papier et bois - 180x94cm - 2017'),(136,1,'store.joelknafo-art.com Levalet - Le grand débat'),(136,2,'Levalet - Le grand débat - Installation avec deux figures - 180x94cm - 2017'),(137,1,'store.joelknafo-art.com Levalet - Langue des signes'),(137,2,'Levalet - Langue des signes -Technique mixte sur papier - 16x16cm - 2017'),(138,1,'Litho.Online Miss Tic - La Vénus du Mélo'),(138,2,'Miss Tic - La Vénus du Mélo - pochoir sur brique - 22x10x5cm - 2017'),(139,1,'Litho.Online Miss Tic - En verve et contre tous'),(139,2,'Miss Tic - En verve et contre tous - pochoir sur brique - 22x10x5cm - 2017'),(140,1,'Litho.Online Miss Tic - De l\'égo au logo'),(140,2,'Miss Tic - De l\'égo au logo - pochoir sur pavé - 14x14x5cm - 2017'),(141,1,'Litho.Online Pochoir original Miss Tic - Éros est rosse'),(141,2,'Miss Tic - Éros est rosse - pochoir sur pavé - 14x14x5cm - 2017'),(142,1,'Miss Tic - La boss de l\'art -Technique mixte sur toile'),(142,2,'Miss Tic - La boss de l\'art -Technique mixte sur toile'),(143,1,'Miss Tic - Aiguiser nos pinceaux -Technique mixte sur toile'),(143,2,'Miss Tic - Aiguiser nos pinceaux -Technique mixte sur toile'),(144,1,'Litho.Online Miss Tic - Ma langue bat comme le coeur'),(144,2,'Miss Tic - Ma langue bat comme le coeur - pochoir sur parpaing - 45x19x10cm - 2017'),(145,1,'Miss Tic - La Vénus du Mélo -Technique mixte sur toile'),(145,2,'Miss Tic - La Vénus du Mélo -Technique mixte sur toile'),(146,1,'Litho.Online Miss Tic - De mes frasques je fais des fresques'),(146,2,'Miss Tic - De mes frasques je fais des fresques  - pochoir sur parpaing - 38x19x10cm - 2017'),(147,1,'Litho.Online Speedy Graphito - Série Figure'),(147,2,'Speedy Graphito - Série Figure - Lithographie signée et numérotée EA - 27x34'),(148,1,'Litho.Online Stoul - Sans titre'),(148,2,'Stoul - Lithographie signée et numérotée EA - 27'),(149,1,'Litho.Online Philippe Hérard - Digigraphie 1'),(149,2,'Philippe Hérard (1) 2017- digigraphie sur German Etching 310g - signée numérotée 12ex - 35x22cm'),(150,1,'Litho.Online Philippe Hérard - Digigraphie 3'),(150,2,'Philippe Hérard (3) 2017 - digigraphie German Etching 310g -signée numérotée 12ex - 24'),(151,1,'Litho.Online Philippe Hérard - Digigraphie 4'),(151,2,'Philippe Hérard (4) 2017 - digigraphie sur German Etching 310g - signée numérotée 12ex - 27x21'),(154,1,'Litho.Online Shepard Fairey - Mujer Fatal'),(154,2,'Obey (Shepard Fairey) - Mujer Fatal - Poster signé et daté - Format 91x61cm - 2017'),(155,1,'Litho.Online Shepard Fairey - Green Power'),(155,2,'Shepard Fairey (Obey) - Green Power - Poster signé daté -Format 91x61cm- 2017'),(156,1,'Litho.Online Shepard Fairey - Black Wave'),(156,2,'Obey (Shepard Fairey) - Black Wave - Poster signé et daté - Format 61x91cm - 2017'),(157,1,'Litho.Online Shepard Fairey - Face Collage Haut'),(157,2,'Shepard Fairey (Obey)  Face Collage Haut - Poster signé et daté - 61x46cm - 2017'),(158,1,'Litho.Online Shepard Fairey - Face Collage milieu'),(158,2,'Shepard Fairey (Obey)  Face Collage milieu - Poster signé et daté - 61x46cm - 2017'),(159,1,'Litho.Online Shepard Fairey - Face Collage bas'),(159,2,'Shepard Fairey (Obey)  Face Collage bas - Poster signé et daté - 61x46cm - 2017'),(160,1,'store.joelknafo-art.com Jo di Bona - Sad but True'),(160,2,'Jo di Bona- Sad but True -Technique mixte sur toile - 100x100cm - 2017'),(161,1,'store.joelknafo-art.com Jo di Bona - Steve McQueen'),(161,2,'Jo di Bona- Steve McQueen -Technique mixte sur toile - 100x100cm - 2017'),(162,1,'store.joelknafo-art.com Jo di Bona - Elephant'),(162,2,'Jo di Bona- Elephant -Technique mixte sur toile - 100x100cm - 2017'),(163,1,'store.joelknafo-art.com Jo di Bona - Artic Monkeys'),(163,2,'Jo di Bona- Artic Monkeys -Technique mixte sur toile - 100x100cm - 2017'),(165,1,'Litho.Online Philippe Hérard - Estampe'),(165,2,'Philippe Hérard - Estampe signée et numérotée en 33ex - 50x50cm - 2017'),(166,1,'Litho.Online Philippe Hérard - Estampe 1'),(166,2,'Philippe Hérard (1) - Estampe signée et numérotée en 20ex - 30x30cm - 2017'),(167,1,'Litho.Online Philippe Hérard - Estampe 2'),(167,2,'Philippe Hérard (2) - Estampe signée et numérotée en 20ex - 30x30cm - 2017'),(168,1,'Litho.Online Philippe Hérard - Estampe 3'),(168,2,'Philippe Hérard (3) - Estampe signée et numérotée en 20ex - 30x30cm - 2017'),(169,1,'Litho.Online Jo Di Bona - Steve'),(169,2,'Jo di Bona(2) - Steve- Estampe signée et numérotée en 20ex - 30x30cm - 2017'),(171,1,'Litho.Online Lek - Estampe 1'),(171,2,'Lek (1) - Estampe signée et numérotée en 20ex - 30x30cm - 2017'),(172,1,'Litho.Online Lek - Estampe 2'),(172,2,'Lek (2) - Estampe signée et numérotée en 20ex - 30x30cm - 2017'),(173,1,'LEK - Bandes organisées 3 -Technique mixte sur papier - 50x50cm - 2017'),(173,2,'LEK - Bandes organisées 3 -Technique mixte sur papier - 50x50cm - 2017'),(174,1,'LEK - Bandes organisées 16 -Technique mixte sur papier - 50x50cm - 2017'),(174,2,'LEK - Bandes organisées 16 -Technique mixte sur papier - 50x50cm - 2017'),(175,1,'LEK - Bandes organisées 18 -Technique mixte sur papier - 50x50cm - 2017'),(175,2,'LEK - Bandes organisées 18 -Technique mixte sur papier - 50x50cm - 2017'),(176,1,'LEK - Bandes organisées 19 -Technique mixte sur papier - 50x50cm - 2017'),(176,2,'LEK - Bandes organisées 19 -Technique mixte sur papier - 50x50cm - 2017'),(177,1,'LEK - Bandes organisées 20 -Technique mixte sur papier - 50x50cm - 2017'),(177,2,'LEK - Bandes organisées 20 -Technique mixte sur papier - 50x50cm - 2017'),(178,1,'Litho.Online Miss Tic - Amazone Urbaine'),(178,2,'Miss Tic - Amazone Urbaine - pochoir sur pavé - 14x14x5cm - 2017'),(179,1,'store.joelknafo-art.com Levalet - Phagotrophie'),(179,2,'Levalet - Phagotrophie -Technique mixte - 45x109cm - 2016'),(180,1,'EvazéSir - Et si c\'était elle I - Acrylique et vernis sur assemblage de bois - 48x37 cm - 2018'),(180,2,'EvazéSir - Et si c\'était elle I - Acrylique et vernis sur assemblage de bois - 48x37 cm - 2018'),(181,1,'EvazéSir - Nostalgie d\'une âme perdue - Acrylique et vernis sur assemblage de bois - 130x122 cm - 2018'),(181,2,'EvazéSir - Nostalgie d\'une âme perdue - Acrylique et vernis sur assemblage de bois - 130x122 cm - 2018'),(182,1,'EvazéSir - Quand j\'étais un oiseau - Acrylique et vernis sur assemblage de bois - 130x122 cm - 2018'),(182,2,'EvazéSir - Quand j\'étais un oiseau - Acrylique et vernis sur assemblage de bois - 130x122 cm - 2018'),(183,1,'Litho.Online Shepard Fairey - Damaged Times'),(183,2,'Shepard Fairey (Obey)  Damaged Times - Sérigr. signée numérotée 450ex - 61x46cm - 2017'),(184,1,'Litho.Online Shepard Fairey - SXSW'),(184,2,'Shepard Fairey (Obey)  SXSW - Sérigraphie signée numérotée sur 500ex - 61x46cm - 2008'),(185,1,'Litho.Online Shepard Fairey - Presidential Seal'),(185,2,'Shepard Fairey (Obey)  Presidential Seal - Sérigraphie signée numérotée sur 300ex - 61x46cm - 2007'),(186,1,'Litho.Online Shepard Fairey - Flint Eye Alert Globe'),(186,2,'Shepard Fairey (Obey)  Flint Eye Alert Globe - Sérigraphie signée numérotée sur 450ex - 61x46cm - 2017'),(187,1,'Litho.Online Shepard Fairey - Golden Future for Some'),(187,2,'Shepard Fairey Golden Future for Some- Sérigr. sign. num. 450ex- 61x46cm - 2017'),(188,1,'Litho.Online Shepard Fairey - Diptyque Welcome Visitors'),(188,2,'Shepard Fairey (Obey)  Diptyque Welcome Visitors - séri signées numérotées 450ex - 61x46cm x2 - 2017'),(189,1,'Litho.Online Shepard Fairey - Damaged Stencil Silence or Fear'),(189,2,'Shepard Fairey (Obey) Damaged Stencil Silence or Fear- Signée & Numérotée 400ex - 61x46cm - 2017'),(190,1,'Litho.Online Shepard Fairey - Damaged Stencil Proud Parents'),(190,2,'Shepard Fairey (Obey) Damaged Stencil Proud Parents- Signée & Numérotée 400ex - 61x46cm - 2017'),(191,1,'Litho.Online Shepard Fairey - Damaged Stencil Printing Press'),(191,2,'Shepard Fairey (Obey) Damaged Stencil Printing Press- Signée & Numérotée 400ex - 61x46cm - 2017'),(192,1,'Litho.Online Shepard Fairey - Damaged Stencil Peace Guard 2'),(192,2,'Shepard Fairey (Obey) Damaged Stencil Peace Guard 2- Signée & Numérotée 400ex - 61x46cm - 2017'),(193,1,'Litho.Online Shepard Fairey - Damaged Stencil Natural Springs'),(193,2,'Shepard Fairey (Obey) Damaged Stencil Natural Springs- Signée & Numérotée 400ex - 61x46cm - 2017'),(194,1,'Litho.Online Shepard Fairey - Damaged Stencil Liberty'),(194,2,'Shepard Fairey (Obey) Damaged Stencil Liberty - Signée & Numérotée 400ex - 61x46cm - 2017'),(195,1,'Litho.Online Shepard Fairey - Damaged Stencil Learn to Obey'),(195,2,'Shepard Fairey (Obey) Damaged Stencil Learn to Obey- Signée & Numérotée 400ex - 61x46cm - 2017'),(196,1,'Litho.Online Shepard Fairey - Damaged Stencil Florist'),(196,2,'Shepard Fairey (Obey) Damaged Stencil Florist- Signée & Numérotée 400ex - 61x46cm - 2017'),(198,1,'Litho.Online Zenoy - Estampe rehaussée'),(198,2,'Zenoy - Estampe signée n°16/33ex rehaussés - 70x70cm - 2017'),(201,1,'Litho.Online Shepard Fairey - Late Hour Riot'),(201,2,'Shepard Fairey - Late Hour Riot - sérigraphie signée/ num. 450ex - 61x46cm - 2017'),(202,1,'Litho.Online Collaboration - Shepard Fairey/Kai & Sunny - Yellow Edition'),(202,2,'Shepard Fairey/Kai & Sunny- Yellow Edition- sérigraphie signée 200ex- 57x57cm -2017'),(203,1,'Litho.Online Collaboration - Shepard Fairey/Kai & Sunny - Red Edition'),(203,2,'Shepard Fairey/KaiandSunny-Red Edition-2017-sérigraphie signée/num.200ex-57x57cm'),(204,1,'Litho.Online Shepard Fairey - Duality of Humanity 2'),(204,2,'Shepard Fairey-Duality of Humanity 2-2008-sérigraphie signée/num.450-46x61cm'),(205,1,'Litho.Online Shepard Fairey - Love Unites'),(205,2,'Shepard Fairey -Love Unites- sérigr autocollant signée num 200ex - 66'),(206,1,'store.joelknafo-art.com Jo di Bona - A Certain Romance'),(206,2,'Jo di Bona- A Certain Romance - Tech mixte sur toile - 100x100cm - 2017'),(207,1,'store.joelknafo-art.com Jo di Bona - Iconicara'),(207,2,'Jo di Bona- Iconicara - Tech mixte sur toile - 130x195cm - 2017'),(208,1,'store.joelknafo-art.com Jo di Bona - Pop Art Star'),(208,2,'Jo di Bona- Pop Art Star - Tech mixte sur toile - 130x195cm - 2017'),(209,1,'Jo di Bona- Sans Titre - Tech mixte sur palissade bois - 78x60cm - 2017'),(209,2,'Jo di Bona- Sans Titre - Tech mixte sur palissade bois - 78x60cm - 2017'),(210,1,'Jo di Bona- Sans Titre - Tech mixte sur palissade bois - 105x75cm - 2017'),(210,2,'Jo di Bona- Sans Titre - Tech mixte sur palissade bois - 105x75cm - 2017'),(211,1,'Litho.Online Jo di Bona - Juniper Street'),(211,2,'Jo di Bona- Juniper Street- Estampe num. signée num. 25ex - 20x24cm - 2018'),(212,1,'Litho.Online Jo di Bona - Five Points'),(212,2,'Jo di Bona- Five Points- Estampe num. signée nb. 25ex - 20x24cm - 2018'),(213,1,'Litho.Online Jo di Bona - Under Your Skin'),(213,2,'Jo di Bona - Under Your Skin - Estampe signée et numérotée en 33ex - 50x50cm - 2018'),(214,1,'Litho.Online Jo di Bona - Space Monkey'),(214,2,'Jo di Bona - Space Monkey - Estampe signée et numérotée en 33ex - 50x50cm - 2018'),(216,1,'Litho.Online Romain Froquet - Estampe Royal'),(216,2,'Romain Froquet - Estampe Royal - 24x30cm - signée numérotée 25ex - 2018'),(217,1,'Litho.Online Romain Froquet - Estampe Souvenirs'),(217,2,'Romain Froquet - Estampe Souvenirs - 24x30cm - signée numérotée 25ex - 2018'),(218,1,'Litho.Online Jo di Bona - Addicted to Love'),(218,2,'Jo di Bona- Addicted to Love - Digigraphie 5 ex signée /numérotée - 40x30 - 2017'),(219,1,'Litho.Online Jo di Bona - Stronger Than Me'),(219,2,'Jo di Bona- Stronger Than Me - 40x30 - Digigraphie 5 ex signée/numérotée - 2017'),(220,1,'Litho.Online Jo di Bona - Hung Up'),(220,2,'Jo di Bona- Hung Up - 40x30 - Digigraphie 5 ex signée/numérotée - 2017'),(221,1,'Litho.Online Jo di Bona - White Lilac'),(221,2,'Jo di Bona- White Lilac - 40x30 - Digigraphie 5 ex signée/numérotée - 2017'),(222,1,'Litho.Online Levalet - Dernier Tango'),(222,2,'Levalet - Dernier Tango - Estampe signée numérotée 20ex- Museum 350g- 70x50cm 2018'),(223,1,'Litho.Online Philippe Hérard - Cent-Titres'),(223,2,'Philippe Hérard - Cent-Titres - Estampe signée numérotée 20ex- Museum 350g- 30x40cm 2018'),(224,1,'Litho.Online Romain Froquet - Fertile 2'),(224,2,'Romain Froquet - Fertile 2 - Estampe signée numérotée 20ex - 40x30cm 2018'),(225,1,'Litho.Online Evazésir - Ame déchue'),(225,2,'Evazésir - Ame déchue  - Estampe signée numérotée 20ex- Museum 350g- 40x30cm 2018'),(226,1,'Litho.Online Evazésir - Instant figé'),(226,2,'Evazésir - Instant figé  - Estampe signée numérotée 20ex- Museum 350g- 40x30cm 2018'),(227,1,'Litho.Online Shepard Fairey - Embrace Justice'),(227,2,'Shepard Fairey (Obey)  Embrace Justice - Sérigraphie signée numérotée sur 475ex - 61x46cm - 2017'),(228,1,'Litho.Online Shepard Fairey - Blood and Oil'),(228,2,'Shepard Fairey (Obey)  Blood and Oil- sérigraphie signée numérotée 400ex - 61x46cm - 2017'),(229,1,'Litho.Online Shepard Fairey - Blood and Oil 2'),(229,2,'Shepard Fairey (Obey)  Blood and Oil 2 - sérigraphie signée numérotée 400ex - 61x46cm - 2017'),(230,1,'Litho.Online Shepard Fairey - Tunnel Vision Blue'),(230,2,'Shepard Fairey (Obey)  Tunnel Vision Blue - sérigr. signée numérotée 700ex - 61x46cm - 2018'),(231,1,'Litho.Online Shepard Fairey - Tunnel Vision Gold'),(231,2,'Shepard Fairey (Obey)  Tunnel Vision Gold - sérigr. signée numérotée 700ex - 61x46cm - 2018'),(232,1,'Litho.Online Shepard Fairey - Dove Geometric 1'),(232,2,'Shepard Fairey (Obey)  Dove Geometric 1 - sérigr. signée numérotée 300ex - 46x46cm - 2018'),(233,1,'Litho.Online Shepard Fairey - Dove Geometric 2'),(233,2,'Shepard Fairey (Obey)  Dove Geometric 2 - sérigr. signée numérotée 300ex - 46x46cm - 2018'),(234,1,'Litho.Online Shepard Fairey - Dove Geometric 3'),(234,2,'Shepard Fairey (Obey)  Dove Geometric 3 - sérigr. signée numérotée 300ex - 46x46cm - 2018'),(235,1,'Litho.Online Shepard Fairey - Golden Future for some'),(235,2,'Shepard Fairey Golden Future for some - Grand Format - sérigr. signée num. 75ex - 85x121cm - 2018'),(236,1,'Litho.Online Shepard Fairey - Royal Treatment Skull'),(236,2,'Shepard Fairey (Obey)  Royal Treatment Skull - sérigr. signée numérotée 300ex - 61x46cm - 2016'),(237,1,'Litho.Online Shepard Fairey - Royal Treatment Money'),(237,2,'Shepard Fairey (Obey)  Royal Treatment Money - sérigr. signée numérotée 300ex - 61x46cm - 2016'),(238,1,'Litho.Online Shepard Fairey - ICE T'),(238,2,'Shepard Fairey (Obey)  ICE T - sérigraphie signée numérotée 300ex - 61x46cm - 2016'),(239,1,'Litho.Online Collaboration - Levalet/Zenoy - Pandore'),(239,2,'Levalet/Zenoy - Pandore - Estampe numérique signée numérotée en 50ex +30EA- 70x70cm - 2018'),(240,1,'Philippe Hérard - Cent-titres - dessin original -Technique mixte sur papier - 70x70cm - 2017'),(240,2,'Philippe Hérard - Cent-titres - dessin original -Technique mixte sur papier - 70x70cm - 2017'),(241,1,'Philippe Hérard - Cent-titres - dessin original -Technique mixte sur papier - 70x70cm - 2017'),(241,2,'Philippe Hérard - Cent-titres - dessin original -Technique mixte sur papier - 70x70cm - 2017'),(242,1,'store.joelknafo-art.com Romain Froquet - Innocence'),(242,2,'Romain Froquet - Innocence -Technique mixte sur bois - 46x38m - 2018'),(243,1,'Romain Froquet - Golden Lady -Technique mixte sur toile - 116x89m - 2018'),(243,2,'Romain Froquet - Golden Lady -Technique mixte sur toile - 116x89m - 2018'),(244,1,'store.joelknafo-art.com Romain Froquet - Royal'),(244,2,'Romain Froquet - Royal-Technique mixte sur toile - 73x60m - 2018'),(245,1,'Litho.Online Jo di Bona - Truth'),(245,2,'Jo di Bona- truth- Estampe signée et numérotée en 20ex - 30x30cm - 2017'),(246,1,'store.joelknafo-art.com Jo di Bona - Physical Graffiti'),(246,2,'Jo di Bona - Physical Graffiti -Technique mixte sur toile - 120x160cm - 2018'),(247,1,'Jo di Bona - Atlantic Station -Technique mixte sur medium - 65x50cm - 2018'),(247,2,'Jo di Bona - Atlantic Station -Technique mixte sur medium - 65x50cm - 2018'),(248,1,'store.joelknafo-art.com Levalet - Dernier Tango'),(248,2,'Levalet - Dernier Tango -Technique mixte sur papier - 100x70cm 2018'),(249,1,'store.joelknafo-art.com Jo di Bona - The Real Monroe'),(249,2,'Jo di Bona- The Real Monroe - Tech mixte sur toile - 130x195cm - 2018'),(250,1,'Litho.Online Jo di Bona - Don\'t lie to me'),(250,2,'Jo di Bona - Don\'t lie to me - Estampe signée et numérotée en 33ex - 50x50cm - 2017'),(251,1,'Jo di Bona- Tiger - Tech mixte sur toile - 120x140cm - 2017'),(251,2,'Jo di Bona- Tiger - Tech mixte sur toile - 120x140cm - 2017'),(252,1,'store.joelknafo-art.com Jo di Bona - Under your skin'),(252,2,'Jo di Bona- Under your skin - Tech mixte sur toile - 80x120cm - 2018'),(253,1,'store.joelknafo-art.com Jo di Bona - Never Let You Go'),(253,2,'Jo di Bona- Never Let You Go - Tech mixte sur bois - 100x100cm - 2018'),(254,1,'store.joelknafo-art.com Jo di Bona - Under your skin 2'),(254,2,'Jo di Bona- Under your skin 2 - Tech mixte sur bois - 100x100cm - 2018'),(255,1,'store.joelknafo-art.com Jo di Bona - Tiger Dreams'),(255,2,'Jo di Bona- Tiger Dreams - Tech mixte sur toile - 100x100cm - 2018'),(256,1,'store.joelknafo-art.com Jo di Bona - Five Points'),(256,2,'Jo di Bona- Five Points - Tech mixte sur MDF - 65x50cm - 2018'),(257,1,'store.joelknafo-art.com Jo di Bona - Juniper Street'),(257,2,'Jo di Bona- Juniper Street - Tech mixte sur MDF - 65x50cm - 2018'),(258,1,'store.joelknafo-art.com Jo di Bona - Mariposa'),(258,2,'Jo di Bona- Mariposa - Tech mixte sur MDF - 65x50cm - 2018'),(259,1,'Jo di Bona- Ponce Avenue - Tech mixte sur MDF - 65x50cm - 2018'),(259,2,'Jo di Bona- Ponce Avenue - Tech mixte sur MDF - 65x50cm - 2018'),(260,1,'Litho.Online Shepard Fairey - Noise state violence state control'),(260,2,'Shepard Fairey (Obey)  Noise state violence state control - sérigr. signée numérotée 400ex - 61x46cm - 2018'),(261,1,'Litho.Online Shepard Fairey - Noise lies red'),(261,2,'Shepard Fairey (Obey)  Noise lies red - sérigr. signée num 325ex - 61x46cm 2018'),(262,1,'Litho.Online Shepard Fairey - Misfits 40th grave'),(262,2,'Shepard Fairey (Obey)  Misfits 40th grave - sérigr. signée numérotée 450ex - 61x46cm - 2018'),(266,1,'Litho.Online Jo di Bona - 5 Bis rue de Verneuil'),(266,2,''),(267,1,'Litho.Online Jo di Bona - Hung Up'),(267,2,'Jo di Bona- Hung Up - 40x30 - Digigraphie 5 ex signée/numérotée - 2017'),(270,1,'Litho.Online Jo di Bona - Citizen Erased'),(270,2,''),(271,1,'Litho.Online Jo di Bona - Bowie Print rehaussé'),(271,2,''),(272,1,'Litho.Online Levalet - Pansées'),(272,2,'Levalet - Pansées - Lithographie 92x65cm - Rives BFK 270g - 2015'),(273,1,'Litho.Online Levalet - Série Figure'),(273,2,'Levalet - Série Figure -Lithgraphie signée et numérotée- 51x37'),(274,1,''),(274,2,''),(278,1,'Litho.Online Gregos - Espiègle'),(278,2,''),(280,1,'Litho.Online Gregos - Béatitude'),(280,2,''),(281,1,'Litho.Online Lithographie Portfolio FIGURE - 10 lithographies'),(281,2,''),(282,1,'Litho.Online Jana & JS - De la profondeur des sentiments'),(282,2,''),(283,1,'Litho.Online Jana & JS - De la profondeur des sentiments'),(283,2,''),(284,1,'Litho.Online Jana & JS - De la profondeur des sentiments'),(284,2,''),(286,1,'Litho.Online Dran - ABC D air'),(286,2,''),(287,1,'Litho.Online Dran - ABC D air'),(287,2,''),(288,1,'Litho.Online Levalet et Hérard - Va & Vient tirage de tête'),(288,2,''),(289,1,'Litho.Online Shepard Fairey - Noise State Violence State Control'),(289,2,''),(291,1,'Litho.Online Shepard Fairey - The Shrine'),(291,2,''),(292,1,'Litho.Online Levalet - Bad News'),(292,2,''),(293,1,'Litho.Online Miss Tic – Tout achever sauf le désir'),(293,2,''),(294,1,'Litho.Online Miss Tic – Tout achever sauf le désir'),(294,2,''),(297,1,'Litho.Online Miss Tic - j\'ai plus d\'une corde à mon art'),(297,2,''),(298,1,'Litho.Online Miss Tic - j\'ai plus d\'une corde à mon art'),(298,2,''),(300,1,'Litho.Online Jana & Js - FENGHUANG MEMORIES'),(300,2,''),(301,1,'Litho.Online Jana & Js - RITA ET LA FEMME AU BALCON'),(301,2,''),(302,1,'Litho.Online Jana & Js - SOUVENIR DE LA RUE JEANNE DARC'),(302,2,''),(303,1,'Litho.Online Jana & Js - GEDANKEN AN DUGAVE (SPECIAL EDITION) N° 6'),(303,2,''),(306,1,'Litho.Online Basto - R2D2'),(306,2,''),(308,1,'Litho.Online Basto - R2D2'),(308,2,''),(312,1,'Litho.Online Shepard Fairey - Melvins Colossus'),(312,2,''),(313,1,'Litho.Online Shepard Fairey - Suburban Pressure'),(313,2,''),(317,1,'Litho.Online Antonio Segui - Rayos de Sol'),(317,2,''),(318,1,'Litho.Online Cleon Peterson - The Crawler'),(318,2,''),(319,1,'Litho.Online Cleon Peterson - Victory'),(319,2,''),(320,1,'Litho.Online Speedy Graphito - Gulliver'),(320,2,''),(321,1,'Litho.Online Hervé di Rosa - Les Dents'),(321,2,''),(322,1,'Litho.Online Hervé di Rosa - Les Dents'),(322,2,''),(324,1,'Litho.Online René Botti - Sous le soleil de Jacques Brel'),(324,2,''),(325,1,'Litho.Online René Botti - Je fête les 40 ans'),(325,2,''),(326,1,'Litho.Online René Botti - Sous le soleil de Jacques Brel'),(326,2,''),(327,1,'Litho.Online René Botti - L\'Arlequin'),(327,2,''),(328,1,'Litho.Online René Botti - L\'enfance dernier territoire des vivants'),(328,2,''),(329,1,'Litho.Online Vihls - Periferia Uniforme'),(329,2,''),(330,1,'Litho.Online Vihls - Periferia Uniforme'),(330,2,''),(331,1,'Litho.Online Stoul - Série Figure'),(331,2,''),(332,1,'Litho.Online Stoul - Série Figure'),(332,2,''),(333,1,'Litho.Online Stoul - Série Figure'),(333,2,''),(334,1,'Litho.Online Stoul - Série Figure'),(334,2,''),(335,1,'Litho.Online Gregos - Série Figure'),(335,2,''),(336,1,'Litho.Online Gregos - Série Figure'),(336,2,''),(337,1,'Litho.Online Levalet - Full Moon'),(337,2,''),(338,1,'Litho.Online Jef Aérosol - Elsa Triolet'),(338,2,''),(339,1,'Litho.Online Shepard Fairey - Damaged Set'),(339,2,''),(340,1,'Litho.Online Shepard Fairey - Damaged Set'),(340,2,''),(341,1,'Litho.Online Shepard Fairey - Damaged Set'),(341,2,''),(342,1,'Litho.Online Shepard Fairey - Damaged Set'),(342,2,''),(343,1,'Litho.Online Shepard Fairey - Damaged Set'),(343,2,''),(344,1,'Litho.Online Shepard Fairey - Damaged Set'),(344,2,''),(345,1,'Litho.Online Shepard Fairey - Damaged Set'),(345,2,''),(346,1,'Litho.Online Shepard Fairey - Damaged Set'),(346,2,''),(347,1,'Litho.Online Shepard Fairey - Damaged Set'),(347,2,''),(348,1,'Litho.Online Collection Privée Ernest Pignon Ernest - Etude pour extase Marie de l\'Incarnation'),(348,2,''),(349,1,'Litho.Online Hush - Fade'),(349,2,''),(351,1,'Litho.Online Hush - Solace'),(351,2,''),(352,1,'Litho.Online Collection Privée Andre - Seraiva'),(352,2,''),(353,1,'Litho.Online Collection Privée Astro - Vortex'),(353,2,''),(354,1,'Litho.Online Collection Privée Barthelemy Toguo - Celebration of love'),(354,2,''),(355,1,'Litho.Online Collection Privée Jean Miotte - Composition'),(355,2,''),(356,1,'Litho.Online Collection Privée Levalet - Sheep'),(356,2,''),(357,1,'Litho.Online Collection Privée Philippe Cognee - Tel Aviv IC'),(357,2,''),(358,1,'Litho.Online Collection Privée Quik - NY Map'),(358,2,''),(360,1,'Litho.Online Shepard Fairey - Endless Power'),(360,2,''),(367,1,'Litho.Online César - César Autoportait'),(367,2,''),(368,1,'Litho.Online César - Batibouw'),(368,2,''),(370,1,'Litho.Online César - Mickey'),(370,2,''),(372,1,'Litho.Online César - Centaure, hommage à Picasso'),(372,2,''),(373,1,'Litho.Online César - Centaure, hommage à Picasso'),(373,2,''),(375,1,'Litho.Online Philippe Bonan - César Suisse'),(375,2,''),(376,1,'Litho.Online Philippe Bonan - César Portait Atelier'),(376,2,''),(377,1,'Litho.Online Philippe Bonan - César Portait Salon'),(377,2,''),(378,1,'Litho.Online Philippe Bonan - César en Atelier'),(378,2,''),(379,1,'Litho.Online Philippe Bonant - César Torse nu'),(379,2,''),(380,1,'Litho.Online Dran - Munch'),(380,2,''),(381,1,'Litho.Online Dran - Gamine'),(381,2,''),(382,1,'Litho.Online Dran - Caddy'),(382,2,''),(384,1,'Litho.Online Dran - Guerre'),(384,2,''),(386,1,'Litho.Online Dran - Jesus'),(386,2,''),(388,1,'Litho.Online Dran - La Joconde'),(388,2,''),(390,1,'Litho.Online Dran - Nounours'),(390,2,''),(392,1,'Litho.Online Dran - Pape'),(392,2,''),(394,1,'Litho.Online Dran - Petit prix'),(394,2,''),(396,1,'Litho.Online Dran - Pinocchio'),(396,2,''),(398,1,'Litho.Online Dran - Tintin en Barcelona'),(398,2,''),(400,1,'Litho.Online Dran - Tintin en France'),(400,2,''),(402,1,'Litho.Online Dran - Tintin in England'),(402,2,''),(405,1,'Litho.Online Shepard Fairey - Freidman Keith-Morris'),(405,2,''),(407,1,'Litho.Online Shepard Fairey - Peace and Justice'),(407,2,''),(410,1,'Litho.Online Dran - Van Gogh'),(410,2,''),(412,1,'Litho.Online Dran - Zoo'),(412,2,''),(413,1,'Litho.Online Dran - Tintin en France'),(413,2,''),(414,1,'Litho.Online Dran - Zoo'),(414,2,''),(415,1,'Litho.Online Dran - Van Gogh'),(415,2,''),(416,1,'Litho.Online Dran - Tintin in England'),(416,2,''),(417,1,'Litho.Online Dran - Tintin en Barcelona'),(417,2,''),(418,1,'Litho.Online Dran - Pinocchio'),(418,2,''),(419,1,'Litho.Online Dran - Petit prix'),(419,2,''),(420,1,'Litho.Online Dran - Pape'),(420,2,''),(421,1,'Litho.Online Dran - Nounours'),(421,2,''),(422,1,'Litho.Online Dran - La Joconde'),(422,2,''),(423,1,'Litho.Online Dran - Jesus'),(423,2,''),(424,1,'Litho.Online Dran - Guerre'),(424,2,''),(425,1,'Litho.Online Dran - Caddy'),(425,2,''),(426,1,'Litho.Online Dran - Munch'),(426,2,''),(427,1,'Litho.Online Dran - Gamine'),(427,2,''),(429,1,'Litho.Online Cleon Peterson - The occupation 2'),(429,2,''),(430,1,'Litho.Online Miss Tic - Alerte à la bombe'),(430,2,''),(431,1,''),(431,2,''),(433,1,''),(433,2,''),(435,1,'Litho.Online Romain Froquet - Monotype'),(435,2,''),(437,1,'Litho.Online Romain Froquet - Monotype noir'),(437,2,''),(439,1,'Litho.Online Romain Froquet - Pierre'),(439,2,''),(441,1,'Litho.Online Romain Froquet - Tribal'),(441,2,''),(443,1,''),(443,2,''),(445,1,'Litho.Online Dran - Autostop'),(445,2,''),(447,1,'Litho.Online Dran - Autostop'),(447,2,''),(448,1,'Litho.Online Dran - Ecolier'),(448,2,''),(450,1,'Litho.Online Dran - Ecolier'),(450,2,''),(451,1,'Litho.Online Dran - Envol'),(451,2,''),(453,1,'Litho.Online Dran - Envol'),(453,2,''),(456,1,'Litho.Online Dran - Mime'),(456,2,''),(457,1,'Litho.Online Dran - Mime'),(457,2,''),(459,1,'Litho.Online Dran - Presse-citron'),(459,2,''),(460,1,'Litho.Online Dran - Presse-citron'),(460,2,''),(461,1,'Litho.Online Dran - Promoteur'),(461,2,''),(463,1,'Litho.Online Dran - Promoteur'),(463,2,''),(464,1,'Litho.Online Dran - Cube'),(464,2,''),(466,1,'Litho.Online Dran - Cube'),(466,2,''),(467,1,'Litho.Online Dran - Lune'),(467,2,''),(470,1,'Litho.Online Dran - Lune'),(470,2,''),(471,1,'Litho.Online Zenoy - Estampe rehaussée'),(471,2,''),(472,1,'Litho.Online Zenoy - Estampe rehaussée'),(472,2,''),(473,1,'Litho.Online Zenoy - Estampe rehaussée'),(473,2,''),(474,1,'Litho.Online Zenoy - Estampe rehaussée'),(474,2,''),(475,1,'Litho.Online Zenoy - Estampe rehaussée'),(475,2,''),(476,1,'Litho.Online Zenoy - Estampe rehaussée'),(476,2,''),(477,1,'Litho.Online Zenoy - Estampe rehaussée'),(477,2,''),(478,1,'Litho.Online Zenoy - Estampe rehaussée'),(478,2,''),(479,1,'Litho.Online Zenoy - Estampe rehaussée'),(479,2,''),(480,1,'Litho.Online Zenoy - Estampe rehaussée'),(480,2,''),(481,1,'Litho.Online Zenoy - Estampe rehaussée'),(481,2,''),(482,1,'Litho.Online Zenoy - Estampe rehaussée'),(482,2,''),(483,1,'store.joelknafo-art.com Philippe Hérard - Cent-Titres'),(483,2,''),(485,1,'store.joelknafo-art.com Philippe Hérard - Cent-Titres'),(485,2,''),(486,1,'store.joelknafo-art.com Philippe Hérard - Cent-Titres'),(486,2,''),(487,1,'store.joelknafo-art.com Philippe Hérard - Cent-Titres'),(487,2,''),(488,1,'store.joelknafo-art.com Philippe Hérard - Cent-Titres'),(488,2,''),(489,1,'store.joelknafo-art.com Philippe Hérard - Cent-Titres'),(489,2,''),(490,1,'store.joelknafo-art.com Philippe Hérard - Cent-Titres'),(490,2,''),(491,1,'store.joelknafo-art.com Philippe Hérard - Cent-Titres'),(491,2,''),(492,1,'store.joelknafo-art.com Philippe Hérard - Cent-Titres'),(492,2,''),(493,1,'store.joelknafo-art.com Philippe Hérard - Cent-Titres'),(493,2,''),(494,1,'store.joelknafo-art.com Philippe Hérard - Cent-Titres'),(494,2,''),(495,1,'store.joelknafo-art.com Philippe Hérard - Cent-Titres'),(495,2,''),(496,1,'store.joelknafo-art.com Philippe Hérard - Cent titres'),(496,2,''),(499,1,'store.joelknafo-art.com Philippe Hérard - Cent titres'),(499,2,''),(501,1,'store.joelknafo-art.com Philippe Hérard - Cent titres'),(501,2,''),(503,1,'store.joelknafo-art.com Philippe Hérard - Cent titres'),(503,2,''),(505,1,'store.joelknafo-art.com Philippe Hérard - Cent titres'),(505,2,''),(507,1,'store.joelknafo-art.com Philippe Hérard - Cent titres'),(507,2,''),(508,1,'store.joelknafo-art.com Miss Tic - La Vénus du Mélo'),(508,2,''),(509,1,'store.joelknafo-art.com Miss Tic - Aiguiser nos pinceaux'),(509,2,''),(510,1,'store.joelknafo-art.com Miss Tic - La boss de l\'art'),(510,2,''),(511,1,'store.joelknafo-art.com Miss Tic - Le corps au régime ment'),(511,2,''),(512,1,'store.joelknafo-art.com Miss Tic - Comment taire, comment dire'),(512,2,''),(514,1,'store.joelknafo-art.com Philippe Hérard - Cent titres'),(514,2,''),(516,1,'store.joelknafo-art.com Philippe Hérard - Cent titres'),(516,2,''),(518,1,'store.joelknafo-art.com Philippe Hérard - Cent titres'),(518,2,''),(520,1,'store.joelknafo-art.com Philippe Hérard - Cent titres'),(520,2,''),(522,1,'store.joelknafo-art.com Philippe Hérard - Cent titres'),(522,2,''),(524,1,'store.joelknafo-art.com Philippe Hérard - Cent titres'),(524,2,''),(526,1,'store.joelknafo-art.com Philippe Hérard - Cent titres'),(526,2,''),(528,1,'store.joelknafo-art.com Philippe Hérard - Cent titres'),(528,2,''),(530,1,'store.joelknafo-art.com Jo di Bona - Ponce Avenue'),(530,2,''),(531,1,'store.joelknafo-art.com Jo di Bona - Atlantic Station'),(531,2,''),(532,1,'Gregos - Athènes -Technique mixte sur toile - Format 50x25x10cm - 2014'),(532,2,''),(533,1,'Annabelle Tattu - Dénervé -Technique mixte sur papier - Oeuvre unique - 2014'),(533,2,''),(534,1,''),(534,2,''),(535,1,'Gregos - Commedia 5 -Technique mixte - Format 35x35cm - 2014'),(535,2,''),(536,1,'Gregos - Good News -Technique mixte - Format 51x41x6cm - 2013'),(536,2,''),(537,1,''),(537,2,''),(538,1,'Gregos - Sans Titre -Technique mixte - Format 51x41x6cm - 2014'),(538,2,''),(539,1,'Gregos - Sans titre -Technique mixte - Format 35x35cm - 2014'),(539,2,''),(540,1,'Gregos - Commedia del Street Art - Tech. mixte sur bois - 2014'),(540,2,''),(541,1,''),(541,2,''),(542,1,''),(542,2,''),(543,1,'store.joelknafo-art.com EvazéSir - Quand j\'étais un oiseau'),(543,2,''),(544,1,'store.joelknafo-art.com EvazéSir - Nostalgie d\'une âme perdue'),(544,2,''),(545,1,'store.joelknafo-art.com EvazéSir - Et si c\'était elle I'),(545,2,''),(546,1,'store.joelknafo-art.com Jo di Bona - Tiger'),(546,2,''),(547,1,'Romain Froquet - Golden Lady -Technique mixte sur toile - 116x89m - 2018'),(547,2,'Romain Froquet - Golden Lady -Technique mixte sur toile - 116x89m - 2018'),(548,1,'store.joelknafo-art.com Jo di Bona - Sans Titre'),(548,2,''),(549,1,'store.joelknafo-art.com Jo di Bona - Weight of Life'),(549,2,''),(550,1,'store.joelknafo-art.com Jo di Bona - Killing me softly (avec Lauryn Hill)'),(550,2,''),(551,1,'store.joelknafo-art.com Jo di Bona - Don\'t be so shy (avec Imany)'),(551,2,''),(554,1,'store.joelknafo-art.com Romain Froquet - Sparkling 1'),(554,2,''),(556,1,'store.joelknafo-art.com Romain Froquet - Sparkling 3'),(556,2,''),(558,1,'store.joelknafo-art.com Romain Froquet - Sparkling 5'),(558,2,'Romain Froquet - Sparkling - Technique mixte sur toile - 30x30cm - 2018'),(560,1,'store.joelknafo-art.com Romain Froquet - Sparkling 8'),(560,2,'Romain Froquet - Sparkling 8 - Technique mixte sur toile - 30x30cm - 2018'),(562,1,'store.joelknafo-art.com Romain Froquet - Sparkling 10'),(562,2,''),(564,1,'store.joelknafo-art.com Romain Froquet - Sparkling 13'),(564,2,'Romain Froquet - Sparkling 13 - Technique mixte sur toile - 30x30cm - 2018'),(566,1,'store.joelknafo-art.com Romain Froquet - Sparkling 14'),(566,2,''),(569,1,'store.joelknafo-art.com Romain Froquet - Above the line'),(569,2,''),(572,1,'store.joelknafo-art.com Romain Froquet - Patriarch'),(572,2,'Romain Froquet - Patriarch - Technique mixte sur toile - 116x89m - 2018'),(574,1,'store.joelknafo-art.com Romain Froquet - Line between'),(574,2,'Romain Froquet - Line between - Technique mixte sur toile - 116x89m - 2017'),(576,1,'store.joelknafo-art.com Romain Froquet - Another Day is Born'),(576,2,'Romain Froquet - Another Day is Born - Technique mixte sur toile - 73x60cm - 2017'),(578,1,'store.joelknafo-art.com Romain Froquet - Wild Thing'),(578,2,''),(580,1,'store.joelknafo-art.com Romain Froquet - Hoturu'),(580,2,''),(582,1,'store.joelknafo-art.com Romain Froquet - Arabica'),(582,2,''),(584,1,'store.joelknafo-art.com Romain Froquet - Ethiopia'),(584,2,''),(586,1,'store.joelknafo-art.com Romain Froquet - Honduras'),(586,2,''),(587,1,'Annabelle Tattu - La mariée -\r\nAcrylique sur Toile - Oeuvre unique - 116x81cm . 2013'),(587,2,''),(588,1,'Gregos - Commedia 6 - Technique mixte - Format 35x35cm - 2014'),(588,2,''),(589,1,'JonOne - Games - Huile sur toile - 80x80cm - 2015'),(589,2,''),(590,1,'store.joelknafo-art.com Levalet - La mesure'),(590,2,''),(592,1,'store.joelknafo-art.com Levalet – Nocturama 3'),(592,2,''),(593,1,'store.joelknafo-art.com Levalet – Nocturama 3'),(593,2,''),(595,1,'store.joelknafo-art.com EvazéSir - Instant figé d\'anonyme VII'),(595,2,''),(597,1,'store.joelknafo-art.com EvazéSir - Instant figé d\'anonyme V'),(597,2,''),(599,1,'store.joelknafo-art.com EvazéSir - Instant figé d\'anonyme IV'),(599,2,''),(601,1,'store.joelknafo-art.com EvazéSir - Morceaux de vie série 2 L3'),(601,2,''),(602,1,'store.joelknafo-art.com EvazéSir - Morceaux de vie série 2 L3'),(602,2,''),(605,1,'store.joelknafo-art.com EvazéSir - Mélancolie I'),(605,2,''),(610,1,'EvazéSir - Louise - Technique mixte, peinture acrylique vernis sur Montage bois - 72 x 49,5 cm - 2018'),(610,2,'EvazéSir - Louise - Technique mixte, peinture acrylique vernis sur Montage bois - 72 x 49,5 cm - 2018'),(612,1,'store.joelknafo-art.com EvazéSir - Alice'),(612,2,'EvazéSir - Alice - Technique mixte, peinture acrylique vernis sur Montage bois - 69,5 x 56 cm - 2018'),(614,1,'store.joelknafo-art.com EvazéSir - Léontine'),(614,2,''),(616,1,''),(616,2,''),(618,1,'EvazéSir - Fernand - Technique mixte, peinture acrylique vernis sur Montage bois - 62 x 52,5 cm - 2018'),(618,2,'EvazéSir - Fernand - Technique mixte, peinture acrylique vernis sur Montage bois - 62 x 52,5 cm - 2018'),(620,1,'store.joelknafo-art.com EvazéSir - Suzanne'),(620,2,'EvazéSir - Suzanne - Technique mixte, peinture acrylique vernis sur Montage bois - 69 x 52 cm - 2018'),(622,1,'store.joelknafo-art.com EvazéSir - Eugène'),(622,2,'EvazéSir - Eugène - Technique mixte, peinture acrylique vernis sur Montage bois - 68 x 52 cm - 2018'),(624,1,'store.joelknafo-art.com EvazéSir - Souliers I'),(624,2,'EvazéSir - Souliers I - Technique mixte, peinture acrylique vernis sur Montage bois - 32,5 x 29,5 cm - 2018'),(626,1,'store.joelknafo-art.com EvazéSir - Souliers II'),(626,2,'EvazéSir - Souliers II - Technique mixte, peinture acrylique vernis sur Montage bois - 32,5 x 29,5 cm - 2018'),(628,1,'store.joelknafo-art.com EvazéSir - Diane'),(628,2,'EvazéSir - Diane - Technique mixte, peinture acrylique vernis sur Montage bois - 44 x 54 cm - 2018'),(630,1,'store.joelknafo-art.com EvazéSir - Georges'),(630,2,''),(632,1,'store.joelknafo-art.com EvazéSir - Regard I'),(632,2,'EvazéSir - Regard I - Technique mixte, peinture acrylique vernis sur Montage bois - 32,5 x 38 cm - 2018'),(634,1,'store.joelknafo-art.com EvazéSir - Regard II'),(634,2,''),(635,1,'Litho.Online Speedy Graphito - Offrandes à la nuit'),(635,2,'Speedy Graphito - Offrandes à la nuit - Prints, signed and numbered 50 copies and 5 EA . size 70x50cm. 2018'),(637,1,'Litho.Online Speedy Graphito - Le grand voyageur'),(637,2,'Speedy Graphito - Le grand voyageur - Prints, signed and numbered 50 copies and 5 EA . size 70x50cm. 2018'),(639,1,'Litho.Online Speedy Graphito - La tour sacrée'),(639,2,'Speedy Graphito - La tour sacrée - Prints, signed and numbered 50 copies and 5 EA . size 70x50cm. 2018'),(641,1,'Litho.Online Speedy Graphito - La conscience'),(641,2,'Speedy Graphito - La tour sacrée - Prints, signed and numbered 50 copies and 5 EA . size 70x50cm. 2018'),(645,1,'store.joelknafo-art.com EvazéSir - Itinéraire bis'),(645,2,'EvazéSir - Itinéraire bis - Technique mixte, peinture acrylique vernis sur Montage bois - 105 x 138 cm - 2018'),(646,1,'store.joelknafo-art.com EvazéSir - Amadeo Souza Cardoso'),(646,2,''),(648,1,'Litho.Online Gottfried Salzmann - New-York M - Grey'),(648,2,'Gottfried Salzmann - New-York M -  Lithographie numérotée 18 sur 30 ex - 52x77cm'),(651,1,'Litho.Online Gottfried Salzmann - New-York M'),(651,2,'Gottfried Salzmann - New-York M -  Lithographie EA sur 30 ex - 52x77cm'),(653,1,'Litho.Online Gottfried Salzmann - Lexington Avenue'),(653,2,''),(655,1,'Litho.Online Gottfried Salzmann - New-York to EastRiver'),(655,2,'Gottfried Salzmann - New-York to EastRiver - Photeauforte EA 50 ex - 45x30cm - 2015'),(659,1,'Litho.Online Gottfried Salzmann - 5th Avenue'),(659,2,'Gottfried Salzmann - 5th Avenue - Lithographie numérotée 33 sur 60 exemplaires - 76x45cm'),(660,1,'Litho.Online Gottfried Salzmann - New-York découpé'),(660,2,''),(661,1,'Litho.Online Gottfried Salzmann - OK'),(661,2,''),(663,1,'Litho.Online Gottfried Salzmann - Varick Street'),(663,2,'Gottfried Salzmann - Varick Street - Epreuve d\'essai - 66x50cm'),(664,1,'Litho.Online Gottfried Salzmann - OK'),(664,2,''),(666,1,'Litho.Online Gottfried Salzmann - The Bridges'),(666,2,'Gottfried Salzmann - The Bridges - Lithographie numérotée 102 sur 150 exemplaires - 38x43cm'),(669,1,'Litho.Online Gottfried Salzmann - Silver Buildings'),(669,2,'Gottfried Salzmann - Silver Buildings - Lithographie EA tirée en 40 exemplaires - 65x50cm'),(670,1,''),(670,2,''),(671,1,'Gottfried Salzmann - New-York - Technique mixte collage sur photo et toile - 161x60cm - 2010'),(671,2,''),(672,1,'Gottfried Salzmann - New-York Bus lane - Acrylique et photo sur toile - 130x89cm - 2004'),(672,2,''),(673,1,'Gottfried Salzmann - New-York Puzzle - Acrylique sur photo et toile - 130x89cm - 2010'),(673,2,''),(674,1,'Gottfried Salzmann - Le Triangle - Technique mixte sur photo - 120x40x40x40cm - 2010'),(674,2,'Gottfried Salzmann - Le Triangle - Technique mixte sur photo - 120x40x40x40cm - 2010'),(675,1,'Gottfried Salzmann - New-York Night from Helicopter I - Aquarelle sur papier - 73,5x89cm - 2018'),(675,2,'Gottfried Salzmann - New-York Night from Helicopter I - Aquarelle sur papier - 73,5x89cm - 2018'),(677,1,'Gottfried Salzmann - New-York Night from Helicopter II - Aquarelle sur papier - 53x74cm - 2018'),(677,2,''),(678,1,'Gottfried Salzmann - New-York Bleu Turquoise - Aquarelle sur papier - 73x53cm - 2018'),(678,2,'Gottfried Salzmann - New-York Bleu Turquoise - Aquarelle sur papier - 73x53cm - 2018'),(680,1,'store.joelknafo-art.com Gottfried Salzmann - New-York Bleu Turquoise'),(680,2,'Gottfried Salzmann - New-York Bleu Turquoise - Aquarelle sur papier - 73x53cm - 2018'),(681,1,'store.joelknafo-art.com Gottfried Salzmann - New-York Times Square II'),(681,2,''),(682,1,'store.joelknafo-art.com Gottfried Salzmann - New-York Blue'),(682,2,''),(684,1,'store.joelknafo-art.com Gottfried Salzmann - New-York from Helicopter III'),(684,2,'Gottfried Salzmann - New-York Night from Helicopter III - Aquarelle sur papier - 54x73cm - 2018'),(685,1,'store.joelknafo-art.com Gottfried Salzmann - New-York Ceruleum'),(685,2,''),(686,1,'store.joelknafo-art.com EvazéSir - Alice 2/10'),(686,2,''),(688,1,'store.joelknafo-art.com EvazéSir - Alice 3/10'),(688,2,''),(690,1,'store.joelknafo-art.com EvazéSir - Alice 5/10'),(690,2,''),(692,1,'store.joelknafo-art.com EvazéSir - Alice 6/10'),(692,2,''),(694,1,'store.joelknafo-art.com EvazéSir - Alice 7/10'),(694,2,''),(696,1,'store.joelknafo-art.com EvazéSir - Alice 9/10'),(696,2,''),(698,1,'store.joelknafo-art.com EvazéSir - Georges 1/10'),(698,2,''),(700,1,'store.joelknafo-art.com EvazéSir - Georges 2/10'),(700,2,''),(702,1,'store.joelknafo-art.com EvazéSir - Georges 3/10'),(702,2,''),(704,1,'store.joelknafo-art.com EvazéSir - Georges 5/10'),(704,2,''),(706,1,'store.joelknafo-art.com EvazéSir - Georges 6/10'),(706,2,''),(708,1,'store.joelknafo-art.com EvazéSir - Georges 7/10'),(708,2,''),(710,1,'store.joelknafo-art.com EvazéSir - Georges 8/10'),(710,2,''),(712,1,'store.joelknafo-art.com EvazéSir - Georges 9/10'),(712,2,''),(713,1,'store.joelknafo-art.com Gottfried Salzmann - Times Square III'),(713,2,''),(714,1,'store.joelknafo-art.com Gottfried Salzmann - Times Square IV'),(714,2,''),(715,1,'store.joelknafo-art.com Gottfried Salzmann - Diagonal Street'),(715,2,''),(716,1,'store.joelknafo-art.com Gottfried Salzmann - White Clouds'),(716,2,''),(717,1,'store.joelknafo-art.com Gottfried Salzmann - New-York Blue I'),(717,2,'Gottfried Salzmann - New-York Blue I - Aquarelle sur papier - 48x60cm - 2018'),(718,1,'store.joelknafo-art.com Gottfried Salzmann - New-York Blue II'),(718,2,''),(719,1,'store.joelknafo-art.com Gottfried Salzmann - New-York Blue III'),(719,2,''),(720,1,'store.joelknafo-art.com Gottfried Salzmann - New-York Night II'),(720,2,'Gottfried Salzmann - New-York Night II - Aquarelle sur papier - 61x47cm - 2018'),(722,1,'store.joelknafo-art.com Gottfried Salzmann - New-York Night III'),(722,2,'Gottfried Salzmann - New-York Night III - Aquarelle sur papier - 60x48cm - 2018'),(724,1,'store.joelknafo-art.com Gottfried Salzmann - New-York Riverside'),(724,2,'Gottfried Salzmann - New-York Riverside - Aquarelle sur papier - 60x47cm - 2018'),(726,1,'store.joelknafo-art.com Gottfried Salzmann - Times Square I'),(726,2,'Gottfried Salzmann - Times Square I - Aquarelle sur papier - 60x47cm - 2018'),(728,1,'store.joelknafo-art.com Gottfried Salzmann - Shadows'),(728,2,''),(730,1,'store.joelknafo-art.com Gottfried Salzmann - New-York Night IV'),(730,2,'Gottfried Salzmann - New-York Night IV - Aquarelle sur papier - 60x26cm - 2004'),(731,1,'store.joelknafo-art.com Gottfried Salzmann - New-York Redtouch'),(731,2,''),(737,1,'store.joelknafo-art.com Gottfried Salzmann - Crossing'),(737,2,''),(738,1,'store.joelknafo-art.com Gottfried Salzmann - New-York Shadows'),(738,2,'Gottfried Salzmann - New-York Shadows - Aquarelle sur papier - 47x60cm - 2017'),(740,1,'store.joelknafo-art.com Gottfried Salzmann - New-York Diagonal'),(740,2,'Gottfried Salzmann - New-York Diagonal - Aquarelle sur papier - 30x47cm - 2005'),(741,1,'store.joelknafo-art.com Gottfried Salzmann - Crossroads'),(741,2,'Gottfried Salzmann - Crossroads - Aquarelle sur papier - 30x47cm - 2017'),(742,1,'store.joelknafo-art.com Gottfried Salzmann - Violet Touch'),(742,2,''),(744,1,'store.joelknafo-art.com Gottfried Salzmann - Blue-Red Touch'),(744,2,'Gottfried Salzmann - Blue-Red Touch - Aquarelle sur papier - 33x25cm - 2015'),(746,1,'store.joelknafo-art.com Gottfried Salzmann - New-York Dans les Bruns I'),(746,2,'Gottfried Salzmann - New-York Dans les Bruns I - Aquarelle sur papier - 34x14cm - 2006'),(748,1,'store.joelknafo-art.com Gottfried Salzmann - New-York Dans les Bruns II'),(748,2,''),(749,1,'store.joelknafo-art.com Gottfried Salzmann - Le Triangle'),(749,2,'Gottfried Salzmann - Le Triangle - Technique mixte sur photo - 120x40x40x40cm - 2010'),(750,1,'store.joelknafo-art.com Gottfried Salzmann - New-York Night from Helicopter II'),(750,2,''),(751,1,'store.joelknafo-art.com Gottfried Salzmann - New-York Bus lane'),(751,2,''),(752,1,'store.joelknafo-art.com Gottfried Salzmann - New-York Puzzle'),(752,2,''),(753,1,'store.joelknafo-art.com Gottfried Salzmann - New-York'),(753,2,''),(754,1,'store.joelknafo-art.com Gottfried Salzmann - New-York Night from Helicopter I'),(754,2,''),(756,1,'store.joelknafo-art.com Gottfried Salzmann - MidTown'),(756,2,''),(758,1,'store.joelknafo-art.com Gottfried Salzmann - From Helicopter III'),(758,2,''),(761,1,'store.joelknafo-art.com Gottfried Salzmann - From Helicopter I'),(761,2,''),(763,1,'store.joelknafo-art.com Gottfried Salzmann - From Black Line'),(763,2,''),(765,1,'store.joelknafo-art.com Gottfried Salzmann - NY Stripes'),(765,2,''),(766,1,'store.joelknafo-art.com Romain Froquet - White Line 1'),(766,2,''),(768,1,'store.joelknafo-art.com Romain Froquet - White Line 2'),(768,2,''),(770,1,'store.joelknafo-art.com Romain Froquet - White Line 3'),(770,2,''),(772,1,'store.joelknafo-art.com Romain Froquet - White Line 4'),(772,2,''),(774,1,'store.joelknafo-art.com Romain Froquet - En noir et blanc'),(774,2,''),(776,1,'store.joelknafo-art.com Romain Froquet - Just beggining'),(776,2,''),(778,1,'store.joelknafo-art.com Romain Froquet - Les gens'),(778,2,''),(780,1,'store.joelknafo-art.com Romain Froquet - Melody'),(780,2,''),(782,1,'store.joelknafo-art.com Romain Froquet - Somnium'),(782,2,''),(784,1,'store.joelknafo-art.com Romain Froquet - This time'),(784,2,''),(786,1,'store.joelknafo-art.com Romain Froquet - Alive'),(786,2,''),(788,1,'store.joelknafo-art.com Romain Froquet - Another story'),(788,2,''),(790,1,'store.joelknafo-art.com Romain Froquet - Away'),(790,2,''),(792,1,'store.joelknafo-art.com Romain Froquet - Entrelacs'),(792,2,''),(794,1,'store.joelknafo-art.com Romain Froquet - Entrevoir'),(794,2,''),(796,1,'store.joelknafo-art.com Romain Froquet - Intense'),(796,2,''),(798,1,'store.joelknafo-art.com Romain Froquet - La Méthode'),(798,2,''),(800,1,'store.joelknafo-art.com Romain Froquet - Originel'),(800,2,''),(802,1,'store.joelknafo-art.com Romain Froquet - Stay Focus'),(802,2,''),(804,1,'store.joelknafo-art.com Romain Froquet - Tradition'),(804,2,''),(806,1,'store.joelknafo-art.com Romain Froquet - Vent du large'),(806,2,''),(808,1,'store.joelknafo-art.com Romain Froquet - Volute(s)'),(808,2,''),(810,1,'store.joelknafo-art.com Romain Froquet - Everythings out there'),(810,2,''),(812,1,'store.joelknafo-art.com Romain Froquet - Summer in the City'),(812,2,''),(814,1,'Litho.Online Gottfried Salzmann - New-York'),(814,2,''),(816,1,'Litho.Online Gottfried Salzmann - Manhattan'),(816,2,''),(818,1,'Litho.Online Gottfried Salzmann - New-York'),(818,2,''),(820,1,'Litho.Online Gottfried Salzmann - New-York'),(820,2,''),(822,1,'Litho.Online Gottfried Salzmann - New-York'),(822,2,''),(824,1,'Litho.Online Gottfried Salzmann - New-York'),(824,2,''),(826,1,'Litho.Online Gottfried Salzmann - Paris'),(826,2,''),(828,1,'Litho.Online Gottfried Salzmann - New-York Greenstreet'),(828,2,''),(829,1,'Litho.Online Gottfried Salzmann - New-York - 6ex'),(829,2,''),(831,1,'Litho.Online Gottfried Salzmann - New-York - Lavocat- 6ex'),(831,2,''),(833,1,'Litho.Online Gottfried Salzmann - The Bridges - 6ex'),(833,2,''),(834,1,'Litho.Online Gottfried Salzmann - from Helicopter - 6ex'),(834,2,''),(836,1,'Litho.Online Gottfried Salzmann - New-York - 6ex'),(836,2,''),(837,1,'Litho.Online Gottfried Salzmann - MidTown'),(837,2,''),(839,1,'store.joelknafo-art.com Gottfried Salzmann - NY Folded II'),(839,2,''),(841,1,'store.joelknafo-art.com Gottfried Salzmann - NY Folded I'),(841,2,''),(843,1,'Litho.Online Gottfried Salzmann - New-York - 6ex'),(843,2,''),(845,1,'Litho.Online Coffret FIGURE - 10 lithographies'),(845,2,''),(846,1,'store.joelknafo-art.com Jo di Bona - Alone 80'),(846,2,''),(848,1,'store.joelknafo-art.com Jo di Bona - Puma Blues'),(848,2,''),(849,1,'store.joelknafo-art.com Jo di Bona - In the Dark of Night'),(849,2,''),(851,1,'store.joelknafo-art.com Jo di Bona - Splash Magic Monkey'),(851,2,''),(852,1,'store.joelknafo-art.com Levalet - Sous les Pavés'),(852,2,''),(853,1,'store.joelknafo-art.com Levalet - L\'homme augmenté'),(853,2,''),(854,1,'store.joelknafo-art.com Levalet - La cage dorée'),(854,2,''),(857,1,'store.joelknafo-art.com Philippe Hérard - Cent-Titres'),(857,2,''),(858,1,'store.joelknafo-art.com Philippe Hérard - Cent-Titres'),(858,2,''),(860,1,'store.joelknafo-art.com Philippe Hérard - Cent-Titres'),(860,2,''),(862,1,'store.joelknafo-art.com Philippe Hérard - Cent-Titres'),(862,2,''),(866,1,'store.joelknafo-art.com Philippe Hérard - Cent-Titres'),(866,2,''),(868,1,'store.joelknafo-art.com Philippe Hérard - Cent-Titres'),(868,2,''),(870,1,'store.joelknafo-art.com Philippe Hérard - Cent-Titres'),(870,2,''),(872,1,'store.joelknafo-art.com Philippe Hérard - Cent-Titres'),(872,2,''),(874,1,'store.joelknafo-art.com Philippe Hérard - Cent-Titres'),(874,2,''),(876,1,'store.joelknafo-art.com Philippe Hérard - Cent-Titres'),(876,2,''),(878,1,'store.joelknafo-art.com Philippe Hérard - Cent-Titres'),(878,2,''),(880,1,'store.joelknafo-art.com Philippe Hérard - Cent-Titres'),(880,2,''),(881,1,'store.joelknafo-art.com Philippe Hérard - Cent-Titres'),(881,2,''),(882,1,'store.joelknafo-art.com Philippe Hérard - Cent-Titres'),(882,2,''),(884,1,'store.joelknafo-art.com Philippe Hérard - Cent-Titres'),(884,2,''),(885,1,'store.joelknafo-art.com Philippe Hérard - Cent-Titres'),(885,2,''),(887,1,'store.joelknafo-art.com Philippe Hérard - Cent-Titres'),(887,2,''),(888,1,'store.joelknafo-art.com Philippe Hérard - Cent-Titres'),(888,2,''),(890,1,'store.joelknafo-art.com Philippe Hérard - Cent-Titres'),(890,2,''),(891,1,'store.joelknafo-art.com Philippe Hérard - Cent-Titres'),(891,2,''),(893,1,'store.joelknafo-art.com Philippe Hérard - Cent-Titres'),(893,2,''),(894,1,'store.joelknafo-art.com Bom K - Bousier'),(894,2,''),(896,1,'store.joelknafo-art.com Bom K - Sans Titre'),(896,2,''),(897,1,'store.joelknafo-art.com EvazéSir - Fernand'),(897,2,''),(898,1,'store.joelknafo-art.com EvazéSir - Dans l’attente, l’espoir et le doute'),(898,2,''),(899,1,'store.joelknafo-art.com EvazéSir - Louise'),(899,2,''),(901,1,'store.joelknafo-art.com Bom K - Sans titre'),(901,2,''),(903,1,'store.joelknafo-art.com Bom K - Avec le masque, élégant'),(903,2,''),(905,1,'store.joelknafo-art.com Bom K - Death and Disaster'),(905,2,''),(907,1,'store.joelknafo-art.com Lek - ///LK///2'),(907,2,''),(908,1,'store.joelknafo-art.com Philippe Hérard - Cent-Titres'),(908,2,''),(910,1,'store.joelknafo-art.com Jo di Bona - In the Middle of Nowhere'),(910,2,''),(912,1,'store.joelknafo-art.com Lek - ///LK///1'),(912,2,''),(914,1,'store.joelknafo-art.com Lek - Bandes organisées'),(914,2,''),(916,1,'store.joelknafo-art.com Romain Froquet - Golden Lady'),(916,2,''),(918,1,'Litho.Online Shepard Fairey - Liberté - Égalité - Fraternité'),(918,2,''),(922,1,'store.joelknafo-art.com Gottfried Salzmann - Estampe MidTown'),(922,2,''),(923,1,'Litho.Online Pack Speedy Graphito - 4 estampes'),(923,2,''),(924,1,'Litho.Online Jo di Bona - Don\'t lie to me'),(924,2,'Jo di Bona - Don\'t lie to me - Estampe signée et numérotée en 33ex - 50x50cm - 2017'),(926,1,'store.joelknafo-art.com Kool Koor - Crown Chroma 1'),(926,2,''),(928,1,'store.joelknafo-art.com Kool Koor - Crown Chroma 2'),(928,2,''),(930,1,'store.joelknafo-art.com Kool Koor - ESME 4'),(930,2,''),(932,1,'store.joelknafo-art.com Kool Koor - ESME 5'),(932,2,''),(934,1,'store.joelknafo-art.com Kool Koor - ESME 3'),(934,2,''),(936,1,'store.joelknafo-art.com Kool Koor - Gold Crush'),(936,2,''),(937,1,'store.joelknafo-art.com Lady M - Galactika'),(937,2,''),(939,1,'store.joelknafo-art.com Lady M - The Galactic Garden'),(939,2,''),(941,1,'store.joelknafo-art.com Lady M - Sound of the Galaxy'),(941,2,''),(943,1,'store.joelknafo-art.com Lady M - Aquatic Dance'),(943,2,''),(945,1,'store.joelknafo-art.com Lek - Bandes organisées 1'),(945,2,''),(947,1,'store.joelknafo-art.com Lek - Bandes organisées 3'),(947,2,''),(949,1,'store.joelknafo-art.com Lek - Bandes organisées 4'),(949,2,''),(951,1,'store.joelknafo-art.com Lek - Bandes organisées 8'),(951,2,''),(953,1,'store.joelknafo-art.com Lek - Bandes organisées 9'),(953,2,''),(955,1,'store.joelknafo-art.com Lek - Bandes organisées 12'),(955,2,''),(957,1,'store.joelknafo-art.com Lek - Bandes organisées 13'),(957,2,''),(959,1,'store.joelknafo-art.com Lek - Bandes organisées 17'),(959,2,''),(961,1,'store.joelknafo-art.com Lek - Bandes organisées 18'),(961,2,''),(964,1,'store.joelknafo-art.com Lek - L3K 75019 10018 0W001'),(964,2,''),(966,1,'store.joelknafo-art.com Lek - L3K 75019 10018 0W002'),(966,2,''),(968,1,'store.joelknafo-art.com Lek - L3K 75019 10018 0W003'),(968,2,''),(970,1,'store.joelknafo-art.com Romain Froquet - Be'),(970,2,''),(972,1,'store.joelknafo-art.com Romain Froquet - Les Filles'),(972,2,''),(974,1,'store.joelknafo-art.com Romain Froquet - Go With The Flow'),(974,2,''),(976,1,'store.joelknafo-art.com Kool Koor - Prism 1'),(976,2,''),(977,1,'Litho.Online Lady M - The Strength of Thought'),(977,2,''),(979,1,'store.joelknafo-art.com Levalet - L\'ivresse'),(979,2,''),(981,1,'store.joelknafo-art.com Levalet - Addiction'),(981,2,''),(983,1,'store.joelknafo-art.com Levalet - Les bonnes manières'),(983,2,''),(985,1,'store.joelknafo-art.com Levalet - Le rêve de l\'empereur'),(985,2,''),(987,1,'store.joelknafo-art.com Levalet - Network'),(987,2,''),(989,1,'store.joelknafo-art.com Levalet - Ambition'),(989,2,''),(991,1,'store.joelknafo-art.com Lek - Bandes organisées 16'),(991,2,''),(994,1,'store.joelknafo-art.com Lek - Bandes organisées 11'),(994,2,''),(995,1,'store.joelknafo-art.com Romain Froquet - Estampe Go With The Flow'),(995,2,''),(997,1,'Litho.Online Levalet - estampe l\'Ivresse'),(997,2,''),(999,1,'Litho.Online Jo di Bona - Bowie'),(999,2,''),(1000,1,'Litho.Online Calendrier Shepard FAIREY 2019'),(1000,2,''),(1001,1,'Litho.Online Calendrier Shepard FAIREY 2019'),(1001,2,''),(1002,1,'Litho.Online Calendrier Shepard FAIREY 2019'),(1002,2,''),(1003,1,'Litho.Online Calendrier Shepard FAIREY 2019'),(1003,2,''),(1004,1,'Litho.Online Calendrier Shepard FAIREY 2019'),(1004,2,''),(1006,1,'Litho.Online Romain Froquet - estampe Go with the Flow'),(1006,2,''),(1007,1,'Litho.Online Levalet - Faux semblants'),(1007,2,''),(1008,1,'Litho.Online Levalet - Antropocène'),(1008,2,''),(1009,1,'Litho.Online Levalet - Le voyageur'),(1009,2,''),(1010,1,'Litho.Online C215 - Bring Back Our Girls - Bleu'),(1010,2,''),(1012,1,'Litho.Online C215 - Bring Back Our Girls - Rouge'),(1012,2,''),(1013,1,'Litho.Online C215 - 2 estampes Bring Back Our Girls - bleu et rouge'),(1013,2,''),(1015,1,'Litho.Online C215 - 2 estampes Bring Back Our Girls - bleu et rouge'),(1015,2,''),(1016,1,'Litho.Online C215 - 2 estampes Bring Back Our Girls - bleu et rouge'),(1016,2,''),(1017,1,'Litho.Online Cleon Peterson - Pisser II'),(1017,2,''),(1020,1,''),(1020,2,''),(1026,1,''),(1026,2,''),(1027,1,'Litho.Online Miss Tic - Je rêve à des Orients sans machisme'),(1027,2,''),(1028,1,'Litho.Online Miss Tic - Je rêve à des Orients sans machisme'),(1028,2,''),(1029,1,'Litho.Online Miss Tic - Je fais marcher les rêveurs'),(1029,2,''),(1030,1,'Litho.Online Miss Tic - Je fais marcher les rêveurs'),(1030,2,''),(1033,1,'Litho.Online Miss Tic - Souriez vous êtes vivants'),(1033,2,''),(1034,1,'Litho.Online Miss Tic - Souriez vous êtes vivants'),(1034,2,''),(1037,1,'Litho.Online Shepard Fairey - Fruits of Our Labour'),(1037,2,''),(1039,1,'Litho.Online Shepard Fairey - Blondie London'),(1039,2,''),(1043,1,'Litho.Online Shepard Fairey - Deception & disorder'),(1043,2,''),(1045,1,'Litho.Online Shepard Fairey - Fire Sale'),(1045,2,''),(1048,1,'Litho.Online Shepard Fairey - Ideal Power (Grand Format)'),(1048,2,''),(1049,1,'Litho.Online Shepard Fairey - Cover to Overt - Peace Tree'),(1049,2,''),(1052,1,'store.joelknafo-art.com Jo di Bona - Mercedes Benz'),(1052,2,''),(1054,1,'store.joelknafo-art.com Bom K - Death and disaster'),(1054,2,''),(1056,1,'store.joelknafo-art.com Bom K - Le berger'),(1056,2,''),(1058,1,'store.joelknafo-art.com Bom K - Magicien ose'),(1058,2,''),(1060,1,'store.joelknafo-art.com Bom K - Sans titre'),(1060,2,''),(1062,1,''),(1062,2,''),(1064,1,'store.joelknafo-art.com Jo di Bona - Sans Titre'),(1064,2,''),(1066,1,'store.joelknafo-art.com Jo di Bona - Goldywood'),(1066,2,''),(1068,1,'store.joelknafo-art.com Jo di Bona - Hyperballad'),(1068,2,''),(1070,1,'store.joelknafo-art.com Jo di Bona - Homogenic'),(1070,2,''),(1072,1,'store.joelknafo-art.com Romain Froquet - Carnaval'),(1072,2,''),(1074,1,'store.joelknafo-art.com Lek - LK 75019 DEC018 001'),(1074,2,''),(1076,1,'store.joelknafo-art.com Lek - LK 75019 DEC018 002'),(1076,2,''),(1078,1,'store.joelknafo-art.com Jo di Bona - Sans Titre'),(1078,2,''),(1080,1,'Litho.Online Bom.K - Death & Disaster - Pink'),(1080,2,''),(1082,1,''),(1082,2,''),(1084,1,''),(1084,2,''),(1086,1,'Litho.Online Cleon Peterson - The Crawler gold'),(1086,2,''),(1087,1,''),(1087,2,''),(1089,1,'Litho.Online Cleon Peterson - Mercenaries Gold'),(1089,2,''),(1091,1,'Litho.Online Cleon Peterson - Mercenaries Black'),(1091,2,''),(1093,1,'Litho.Online Cleon Peterson - Mercenaries (White)'),(1093,2,''),(1095,1,'Litho.Online Cleon Peterson - Out of darkness II (White)'),(1095,2,''),(1097,1,'Litho.Online Cleon Peterson - Out of darkness II (Black)'),(1097,2,''),(1099,1,'Litho.Online Cleon Peterson - Victory Red'),(1099,2,''),(1101,1,'Litho.Online Cleon Peterson - Victory Gold'),(1101,2,''),(1103,1,'Litho.Online Cleon Peterson - The Genocide (White)'),(1103,2,''),(1105,1,'Litho.Online Cleon Peterson - Little man Big man Putin Trump (Gold)'),(1105,2,''),(1107,1,'Litho.Online Cleon Peterson - Little man Big man Putin (Red)'),(1107,2,''),(1109,1,'Litho.Online Cleon Peterson - Little man Big man Putin (Mueller)'),(1109,2,''),(1111,1,'Litho.Online Cleon Peterson - This is darkness II (Gold)'),(1111,2,''),(1113,1,'Litho.Online Jo di Bona - Vanité 2'),(1113,2,''),(1115,1,'Litho.Online C215 - Mohamed Osman (Spahi algérien)'),(1115,2,''),(1116,1,'Litho.Online C215 - Mohamed Osman (Spahi algérien)'),(1116,2,''),(1117,1,'Litho.Online C215 - Mohamed Osman (Spahi algérien)'),(1117,2,''),(1121,1,'Litho.Online C215 - Lucien Barbier (Fantassin)'),(1121,2,''),(1122,1,'Litho.Online C215 - Lucien Barbier (Fantassin)'),(1122,2,''),(1125,1,'Litho.Online C215 - Tirailleur Indochinois'),(1125,2,''),(1126,1,'Litho.Online C215 - Tirailleur Indochinois'),(1126,2,''),(1128,1,'Litho.Online C215 - Bring Back Our Girls blue - ORIGINAL'),(1128,2,''),(1130,1,'Litho.Online C215 - Bring Back Our Girls red - ORIGINAL'),(1130,2,''),(1131,1,'Litho.Online Jo di Bona - Vanité 2'),(1131,2,''),(1134,1,''),(1134,2,''),(1148,1,'Litho.Online Shepard Fairey + Vhils - Universal Personhood, Lisbon'),(1148,2,''),(1149,1,'Litho.Online Jérôme Mesnager - Balades'),(1149,2,''),(1150,1,'Litho.Online Jérôme Mesnager - Balades'),(1150,2,''),(1151,1,'Litho.Online Jérôme Mesnager - Balades'),(1151,2,''),(1152,1,'Litho.Online Jérôme Mesnager - Balades'),(1152,2,''),(1153,1,'Litho.Online Jérôme Mesnager - Balades'),(1153,2,''),(1154,1,'Litho.Online Jérôme Mesnager - Balades'),(1154,2,''),(1155,1,'Litho.Online Jérôme Mesnager - Balades'),(1155,2,''),(1156,1,'Litho.Online Jérôme Mesnager - Balades'),(1156,2,''),(1157,1,'Litho.Online Jérôme Mesnager - Balades'),(1157,2,''),(1160,1,''),(1160,2,''),(1161,1,''),(1161,2,''),(1162,1,''),(1162,2,''),(1164,1,''),(1164,2,''),(1165,1,''),(1165,2,''),(1168,1,''),(1168,2,''),(1169,1,''),(1169,2,''),(1170,1,''),(1170,2,''),(1174,1,''),(1174,2,''),(1175,1,''),(1175,2,''),(1176,1,''),(1176,2,''),(1180,1,''),(1180,2,''),(1181,1,''),(1181,2,''),(1182,1,''),(1182,2,''),(1184,1,''),(1184,2,''),(1185,1,''),(1185,2,''),(1186,1,''),(1186,2,''),(1187,1,''),(1187,2,''),(1203,1,'store.joelknafo-art.com Philippe Hérard - Cent-Titres'),(1203,2,'Philippe Hérard - Cent-Titres - 2017 - Acrylique sur papier Kraft marouflé sur bois - 38 x 46 cm'),(1209,1,'store.joelknafo-art.com Philippe Hérard - Cent-Titres'),(1209,2,''),(1226,1,'Litho.Online Vhils - Taciturn 1200€ Acompte n° 1/3'),(1226,2,''),(1227,1,'Litho.Online Vhils - Taciturn 1200€ Acompte n° 1/3'),(1227,2,''),(1228,1,'Litho.Online Vhils - Taciturn 1200€ Acompte n° 1/3'),(1228,2,''),(1233,1,''),(1233,2,''),(1235,1,''),(1235,2,''),(1237,1,''),(1237,2,''),(1238,1,'Litho.Online Jo Di Bona - Print Puma Blues'),(1238,2,''),(1250,1,''),(1250,2,''),(1255,1,''),(1255,2,''),(1260,1,'Litho.Online Jo Di Bona - Alone 80'),(1260,2,''),(1262,1,'Litho.Online Jo Di Bona - In the Dark of Night'),(1262,2,''),(1263,1,'store.joelknafo-art.com Jo di Bona - Venom Marilyn'),(1263,2,''),(1264,1,'store.joelknafo-art.com Jo di Bona - Pop Eyes'),(1264,2,''),(1266,1,'store.joelknafo-art.com Jo di Bona - Pop Corn'),(1266,2,''),(1268,1,'store.joelknafo-art.com Jo di Bona - Amy Amy Amy'),(1268,2,''),(1270,1,'store.joelknafo-art.com Jo di Bona - C3POPOPOP'),(1270,2,''),(1272,1,'store.joelknafo-art.com Jo di Bona - Chimpanzee'),(1272,2,''),(1274,1,'store.joelknafo-art.com Jo di Bona - Circle John (Ensemble de 5 toiles)'),(1274,2,''),(1276,1,'store.joelknafo-art.com Jo di Bona - Do the right thing'),(1276,2,''),(1278,1,'store.joelknafo-art.com Jo di Bona - Experience'),(1278,2,''),(1280,1,'store.joelknafo-art.com Jo di Bona - Fuck You'),(1280,2,''),(1284,1,'Litho.Online Jo Di Bona - Print Splash Magic Monkey'),(1284,2,''),(1285,1,'store.joelknafo-art.com Jo Di Bona - Set de 4 prints Popopop!'),(1285,2,''),(1287,1,'store.joelknafo-art.com Jo di Bona - Japan Robot'),(1287,2,''),(1289,1,'store.joelknafo-art.com Jo di Bona - Jungle Fever'),(1289,2,''),(1291,1,'store.joelknafo-art.com Jo di Bona - Pablo'),(1291,2,''),(1293,1,'store.joelknafo-art.com Jo di Bona - Peanuts Mona'),(1293,2,''),(1295,1,'store.joelknafo-art.com Jo di Bona - New Monkey'),(1295,2,''),(1297,1,'store.joelknafo-art.com Jo di Bona - Pongo'),(1297,2,''),(1299,1,'store.joelknafo-art.com Jo di Bona - Je t\'aime moi non plus'),(1299,2,''),(1300,1,'store.joelknafo-art.com Jo di Bona - Circle John (Ensemble de 5 toiles)'),(1300,2,''),(1301,1,'store.joelknafo-art.com Jo di Bona - Circle John (Ensemble de 5 toiles)'),(1301,2,''),(1303,1,'store.joelknafo-art.com Jo di Bona - Tracy Playmobil'),(1303,2,''),(1304,1,'store.joelknafo-art.com Jo di Bona - Tracy Playmobil'),(1304,2,''),(1307,1,'store.joelknafo-art.com Jo di Bona - Popeye Playmobil'),(1307,2,''),(1308,1,'store.joelknafo-art.com Jo di Bona - Popeye Playmobil'),(1308,2,''),(1311,1,'store.joelknafo-art.com Jo di Bona - Supergirl (Guitare)'),(1311,2,''),(1313,1,'store.joelknafo-art.com Jo di Bona - Bubble Bobble (Borne avec 10 000 jeux d\'arcade)'),(1313,2,''),(1315,1,'store.joelknafo-art.com Jo di Bona - Angel'),(1315,2,''),(1317,1,'store.joelknafo-art.com Jo di Bona - Dangerous'),(1317,2,''),(1319,1,'store.joelknafo-art.com Jo di Bona - Erotica'),(1319,2,''),(1321,1,'store.joelknafo-art.com Jo di Bona - Melody'),(1321,2,''),(1323,1,'store.joelknafo-art.com Jo di Bona - Pop Corn 2'),(1323,2,''),(1325,1,'store.joelknafo-art.com Jo di Bona - Phospho Kate'),(1325,2,''),(1327,1,'Litho.Online JonOne - Games'),(1327,2,''),(1331,1,'Litho.Online Jo di Bona - Vanité Sex Pistol'),(1331,2,''),(1333,1,'Litho.Online Shepard Fairey - PACK de 2 posters : Make Art Not War + Liberté Egalité Fraternité'),(1333,2,''),(1345,1,''),(1345,2,''),(1347,1,''),(1347,2,''),(1349,1,''),(1349,2,''),(1351,1,''),(1351,2,''),(1353,1,''),(1353,2,''),(1355,1,''),(1355,2,''),(1358,1,'store.joelknafo-art.com Philippe Hérard - Cent-Titres (K1)'),(1358,2,''),(1359,1,'store.joelknafo-art.com Philippe Hérard - Cent-Titres (K2)'),(1359,2,''),(1360,1,'store.joelknafo-art.com Philippe Hérard - Cent-Titres (K3)'),(1360,2,''),(1361,1,'store.joelknafo-art.com Philippe Hérard - Cent-Titres (K4)'),(1361,2,''),(1362,1,'store.joelknafo-art.com Philippe Hérard - Cent-Titres (K5)'),(1362,2,''),(1363,1,'store.joelknafo-art.com Philippe Hérard - Cent-Titres (K6)'),(1363,2,''),(1364,1,'store.joelknafo-art.com Philippe Hérard - Cent-Titres (K7)'),(1364,2,''),(1365,1,'store.joelknafo-art.com Philippe Hérard - Cent-Titres (K8)'),(1365,2,''),(1366,1,'store.joelknafo-art.com Philippe Hérard - Cent-Titres (K9)'),(1366,2,''),(1367,1,'store.joelknafo-art.com Philippe Hérard - Cent-Titres (K10)'),(1367,2,''),(1368,1,'store.joelknafo-art.com Philippe Hérard - Cent-Titres (K11)'),(1368,2,''),(1369,1,'store.joelknafo-art.com Philippe Hérard - Cent-Titres (K21)'),(1369,2,''),(1370,1,'store.joelknafo-art.com Philippe Hérard - Cent-Titres (K12)'),(1370,2,''),(1371,1,'store.joelknafo-art.com Philippe Hérard - Cent-Titres (K13)'),(1371,2,''),(1372,1,'store.joelknafo-art.com Philippe Hérard - Cent-Titres (K14)'),(1372,2,''),(1373,1,'store.joelknafo-art.com Philippe Hérard - Cent-Titres (K15)'),(1373,2,''),(1374,1,'store.joelknafo-art.com Philippe Hérard - Cent-Titres (K16)'),(1374,2,''),(1376,1,'store.joelknafo-art.com Philippe Hérard - Cent-Titres (K17)'),(1376,2,''),(1378,1,'store.joelknafo-art.com Philippe Hérard - Cent-Titres (K18)'),(1378,2,''),(1380,1,'store.joelknafo-art.com Philippe Hérard - Cent-Titres (K19)'),(1380,2,''),(1382,1,'store.joelknafo-art.com Philippe Hérard - Cent-Titres (K20)'),(1382,2,''),(1384,1,'store.joelknafo-art.com Philippe Hérard - Cent-Titres (K23)'),(1384,2,''),(1387,1,'store.joelknafo-art.com Philippe Hérard - Cent-Titres (K22)'),(1387,2,''),(1389,1,'store.joelknafo-art.com Romain Froquet - Arabesque'),(1389,2,''),(1391,1,'store.joelknafo-art.com Romain Froquet - People Know'),(1391,2,''),(1393,1,'store.joelknafo-art.com Romain Froquet - Civitas'),(1393,2,''),(1395,1,'store.joelknafo-art.com Romain Froquet - Pura Vida'),(1395,2,''),(1397,1,'store.joelknafo-art.com Romain Froquet - Sociétaire'),(1397,2,''),(1399,1,'store.joelknafo-art.com Romain Froquet - The Royal Line'),(1399,2,''),(1401,1,'store.joelknafo-art.com Romain Froquet - Human Poetry'),(1401,2,''),(1403,1,'store.joelknafo-art.com Romain Froquet - Moon Dance'),(1403,2,''),(1406,1,'store.joelknafo-art.com Romain Froquet - Unité'),(1406,2,''),(1408,1,'store.joelknafo-art.com Romain Froquet - Darwin'),(1408,2,''),(1410,1,'store.joelknafo-art.com Romain Froquet - Nobody Knows'),(1410,2,''),(1412,1,'store.joelknafo-art.com Romain Froquet - Héphaïstos'),(1412,2,''),(1414,1,'store.joelknafo-art.com Levalet - Bon voisinage'),(1414,2,''),(1415,1,'store.joelknafo-art.com Levalet - Bon voisinage'),(1415,2,''),(1418,1,'store.joelknafo-art.com Levalet - Autoportrait'),(1418,2,''),(1419,1,'store.joelknafo-art.com Levalet - Autoportrait'),(1419,2,''),(1422,1,'store.joelknafo-art.com Levalet - Le Code'),(1422,2,''),(1423,1,'store.joelknafo-art.com Levalet - Le Code'),(1423,2,''),(1426,1,'store.joelknafo-art.com Levalet - Communication'),(1426,2,''),(1428,1,'store.joelknafo-art.com Levalet - Dévotion'),(1428,2,''),(1429,1,'store.joelknafo-art.com Levalet - Dévotion'),(1429,2,''),(1432,1,'store.joelknafo-art.com Levalet - Elément perturbateur'),(1432,2,''),(1433,1,'store.joelknafo-art.com Levalet - Elément perturbateur'),(1433,2,''),(1436,1,'store.joelknafo-art.com Levalet - Isolement'),(1436,2,''),(1437,1,'store.joelknafo-art.com Levalet - Isolement'),(1437,2,''),(1439,1,''),(1439,2,''),(1441,1,''),(1441,2,''),(1443,1,''),(1443,2,''),(1445,1,''),(1445,2,''),(1447,1,''),(1447,2,''),(1449,1,''),(1449,2,''),(1451,1,''),(1451,2,''),(1453,1,''),(1453,2,''),(1455,1,''),(1455,2,''),(1457,1,''),(1457,2,''),(1459,1,''),(1459,2,''),(1462,1,'store.joelknafo-art.com Levalet - Cold Case'),(1462,2,''),(1463,1,'store.joelknafo-art.com Levalet - Cold Case'),(1463,2,''),(1465,1,'store.joelknafo-art.com Levalet - English Breakfast'),(1465,2,''),(1466,1,'store.joelknafo-art.com Achat d\'art - visuel Jo di Bona Japan Robot'),(1466,2,''),(1468,1,''),(1468,2,''),(1470,1,''),(1470,2,''),(1472,1,''),(1472,2,''),(1474,1,''),(1474,2,''),(1476,1,''),(1476,2,''),(1478,1,''),(1478,2,''),(1480,1,''),(1480,2,''),(1482,1,''),(1482,2,''),(1485,1,'store.joelknafo-art.com Philippe Hérard - Mur d\'ardoises'),(1485,2,''),(1486,1,'store.joelknafo-art.com Philippe Hérard - Mur d\'ardoises'),(1486,2,''),(1488,1,'store.joelknafo-art.com Bom K - Avec le masque élégant'),(1488,2,''),(1490,1,'store.joelknafo-art.com Philippe Hérard - Cent-Titres (3F1)'),(1490,2,''),(1492,1,'store.joelknafo-art.com Philippe Hérard - Cent-Titres (3F2)'),(1492,2,''),(1494,1,'store.joelknafo-art.com Philippe Hérard - Cent-Titres (3F3)'),(1494,2,''),(1496,1,'store.joelknafo-art.com Philippe Hérard - Cent-Titres (3F4)'),(1496,2,''),(1498,1,'store.joelknafo-art.com Philippe Hérard - Cent-Titres (3F5)'),(1498,2,''),(1500,1,'store.joelknafo-art.com Philippe Hérard - Cent-Titres (3F6)'),(1500,2,''),(1502,1,'store.joelknafo-art.com Philippe Hérard - Cent-Titres (3F7)'),(1502,2,''),(1505,1,'store.joelknafo-art.com Philippe Hérard - Cent-Titres (3F8)'),(1505,2,''),(1507,1,'store.joelknafo-art.com Philippe Hérard - Cent-Titres (3F9)'),(1507,2,''),(1509,1,'store.joelknafo-art.com Philippe Hérard - Cent-Titres (3F10)'),(1509,2,''),(1510,1,'store.joelknafo-art.com Bom.K - Libre'),(1510,2,''),(1512,1,'store.joelknafo-art.com Bom.K - La vraie souris'),(1512,2,''),(1514,1,'store.joelknafo-art.com Bom.K - Le Chien Imitateur'),(1514,2,''),(1516,1,'store.joelknafo-art.com Bom.K - Cycle'),(1516,2,''),(1518,1,'store.joelknafo-art.com Bom.K - N\'importe Quoi 08'),(1518,2,''),(1519,1,'store.joelknafo-art.com Gottfried Salzmann - New-York Night Y'),(1519,2,''),(1521,1,''),(1521,2,''),(1523,1,''),(1523,2,''),(1525,1,'store.joelknafo-art.com Bom.K - Street Fighter'),(1525,2,''),(1527,1,'Litho.Online Shepard Fairey - We The People - Protect Each Over'),(1527,2,''),(1530,1,'Litho.Online Shepard Fairey - Liberté - Égalité - Fraternité 2'),(1530,2,''),(1532,1,'store.joelknafo-art.com Jo di Bona - Don\'t lie to me'),(1532,2,''),(1534,1,'store.joelknafo-art.com Jo di Bona - Space Monkey'),(1534,2,''),(1536,1,'Litho.Online Shepard Fairey - We own the future'),(1536,2,''),(1545,1,'Litho.Online Shepard Fairey - We the future/ Rise to rewrite the low'),(1545,2,''),(1547,1,'Litho.Online Shepard Fairey - Commanda mural'),(1547,2,''),(1551,1,'Litho.Online Shepard Fairey - Punk Rock Bowling'),(1551,2,''),(1552,1,'store.joelknafo-art.com Philippe Hérard - Print Cent regards 1'),(1552,2,''),(1553,1,'store.joelknafo-art.com Philippe Hérard - Print Cent regards 1'),(1553,2,''),(1554,1,'store.joelknafo-art.com Philippe Hérard - Print Cent regards 1'),(1554,2,''),(1556,1,'Litho.Online Philippe Hérard - Print Cent regards 2'),(1556,2,''),(1557,1,'Litho.Online Philippe Hérard - Print Cent regards 2'),(1557,2,''),(1558,1,'Litho.Online Philippe Hérard - Print Cent regards 2'),(1558,2,''),(1560,1,''),(1560,2,''),(1561,1,''),(1561,2,''),(1562,1,'Litho.Online Shepard Fairey - Interpol NYC Calling'),(1562,2,''),(1563,1,'Litho.Online Shepard Fairey - Disinformation & Chaos'),(1563,2,''),(1565,1,'store.joelknafo-art.com Bom K - N\'importe quoi 5'),(1565,2,''),(1567,1,'store.joelknafo-art.com Bom.K - N\'importe Quoi 5'),(1567,2,''),(1569,1,'store.joelknafo-art.com Bom.K - L\'appel'),(1569,2,''),(1571,1,'store.joelknafo-art.com Bom.K - Honneur'),(1571,2,''),(1573,1,'store.joelknafo-art.com Bom.K - Natural Proximity'),(1573,2,''),(1575,1,'store.joelknafo-art.com Bom.K - Street Alergia'),(1575,2,''),(1577,1,'store.joelknafo-art.com Bom.K - Urban Kontortion'),(1577,2,''),(1579,1,'store.joelknafo-art.com Bom.K - Hope'),(1579,2,''),(1581,1,'store.joelknafo-art.com Bom.K - Chair sous tissus et Harmonie'),(1581,2,''),(1583,1,'store.joelknafo-art.com Bom.K - Annie Mâle'),(1583,2,''),(1585,1,'store.joelknafo-art.com Bom.K - Aerotik Bombing Freak Show'),(1585,2,''),(1587,1,'store.joelknafo-art.com Bom K - Les Sujets'),(1587,2,''),(1591,1,'store.joelknafo-art.com Bom K - Magicien ose 2'),(1591,2,''),(1592,1,'store.joelknafo-art.com Bom K - Ruine'),(1592,2,''),(1593,1,'store.joelknafo-art.com Bom.K - Print Honneur'),(1593,2,''),(1595,1,'store.joelknafo-art.com Bom.K - Print Death & Disaster'),(1595,2,''),(1597,1,'store.joelknafo-art.com Bom.K - Le chien imitateur'),(1597,2,''),(1599,1,'store.joelknafo-art.com Bom.K - Print Sketchbook'),(1599,2,''),(1600,1,'store.joelknafo-art.com Bom.K - Print Sketchbook'),(1600,2,''),(1601,1,'store.joelknafo-art.com Bom.K - Print Sketchbook'),(1601,2,''),(1602,1,'store.joelknafo-art.com Bom.K - Print Sketchbook'),(1602,2,''),(1603,1,'store.joelknafo-art.com Bom.K - Print Sketchbook'),(1603,2,''),(1604,1,'store.joelknafo-art.com Bom.K - Print Sketchbook'),(1604,2,''),(1605,1,'store.joelknafo-art.com Bom.K - Print Sketchbook'),(1605,2,''),(1606,1,'store.joelknafo-art.com Bom.K - Print Sketchbook'),(1606,2,''),(1607,1,'store.joelknafo-art.com Bom.K - Print Sketchbook'),(1607,2,''),(1609,1,'store.joelknafo-art.com Bom K - Urban Kontortion'),(1609,2,''),(1610,1,'Lek & Sowat - Livre Underground Doesn\'t Exist Anymore - Signé par les artistes'),(1610,2,'Lek & Sowat - Livre Underground Doesn\'t Exist Anymore - Signé par les artistes'),(1611,1,'Lek & Sowat - Livre Underground Doesn\'t Exist Anymore - Signé par les artistes'),(1611,2,'Lek & Sowat - Livre Underground Doesn\'t Exist Anymore - Signé par les artistes'),(1613,1,''),(1613,2,''),(1615,1,''),(1615,2,''),(1617,1,''),(1617,2,''),(1619,1,''),(1619,2,''),(1621,1,''),(1621,2,''),(1623,1,''),(1623,2,''),(1624,1,''),(1624,2,''),(1626,1,''),(1626,2,''),(1627,1,''),(1627,2,''),(1630,1,''),(1630,2,''),(1631,1,''),(1631,2,''),(1634,1,''),(1634,2,''),(1636,1,'store.joelknafo-art.com Lek - S1002'),(1636,2,''),(1638,1,'store.joelknafo-art.com Lek - S1003'),(1638,2,''),(1643,1,'store.joelknafo-art.com Lek - S2002'),(1643,2,''),(1645,1,'store.joelknafo-art.com Lek - S2001'),(1645,2,''),(1647,1,'store.joelknafo-art.com Lek - S2003'),(1647,2,''),(1649,1,'store.joelknafo-art.com Lek - S4001'),(1649,2,''),(1651,1,'store.joelknafo-art.com Lek - S4010'),(1651,2,''),(1653,1,'store.joelknafo-art.com Lek - S4002'),(1653,2,''),(1655,1,'store.joelknafo-art.com Lek - S4003'),(1655,2,''),(1657,1,'store.joelknafo-art.com Lek - S4004'),(1657,2,''),(1659,1,'store.joelknafo-art.com Lek - S4006'),(1659,2,''),(1661,1,'store.joelknafo-art.com Lek - S4007'),(1661,2,''),(1663,1,'store.joelknafo-art.com Lek - S4008'),(1663,2,''),(1665,1,'store.joelknafo-art.com Lek - S5001'),(1665,2,''),(1667,1,'store.joelknafo-art.com Lek - S5002'),(1667,2,''),(1669,1,'store.joelknafo-art.com Lek - S5004'),(1669,2,''),(1671,1,'store.joelknafo-art.com Lek - S5003'),(1671,2,''),(1673,1,'store.joelknafo-art.com Lek - S5006'),(1673,2,''),(1676,1,'store.joelknafo-art.com Lek - S5005'),(1676,2,''),(1678,1,'store.joelknafo-art.com Lek - S5008'),(1678,2,''),(1680,1,'store.joelknafo-art.com Lek - S5007'),(1680,2,''),(1682,1,'store.joelknafo-art.com Lek - S5009'),(1682,2,''),(1684,1,'store.joelknafo-art.com Lek - S5010'),(1684,2,''),(1686,1,'store.joelknafo-art.com Lek - S5011'),(1686,2,''),(1688,1,'store.joelknafo-art.com Lek - S5012'),(1688,2,''),(1691,1,'store.joelknafo-art.com Lek - S1001'),(1691,2,''),(1693,1,'store.joelknafo-art.com Lek - S4011'),(1693,2,''),(1695,1,'store.joelknafo-art.com Lek - S4009'),(1695,2,''),(1697,1,'store.joelknafo-art.com Lek - S3001'),(1697,2,''),(1699,1,'store.joelknafo-art.com Lek - S3002'),(1699,2,''),(1701,1,'store.joelknafo-art.com Lek - S3003'),(1701,2,''),(1703,1,'store.joelknafo-art.com Lek - S4004'),(1703,2,''),(1704,1,'store.joelknafo-art.com Bom.K - Le chien imitateur + shipping to USA'),(1704,2,''),(1706,1,''),(1706,2,''),(1707,1,'store.joelknafo-art.com Lek - Catalogue exposition \\\\\"Décadence Urbaine\\\\\"'),(1707,2,''),(1708,1,'store.joelknafo-art.com Lek - Catalogue exposition \\\\\"Décadence Urbaine\\\\\"'),(1708,2,''),(1710,1,'store.joelknafo-art.com Vermibus - Confidence'),(1710,2,''),(1712,1,'store.joelknafo-art.com Vermibus - Dejected'),(1712,2,''),(1714,1,'store.joelknafo-art.com Vermibus - Helio en mis pestanas'),(1714,2,''),(1716,1,'store.joelknafo-art.com Vermibus - Tension'),(1716,2,''),(1718,1,'store.joelknafo-art.com Vermibus - Twisting'),(1718,2,''),(1720,1,'store.joelknafo-art.com Vermibus - Untitled 6'),(1720,2,''),(1722,1,'store.joelknafo-art.com Vermibus - Untitled 14'),(1722,2,''),(1724,1,'store.joelknafo-art.com Vermibus - Untitled 16'),(1724,2,''),(1727,1,'store.joelknafo-art.com Vermibus - Untitled 17'),(1727,2,''),(1729,1,'store.joelknafo-art.com Vermibus - Untitled 20'),(1729,2,''),(1731,1,'store.joelknafo-art.com Vermibus - Untitled 2'),(1731,2,''),(1732,1,'store.joelknafo-art.com Amandine Urruty - Lamb'),(1732,2,''),(1734,1,'store.joelknafo-art.com Amandine Urruty - Pomegranate'),(1734,2,''),(1736,1,'store.joelknafo-art.com Amandine Urruty - Snake'),(1736,2,''),(1737,1,'store.joelknafo-art.com C215 - Chat'),(1737,2,''),(1739,1,'store.joelknafo-art.com C215 - Chat allongé'),(1739,2,''),(1741,1,'store.joelknafo-art.com C215 - Far cry'),(1741,2,''),(1743,1,'store.joelknafo-art.com C215 - Fille anonyme'),(1743,2,''),(1745,1,'store.joelknafo-art.com C215 - Méduse'),(1745,2,''),(1747,1,''),(1747,2,''),(1748,1,'store.joelknafo-art.com C215 - Bring Back Our Girls red'),(1748,2,''),(1750,1,'store.joelknafo-art.com C215 - Bring Back Our Girls blue'),(1750,2,''),(1752,1,'store.joelknafo-art.com Logan Hicks - Wonder Wheel'),(1752,2,''),(1753,1,'store.joelknafo-art.com Logan Hicks - Ten Bells'),(1753,2,''),(1754,1,'store.joelknafo-art.com Logan Hicks - Hommage to Margareta Haverman'),(1754,2,''),(1755,1,'store.joelknafo-art.com Logan Hicks - Furio'),(1755,2,''),(1756,1,'store.joelknafo-art.com Logan Hicks - Vanity Fair'),(1756,2,''),(1757,1,'store.joelknafo-art.com Logan Hicks - Chet'),(1757,2,''),(1758,1,'store.joelknafo-art.com Logan Hicks - Mcbeth'),(1758,2,''),(1759,1,'store.joelknafo-art.com Logan Hicks - Rainy day'),(1759,2,''),(1760,1,'store.joelknafo-art.com Logan Hicks - Story of my life'),(1760,2,''),(1761,1,'store.joelknafo-art.com Logan Hicks - Heart of Champagne'),(1761,2,''),(1762,1,'store.joelknafo-art.com Logan Hicks - What do you get'),(1762,2,''),(1763,1,'store.joelknafo-art.com Logan Hicks - Fanelli'),(1763,2,''),(1766,1,'store.joelknafo-art.com Miss Tic - L\'avenir a une excellente mémoire'),(1766,2,''),(1768,1,'store.joelknafo-art.com Miss Tic - Coeur de cible'),(1768,2,''),(1769,1,'store.joelknafo-art.com C215 - Mohamed Osman (Spahi algérien)'),(1769,2,''),(1770,1,'store.joelknafo-art.com C215 - Mohamed Osman (Spahi algérien)'),(1770,2,''),(1771,1,'store.joelknafo-art.com C215 - Mohamed Osman (Spahi algérien)'),(1771,2,''),(1772,1,'store.joelknafo-art.com C215 - Sans Titre'),(1772,2,'C215 - Sans Titre - Pochoir sur porte ancienne en bois - 64x56cm - 2017'),(1773,1,'store.joelknafo-art.com Miss Tic – Tout achever sauf le désir'),(1773,2,''),(1774,1,'store.joelknafo-art.com Miss Tic – Tout achever sauf le désir'),(1774,2,''),(1775,1,'store.joelknafo-art.com Miss Tic - Ma langue bat comme le coeur'),(1775,2,'Miss Tic - Ma langue bat comme le coeur - pochoir sur parpaing - 45x19x10cm - 2017'),(1776,1,'store.joelknafo-art.com Miss Tic - Ma langue bat comme le coeur'),(1776,2,''),(1777,1,'store.joelknafo-art.com Miss Tic - Souriez vous êtes vivants'),(1777,2,''),(1778,1,'store.joelknafo-art.com Miss Tic - Souriez vous êtes vivants'),(1778,2,''),(1780,1,'store.joelknafo-art.com Logan Hicks - Gotham'),(1780,2,''),(1782,1,'store.joelknafo-art.com Logan Hicks - Textures of the City'),(1782,2,''),(1784,1,''),(1784,2,''),(1785,1,''),(1785,2,''),(1788,1,''),(1788,2,''),(1789,1,''),(1789,2,'');

--
-- Table structure for table `pre3303_image_shop`
--

CREATE TABLE `pre3303_image_shop` (
  `id_product` int(10) unsigned NOT NULL,
  `id_image` int(11) unsigned NOT NULL,
  `id_shop` int(11) unsigned NOT NULL,
  `cover` tinyint(1) unsigned DEFAULT NULL,
  PRIMARY KEY (`id_image`,`id_shop`),
  UNIQUE KEY `id_product` (`id_product`,`id_shop`,`cover`),
  KEY `id_shop` (`id_shop`)
) ENGINE=InnoDB DEFAULT CHARSET=utf8;

--
-- Dumping data for table `pre3303_image_shop`
--

INSERT INTO `pre3303_image_shop` VALUES (0,18,5,NULL),(0,19,5,NULL),(0,20,5,NULL),(0,29,5,NULL),(0,30,5,NULL),(0,31,5,NULL),(0,32,5,NULL),(0,33,5,NULL),(0,34,5,NULL),(0,36,5,NULL),(0,37,5,NULL),(0,38,5,NULL),(0,39,5,NULL),(0,40,5,NULL),(0,43,5,NULL),(0,45,5,NULL),(0,46,5,NULL),(0,58,5,NULL),(0,59,5,NULL),(0,60,5,NULL),(0,61,5,NULL),(0,73,5,NULL),(0,78,5,NULL),(0,85,5,NULL),(0,86,5,NULL),(0,96,5,NULL),(0,99,5,NULL),(0,100,5,NULL),(0,114,5,NULL),(0,115,5,NULL),(0,116,5,NULL),(0,124,5,NULL),(0,125,5,NULL),(0,126,5,NULL),(0,127,5,NULL),(0,128,5,NULL),(0,129,5,NULL),(0,130,5,NULL),(0,131,5,NULL),(0,132,5,NULL),(0,133,5,NULL),(0,134,5,NULL),(0,136,5,NULL),(0,137,5,NULL),(0,142,5,NULL),(0,143,5,NULL),(0,145,5,NULL),(0,160,5,NULL),(0,161,5,NULL),(0,162,5,NULL),(0,163,5,NULL),(0,173,5,NULL),(0,174,5,NULL),(0,175,5,NULL),(0,176,5,NULL),(0,177,5,NULL),(0,179,5,NULL),(0,182,5,NULL),(0,206,5,NULL),(0,207,5,NULL),(0,208,5,NULL),(0,241,5,NULL),(0,242,5,NULL),(0,244,5,NULL),(0,246,5,NULL),(0,248,5,NULL),(0,249,5,NULL),(0,252,5,NULL),(0,253,5,NULL),(0,254,5,NULL),(0,255,5,NULL),(0,256,5,NULL),(0,257,5,NULL),(0,258,5,NULL),(0,259,5,NULL),(0,110,5,1),(2546,272,2,1),(2546,272,4,1),(2546,272,5,1),(2547,273,2,1),(2547,273,4,1),(2547,273,5,1),(2574,3,4,1),(2576,4,4,1),(2577,5,4,1),(2578,6,4,1),(2579,7,4,1),(2580,8,4,1),(2582,9,4,1),(2583,10,4,1),(2585,1087,2,1),(2585,1087,4,1),(2585,1087,5,1),(2586,12,4,1),(2587,13,4,1),(2588,14,4,1),(2589,15,4,1),(2590,16,4,1),(2617,17,4,1),(2617,587,5,1),(2619,18,4,1),(2621,19,4,1),(2624,20,4,1),(2694,21,4,1),(2694,534,5,NULL),(2694,535,5,1),(2695,22,4,1),(2695,539,5,1),(2696,23,4,1),(2696,537,5,NULL),(2696,536,5,1),(2697,24,4,1),(2697,538,5,1),(2702,25,4,1),(2702,532,5,1),(2703,280,4,1),(2705,27,4,NULL),(2705,278,4,1),(2706,28,4,1),(2706,541,5,NULL),(2706,542,5,NULL),(2706,540,5,1),(2746,29,4,1),(2746,588,5,1),(2747,30,4,1),(2748,31,4,1),(2749,32,4,1),(2750,33,4,1),(2753,34,4,1),(2754,35,4,1),(2754,533,5,1),(2756,36,4,1),(2757,37,4,1),(2758,38,4,1),(2759,39,4,1),(2760,40,4,1),(2763,41,4,1),(2844,281,4,1),(2937,43,4,1),(2977,44,4,1),(3052,549,2,1),(3052,45,4,1),(3071,486,2,1),(3071,46,4,1),(3096,47,4,1),(3097,48,4,1),(3310,49,4,1),(3325,50,4,1),(3329,51,4,1),(3364,52,4,1),(3535,53,4,1),(3556,54,4,1),(3650,55,4,1),(3661,56,4,1),(3662,57,4,1),(3818,512,2,1),(3818,58,4,1),(3820,59,2,1),(3836,60,2,1),(3846,61,2,1),(3955,491,2,1),(3955,62,4,1),(3957,492,2,1),(3957,63,4,1),(3966,64,4,1),(3974,65,4,1),(3980,66,4,1),(3982,67,4,1),(3996,68,4,1),(4000,69,4,1),(4008,70,4,1),(4010,71,4,1),(4016,72,4,1),(4026,73,2,1),(4028,487,2,1),(4028,74,4,1),(4030,485,2,1),(4030,75,4,1),(4034,483,2,1),(4034,76,4,1),(4039,488,2,1),(4039,77,4,1),(4059,78,2,1),(4070,79,4,1),(4072,80,4,1),(4074,81,4,1),(4081,82,4,1),(4082,83,4,1),(4118,84,4,1),(4220,87,4,1),(4287,88,4,1),(4298,89,4,1),(4320,292,4,1),(4462,92,4,1),(4474,94,4,1),(4475,93,4,1),(4482,95,4,1),(4487,511,2,1),(4487,96,4,1),(4547,97,4,1),(4588,496,2,1),(4588,98,4,1),(4737,99,4,1),(4739,100,4,1),(4742,101,4,1),(4744,102,4,1),(4746,103,4,1),(4748,104,4,1),(4793,105,4,1),(4795,106,4,1),(4830,493,2,1),(4830,107,4,1),(4832,490,2,1),(4832,108,4,1),(4835,109,4,1),(4837,548,2,1),(4837,110,4,1),(4839,111,4,1),(4841,112,4,1),(4843,489,2,1),(4843,113,4,1),(4847,114,2,1),(4851,115,4,1),(4853,116,2,1),(4858,117,4,1),(4860,118,4,1),(4872,119,4,1),(4874,120,4,1),(4878,121,4,1),(4883,122,4,1),(4885,123,4,1),(4890,550,2,1),(4890,124,4,1),(4892,551,2,1),(4892,125,4,1),(4896,126,2,1),(4898,127,2,1),(4910,128,2,1),(4917,129,2,1),(4919,130,2,1),(4921,131,2,1),(4923,132,2,1),(4925,133,2,1),(4927,134,2,1),(4929,590,2,1),(4929,135,4,1),(4931,136,2,1),(4933,137,2,1),(4944,138,4,1),(4947,139,4,1),(4950,140,4,1),(4953,141,4,1),(4959,510,2,1),(4959,142,4,1),(4963,509,2,1),(4963,143,4,1),(4965,1026,4,NULL),(4965,144,4,1),(4979,508,2,1),(4979,145,4,1),(4983,146,4,1),(4987,147,4,1),(5016,303,4,1),(5018,302,4,1),(5020,301,4,1),(5028,300,4,1),(5031,148,4,1),(5049,149,4,1),(5057,150,4,1),(5058,151,4,1),(5113,288,4,1),(5140,154,4,1),(5141,155,4,1),(5142,156,4,1),(5144,157,4,1),(5145,158,4,1),(5146,159,4,1),(5149,160,2,1),(5151,161,2,1),(5154,162,2,1),(5155,163,2,1),(5162,165,4,1),(5163,166,4,1),(5164,167,4,1),(5165,168,4,1),(5166,169,4,1),(5169,171,4,1),(5170,172,4,1),(5286,173,4,1),(5299,174,4,1),(5301,175,4,1),(5302,176,4,1),(5303,177,4,1),(5338,178,4,1),(5432,179,2,1),(5436,545,2,1),(5436,180,4,1),(5440,544,2,1),(5440,181,4,1),(5442,543,2,1),(5442,182,4,1),(5445,183,4,1),(5453,184,4,1),(5455,185,4,1),(5459,186,4,1),(5462,187,4,1),(5464,188,4,1),(5487,189,4,1),(5497,190,4,1),(5498,191,4,1),(5499,192,4,1),(5500,193,4,1),(5501,194,4,1),(5502,195,4,1),(5503,196,4,1),(5522,287,4,NULL),(5522,286,4,1),(5523,289,4,1),(5524,283,4,NULL),(5524,284,4,NULL),(5524,282,4,1),(5527,367,4,1),(5530,471,4,NULL),(5530,472,4,NULL),(5530,473,4,NULL),(5530,474,4,NULL),(5530,475,4,NULL),(5530,476,4,NULL),(5530,477,4,NULL),(5530,478,4,NULL),(5530,479,4,NULL),(5530,480,4,NULL),(5530,481,4,NULL),(5530,482,4,NULL),(5530,198,4,1),(5560,201,4,1),(5562,205,4,1),(5564,204,4,1),(5566,202,4,1),(5568,203,4,1),(5578,206,2,1),(5580,207,2,1),(5582,208,2,1),(5584,209,4,1),(5586,210,4,1),(5589,211,4,1),(5595,212,4,1),(5683,213,4,1),(5703,214,4,1),(5722,266,4,1),(5740,216,4,1),(5744,217,4,1),(5756,218,4,1),(5757,221,4,1),(5758,220,4,1),(5759,219,4,1),(5763,222,4,1),(5776,223,4,1),(5777,224,4,1),(5778,225,4,1),(5779,226,4,1),(5824,227,4,1),(5864,228,4,1),(5865,229,4,1),(5867,230,4,1),(5875,231,4,1),(5876,232,4,1),(5877,233,4,1),(5878,234,4,1),(5879,235,4,1),(5881,236,4,1),(5884,237,4,1),(5885,238,4,1),(5899,239,4,1),(5902,494,2,1),(5902,240,4,1),(5903,495,2,1),(5903,241,4,1),(5905,242,2,1),(5909,916,2,1),(5909,243,4,1),(5909,547,5,1),(5911,244,2,1),(5935,245,4,1),(5943,246,2,1),(5944,531,2,1),(5944,247,4,1),(5945,248,2,1),(5956,249,2,1),(5960,250,4,1),(5975,546,2,1),(5975,251,4,1),(5977,252,2,1),(5980,253,2,1),(5982,254,2,1),(5983,255,2,1),(5988,256,2,1),(5993,257,2,1),(5994,258,2,1),(5995,530,2,1),(5995,259,4,1),(6012,260,4,1),(6017,261,4,1),(6019,262,4,1),(6028,267,4,1),(6030,271,4,1),(6031,270,4,1),(6032,274,4,1),(6033,291,4,1),(6034,294,2,NULL),(6034,293,2,1),(6034,294,4,NULL),(6034,293,4,1),(6034,294,5,NULL),(6034,293,5,1),(6035,298,4,NULL),(6035,297,4,1),(6036,327,4,1),(6038,338,4,1),(6040,346,2,NULL),(6040,347,2,NULL),(6040,340,4,NULL),(6040,341,4,NULL),(6040,342,4,NULL),(6040,343,4,NULL),(6040,344,4,NULL),(6040,345,4,NULL),(6040,346,4,NULL),(6040,347,4,NULL),(6040,339,4,1),(6040,346,5,NULL),(6040,347,5,NULL),(6042,312,4,1),(6043,313,4,1),(6044,320,4,1),(6045,306,4,1),(6046,308,4,1),(6047,319,4,1),(6048,330,2,NULL),(6048,329,2,1),(6048,330,4,NULL),(6048,329,4,1),(6048,330,5,NULL),(6048,329,5,1),(6050,328,4,1),(6051,326,4,NULL),(6051,324,4,1),(6052,325,4,1),(6053,318,4,1),(6054,317,4,1),(6056,337,4,1),(6057,332,4,NULL),(6057,333,4,NULL),(6057,334,4,NULL),(6057,331,4,1),(6058,336,4,NULL),(6058,335,4,1),(6061,322,4,NULL),(6061,321,4,1),(6063,354,4,1),(6064,348,4,1),(6065,349,4,1),(6066,351,4,1),(6067,352,4,1),(6068,353,4,1),(6069,355,4,1),(6070,356,4,1),(6071,357,4,1),(6072,358,4,1),(6074,360,4,1),(6077,430,4,1),(6079,379,4,1),(6080,378,4,1),(6081,377,4,1),(6082,376,4,1),(6083,375,4,1),(6084,368,4,1),(6089,427,4,NULL),(6089,381,4,1),(6090,426,4,NULL),(6090,380,4,1),(6092,370,4,1),(6093,373,4,NULL),(6093,372,4,1),(6094,425,4,NULL),(6094,382,4,1),(6095,424,4,NULL),(6095,384,4,1),(6096,423,4,NULL),(6096,386,4,1),(6097,422,4,NULL),(6097,388,4,1),(6098,421,4,NULL),(6098,390,4,1),(6099,420,4,NULL),(6099,392,4,1),(6100,419,4,NULL),(6100,394,4,1),(6101,418,4,NULL),(6101,396,4,1),(6102,417,4,NULL),(6102,398,4,1),(6103,413,4,NULL),(6103,400,4,1),(6104,416,4,NULL),(6104,402,4,1),(6106,405,4,1),(6107,407,4,1),(6109,415,4,NULL),(6109,410,4,1),(6110,414,4,NULL),(6110,412,4,1),(6111,429,4,1),(6112,431,5,1),(6113,433,5,1),(6114,435,4,1),(6115,437,4,1),(6116,439,4,1),(6117,441,4,1),(6118,443,5,1),(6119,445,4,NULL),(6119,447,4,1),(6120,448,4,NULL),(6120,450,4,1),(6121,451,4,NULL),(6121,453,4,1),(6123,456,4,NULL),(6123,457,4,1),(6124,459,4,NULL),(6124,460,4,1),(6125,461,4,NULL),(6125,463,4,1),(6126,464,4,NULL),(6126,466,4,1),(6127,467,4,NULL),(6127,470,4,1),(6128,499,2,1),(6129,501,2,1),(6130,503,2,1),(6131,505,2,1),(6132,507,2,1),(6133,514,2,1),(6134,516,2,1),(6135,518,2,1),(6136,520,2,1),(6137,522,2,1),(6138,524,2,1),(6139,526,2,1),(6140,528,2,1),(6141,554,2,1),(6142,556,2,1),(6143,558,2,1),(6144,560,2,1),(6145,562,2,1),(6146,564,2,1),(6147,566,2,1),(6148,569,2,1),(6149,572,2,1),(6150,574,2,1),(6151,576,2,1),(6152,578,2,1),(6153,580,2,1),(6154,582,2,1),(6155,584,2,1),(6156,586,2,1),(6157,589,5,1),(6158,593,2,NULL),(6158,592,2,1),(6162,595,2,1),(6163,597,2,1),(6164,599,2,1),(6165,602,2,NULL),(6165,601,2,1),(6166,605,2,1),(6167,646,2,1),(6168,899,2,1),(6168,610,5,1),(6169,612,2,1),(6170,614,2,1),(6171,898,2,1),(6171,616,5,1),(6172,897,2,1),(6172,618,5,1),(6173,620,2,1),(6174,622,2,1),(6175,624,2,1),(6176,626,2,1),(6177,628,2,1),(6178,630,2,1),(6179,632,2,1),(6180,634,2,1),(6181,635,4,1),(6182,637,4,1),(6183,639,4,1),(6184,641,4,1),(6187,645,2,1),(6189,648,4,1),(6190,651,4,1),(6191,653,4,1),(6192,655,4,1),(6193,1020,4,1),(6194,659,4,1),(6195,660,4,1),(6196,664,4,NULL),(6196,661,4,1),(6197,663,4,1),(6198,666,4,1),(6199,669,4,1),(6202,670,5,1),(6203,753,2,1),(6203,671,5,1),(6204,751,2,1),(6204,672,5,1),(6205,752,2,1),(6205,673,5,1),(6206,749,2,1),(6206,674,5,1),(6207,754,2,1),(6207,675,5,1),(6209,750,2,1),(6209,677,5,1),(6210,680,2,1),(6210,678,5,1),(6213,681,2,1),(6214,682,2,1),(6215,684,2,1),(6216,685,2,1),(6218,686,2,1),(6219,688,2,1),(6220,690,2,1),(6221,692,2,1),(6222,694,2,1),(6223,696,2,1),(6224,698,2,1),(6225,700,2,1),(6226,702,2,1),(6227,704,2,1),(6228,706,2,1),(6229,708,2,1),(6230,710,2,1),(6231,712,2,1),(6232,713,2,1),(6233,714,2,1),(6234,715,2,1),(6235,716,2,1),(6236,717,2,1),(6237,718,2,1),(6238,719,2,1),(6239,720,2,1),(6241,722,2,1),(6242,724,2,1),(6243,726,2,1),(6244,728,2,1),(6245,730,2,1),(6246,731,2,1),(6248,738,2,1),(6249,737,2,1),(6250,740,2,1),(6251,741,2,1),(6252,742,2,1),(6253,744,2,1),(6254,746,2,1),(6255,748,2,1),(6256,756,2,1),(6257,758,2,1),(6258,761,2,1),(6259,763,2,1),(6260,765,2,1),(6261,766,2,1),(6262,768,2,1),(6263,770,2,1),(6264,772,2,1),(6265,774,2,1),(6266,776,2,1),(6267,778,2,1),(6268,780,2,1),(6269,782,2,1),(6270,784,2,1),(6271,786,2,1),(6272,788,2,1),(6273,790,2,1),(6274,792,2,1),(6275,794,2,1),(6276,796,2,1),(6277,798,2,1),(6278,800,2,1),(6279,802,2,1),(6280,804,2,1),(6281,806,2,1),(6282,808,2,1),(6283,810,2,1),(6284,812,2,1),(6288,814,4,1),(6289,816,4,1),(6290,818,4,1),(6291,820,4,1),(6292,822,4,1),(6293,824,4,1),(6294,826,4,1),(6295,828,4,1),(6296,829,4,1),(6297,831,4,1),(6298,833,4,1),(6299,834,4,1),(6300,836,4,1),(6301,837,4,1),(6302,839,2,1),(6303,841,2,1),(6304,843,4,1),(6305,845,4,1),(6306,846,2,1),(6307,849,2,1),(6308,848,2,1),(6309,851,2,1),(6310,852,2,1),(6311,853,2,1),(6312,854,2,1),(6315,857,2,1),(6317,858,2,1),(6318,860,2,1),(6319,862,2,1),(6320,908,2,1),(6321,866,2,1),(6322,868,2,1),(6323,870,2,1),(6324,872,2,1),(6325,874,2,1),(6326,876,2,1),(6327,878,2,NULL),(6327,881,2,1),(6328,880,2,1),(6329,882,2,NULL),(6329,884,2,1),(6330,885,2,NULL),(6330,887,2,1),(6331,888,2,NULL),(6331,890,2,1),(6332,891,2,NULL),(6332,893,2,1),(6334,894,2,1),(6335,896,2,1),(6336,901,2,1),(6337,903,2,1),(6338,905,2,1),(6339,907,2,1),(6340,910,2,1),(6341,912,2,1),(6342,914,2,1),(6344,918,2,1),(6344,918,4,1),(6344,918,5,1),(6350,922,2,1),(6350,922,4,1),(6350,922,5,1),(6353,923,4,1),(6354,924,4,1),(6357,926,2,1),(6358,928,2,1),(6359,930,2,1),(6360,932,2,1),(6361,934,2,1),(6362,936,2,1),(6363,937,2,1),(6364,939,2,1),(6365,941,2,1),(6366,943,2,1),(6367,945,2,1),(6368,947,2,1),(6369,949,2,1),(6370,951,2,1),(6371,953,2,1),(6372,955,2,1),(6373,957,2,1),(6374,959,2,1),(6375,961,2,1),(6377,964,2,1),(6378,966,2,1),(6379,968,2,1),(6380,970,2,1),(6381,972,2,1),(6382,974,2,1),(6383,976,2,1),(6385,977,4,1),(6386,979,2,1),(6387,981,2,1),(6388,983,2,1),(6389,985,2,1),(6390,987,2,1),(6391,989,2,1),(6393,991,2,1),(6394,994,2,1),(6398,995,2,1),(6399,997,4,1),(6400,999,2,1),(6400,999,4,1),(6400,999,5,1),(6405,1001,4,NULL),(6405,1002,4,NULL),(6405,1003,4,NULL),(6405,1004,4,NULL),(6405,1000,4,1),(6407,1006,4,1),(6409,1007,4,1),(6410,1008,4,1),(6411,1009,4,1),(6412,1010,4,1),(6413,1012,4,1),(6414,1013,4,NULL),(6414,1015,4,NULL),(6414,1016,4,1),(6415,1017,4,1),(6416,1028,4,NULL),(6416,1027,4,1),(6417,1030,4,NULL),(6417,1029,4,1),(6419,1034,4,NULL),(6419,1033,4,1),(6420,1037,4,1),(6421,1039,4,1),(6422,1049,4,1),(6423,1043,4,1),(6424,1045,4,1),(6425,1048,4,1),(6430,1052,2,1),(6431,1054,2,1),(6432,1056,2,1),(6433,1058,2,1),(6434,1060,2,1),(6435,1062,4,1),(6436,1064,2,1),(6437,1066,2,1),(6438,1068,2,1),(6439,1070,2,1),(6440,1072,2,1),(6441,1074,2,1),(6442,1076,2,1),(6443,1078,2,1),(6444,1080,4,1),(6445,1082,4,1),(6446,1084,4,1),(6447,1086,4,1),(6451,1089,4,1),(6452,1091,4,1),(6453,1093,4,1),(6454,1095,4,1),(6455,1097,4,1),(6456,1099,4,1),(6457,1101,4,1),(6458,1103,4,1),(6459,1105,4,1),(6460,1107,4,1),(6461,1109,4,1),(6462,1111,4,1),(6466,1131,4,NULL),(6466,1113,4,1),(6467,1116,4,NULL),(6467,1117,4,NULL),(6467,1115,4,1),(6468,1122,4,NULL),(6468,1121,4,1),(6469,1126,4,NULL),(6469,1125,4,1),(6470,1128,4,1),(6471,1747,2,NULL),(6471,1130,4,1),(6472,1134,4,1),(6474,1150,4,NULL),(6474,1151,4,NULL),(6474,1152,4,NULL),(6474,1153,4,NULL),(6474,1154,4,NULL),(6474,1155,4,NULL),(6474,1156,4,NULL),(6474,1157,4,NULL),(6474,1149,4,1),(6475,1148,4,1),(6476,1161,4,NULL),(6476,1162,4,NULL),(6476,1160,4,1),(6477,1165,4,NULL),(6477,1164,4,1),(6478,1169,4,NULL),(6478,1170,4,NULL),(6478,1168,4,1),(6479,1175,4,NULL),(6479,1176,4,NULL),(6479,1174,4,1),(6480,1181,4,NULL),(6480,1182,4,NULL),(6480,1180,4,1),(6481,1185,4,NULL),(6481,1186,4,NULL),(6481,1187,4,NULL),(6481,1184,4,1),(6482,1359,2,1),(6483,1360,2,1),(6484,1365,2,1),(6485,1364,2,1),(6486,1361,2,1),(6487,1203,2,NULL),(6487,1209,2,1),(6488,1366,2,1),(6489,1374,2,1),(6490,1362,2,1),(6491,1363,2,1),(6493,1510,2,1),(6495,1227,4,NULL),(6495,1228,4,NULL),(6495,1226,4,1),(6497,1233,4,1),(6498,1235,4,1),(6499,1237,4,1),(6500,1238,2,1),(6500,1238,4,1),(6501,1263,2,1),(6502,1264,2,1),(6504,1367,2,1),(6505,1370,2,1),(6506,1371,2,1),(6507,1250,4,1),(6508,1372,2,1),(6509,1255,4,1),(6510,1373,2,1),(6511,1260,2,1),(6511,1260,4,1),(6512,1262,2,1),(6512,1262,4,1),(6513,1266,2,1),(6514,1268,2,1),(6515,1270,2,1),(6516,1272,2,1),(6517,1300,2,NULL),(6517,1301,2,NULL),(6517,1274,2,1),(6518,1276,2,1),(6519,1278,2,1),(6520,1280,2,1),(6522,1284,2,1),(6522,1284,4,1),(6525,1285,2,1),(6525,1285,4,1),(6526,1287,2,1),(6527,1289,2,1),(6528,1291,2,1),(6529,1293,2,1),(6530,1295,2,1),(6531,1297,2,1),(6532,1299,2,1),(6533,1304,2,NULL),(6533,1303,2,1),(6534,1308,2,NULL),(6534,1307,2,1),(6535,1311,2,1),(6536,1313,2,1),(6537,1315,2,1),(6538,1317,2,1),(6539,1319,2,1),(6540,1321,2,1),(6541,1323,2,1),(6542,1325,2,1),(6543,1327,4,1),(6545,1331,4,1),(6546,1333,4,1),(6547,1369,2,1),(6549,1368,2,1),(6550,1345,4,1),(6551,1347,4,1),(6552,1349,4,1),(6553,1351,4,1),(6554,1353,4,1),(6555,1355,4,1),(6556,1358,2,1),(6557,1376,2,1),(6558,1378,2,1),(6559,1380,2,1),(6560,1382,2,1),(6561,1384,2,1),(6562,1387,2,1),(6563,1389,2,1),(6564,1391,2,1),(6565,1393,2,1),(6566,1395,2,1),(6567,1397,2,1),(6568,1399,2,1),(6569,1401,2,1),(6570,1403,2,1),(6571,1406,2,1),(6572,1408,2,1),(6573,1410,2,1),(6574,1412,2,1),(6575,1415,2,NULL),(6575,1414,2,1),(6576,1419,2,NULL),(6576,1418,2,1),(6577,1423,2,NULL),(6577,1422,2,1),(6578,1426,2,1),(6579,1429,2,NULL),(6579,1428,2,1),(6580,1433,2,NULL),(6580,1432,2,1),(6581,1437,2,NULL),(6581,1436,2,1),(6583,1439,4,1),(6584,1441,4,1),(6585,1443,4,1),(6586,1445,4,1),(6587,1447,4,1),(6588,1449,4,1),(6589,1451,4,1),(6590,1453,4,1),(6591,1455,4,1),(6592,1457,4,1),(6593,1459,4,1),(6594,1463,2,NULL),(6594,1462,2,1),(6595,1465,2,1),(6596,1466,2,1),(6597,1468,4,1),(6598,1470,4,1),(6599,1472,4,1),(6600,1474,4,1),(6601,1476,4,1),(6602,1478,4,1),(6603,1480,4,1),(6604,1482,4,1),(6605,1519,2,1),(6606,1486,2,NULL),(6606,1485,2,1),(6607,1488,2,1),(6608,1490,2,1),(6609,1492,2,1),(6610,1494,2,1),(6611,1496,2,1),(6612,1498,2,1),(6613,1500,2,1),(6614,1502,2,1),(6615,1505,2,1),(6616,1507,2,1),(6617,1509,2,1),(6618,1512,2,1),(6619,1514,2,1),(6620,1516,2,1),(6621,1518,2,1),(6622,1521,4,1),(6623,1523,4,1),(6624,1525,2,1),(6626,1527,4,1),(6629,1530,4,1),(6630,1532,2,1),(6631,1534,2,1),(6632,1536,4,1),(6633,1563,4,1),(6634,1562,4,1),(6635,1545,4,1),(6636,1547,4,1),(6638,1551,4,1),(6640,1553,2,NULL),(6640,1554,2,NULL),(6640,1552,2,1),(6640,1553,4,NULL),(6640,1554,4,NULL),(6640,1552,4,1),(6641,1556,2,NULL),(6641,1557,2,NULL),(6641,1558,2,1),(6641,1556,4,NULL),(6641,1557,4,NULL),(6641,1558,4,1),(6642,1561,4,NULL),(6642,1560,4,1),(6643,1565,2,1),(6644,1567,2,1),(6645,1569,2,1),(6646,1571,2,1),(6647,1573,2,1),(6648,1575,2,1),(6649,1577,2,1),(6650,1579,2,1),(6651,1581,2,1),(6652,1583,2,1),(6653,1585,2,1),(6654,1587,2,1),(6655,1592,2,1),(6656,1591,2,1),(6657,1593,2,1),(6657,1593,4,1),(6658,1595,2,1),(6658,1595,4,1),(6659,1597,2,1),(6659,1597,4,1),(6660,1600,2,NULL),(6660,1601,2,NULL),(6660,1602,2,NULL),(6660,1603,2,NULL),(6660,1604,2,NULL),(6660,1605,2,NULL),(6660,1606,2,NULL),(6660,1607,2,NULL),(6660,1599,2,1),(6660,1600,4,NULL),(6660,1601,4,NULL),(6660,1602,4,NULL),(6660,1603,4,NULL),(6660,1604,4,NULL),(6660,1605,4,NULL),(6660,1606,4,NULL),(6660,1607,4,NULL),(6660,1599,4,1),(6661,1609,2,1),(6662,1610,4,1),(6663,1611,4,1),(6664,1613,4,1),(6665,1615,4,1),(6666,1617,4,1),(6667,1619,4,1),(6668,1621,4,1),(6669,1624,4,NULL),(6669,1623,4,1),(6670,1627,4,NULL),(6670,1626,4,1),(6671,1631,4,NULL),(6671,1630,4,1),(6676,1634,4,1),(6677,1636,2,1),(6678,1638,2,1),(6681,1643,2,1),(6682,1645,2,1),(6683,1647,2,1),(6684,1649,2,1),(6685,1651,2,1),(6686,1653,2,1),(6687,1655,2,1),(6688,1657,2,1),(6689,1659,2,1),(6690,1661,2,1),(6691,1663,2,1),(6692,1665,2,1),(6693,1667,2,1),(6694,1669,2,1),(6695,1671,2,1),(6696,1673,2,1),(6697,1676,2,1),(6698,1678,2,1),(6699,1680,2,1),(6700,1682,2,1),(6701,1684,2,1),(6702,1686,2,1),(6703,1688,2,1),(6704,1691,2,1),(6705,1693,2,1),(6706,1695,2,1),(6707,1697,2,1),(6708,1699,2,1),(6709,1701,2,1),(6711,1703,2,1),(6712,1704,2,1),(6712,1704,4,1),(6714,1706,4,1),(6715,1708,2,NULL),(6715,1707,2,1),(6717,1710,2,1),(6718,1712,2,1),(6719,1714,2,1),(6720,1716,2,1),(6721,1718,2,1),(6722,1720,2,1),(6723,1722,2,1),(6724,1724,2,1),(6725,1727,2,1),(6726,1729,2,1),(6727,1731,2,1),(6728,1732,2,1),(6729,1734,2,1),(6730,1736,2,1),(6731,1737,2,1),(6732,1739,2,1),(6733,1741,2,1),(6734,1743,2,1),(6735,1745,2,1),(6736,1748,2,1),(6737,1750,2,1),(6739,1752,2,1),(6739,1752,4,1),(6740,1753,2,1),(6740,1753,4,1),(6741,1754,2,1),(6741,1754,4,1),(6742,1755,2,1),(6742,1755,4,1),(6743,1756,2,1),(6743,1756,4,1),(6744,1757,2,1),(6744,1757,4,1),(6745,1758,2,1),(6745,1758,4,1),(6746,1759,2,1),(6746,1759,4,1),(6747,1760,2,1),(6747,1760,4,1),(6748,1761,2,1),(6748,1761,4,1),(6749,1762,2,1),(6749,1762,4,1),(6750,1763,2,1),(6750,1763,4,1),(6751,1766,2,1),(6752,1768,2,1),(6753,1770,2,NULL),(6753,1771,2,NULL),(6753,1769,2,1),(6753,1770,4,NULL),(6753,1771,4,NULL),(6753,1769,4,1),(6754,1772,2,1),(6754,1772,4,1),(6755,1774,2,NULL),(6755,1773,2,1),(6755,1774,4,NULL),(6755,1773,4,1),(6756,1776,2,NULL),(6756,1775,2,1),(6756,1776,4,NULL),(6756,1775,4,1),(6757,1778,2,NULL),(6757,1777,2,1),(6757,1778,4,NULL),(6757,1777,4,1),(6758,1780,2,1),(6759,1782,2,1),(6760,1785,4,NULL),(6760,1784,4,1),(6761,1789,4,NULL),(6761,1788,4,1);

--
-- Table structure for table `pre3303_image_type`
--

CREATE TABLE `pre3303_image_type` (
  `id_image_type` int(10) unsigned NOT NULL AUTO_INCREMENT,
  `name` varchar(64) NOT NULL,
  `width` int(10) unsigned NOT NULL,
  `height` int(10) unsigned NOT NULL,
  `products` tinyint(1) NOT NULL DEFAULT '1',
  `categories` tinyint(1) NOT NULL DEFAULT '1',
  `manufacturers` tinyint(1) NOT NULL DEFAULT '1',
  `suppliers` tinyint(1) NOT NULL DEFAULT '1',
  `stores` tinyint(1) NOT NULL DEFAULT '1',
  PRIMARY KEY (`id_image_type`),
  KEY `image_type_name` (`name`)
) ENGINE=InnoDB AUTO_INCREMENT=9 DEFAULT CHARSET=utf8;

--
-- Dumping data for table `pre3303_image_type`
--

INSERT INTO `pre3303_image_type` VALUES (1,'cart_default',125,125,1,0,0,0,0),(2,'small_default',98,98,1,1,1,1,0),(3,'medium_default',452,452,1,0,1,1,0),(4,'home_default',250,250,1,0,0,0,0),(5,'large_default',800,800,1,0,1,1,0),(6,'category_default',141,180,0,1,0,0,0),(7,'stores_default',170,115,0,0,0,0,1),(8,'fpf_image',1200,630,1,0,0,0,0);

--
-- Table structure for table `pre3303_import_match`
--

CREATE TABLE `pre3303_import_match` (
  `id_import_match` int(10) NOT NULL AUTO_INCREMENT,
  `name` varchar(32) NOT NULL,
  `match` text NOT NULL,
  `skip` int(2) NOT NULL,
  PRIMARY KEY (`id_import_match`)
) ENGINE=InnoDB DEFAULT CHARSET=utf8;

--
-- Dumping data for table `pre3303_import_match`
--


--
-- Table structure for table `pre3303_info`
--

CREATE TABLE `pre3303_info` (
  `id_info` int(10) unsigned NOT NULL AUTO_INCREMENT,
  PRIMARY KEY (`id_info`)
) ENGINE=InnoDB AUTO_INCREMENT=4 DEFAULT CHARSET=utf8;

--
-- Dumping data for table `pre3303_info`
--

INSERT INTO `pre3303_info` VALUES (1),(2),(3);

--
-- Table structure for table `pre3303_info_lang`
--

CREATE TABLE `pre3303_info_lang` (
  `id_info` int(10) unsigned NOT NULL,
  `id_lang` int(10) unsigned NOT NULL,
  `text` text NOT NULL,
  `id_shop` int(10) unsigned NOT NULL,
  PRIMARY KEY (`id_info`,`id_lang`,`id_shop`)
) ENGINE=InnoDB DEFAULT CHARSET=utf8;

--
-- Dumping data for table `pre3303_info_lang`
--

INSERT INTO `pre3303_info_lang` VALUES (1,1,'',0),(1,1,'<h3>Custom Text Block</h3>\n<p><strong class=\"dark\">Lorem ipsum dolor sit amet conse ctetu</strong></p>\n<p>Sit amet conse ctetur adipisicing elit, sed do eiusmod tempor incididunt ut labore et dolore magna aliqua. Ut enim ad minim veniam, quis nostrud exercitation ullamco laboris nisi ut aliquip ex ea commodo consequat. Duis aute irure dolor in reprehenderit.</p>',1),(1,2,'',0),(1,2,'<h3>Custom Text Block</h3>\n<p><strong class=\"dark\">Lorem ipsum dolor sit amet conse ctetu</strong></p>\n<p>Sit amet conse ctetur adipisicing elit, sed do eiusmod tempor incididunt ut labore et dolore magna aliqua. Ut enim ad minim veniam, quis nostrud exercitation ullamco laboris nisi ut aliquip ex ea commodo consequat. Duis aute irure dolor in reprehenderit.</p>',1),(2,1,'<div class=\"container-fluid\">\n<div class=\"row\">\n<div class=\"col-md-6\">\n<h3 style=\"text-align:center;\"><span style=\"color:#000000;\"></span><strong><strong>Litho.Online<br />Editions d\'art en ligne ET en galerie</strong></strong></h3>\n<p style=\"text-align:justify;\"><strong>Litho.Online</strong> est une galerie d\'art contemporain exclusivement dédiée aux éditions d\'art : lithographies, sérigraphies, gravures, estampes numériques, sculptures, photographies...</p>\n<p style=\"text-align:justify;\">Notre sélection et nos éditions, réalisées en collaboration avec les meilleurs artistes de la scène française et internationale, sont accessibles sur le site internet litho.online et dans <strong>notre espace d\'exposition situé 21 rue Véron - Paris 18ème.</strong></p>\n<p style=\"text-align:justify;\"><em>Litho.Online</em> s\'engage pour rendre l\'art contemporain accessible au plus grand nombre et propose des œuvres d\'art signées et numérotées mais aussi quelques éditions uniques rehaussées par les artistes.</p>\n<p style=\"text-align:justify;\"><em>Litho.Online</em> garantit l\'authenticité des œuvres présentes sur le site et en galerie. Un certificat est remis lors de chaque acquisition. <strong></strong></p>\n<p style=\"text-align:justify;\"></p>\n</div>\n<div class=\"col-md-3\">\n<h3><span style=\"color:#000000;\">Horaires</span></h3>\n<p style=\"text-align:center;\"><span style=\"color:#000000;\"><br />Litho.Online vous accueille aussi en galerie <br /><strong>21 rue Véron <br />75018 Paris</strong> <br />Métro Abbesses, Pigalle ou Blanche<br /></span></p>\n<table class=\"table\"><tbody><tr><td><span style=\"color:#000000;\">Jeudi au Samedi</span></td>\n<td><span style=\"color:#000000;\"><strong>13h00-19h00</strong></span></td>\n</tr><tr><td><span style=\"color:#000000;\"></span></td>\n<td><span style=\"color:#000000;\"><strong></strong></span></td>\n</tr><tr><td><span style=\"color:#000000;\">Dimanche au Mercredi <br /></span></td>\n<td><span style=\"color:#000000;\"><strong>Fermé</strong></span></td>\n</tr></tbody></table><span style=\"color:#000000;\"> Et sur Rendez-vous par téléphone <strong>+33(0)7 81 61 21 57</strong></span></div>\n<div class=\"col-md-3\">\n<h3><span style=\"color:#000000;\">Newsletter</span></h3>\n<iframe width=\"330\" height=\"250\" style=\"margin-left:auto;margin-right:auto;\" src=\"https://my.sendinblue.com/users/subscribe/js_id/3mcwp/id/1\" frameborder=\"0\" scrolling=\"auto\"></iframe></div>\n</div>\n</div>',4),(2,2,'<div class=\"container-fluid\">\n<div class=\"row\">\n<div class=\"col-md-6\">\n<h3><span style=\"color:#000000;\">About</span></h3>\n<img alt=\"Litho.Online\" src=\"/img/litho-logo-15340162904.jpg\" width=\"94\" height=\"94\" /><p style=\"text-align:center;\"><span id=\"result_box\" xml:lang=\"en\" lang=\"en\"><strong>Litho.Online - Online AND Gallery art editions</strong><br /><span></span></span></p>\n<p style=\"text-align:justify;\"><span xml:lang=\"en\" lang=\"en\"><span><strong>Litho.Online</strong> is a contemporary art gallery exclusively dedicated to art editions: lithographs, serigraphs, engravings, digital prints, sculptures, photographs ...</span><br /><br /><span>Our selection and our editions, realized in collaboration with the best artists of the French and international scene, are accessible on the website litho.online and in our <strong>exhibition space located at 21 rue Véron - Paris 18.</strong></span><br /><br /><span><em>Litho.Online</em> is committed to making contemporary art accessible to the greatest number and proposes works of art signed and numbered but also some unique editions enhanced by the artists.</span><br /><br /><span><em>Litho.Online</em> guarantees the authenticity of the works on the site and in the gallery.</span> <span>A certificate is given at each acquisition.</span></span><br /><span xml:lang=\"en\" lang=\"en\"><strong><span></span></strong></span></p>\n</div>\n<div class=\"col-md-3\">\n<h3><span style=\"color:#000000;\">Openning hours</span></h3>\n<p style=\"text-align:center;\"><span style=\"color:#000000;\"><br />Litho.Online welcomes you also at the gallery <br /><strong>21 rue Véron <br />75018 Paris</strong> <br />Metro station Abbesses</span></p>\n<table class=\"table\"><tbody><tr><td><span style=\"color:#000000;\">Tuesday - Friday</span></td>\n<td><span style=\"color:#000000;\"><strong>14h00-19h30</strong></span></td>\n</tr><tr><td><span style=\"color:#000000;\">Saturday</span></td>\n<td><span style=\"color:#000000;\"><strong>11h00-20h00</strong></span></td>\n</tr><tr><td><span style=\"color:#000000;\">Sunday - Monday</span></td>\n<td><span style=\"color:#000000;\"><strong>Closed</strong></span></td>\n</tr></tbody></table><span style=\"color:#000000;\"> Phone<strong>+33(0)7 81 61 21 57</strong></span></div>\n<div class=\"col-md-3\">\n<h3><span style=\"color:#000000;\">Newsletter</span></h3>\n<iframe width=\"330\" height=\"250\" style=\"margin-left:auto;margin-right:auto;\" src=\"https://my.sendinblue.com/users/subscribe/js_id/3mcwp/id/1\" frameborder=\"0\" scrolling=\"auto\"></iframe></div>\n</div>\n</div>',4),(3,1,'<div class=\"container-fluid\">\n<div class=\"row\">\n<div class=\"col-md-6\">\n<h3><span style=\"color:#000000;\">A propos de</span></h3>\n<img alt=\"Galerie Joël Knafo\" src=\"../img/joelknafo-logo-15384793822.jpg\" width=\"167\" height=\"66\" /><p style=\"text-align:justify;\"><span style=\"color:#000000;\">Créée en 2014, la galerie Joël Knafo inaugure en octobre 2018 un nouvel espace d’exposition de 150m2 situé 182 rue du Faubourg Saint-Honoré – 75008 Paris. En représentant une dizaine d’artistes nationaux et internationaux, la galerie construit des liens durables entre collectionneurs et artistes et peut développer des propositions artistiques d’envergure notamment dans l’espace public. Autour d’une ligne qui place la narration au cœur de l’expression formelle, la galerie Joël Knafo présente deux écritures qui se développent autour de la gestuelle et du mouvement pour l’une, et se révèlent sous forme de poésie et de quête de sens pour l’autre.</span></p>\n</div>\n<div class=\"col-md-3\">\n<h3><span style=\"color:#000000;\">Horaires</span></h3>\n<p style=\"text-align:center;\"><span style=\"color:#000000;\"><br />La Galerie Joël Knafo vous accueille au<br /><strong>182 rue du Faubourg Saint-Honoré <br />75008 Paris</strong> <br /></span></p>\n<table class=\"table\"><tbody><tr><td><span style=\"color:#000000;\">Mardi - Vendredi</span></td>\n<td><span style=\"color:#000000;\"><strong>11h00-19h00</strong></span></td>\n</tr><tr><td><span style=\"color:#000000;\">Samedi</span></td>\n<td><span style=\"color:#000000;\"><strong>13h00-19h00</strong></span></td>\n</tr><tr><td><span style=\"color:#000000;\">Dimanche - Lundi</span></td>\n<td><span style=\"color:#000000;\"><strong>Sur rendez-vous</strong></span></td>\n</tr></tbody></table><span style=\"color:#000000;\"> Téléphone <strong>+33(0)7 81 61 21 57</strong></span></div>\n<div class=\"col-md-3\">\n<h3><span style=\"color:#000000;\">Newsletter</span></h3>\n<iframe width=\"330\" height=\"250\" style=\"margin-left:auto;margin-right:auto;\" src=\"https://my.sendinblue.com/users/subscribe/js_id/3mcwp/id/3\" frameborder=\"0\" scrolling=\"auto\"></iframe></div>\n</div>\n</div>',2),(3,2,'<div class=\"container-fluid\">\n<div class=\"row\">\n<div class=\"col-md-6\">\n<h3><span style=\"color:#000000;\">About</span></h3>\n<img alt=\"Galerie Joël Knafo\" src=\"../img/joelknafo-logo-15384793822.jpg\" width=\"167\" height=\"66\" /><p style=\"text-align:justify;\"><span style=\"color:#000000;\">Created in 2014, the Joël Knafo gallery inaugurates in October 2018 a new 150m2 exhibition space located at 182 rue du Faubourg Saint-Honoré - 75008 Paris. By representing a dozen national and international artists, the gallery builds lasting links between collectors and artists and can develop large-scale artistic proposals, specially in public spaces. Around a line that places the narrative at the heart of the formal expression, the Joël Knafo gallery presents two writings that develop around gestures and movements for the one, and reveal themselves in the form of poetry and the quest for meaning for the other.</span></p>\n</div>\n<div class=\"col-md-3\">\n<h3><span style=\"color:#000000;\">Openning hours<br /></span></h3>\n<p style=\"text-align:center;\"><span style=\"color:#000000;\"><br /></span><br /><span style=\"color:#000000;\"><span style=\"color:#000000;\">The Galerie Joël Knafo is pleased to welcome you at its gallery</span></span></p>\n<p style=\"text-align:center;\"><span style=\"color:#000000;\"><strong>182 rue du Faubourg Saint-Honoré <br />75008 Paris</strong> <br /></span></p>\n<table class=\"table\"><tbody><tr><td><span style=\"color:#000000;\">Tuesday - Friday</span></td>\n<td><span style=\"color:#000000;\"><strong>11h00-19h00</strong></span></td>\n</tr><tr><td>Saturday</td>\n<td><span style=\"color:#000000;\"><strong>13h00-19h00</strong></span></td>\n</tr><tr><td><span style=\"color:#000000;\">Sunday - Monday</span></td>\n<td><span style=\"color:#000000;\"><strong>with appointment</strong></span></td>\n</tr></tbody></table><span style=\"color:#000000;\"> Phone <strong>+33(0)7 81 61 21 57</strong></span></div>\n<div class=\"col-md-3\">\n<h3><span style=\"color:#000000;\">Newsletter</span></h3>\n<iframe width=\"330\" height=\"250\" style=\"margin-left:auto;margin-right:auto;\" src=\"https://my.sendinblue.com/users/subscribe/js_id/3mcwp/id/3\" frameborder=\"0\" scrolling=\"auto\"></iframe></div>\n</div>\n</div>',2);

--
-- Table structure for table `pre3303_info_shop`
--

CREATE TABLE `pre3303_info_shop` (
  `id_info` int(10) unsigned NOT NULL,
  `id_shop` int(10) unsigned NOT NULL,
  PRIMARY KEY (`id_info`,`id_shop`)
) ENGINE=InnoDB DEFAULT CHARSET=utf8;

--
-- Dumping data for table `pre3303_info_shop`
--

INSERT INTO `pre3303_info_shop` VALUES (1,1),(2,4),(3,2);

--
-- Table structure for table `pre3303_lang`
--

CREATE TABLE `pre3303_lang` (
  `id_lang` int(11) NOT NULL AUTO_INCREMENT,
  `name` varchar(32) COLLATE utf8_unicode_ci NOT NULL,
  `active` tinyint(1) NOT NULL,
  `iso_code` varchar(2) COLLATE utf8_unicode_ci NOT NULL,
  `language_code` varchar(5) COLLATE utf8_unicode_ci NOT NULL,
  `locale` varchar(5) COLLATE utf8_unicode_ci NOT NULL,
  `date_format_lite` varchar(32) COLLATE utf8_unicode_ci NOT NULL,
  `date_format_full` varchar(32) COLLATE utf8_unicode_ci NOT NULL,
  `is_rtl` tinyint(1) NOT NULL,
  PRIMARY KEY (`id_lang`)
) ENGINE=InnoDB AUTO_INCREMENT=3 DEFAULT CHARSET=utf8 COLLATE=utf8_unicode_ci;

--
-- Dumping data for table `pre3303_lang`
--

INSERT INTO `pre3303_lang` VALUES (1,'Français (French)',1,'fr','fr','fr-FR','d/m/Y','d/m/Y H:i:s',0),(2,'English (English)',1,'en','en-us','en-US','m/d/Y','m/d/Y H:i:s',0);

--
-- Table structure for table `pre3303_lang_shop`
--

CREATE TABLE `pre3303_lang_shop` (
  `id_lang` int(11) NOT NULL,
  `id_shop` int(11) NOT NULL,
  PRIMARY KEY (`id_lang`,`id_shop`),
  KEY `IDX_5B9D65E5BA299860` (`id_lang`),
  KEY `IDX_5B9D65E5274A50A0` (`id_shop`)
) ENGINE=InnoDB DEFAULT CHARSET=utf8 COLLATE=utf8_unicode_ci;

--
-- Dumping data for table `pre3303_lang_shop`
--

INSERT INTO `pre3303_lang_shop` VALUES (1,2),(1,4),(1,5),(2,2),(2,4),(2,5);

--
-- Table structure for table `pre3303_layered_category`
--

CREATE TABLE `pre3303_layered_category` (
  `id_layered_category` int(10) unsigned NOT NULL AUTO_INCREMENT,
  `id_shop` int(11) unsigned NOT NULL,
  `id_category` int(10) unsigned NOT NULL,
  `id_value` int(10) unsigned DEFAULT '0',
  `type` enum('category','id_feature','id_attribute_group','quantity','condition','manufacturer','weight','price') NOT NULL,
  `position` int(10) unsigned NOT NULL,
  `filter_type` int(10) unsigned NOT NULL DEFAULT '0',
  `filter_show_limit` int(10) unsigned NOT NULL DEFAULT '0',
  PRIMARY KEY (`id_layered_category`),
  KEY `id_category` (`id_category`,`type`)
) ENGINE=InnoDB AUTO_INCREMENT=854 DEFAULT CHARSET=latin1;

--
-- Dumping data for table `pre3303_layered_category`
--

INSERT INTO `pre3303_layered_category` VALUES (1,2,56,NULL,'manufacturer',1,0,0),(2,2,56,NULL,'price',2,1,0),(3,2,56,8,'id_feature',3,2,0),(4,2,56,9,'id_feature',4,2,0),(5,2,60,NULL,'manufacturer',1,0,0),(6,2,60,NULL,'price',2,1,0),(7,2,60,8,'id_feature',3,2,0),(8,2,60,9,'id_feature',4,2,0),(9,2,191,NULL,'manufacturer',1,0,0),(10,2,191,NULL,'price',2,1,0),(11,2,191,8,'id_feature',3,2,0),(12,2,191,9,'id_feature',4,2,0),(13,2,193,NULL,'manufacturer',1,0,0),(14,2,193,NULL,'price',2,1,0),(15,2,193,8,'id_feature',3,2,0),(16,2,193,9,'id_feature',4,2,0),(17,2,203,NULL,'manufacturer',1,0,0),(18,2,203,NULL,'price',2,1,0),(19,2,203,8,'id_feature',3,2,0),(20,2,203,9,'id_feature',4,2,0),(21,2,204,NULL,'manufacturer',1,0,0),(22,2,204,NULL,'price',2,1,0),(23,2,204,8,'id_feature',3,2,0),(24,2,204,9,'id_feature',4,2,0),(25,2,201,NULL,'manufacturer',1,0,0),(26,2,201,NULL,'price',2,1,0),(27,2,201,8,'id_feature',3,2,0),(28,2,201,9,'id_feature',4,2,0),(29,2,206,NULL,'manufacturer',1,0,0),(30,2,206,NULL,'price',2,1,0),(31,2,206,8,'id_feature',3,2,0),(32,2,206,9,'id_feature',4,2,0),(33,2,213,NULL,'manufacturer',1,0,0),(34,2,213,NULL,'price',2,1,0),(35,2,213,8,'id_feature',3,2,0),(36,2,213,9,'id_feature',4,2,0),(37,2,214,NULL,'manufacturer',1,0,0),(38,2,214,NULL,'price',2,1,0),(39,2,214,8,'id_feature',3,2,0),(40,2,214,9,'id_feature',4,2,0),(41,2,216,NULL,'manufacturer',1,0,0),(42,2,216,NULL,'price',2,1,0),(43,2,216,8,'id_feature',3,2,0),(44,2,216,9,'id_feature',4,2,0),(45,2,218,NULL,'manufacturer',1,0,0),(46,2,218,NULL,'price',2,1,0),(47,2,218,8,'id_feature',3,2,0),(48,2,218,9,'id_feature',4,2,0),(49,2,219,NULL,'manufacturer',1,0,0),(50,2,219,NULL,'price',2,1,0),(51,2,219,8,'id_feature',3,2,0),(52,2,219,9,'id_feature',4,2,0),(53,2,192,NULL,'manufacturer',1,0,0),(54,2,192,NULL,'price',2,1,0),(55,2,192,8,'id_feature',3,2,0),(56,2,192,9,'id_feature',4,2,0),(57,2,198,NULL,'manufacturer',1,0,0),(58,2,198,NULL,'price',2,1,0),(59,2,198,8,'id_feature',3,2,0),(60,2,198,9,'id_feature',4,2,0),(61,2,202,NULL,'manufacturer',1,0,0),(62,2,202,NULL,'price',2,1,0),(63,2,202,8,'id_feature',3,2,0),(64,2,202,9,'id_feature',4,2,0),(65,2,205,NULL,'manufacturer',1,0,0),(66,2,205,NULL,'price',2,1,0),(67,2,205,8,'id_feature',3,2,0),(68,2,205,9,'id_feature',4,2,0),(69,2,207,NULL,'manufacturer',1,0,0),(70,2,207,NULL,'price',2,1,0),(71,2,207,8,'id_feature',3,2,0),(72,2,207,9,'id_feature',4,2,0),(73,2,215,NULL,'manufacturer',1,0,0),(74,2,215,NULL,'price',2,1,0),(75,2,215,8,'id_feature',3,2,0),(76,2,215,9,'id_feature',4,2,0),(77,2,210,NULL,'manufacturer',1,0,0),(78,2,210,NULL,'price',2,1,0),(79,2,210,8,'id_feature',3,2,0),(80,2,210,9,'id_feature',4,2,0),(81,2,211,NULL,'manufacturer',1,0,0),(82,2,211,NULL,'price',2,1,0),(83,2,211,8,'id_feature',3,2,0),(84,2,211,9,'id_feature',4,2,0),(85,2,212,NULL,'manufacturer',1,0,0),(86,2,212,NULL,'price',2,1,0),(87,2,212,8,'id_feature',3,2,0),(88,2,212,9,'id_feature',4,2,0),(89,5,65,NULL,'manufacturer',1,0,0),(90,5,65,NULL,'price',2,1,0),(91,5,65,8,'id_feature',3,2,0),(92,5,65,9,'id_feature',4,2,0),(93,5,65,11,'id_feature',5,2,0),(94,5,67,NULL,'manufacturer',1,0,0),(95,5,67,NULL,'price',2,1,0),(96,5,67,8,'id_feature',3,2,0),(97,5,67,9,'id_feature',4,2,0),(98,5,67,11,'id_feature',5,2,0),(99,5,156,NULL,'manufacturer',1,0,0),(100,5,156,NULL,'price',2,1,0),(101,5,156,8,'id_feature',3,2,0),(102,5,156,9,'id_feature',4,2,0),(103,5,156,11,'id_feature',5,2,0),(104,5,179,NULL,'manufacturer',1,0,0),(105,5,179,NULL,'price',2,1,0),(106,5,179,8,'id_feature',3,2,0),(107,5,179,9,'id_feature',4,2,0),(108,5,179,11,'id_feature',5,2,0),(109,5,180,NULL,'manufacturer',1,0,0),(110,5,180,NULL,'price',2,1,0),(111,5,180,8,'id_feature',3,2,0),(112,5,180,9,'id_feature',4,2,0),(113,5,180,11,'id_feature',5,2,0),(114,5,188,NULL,'manufacturer',1,0,0),(115,5,188,NULL,'price',2,1,0),(116,5,188,8,'id_feature',3,2,0),(117,5,188,9,'id_feature',4,2,0),(118,5,188,11,'id_feature',5,2,0),(119,5,185,NULL,'manufacturer',1,0,0),(120,5,185,NULL,'price',2,1,0),(121,5,185,8,'id_feature',3,2,0),(122,5,185,9,'id_feature',4,2,0),(123,5,185,11,'id_feature',5,2,0),(124,5,162,NULL,'manufacturer',1,0,0),(125,5,162,NULL,'price',2,1,0),(126,5,162,8,'id_feature',3,2,0),(127,5,162,9,'id_feature',4,2,0),(128,5,162,11,'id_feature',5,2,0),(129,5,163,NULL,'manufacturer',1,0,0),(130,5,163,NULL,'price',2,1,0),(131,5,163,8,'id_feature',3,2,0),(132,5,163,9,'id_feature',4,2,0),(133,5,163,11,'id_feature',5,2,0),(134,5,164,NULL,'manufacturer',1,0,0),(135,5,164,NULL,'price',2,1,0),(136,5,164,8,'id_feature',3,2,0),(137,5,164,9,'id_feature',4,2,0),(138,5,164,11,'id_feature',5,2,0),(139,5,181,NULL,'manufacturer',1,0,0),(140,5,181,NULL,'price',2,1,0),(141,5,181,8,'id_feature',3,2,0),(142,5,181,9,'id_feature',4,2,0),(143,5,181,11,'id_feature',5,2,0),(144,5,184,NULL,'manufacturer',1,0,0),(145,5,184,NULL,'price',2,1,0),(146,5,184,8,'id_feature',3,2,0),(147,5,184,9,'id_feature',4,2,0),(148,5,184,11,'id_feature',5,2,0),(149,5,187,NULL,'manufacturer',1,0,0),(150,5,187,NULL,'price',2,1,0),(151,5,187,8,'id_feature',3,2,0),(152,5,187,9,'id_feature',4,2,0),(153,5,187,11,'id_feature',5,2,0),(154,5,165,NULL,'manufacturer',1,0,0),(155,5,165,NULL,'price',2,1,0),(156,5,165,8,'id_feature',3,2,0),(157,5,165,9,'id_feature',4,2,0),(158,5,165,11,'id_feature',5,2,0),(159,5,166,NULL,'manufacturer',1,0,0),(160,5,166,NULL,'price',2,1,0),(161,5,166,8,'id_feature',3,2,0),(162,5,166,9,'id_feature',4,2,0),(163,5,166,11,'id_feature',5,2,0),(164,5,182,NULL,'manufacturer',1,0,0),(165,5,182,NULL,'price',2,1,0),(166,5,182,8,'id_feature',3,2,0),(167,5,182,9,'id_feature',4,2,0),(168,5,182,11,'id_feature',5,2,0),(169,5,161,NULL,'manufacturer',1,0,0),(170,5,161,NULL,'price',2,1,0),(171,5,161,8,'id_feature',3,2,0),(172,5,161,9,'id_feature',4,2,0),(173,5,161,11,'id_feature',5,2,0),(174,5,157,NULL,'manufacturer',1,0,0),(175,5,157,NULL,'price',2,1,0),(176,5,157,8,'id_feature',3,2,0),(177,5,157,9,'id_feature',4,2,0),(178,5,157,11,'id_feature',5,2,0),(179,5,167,NULL,'manufacturer',1,0,0),(180,5,167,NULL,'price',2,1,0),(181,5,167,8,'id_feature',3,2,0),(182,5,167,9,'id_feature',4,2,0),(183,5,167,11,'id_feature',5,2,0),(184,5,176,NULL,'manufacturer',1,0,0),(185,5,176,NULL,'price',2,1,0),(186,5,176,8,'id_feature',3,2,0),(187,5,176,9,'id_feature',4,2,0),(188,5,176,11,'id_feature',5,2,0),(189,5,183,NULL,'manufacturer',1,0,0),(190,5,183,NULL,'price',2,1,0),(191,5,183,8,'id_feature',3,2,0),(192,5,183,9,'id_feature',4,2,0),(193,5,183,11,'id_feature',5,2,0),(194,5,168,NULL,'manufacturer',1,0,0),(195,5,168,NULL,'price',2,1,0),(196,5,168,8,'id_feature',3,2,0),(197,5,168,9,'id_feature',4,2,0),(198,5,168,11,'id_feature',5,2,0),(199,5,174,NULL,'manufacturer',1,0,0),(200,5,174,NULL,'price',2,1,0),(201,5,174,8,'id_feature',3,2,0),(202,5,174,9,'id_feature',4,2,0),(203,5,174,11,'id_feature',5,2,0),(204,5,186,NULL,'manufacturer',1,0,0),(205,5,186,NULL,'price',2,1,0),(206,5,186,8,'id_feature',3,2,0),(207,5,186,9,'id_feature',4,2,0),(208,5,186,11,'id_feature',5,2,0),(209,5,170,NULL,'manufacturer',1,0,0),(210,5,170,NULL,'price',2,1,0),(211,5,170,8,'id_feature',3,2,0),(212,5,170,9,'id_feature',4,2,0),(213,5,170,11,'id_feature',5,2,0),(214,5,177,NULL,'manufacturer',1,0,0),(215,5,177,NULL,'price',2,1,0),(216,5,177,8,'id_feature',3,2,0),(217,5,177,9,'id_feature',4,2,0),(218,5,177,11,'id_feature',5,2,0),(219,5,175,NULL,'manufacturer',1,0,0),(220,5,175,NULL,'price',2,1,0),(221,5,175,8,'id_feature',3,2,0),(222,5,175,9,'id_feature',4,2,0),(223,5,175,11,'id_feature',5,2,0),(224,5,169,NULL,'manufacturer',1,0,0),(225,5,169,NULL,'price',2,1,0),(226,5,169,8,'id_feature',3,2,0),(227,5,169,9,'id_feature',4,2,0),(228,5,169,11,'id_feature',5,2,0),(229,5,172,NULL,'manufacturer',1,0,0),(230,5,172,NULL,'price',2,1,0),(231,5,172,8,'id_feature',3,2,0),(232,5,172,9,'id_feature',4,2,0),(233,5,172,11,'id_feature',5,2,0),(234,5,173,NULL,'manufacturer',1,0,0),(235,5,173,NULL,'price',2,1,0),(236,5,173,8,'id_feature',3,2,0),(237,5,173,9,'id_feature',4,2,0),(238,5,173,11,'id_feature',5,2,0),(239,5,171,NULL,'manufacturer',1,0,0),(240,5,171,NULL,'price',2,1,0),(241,5,171,8,'id_feature',3,2,0),(242,5,171,9,'id_feature',4,2,0),(243,5,171,11,'id_feature',5,2,0),(244,5,160,NULL,'manufacturer',1,0,0),(245,5,160,NULL,'price',2,1,0),(246,5,160,8,'id_feature',3,2,0),(247,5,160,9,'id_feature',4,2,0),(248,5,160,11,'id_feature',5,2,0),(249,5,178,NULL,'manufacturer',1,0,0),(250,5,178,NULL,'price',2,1,0),(251,5,178,8,'id_feature',3,2,0),(252,5,178,9,'id_feature',4,2,0),(253,5,178,11,'id_feature',5,2,0),(254,2,61,NULL,'manufacturer',1,0,0),(255,2,61,NULL,'price',2,1,5),(256,2,61,8,'id_feature',3,2,0),(257,2,61,9,'id_feature',4,2,0),(258,2,62,NULL,'manufacturer',1,0,0),(259,2,62,NULL,'price',2,1,5),(260,2,62,8,'id_feature',3,2,0),(261,2,62,9,'id_feature',4,2,0),(262,2,76,NULL,'manufacturer',1,0,0),(263,2,76,NULL,'price',2,1,5),(264,2,76,8,'id_feature',3,2,0),(265,2,76,9,'id_feature',4,2,0),(266,2,108,NULL,'manufacturer',1,0,0),(267,2,108,NULL,'price',2,1,5),(268,2,108,8,'id_feature',3,2,0),(269,2,108,9,'id_feature',4,2,0),(270,2,146,NULL,'manufacturer',1,0,0),(271,2,146,NULL,'price',2,1,5),(272,2,146,8,'id_feature',3,2,0),(273,2,146,9,'id_feature',4,2,0),(274,2,120,NULL,'manufacturer',1,0,0),(275,2,120,NULL,'price',2,1,5),(276,2,120,8,'id_feature',3,2,0),(277,2,120,9,'id_feature',4,2,0),(278,2,144,NULL,'manufacturer',1,0,0),(279,2,144,NULL,'price',2,1,5),(280,2,144,8,'id_feature',3,2,0),(281,2,144,9,'id_feature',4,2,0),(282,2,114,NULL,'manufacturer',1,0,0),(283,2,114,NULL,'price',2,1,5),(284,2,114,8,'id_feature',3,2,0),(285,2,114,9,'id_feature',4,2,0),(286,2,134,NULL,'manufacturer',1,0,0),(287,2,134,NULL,'price',2,1,5),(288,2,134,8,'id_feature',3,2,0),(289,2,134,9,'id_feature',4,2,0),(290,2,147,NULL,'manufacturer',1,0,0),(291,2,147,NULL,'price',2,1,5),(292,2,147,8,'id_feature',3,2,0),(293,2,147,9,'id_feature',4,2,0),(294,2,129,NULL,'manufacturer',1,0,0),(295,2,129,NULL,'price',2,1,5),(296,2,129,8,'id_feature',3,2,0),(297,2,129,9,'id_feature',4,2,0),(298,2,115,NULL,'manufacturer',1,0,0),(299,2,115,NULL,'price',2,1,5),(300,2,115,8,'id_feature',3,2,0),(301,2,115,9,'id_feature',4,2,0),(302,2,142,NULL,'manufacturer',1,0,0),(303,2,142,NULL,'price',2,1,5),(304,2,142,8,'id_feature',3,2,0),(305,2,142,9,'id_feature',4,2,0),(306,2,105,NULL,'manufacturer',1,0,0),(307,2,105,NULL,'price',2,1,5),(308,2,105,8,'id_feature',3,2,0),(309,2,105,9,'id_feature',4,2,0),(310,2,116,NULL,'manufacturer',1,0,0),(311,2,116,NULL,'price',2,1,5),(312,2,116,8,'id_feature',3,2,0),(313,2,116,9,'id_feature',4,2,0),(314,2,101,NULL,'manufacturer',1,0,0),(315,2,101,NULL,'price',2,1,5),(316,2,101,8,'id_feature',3,2,0),(317,2,101,9,'id_feature',4,2,0),(318,2,111,NULL,'manufacturer',1,0,0),(319,2,111,NULL,'price',2,1,5),(320,2,111,8,'id_feature',3,2,0),(321,2,111,9,'id_feature',4,2,0),(322,2,106,NULL,'manufacturer',1,0,0),(323,2,106,NULL,'price',2,1,5),(324,2,106,8,'id_feature',3,2,0),(325,2,106,9,'id_feature',4,2,0),(326,2,113,NULL,'manufacturer',1,0,0),(327,2,113,NULL,'price',2,1,5),(328,2,113,8,'id_feature',3,2,0),(329,2,113,9,'id_feature',4,2,0),(330,2,98,NULL,'manufacturer',1,0,0),(331,2,98,NULL,'price',2,1,5),(332,2,98,8,'id_feature',3,2,0),(333,2,98,9,'id_feature',4,2,0),(334,2,107,NULL,'manufacturer',1,0,0),(335,2,107,NULL,'price',2,1,5),(336,2,107,8,'id_feature',3,2,0),(337,2,107,9,'id_feature',4,2,0),(338,2,90,NULL,'manufacturer',1,0,0),(339,2,90,NULL,'price',2,1,5),(340,2,90,8,'id_feature',3,2,0),(341,2,90,9,'id_feature',4,2,0),(342,2,143,NULL,'manufacturer',1,0,0),(343,2,143,NULL,'price',2,1,5),(344,2,143,8,'id_feature',3,2,0),(345,2,143,9,'id_feature',4,2,0),(346,2,100,NULL,'manufacturer',1,0,0),(347,2,100,NULL,'price',2,1,5),(348,2,100,8,'id_feature',3,2,0),(349,2,100,9,'id_feature',4,2,0),(350,2,78,NULL,'manufacturer',1,0,0),(351,2,78,NULL,'price',2,1,5),(352,2,78,8,'id_feature',3,2,0),(353,2,78,9,'id_feature',4,2,0),(354,2,112,NULL,'manufacturer',1,0,0),(355,2,112,NULL,'price',2,1,5),(356,2,112,8,'id_feature',3,2,0),(357,2,112,9,'id_feature',4,2,0),(358,2,104,NULL,'manufacturer',1,0,0),(359,2,104,NULL,'price',2,1,5),(360,2,104,8,'id_feature',3,2,0),(361,2,104,9,'id_feature',4,2,0),(362,2,96,NULL,'manufacturer',1,0,0),(363,2,96,NULL,'price',2,1,5),(364,2,96,8,'id_feature',3,2,0),(365,2,96,9,'id_feature',4,2,0),(366,2,97,NULL,'manufacturer',1,0,0),(367,2,97,NULL,'price',2,1,5),(368,2,97,8,'id_feature',3,2,0),(369,2,97,9,'id_feature',4,2,0),(370,2,80,NULL,'manufacturer',1,0,0),(371,2,80,NULL,'price',2,1,5),(372,2,80,8,'id_feature',3,2,0),(373,2,80,9,'id_feature',4,2,0),(374,2,110,NULL,'manufacturer',1,0,0),(375,2,110,NULL,'price',2,1,5),(376,2,110,8,'id_feature',3,2,0),(377,2,110,9,'id_feature',4,2,0),(378,2,103,NULL,'manufacturer',1,0,0),(379,2,103,NULL,'price',2,1,5),(380,2,103,8,'id_feature',3,2,0),(381,2,103,9,'id_feature',4,2,0),(382,2,123,NULL,'manufacturer',1,0,0),(383,2,123,NULL,'price',2,1,5),(384,2,123,8,'id_feature',3,2,0),(385,2,123,9,'id_feature',4,2,0),(386,2,79,NULL,'manufacturer',1,0,0),(387,2,79,NULL,'price',2,1,5),(388,2,79,8,'id_feature',3,2,0),(389,2,79,9,'id_feature',4,2,0),(390,2,81,NULL,'manufacturer',1,0,0),(391,2,81,NULL,'price',2,1,5),(392,2,81,8,'id_feature',3,2,0),(393,2,81,9,'id_feature',4,2,0),(394,2,99,NULL,'manufacturer',1,0,0),(395,2,99,NULL,'price',2,1,5),(396,2,99,8,'id_feature',3,2,0),(397,2,99,9,'id_feature',4,2,0),(398,2,145,NULL,'manufacturer',1,0,0),(399,2,145,NULL,'price',2,1,5),(400,2,145,8,'id_feature',3,2,0),(401,2,145,9,'id_feature',4,2,0),(402,2,109,NULL,'manufacturer',1,0,0),(403,2,109,NULL,'price',2,1,5),(404,2,109,8,'id_feature',3,2,0),(405,2,109,9,'id_feature',4,2,0),(406,2,77,NULL,'manufacturer',1,0,0),(407,2,77,NULL,'price',2,1,5),(408,2,77,8,'id_feature',3,2,0),(409,2,77,9,'id_feature',4,2,0),(410,2,83,NULL,'manufacturer',1,0,0),(411,2,83,NULL,'price',2,1,5),(412,2,83,8,'id_feature',3,2,0),(413,2,83,9,'id_feature',4,2,0),(414,2,91,NULL,'manufacturer',1,0,0),(415,2,91,NULL,'price',2,1,5),(416,2,91,8,'id_feature',3,2,0),(417,2,91,9,'id_feature',4,2,0),(418,2,94,NULL,'manufacturer',1,0,0),(419,2,94,NULL,'price',2,1,5),(420,2,94,8,'id_feature',3,2,0),(421,2,94,9,'id_feature',4,2,0),(422,2,82,NULL,'manufacturer',1,0,0),(423,2,82,NULL,'price',2,1,5),(424,2,82,8,'id_feature',3,2,0),(425,2,82,9,'id_feature',4,2,0),(426,2,85,NULL,'manufacturer',1,0,0),(427,2,85,NULL,'price',2,1,5),(428,2,85,8,'id_feature',3,2,0),(429,2,85,9,'id_feature',4,2,0),(430,2,92,NULL,'manufacturer',1,0,0),(431,2,92,NULL,'price',2,1,5),(432,2,92,8,'id_feature',3,2,0),(433,2,92,9,'id_feature',4,2,0),(434,2,93,NULL,'manufacturer',1,0,0),(435,2,93,NULL,'price',2,1,5),(436,2,93,8,'id_feature',3,2,0),(437,2,93,9,'id_feature',4,2,0),(438,2,95,NULL,'manufacturer',1,0,0),(439,2,95,NULL,'price',2,1,5),(440,2,95,8,'id_feature',3,2,0),(441,2,95,9,'id_feature',4,2,0),(442,2,122,NULL,'manufacturer',1,0,0),(443,2,122,NULL,'price',2,1,5),(444,2,122,8,'id_feature',3,2,0),(445,2,122,9,'id_feature',4,2,0),(446,2,140,NULL,'manufacturer',1,0,0),(447,2,140,NULL,'price',2,1,5),(448,2,140,8,'id_feature',3,2,0),(449,2,140,9,'id_feature',4,2,0),(450,2,141,NULL,'manufacturer',1,0,0),(451,2,141,NULL,'price',2,1,5),(452,2,141,8,'id_feature',3,2,0),(453,2,141,9,'id_feature',4,2,0),(454,4,61,NULL,'manufacturer',1,0,0),(455,4,61,NULL,'price',2,1,5),(456,4,61,8,'id_feature',3,2,0),(457,4,61,9,'id_feature',4,2,0),(458,4,62,NULL,'manufacturer',1,0,0),(459,4,62,NULL,'price',2,1,5),(460,4,62,8,'id_feature',3,2,0),(461,4,62,9,'id_feature',4,2,0),(462,4,76,NULL,'manufacturer',1,0,0),(463,4,76,NULL,'price',2,1,5),(464,4,76,8,'id_feature',3,2,0),(465,4,76,9,'id_feature',4,2,0),(466,4,108,NULL,'manufacturer',1,0,0),(467,4,108,NULL,'price',2,1,5),(468,4,108,8,'id_feature',3,2,0),(469,4,108,9,'id_feature',4,2,0),(470,4,146,NULL,'manufacturer',1,0,0),(471,4,146,NULL,'price',2,1,5),(472,4,146,8,'id_feature',3,2,0),(473,4,146,9,'id_feature',4,2,0),(474,4,120,NULL,'manufacturer',1,0,0),(475,4,120,NULL,'price',2,1,5),(476,4,120,8,'id_feature',3,2,0),(477,4,120,9,'id_feature',4,2,0),(478,4,144,NULL,'manufacturer',1,0,0),(479,4,144,NULL,'price',2,1,5),(480,4,144,8,'id_feature',3,2,0),(481,4,144,9,'id_feature',4,2,0),(482,4,114,NULL,'manufacturer',1,0,0),(483,4,114,NULL,'price',2,1,5),(484,4,114,8,'id_feature',3,2,0),(485,4,114,9,'id_feature',4,2,0),(486,4,134,NULL,'manufacturer',1,0,0),(487,4,134,NULL,'price',2,1,5),(488,4,134,8,'id_feature',3,2,0),(489,4,134,9,'id_feature',4,2,0),(490,4,147,NULL,'manufacturer',1,0,0),(491,4,147,NULL,'price',2,1,5),(492,4,147,8,'id_feature',3,2,0),(493,4,147,9,'id_feature',4,2,0),(494,4,129,NULL,'manufacturer',1,0,0),(495,4,129,NULL,'price',2,1,5),(496,4,129,8,'id_feature',3,2,0),(497,4,129,9,'id_feature',4,2,0),(498,4,115,NULL,'manufacturer',1,0,0),(499,4,115,NULL,'price',2,1,5),(500,4,115,8,'id_feature',3,2,0),(501,4,115,9,'id_feature',4,2,0),(502,4,142,NULL,'manufacturer',1,0,0),(503,4,142,NULL,'price',2,1,5),(504,4,142,8,'id_feature',3,2,0),(505,4,142,9,'id_feature',4,2,0),(506,4,105,NULL,'manufacturer',1,0,0),(507,4,105,NULL,'price',2,1,5),(508,4,105,8,'id_feature',3,2,0),(509,4,105,9,'id_feature',4,2,0),(510,4,116,NULL,'manufacturer',1,0,0),(511,4,116,NULL,'price',2,1,5),(512,4,116,8,'id_feature',3,2,0),(513,4,116,9,'id_feature',4,2,0),(514,4,101,NULL,'manufacturer',1,0,0),(515,4,101,NULL,'price',2,1,5),(516,4,101,8,'id_feature',3,2,0),(517,4,101,9,'id_feature',4,2,0),(518,4,111,NULL,'manufacturer',1,0,0),(519,4,111,NULL,'price',2,1,5),(520,4,111,8,'id_feature',3,2,0),(521,4,111,9,'id_feature',4,2,0),(522,4,106,NULL,'manufacturer',1,0,0),(523,4,106,NULL,'price',2,1,5),(524,4,106,8,'id_feature',3,2,0),(525,4,106,9,'id_feature',4,2,0),(526,4,113,NULL,'manufacturer',1,0,0),(527,4,113,NULL,'price',2,1,5),(528,4,113,8,'id_feature',3,2,0),(529,4,113,9,'id_feature',4,2,0),(530,4,98,NULL,'manufacturer',1,0,0),(531,4,98,NULL,'price',2,1,5),(532,4,98,8,'id_feature',3,2,0),(533,4,98,9,'id_feature',4,2,0),(534,4,107,NULL,'manufacturer',1,0,0),(535,4,107,NULL,'price',2,1,5),(536,4,107,8,'id_feature',3,2,0),(537,4,107,9,'id_feature',4,2,0),(538,4,90,NULL,'manufacturer',1,0,0),(539,4,90,NULL,'price',2,1,5),(540,4,90,8,'id_feature',3,2,0),(541,4,90,9,'id_feature',4,2,0),(542,4,143,NULL,'manufacturer',1,0,0),(543,4,143,NULL,'price',2,1,5),(544,4,143,8,'id_feature',3,2,0),(545,4,143,9,'id_feature',4,2,0),(546,4,100,NULL,'manufacturer',1,0,0),(547,4,100,NULL,'price',2,1,5),(548,4,100,8,'id_feature',3,2,0),(549,4,100,9,'id_feature',4,2,0),(550,4,78,NULL,'manufacturer',1,0,0),(551,4,78,NULL,'price',2,1,5),(552,4,78,8,'id_feature',3,2,0),(553,4,78,9,'id_feature',4,2,0),(554,4,112,NULL,'manufacturer',1,0,0),(555,4,112,NULL,'price',2,1,5),(556,4,112,8,'id_feature',3,2,0),(557,4,112,9,'id_feature',4,2,0),(558,4,104,NULL,'manufacturer',1,0,0),(559,4,104,NULL,'price',2,1,5),(560,4,104,8,'id_feature',3,2,0),(561,4,104,9,'id_feature',4,2,0),(562,4,96,NULL,'manufacturer',1,0,0),(563,4,96,NULL,'price',2,1,5),(564,4,96,8,'id_feature',3,2,0),(565,4,96,9,'id_feature',4,2,0),(566,4,97,NULL,'manufacturer',1,0,0),(567,4,97,NULL,'price',2,1,5),(568,4,97,8,'id_feature',3,2,0),(569,4,97,9,'id_feature',4,2,0),(570,4,80,NULL,'manufacturer',1,0,0),(571,4,80,NULL,'price',2,1,5),(572,4,80,8,'id_feature',3,2,0),(573,4,80,9,'id_feature',4,2,0),(574,4,110,NULL,'manufacturer',1,0,0),(575,4,110,NULL,'price',2,1,5),(576,4,110,8,'id_feature',3,2,0),(577,4,110,9,'id_feature',4,2,0),(578,4,103,NULL,'manufacturer',1,0,0),(579,4,103,NULL,'price',2,1,5),(580,4,103,8,'id_feature',3,2,0),(581,4,103,9,'id_feature',4,2,0),(582,4,123,NULL,'manufacturer',1,0,0),(583,4,123,NULL,'price',2,1,5),(584,4,123,8,'id_feature',3,2,0),(585,4,123,9,'id_feature',4,2,0),(586,4,79,NULL,'manufacturer',1,0,0),(587,4,79,NULL,'price',2,1,5),(588,4,79,8,'id_feature',3,2,0),(589,4,79,9,'id_feature',4,2,0),(590,4,81,NULL,'manufacturer',1,0,0),(591,4,81,NULL,'price',2,1,5),(592,4,81,8,'id_feature',3,2,0),(593,4,81,9,'id_feature',4,2,0),(594,4,99,NULL,'manufacturer',1,0,0),(595,4,99,NULL,'price',2,1,5),(596,4,99,8,'id_feature',3,2,0),(597,4,99,9,'id_feature',4,2,0),(598,4,145,NULL,'manufacturer',1,0,0),(599,4,145,NULL,'price',2,1,5),(600,4,145,8,'id_feature',3,2,0),(601,4,145,9,'id_feature',4,2,0),(602,4,109,NULL,'manufacturer',1,0,0),(603,4,109,NULL,'price',2,1,5),(604,4,109,8,'id_feature',3,2,0),(605,4,109,9,'id_feature',4,2,0),(606,4,77,NULL,'manufacturer',1,0,0),(607,4,77,NULL,'price',2,1,5),(608,4,77,8,'id_feature',3,2,0),(609,4,77,9,'id_feature',4,2,0),(610,4,83,NULL,'manufacturer',1,0,0),(611,4,83,NULL,'price',2,1,5),(612,4,83,8,'id_feature',3,2,0),(613,4,83,9,'id_feature',4,2,0),(614,4,91,NULL,'manufacturer',1,0,0),(615,4,91,NULL,'price',2,1,5),(616,4,91,8,'id_feature',3,2,0),(617,4,91,9,'id_feature',4,2,0),(618,4,94,NULL,'manufacturer',1,0,0),(619,4,94,NULL,'price',2,1,5),(620,4,94,8,'id_feature',3,2,0),(621,4,94,9,'id_feature',4,2,0),(622,4,82,NULL,'manufacturer',1,0,0),(623,4,82,NULL,'price',2,1,5),(624,4,82,8,'id_feature',3,2,0),(625,4,82,9,'id_feature',4,2,0),(626,4,85,NULL,'manufacturer',1,0,0),(627,4,85,NULL,'price',2,1,5),(628,4,85,8,'id_feature',3,2,0),(629,4,85,9,'id_feature',4,2,0),(630,4,92,NULL,'manufacturer',1,0,0),(631,4,92,NULL,'price',2,1,5),(632,4,92,8,'id_feature',3,2,0),(633,4,92,9,'id_feature',4,2,0),(634,4,93,NULL,'manufacturer',1,0,0),(635,4,93,NULL,'price',2,1,5),(636,4,93,8,'id_feature',3,2,0),(637,4,93,9,'id_feature',4,2,0),(638,4,95,NULL,'manufacturer',1,0,0),(639,4,95,NULL,'price',2,1,5),(640,4,95,8,'id_feature',3,2,0),(641,4,95,9,'id_feature',4,2,0),(642,4,122,NULL,'manufacturer',1,0,0),(643,4,122,NULL,'price',2,1,5),(644,4,122,8,'id_feature',3,2,0),(645,4,122,9,'id_feature',4,2,0),(646,4,140,NULL,'manufacturer',1,0,0),(647,4,140,NULL,'price',2,1,5),(648,4,140,8,'id_feature',3,2,0),(649,4,140,9,'id_feature',4,2,0),(650,4,141,NULL,'manufacturer',1,0,0),(651,4,141,NULL,'price',2,1,5),(652,4,141,8,'id_feature',3,2,0),(653,4,141,9,'id_feature',4,2,0),(654,5,61,NULL,'manufacturer',1,0,0),(655,5,61,NULL,'price',2,1,5),(656,5,61,8,'id_feature',3,2,0),(657,5,61,9,'id_feature',4,2,0),(658,5,62,NULL,'manufacturer',1,0,0),(659,5,62,NULL,'price',2,1,5),(660,5,62,8,'id_feature',3,2,0),(661,5,62,9,'id_feature',4,2,0),(662,5,76,NULL,'manufacturer',1,0,0),(663,5,76,NULL,'price',2,1,5),(664,5,76,8,'id_feature',3,2,0),(665,5,76,9,'id_feature',4,2,0),(666,5,108,NULL,'manufacturer',1,0,0),(667,5,108,NULL,'price',2,1,5),(668,5,108,8,'id_feature',3,2,0),(669,5,108,9,'id_feature',4,2,0),(670,5,146,NULL,'manufacturer',1,0,0),(671,5,146,NULL,'price',2,1,5),(672,5,146,8,'id_feature',3,2,0),(673,5,146,9,'id_feature',4,2,0),(674,5,120,NULL,'manufacturer',1,0,0),(675,5,120,NULL,'price',2,1,5),(676,5,120,8,'id_feature',3,2,0),(677,5,120,9,'id_feature',4,2,0),(678,5,144,NULL,'manufacturer',1,0,0),(679,5,144,NULL,'price',2,1,5),(680,5,144,8,'id_feature',3,2,0),(681,5,144,9,'id_feature',4,2,0),(682,5,114,NULL,'manufacturer',1,0,0),(683,5,114,NULL,'price',2,1,5),(684,5,114,8,'id_feature',3,2,0),(685,5,114,9,'id_feature',4,2,0),(686,5,134,NULL,'manufacturer',1,0,0),(687,5,134,NULL,'price',2,1,5),(688,5,134,8,'id_feature',3,2,0),(689,5,134,9,'id_feature',4,2,0),(690,5,147,NULL,'manufacturer',1,0,0),(691,5,147,NULL,'price',2,1,5),(692,5,147,8,'id_feature',3,2,0),(693,5,147,9,'id_feature',4,2,0),(694,5,129,NULL,'manufacturer',1,0,0),(695,5,129,NULL,'price',2,1,5),(696,5,129,8,'id_feature',3,2,0),(697,5,129,9,'id_feature',4,2,0),(698,5,115,NULL,'manufacturer',1,0,0),(699,5,115,NULL,'price',2,1,5),(700,5,115,8,'id_feature',3,2,0),(701,5,115,9,'id_feature',4,2,0),(702,5,142,NULL,'manufacturer',1,0,0),(703,5,142,NULL,'price',2,1,5),(704,5,142,8,'id_feature',3,2,0),(705,5,142,9,'id_feature',4,2,0),(706,5,105,NULL,'manufacturer',1,0,0),(707,5,105,NULL,'price',2,1,5),(708,5,105,8,'id_feature',3,2,0),(709,5,105,9,'id_feature',4,2,0),(710,5,116,NULL,'manufacturer',1,0,0),(711,5,116,NULL,'price',2,1,5),(712,5,116,8,'id_feature',3,2,0),(713,5,116,9,'id_feature',4,2,0),(714,5,101,NULL,'manufacturer',1,0,0),(715,5,101,NULL,'price',2,1,5),(716,5,101,8,'id_feature',3,2,0),(717,5,101,9,'id_feature',4,2,0),(718,5,111,NULL,'manufacturer',1,0,0),(719,5,111,NULL,'price',2,1,5),(720,5,111,8,'id_feature',3,2,0),(721,5,111,9,'id_feature',4,2,0),(722,5,106,NULL,'manufacturer',1,0,0),(723,5,106,NULL,'price',2,1,5),(724,5,106,8,'id_feature',3,2,0),(725,5,106,9,'id_feature',4,2,0),(726,5,113,NULL,'manufacturer',1,0,0),(727,5,113,NULL,'price',2,1,5),(728,5,113,8,'id_feature',3,2,0),(729,5,113,9,'id_feature',4,2,0),(730,5,98,NULL,'manufacturer',1,0,0),(731,5,98,NULL,'price',2,1,5),(732,5,98,8,'id_feature',3,2,0),(733,5,98,9,'id_feature',4,2,0),(734,5,107,NULL,'manufacturer',1,0,0),(735,5,107,NULL,'price',2,1,5),(736,5,107,8,'id_feature',3,2,0),(737,5,107,9,'id_feature',4,2,0),(738,5,90,NULL,'manufacturer',1,0,0),(739,5,90,NULL,'price',2,1,5),(740,5,90,8,'id_feature',3,2,0),(741,5,90,9,'id_feature',4,2,0),(742,5,143,NULL,'manufacturer',1,0,0),(743,5,143,NULL,'price',2,1,5),(744,5,143,8,'id_feature',3,2,0),(745,5,143,9,'id_feature',4,2,0),(746,5,100,NULL,'manufacturer',1,0,0),(747,5,100,NULL,'price',2,1,5),(748,5,100,8,'id_feature',3,2,0),(749,5,100,9,'id_feature',4,2,0),(750,5,78,NULL,'manufacturer',1,0,0),(751,5,78,NULL,'price',2,1,5),(752,5,78,8,'id_feature',3,2,0),(753,5,78,9,'id_feature',4,2,0),(754,5,112,NULL,'manufacturer',1,0,0),(755,5,112,NULL,'price',2,1,5),(756,5,112,8,'id_feature',3,2,0),(757,5,112,9,'id_feature',4,2,0),(758,5,104,NULL,'manufacturer',1,0,0),(759,5,104,NULL,'price',2,1,5),(760,5,104,8,'id_feature',3,2,0),(761,5,104,9,'id_feature',4,2,0),(762,5,96,NULL,'manufacturer',1,0,0),(763,5,96,NULL,'price',2,1,5),(764,5,96,8,'id_feature',3,2,0),(765,5,96,9,'id_feature',4,2,0),(766,5,97,NULL,'manufacturer',1,0,0),(767,5,97,NULL,'price',2,1,5),(768,5,97,8,'id_feature',3,2,0),(769,5,97,9,'id_feature',4,2,0),(770,5,80,NULL,'manufacturer',1,0,0),(771,5,80,NULL,'price',2,1,5),(772,5,80,8,'id_feature',3,2,0),(773,5,80,9,'id_feature',4,2,0),(774,5,110,NULL,'manufacturer',1,0,0),(775,5,110,NULL,'price',2,1,5),(776,5,110,8,'id_feature',3,2,0),(777,5,110,9,'id_feature',4,2,0),(778,5,103,NULL,'manufacturer',1,0,0),(779,5,103,NULL,'price',2,1,5),(780,5,103,8,'id_feature',3,2,0),(781,5,103,9,'id_feature',4,2,0),(782,5,123,NULL,'manufacturer',1,0,0),(783,5,123,NULL,'price',2,1,5),(784,5,123,8,'id_feature',3,2,0),(785,5,123,9,'id_feature',4,2,0),(786,5,79,NULL,'manufacturer',1,0,0),(787,5,79,NULL,'price',2,1,5),(788,5,79,8,'id_feature',3,2,0),(789,5,79,9,'id_feature',4,2,0),(790,5,81,NULL,'manufacturer',1,0,0),(791,5,81,NULL,'price',2,1,5),(792,5,81,8,'id_feature',3,2,0),(793,5,81,9,'id_feature',4,2,0),(794,5,99,NULL,'manufacturer',1,0,0),(795,5,99,NULL,'price',2,1,5),(796,5,99,8,'id_feature',3,2,0),(797,5,99,9,'id_feature',4,2,0),(798,5,145,NULL,'manufacturer',1,0,0),(799,5,145,NULL,'price',2,1,5),(800,5,145,8,'id_feature',3,2,0),(801,5,145,9,'id_feature',4,2,0),(802,5,109,NULL,'manufacturer',1,0,0),(803,5,109,NULL,'price',2,1,5),(804,5,109,8,'id_feature',3,2,0),(805,5,109,9,'id_feature',4,2,0),(806,5,77,NULL,'manufacturer',1,0,0),(807,5,77,NULL,'price',2,1,5),(808,5,77,8,'id_feature',3,2,0),(809,5,77,9,'id_feature',4,2,0),(810,5,83,NULL,'manufacturer',1,0,0),(811,5,83,NULL,'price',2,1,5),(812,5,83,8,'id_feature',3,2,0),(813,5,83,9,'id_feature',4,2,0),(814,5,91,NULL,'manufacturer',1,0,0),(815,5,91,NULL,'price',2,1,5),(816,5,91,8,'id_feature',3,2,0),(817,5,91,9,'id_feature',4,2,0),(818,5,94,NULL,'manufacturer',1,0,0),(819,5,94,NULL,'price',2,1,5),(820,5,94,8,'id_feature',3,2,0),(821,5,94,9,'id_feature',4,2,0),(822,5,82,NULL,'manufacturer',1,0,0),(823,5,82,NULL,'price',2,1,5),(824,5,82,8,'id_feature',3,2,0),(825,5,82,9,'id_feature',4,2,0),(826,5,85,NULL,'manufacturer',1,0,0),(827,5,85,NULL,'price',2,1,5),(828,5,85,8,'id_feature',3,2,0),(829,5,85,9,'id_feature',4,2,0),(830,5,92,NULL,'manufacturer',1,0,0),(831,5,92,NULL,'price',2,1,5),(832,5,92,8,'id_feature',3,2,0),(833,5,92,9,'id_feature',4,2,0),(834,5,93,NULL,'manufacturer',1,0,0),(835,5,93,NULL,'price',2,1,5),(836,5,93,8,'id_feature',3,2,0),(837,5,93,9,'id_feature',4,2,0),(838,5,95,NULL,'manufacturer',1,0,0),(839,5,95,NULL,'price',2,1,5),(840,5,95,8,'id_feature',3,2,0),(841,5,95,9,'id_feature',4,2,0),(842,5,122,NULL,'manufacturer',1,0,0),(843,5,122,NULL,'price',2,1,5),(844,5,122,8,'id_feature',3,2,0),(845,5,122,9,'id_feature',4,2,0),(846,5,140,NULL,'manufacturer',1,0,0),(847,5,140,NULL,'price',2,1,5),(848,5,140,8,'id_feature',3,2,0),(849,5,140,9,'id_feature',4,2,0),(850,5,141,NULL,'manufacturer',1,0,0),(851,5,141,NULL,'price',2,1,5),(852,5,141,8,'id_feature',3,2,0),(853,5,141,9,'id_feature',4,2,0);

--
-- Table structure for table `pre3303_layered_filter`
--

CREATE TABLE `pre3303_layered_filter` (
  `id_layered_filter` int(10) unsigned NOT NULL AUTO_INCREMENT,
  `name` varchar(64) NOT NULL,
  `filters` text,
  `n_categories` int(10) unsigned NOT NULL,
  `date_add` datetime NOT NULL,
  PRIMARY KEY (`id_layered_filter`)
) ENGINE=InnoDB AUTO_INCREMENT=5 DEFAULT CHARSET=utf8;

--
-- Dumping data for table `pre3303_layered_filter`
--

INSERT INTO `pre3303_layered_filter` VALUES (2,'Mon modèle 2018-07-12 Litho','a:6:{s:10:\"categories\";a:50:{i:0;i:61;i:1;i:62;i:2;i:76;i:3;i:108;i:4;i:146;i:5;i:120;i:6;i:144;i:7;i:114;i:8;i:134;i:9;i:147;i:10;i:129;i:11;i:115;i:12;i:142;i:13;i:105;i:14;i:116;i:15;i:101;i:16;i:111;i:17;i:106;i:18;i:113;i:19;i:98;i:20;i:107;i:21;i:90;i:22;i:143;i:23;i:100;i:24;i:78;i:25;i:112;i:26;i:104;i:27;i:96;i:28;i:97;i:29;i:80;i:30;i:110;i:31;i:103;i:32;i:123;i:33;i:79;i:34;i:81;i:35;i:99;i:36;i:145;i:37;i:109;i:38;i:77;i:39;i:83;i:40;i:91;i:41;i:94;i:42;i:82;i:43;i:85;i:44;i:92;i:45;i:93;i:46;i:95;i:47;i:122;i:48;i:140;i:49;i:141;}s:9:\"shop_list\";a:3:{i:0;i:2;i:1;i:4;i:2;i:5;}s:30:\"layered_selection_manufacturer\";a:2:{s:11:\"filter_type\";i:0;s:17:\"filter_show_limit\";i:0;}s:30:\"layered_selection_price_slider\";a:2:{s:11:\"filter_type\";i:1;s:17:\"filter_show_limit\";i:5;}s:24:\"layered_selection_feat_8\";a:2:{s:11:\"filter_type\";i:2;s:17:\"filter_show_limit\";i:0;}s:24:\"layered_selection_feat_9\";a:2:{s:11:\"filter_type\";i:2;s:17:\"filter_show_limit\";i:0;}}',50,'2018-07-26 19:50:26'),(3,'Mon modèle 2018-08-11 StreetArt','a:7:{s:10:\"categories\";a:33:{i:0;i:65;i:1;i:67;i:2;i:156;i:3;i:179;i:4;i:180;i:5;i:188;i:6;i:185;i:7;i:162;i:8;i:163;i:9;i:164;i:10;i:181;i:11;i:184;i:12;i:187;i:13;i:165;i:14;i:166;i:15;i:182;i:16;i:161;i:17;i:157;i:18;i:167;i:19;i:176;i:20;i:183;i:21;i:168;i:22;i:174;i:23;i:186;i:24;i:170;i:25;i:177;i:26;i:175;i:27;i:169;i:28;i:172;i:29;i:173;i:30;i:171;i:31;i:160;i:32;i:178;}s:9:\"shop_list\";a:1:{i:0;i:5;}s:30:\"layered_selection_manufacturer\";a:2:{s:11:\"filter_type\";i:0;s:17:\"filter_show_limit\";i:0;}s:30:\"layered_selection_price_slider\";a:2:{s:11:\"filter_type\";i:1;s:17:\"filter_show_limit\";i:0;}s:24:\"layered_selection_feat_8\";a:2:{s:11:\"filter_type\";i:2;s:17:\"filter_show_limit\";i:0;}s:24:\"layered_selection_feat_9\";a:2:{s:11:\"filter_type\";i:2;s:17:\"filter_show_limit\";i:0;}s:25:\"layered_selection_feat_11\";a:2:{s:11:\"filter_type\";i:2;s:17:\"filter_show_limit\";i:0;}}',33,'2018-08-26 00:19:39'),(4,'Mon modèle 2018-10-16 JKA','a:6:{s:10:\"categories\";a:22:{i:0;i:56;i:1;i:60;i:2;i:191;i:3;i:193;i:4;i:203;i:5;i:204;i:6;i:201;i:7;i:206;i:8;i:213;i:9;i:214;i:10;i:216;i:11;i:218;i:12;i:219;i:13;i:192;i:14;i:198;i:15;i:202;i:16;i:205;i:17;i:207;i:18;i:215;i:20;i:210;i:21;i:211;i:22;i:212;}s:9:\"shop_list\";a:1:{i:0;i:2;}s:30:\"layered_selection_manufacturer\";a:2:{s:11:\"filter_type\";i:0;s:17:\"filter_show_limit\";i:0;}s:30:\"layered_selection_price_slider\";a:2:{s:11:\"filter_type\";i:1;s:17:\"filter_show_limit\";i:0;}s:24:\"layered_selection_feat_8\";a:2:{s:11:\"filter_type\";i:2;s:17:\"filter_show_limit\";i:0;}s:24:\"layered_selection_feat_9\";a:2:{s:11:\"filter_type\";i:2;s:17:\"filter_show_limit\";i:0;}}',23,'2018-10-16 16:57:16');

--
-- Table structure for table `pre3303_layered_filter_shop`
--

CREATE TABLE `pre3303_layered_filter_shop` (
  `id_layered_filter` int(10) unsigned NOT NULL,
  `id_shop` int(11) unsigned NOT NULL,
  PRIMARY KEY (`id_layered_filter`,`id_shop`),
  KEY `id_shop` (`id_shop`)
) ENGINE=InnoDB DEFAULT CHARSET=utf8;

--
-- Dumping data for table `pre3303_layered_filter_shop`
--

INSERT INTO `pre3303_layered_filter_shop` VALUES (1,2),(2,2),(4,2),(2,4),(2,5),(3,5);

--
-- Table structure for table `pre3303_layered_indexable_attribute_group`
--

CREATE TABLE `pre3303_layered_indexable_attribute_group` (
  `id_attribute_group` int(11) NOT NULL,
  `indexable` tinyint(1) NOT NULL DEFAULT '0',
  PRIMARY KEY (`id_attribute_group`)
) ENGINE=InnoDB DEFAULT CHARSET=utf8;

--
-- Dumping data for table `pre3303_layered_indexable_attribute_group`
--

INSERT INTO `pre3303_layered_indexable_attribute_group` VALUES (3,1);

--
-- Table structure for table `pre3303_layered_indexable_attribute_group_lang_value`
--

CREATE TABLE `pre3303_layered_indexable_attribute_group_lang_value` (
  `id_attribute_group` int(11) NOT NULL,
  `id_lang` int(11) NOT NULL,
  `url_name` varchar(128) DEFAULT NULL,
  `meta_title` varchar(128) DEFAULT NULL,
  PRIMARY KEY (`id_attribute_group`,`id_lang`)
) ENGINE=InnoDB DEFAULT CHARSET=utf8;

--
-- Dumping data for table `pre3303_layered_indexable_attribute_group_lang_value`
--


--
-- Table structure for table `pre3303_layered_indexable_attribute_lang_value`
--

CREATE TABLE `pre3303_layered_indexable_attribute_lang_value` (
  `id_attribute` int(11) NOT NULL,
  `id_lang` int(11) NOT NULL,
  `url_name` varchar(128) DEFAULT NULL,
  `meta_title` varchar(128) DEFAULT NULL,
  PRIMARY KEY (`id_attribute`,`id_lang`)
) ENGINE=InnoDB DEFAULT CHARSET=utf8;

--
-- Dumping data for table `pre3303_layered_indexable_attribute_lang_value`
--

INSERT INTO `pre3303_layered_indexable_attribute_lang_value` VALUES (25,1,'romain-froquet',''),(26,1,'miss-tic',''),(27,1,'c215',''),(28,1,'jacques-villegle',''),(29,1,'levalet',''),(30,1,'jana-js',''),(31,1,'philippe-herard',''),(32,1,'levalet',''),(33,1,'romain-froquet',''),(34,1,'gottfried-salzmann',''),(34,2,'',''),(35,1,'visuel-paris',''),(35,2,'',''),(36,1,'visuel-foret',''),(36,2,'',''),(37,1,'visuel-urbex',''),(37,2,'',''),(38,1,'dedicace-1',''),(38,2,'',''),(39,1,'dedicace-2',''),(39,2,'',''),(40,1,'numerote-8-sur-200',''),(40,2,'',''),(41,1,'numerote-173-sur-200',''),(41,2,'',''),(42,1,'numerote-35-sur-70',''),(42,2,'',''),(43,1,'numerote-56-sur-70',''),(43,2,'',''),(44,1,'white-edition',''),(44,2,'',''),(45,1,'black-edition',''),(45,2,'',''),(46,1,'1',''),(46,2,'',''),(47,1,'2',''),(47,2,'',''),(48,1,'3',''),(48,2,'',''),(49,1,'4',''),(49,2,'',''),(50,1,'1',''),(50,2,'',''),(51,1,'2',''),(51,2,'',''),(52,1,'numerote-7',''),(52,2,'1',''),(53,1,'numerote-14',''),(53,2,'2',''),(54,1,'2',''),(54,2,'',''),(55,1,'18',''),(55,2,'',''),(56,1,'3',''),(56,2,'',''),(57,1,'4',''),(57,2,'',''),(58,1,'5',''),(58,2,'',''),(59,1,'6',''),(59,2,'',''),(60,1,'7',''),(60,2,'',''),(61,1,'8',''),(61,2,'',''),(62,1,'10',''),(62,2,'',''),(63,1,'19',''),(63,2,'',''),(64,1,'22',''),(64,2,'',''),(65,1,'24',''),(65,2,'',''),(66,1,'29',''),(66,2,'',''),(67,1,'30',''),(67,2,'',''),(68,1,'13',''),(68,2,'',''),(69,1,'14',''),(69,2,'',''),(70,1,'15',''),(70,2,'',''),(71,1,'16',''),(71,2,'',''),(72,1,'27',''),(72,2,'',''),(73,1,'28',''),(73,2,'',''),(74,1,'31',''),(74,2,'',''),(75,1,'1',''),(75,2,'',''),(76,1,'format-20x30cm',''),(76,2,'',''),(77,1,'format-30x40cm',''),(77,2,'',''),(78,1,'format-70x70cm',''),(78,2,'',''),(79,1,'format-20x30cm',''),(79,2,'',''),(80,1,'format-30x40cm',''),(80,2,'',''),(81,1,'format-70x70cm',''),(81,2,'',''),(82,1,'format-20x30cm',''),(82,2,'',''),(83,1,'format-30x40cm',''),(83,2,'',''),(84,1,'format-70x70cm',''),(84,2,'',''),(85,1,'format-20x30cm',''),(85,2,'',''),(86,1,'format-30x40cm',''),(86,2,'',''),(87,1,'format-70x70cm',''),(87,2,'',''),(88,1,'format-20x30cm',''),(88,2,'',''),(89,1,'format-30x40cm',''),(89,2,'',''),(90,1,'format-70x70cm',''),(90,2,'',''),(91,1,'noir-et-blanc',''),(91,2,'',''),(92,1,'couleur',''),(92,2,'',''),(93,1,'format-30x40cm',''),(93,2,'',''),(94,1,'format-27x21cm',''),(94,2,'',''),(95,1,'bleu',''),(95,2,'',''),(96,1,'rouge',''),(96,2,'','');

--
-- Table structure for table `pre3303_layered_indexable_feature`
--

CREATE TABLE `pre3303_layered_indexable_feature` (
  `id_feature` int(11) NOT NULL,
  `indexable` tinyint(1) NOT NULL DEFAULT '0',
  PRIMARY KEY (`id_feature`)
) ENGINE=InnoDB DEFAULT CHARSET=utf8;

--
-- Dumping data for table `pre3303_layered_indexable_feature`
--

INSERT INTO `pre3303_layered_indexable_feature` VALUES (1,1),(2,1),(3,1),(4,1);

--
-- Table structure for table `pre3303_layered_indexable_feature_lang_value`
--

CREATE TABLE `pre3303_layered_indexable_feature_lang_value` (
  `id_feature` int(11) NOT NULL,
  `id_lang` int(11) NOT NULL,
  `url_name` varchar(128) NOT NULL,
  `meta_title` varchar(128) DEFAULT NULL,
  PRIMARY KEY (`id_feature`,`id_lang`)
) ENGINE=InnoDB DEFAULT CHARSET=utf8;

--
-- Dumping data for table `pre3303_layered_indexable_feature_lang_value`
--


--
-- Table structure for table `pre3303_layered_indexable_feature_value_lang_value`
--

CREATE TABLE `pre3303_layered_indexable_feature_value_lang_value` (
  `id_feature_value` int(11) NOT NULL,
  `id_lang` int(11) NOT NULL,
  `url_name` varchar(128) DEFAULT NULL,
  `meta_title` varchar(128) DEFAULT NULL,
  PRIMARY KEY (`id_feature_value`,`id_lang`)
) ENGINE=InnoDB DEFAULT CHARSET=utf8;

--
-- Dumping data for table `pre3303_layered_indexable_feature_value_lang_value`
--

INSERT INTO `pre3303_layered_indexable_feature_value_lang_value` VALUES (34,1,'',''),(35,1,'',''),(36,1,'',''),(36,2,'',''),(37,1,'',''),(37,2,'',''),(38,1,'',''),(39,1,'',''),(40,1,'',''),(41,1,'',''),(42,1,'',''),(43,1,'',''),(44,1,'',''),(45,1,'',''),(46,1,'',''),(47,1,'',''),(70,1,'',''),(70,2,'',''),(71,1,'',''),(71,2,'',''),(72,1,'',''),(72,2,'',''),(73,1,'',''),(73,2,'',''),(74,1,'',''),(74,2,'',''),(75,1,'',''),(75,2,'',''),(76,1,'',''),(76,2,'',''),(77,1,'',''),(77,2,'',''),(78,1,'',''),(78,2,'',''),(79,1,'',''),(79,2,'',''),(80,1,'',''),(80,2,'',''),(81,1,'',''),(81,2,'',''),(82,1,'',''),(82,2,'',''),(84,1,'',''),(84,2,'',''),(85,1,'',''),(85,2,'',''),(86,1,'',''),(86,2,'',''),(87,1,'',''),(87,2,'',''),(89,1,'',''),(89,2,'',''),(90,1,'',''),(90,2,'',''),(91,1,'',''),(91,2,'',''),(92,1,'',''),(92,2,'',''),(93,1,'',''),(93,2,'',''),(94,1,'',''),(94,2,'',''),(95,1,'',''),(95,2,'',''),(96,1,'',''),(96,2,'',''),(97,1,'',''),(97,2,'',''),(98,1,'',''),(98,2,'',''),(99,1,'',''),(99,2,'',''),(100,1,'',''),(100,2,'',''),(101,1,'',''),(101,2,'',''),(102,1,'',''),(102,2,'',''),(103,1,'',''),(103,2,'',''),(104,1,'',''),(104,2,'',''),(105,1,'',''),(105,2,'',''),(106,1,'',''),(106,2,'',''),(107,1,'',''),(107,2,'',''),(108,1,'',''),(108,2,'',''),(109,1,'',''),(109,2,'',''),(110,1,'',''),(110,2,'',''),(111,1,'',''),(111,2,'',''),(112,1,'',''),(112,2,'',''),(113,1,'',''),(113,2,'',''),(114,1,'',''),(114,2,'',''),(115,1,'',''),(115,2,'',''),(116,1,'',''),(116,2,'',''),(117,1,'',''),(117,2,'',''),(118,1,'',''),(118,2,'',''),(119,1,'',''),(119,2,'',''),(121,1,'',''),(121,2,'',''),(122,1,'',''),(122,2,'',''),(123,1,'',''),(123,2,'',''),(124,1,'',''),(124,2,'',''),(125,1,'',''),(125,2,'',''),(126,1,'',''),(126,2,'',''),(127,1,'',''),(127,2,'',''),(128,1,'',''),(128,2,'',''),(129,1,'',''),(129,2,'',''),(130,1,'',''),(130,2,'',''),(131,1,'',''),(131,2,'',''),(132,1,'',''),(132,2,'',''),(133,1,'',''),(133,2,'',''),(134,1,'',''),(134,2,'',''),(135,1,'',''),(135,2,'',''),(136,1,'',''),(136,2,'',''),(137,1,'',''),(137,2,'',''),(138,1,'',''),(138,2,'',''),(139,1,'',''),(139,2,'',''),(140,1,'',''),(140,2,'',''),(141,1,'',''),(141,2,'',''),(142,1,'',''),(142,2,'',''),(143,1,'',''),(143,2,'',''),(144,1,'',''),(144,2,'',''),(145,1,'',''),(145,2,'',''),(146,1,'',''),(146,2,'',''),(147,1,'',''),(147,2,'',''),(148,1,'',''),(148,2,'',''),(149,1,'',''),(149,2,'',''),(150,1,'',''),(150,2,'',''),(151,1,'',''),(151,2,'',''),(152,1,'',''),(152,2,'',''),(153,1,'',''),(153,2,'',''),(154,1,'',''),(154,2,'',''),(155,1,'',''),(155,2,'',''),(156,1,'',''),(156,2,'',''),(157,1,'',''),(157,2,'',''),(158,1,'',''),(158,2,'',''),(159,1,'',''),(159,2,'',''),(160,1,'',''),(160,2,'',''),(161,1,'',''),(161,2,'',''),(162,1,'',''),(162,2,'',''),(163,1,'',''),(163,2,'',''),(164,1,'',''),(164,2,'',''),(165,1,'',''),(165,2,'',''),(166,1,'',''),(166,2,'',''),(167,1,'',''),(167,2,'',''),(168,1,'',''),(168,2,'',''),(169,1,'',''),(169,2,'',''),(170,1,'',''),(170,2,'',''),(171,1,'',''),(171,2,'',''),(172,1,'',''),(172,2,'',''),(173,1,'',''),(173,2,'',''),(174,1,'',''),(174,2,'',''),(175,1,'',''),(175,2,'',''),(176,1,'',''),(176,2,'',''),(177,1,'',''),(177,2,'',''),(178,1,'',''),(178,2,'',''),(179,1,'',''),(179,2,'',''),(180,1,'',''),(180,2,'',''),(181,1,'',''),(181,2,'',''),(182,1,'',''),(182,2,'',''),(183,1,'',''),(183,2,'',''),(184,1,'',''),(184,2,'',''),(185,1,'',''),(185,2,'',''),(186,1,'',''),(186,2,'',''),(187,1,'',''),(187,2,'',''),(188,1,'',''),(188,2,'',''),(189,1,'',''),(189,2,'',''),(190,1,'',''),(190,2,'',''),(191,1,'',''),(191,2,'',''),(192,1,'',''),(192,2,'',''),(193,1,'',''),(193,2,'',''),(194,1,'',''),(194,2,'',''),(195,1,'',''),(195,2,'',''),(196,1,'',''),(196,2,'',''),(197,1,'',''),(197,2,'',''),(198,1,'',''),(198,2,'',''),(199,1,'',''),(199,2,'',''),(200,1,'',''),(200,2,'',''),(201,1,'',''),(201,2,'',''),(202,1,'',''),(202,2,'',''),(203,1,'',''),(203,2,'',''),(204,1,'',''),(204,2,'',''),(205,1,'',''),(205,2,'',''),(206,1,'',''),(206,2,'',''),(207,1,'',''),(207,2,'',''),(208,1,'',''),(208,2,'',''),(209,1,'',''),(209,2,'',''),(210,1,'',''),(210,2,'',''),(211,1,'',''),(211,2,'',''),(212,1,'',''),(212,2,'',''),(213,1,'',''),(213,2,'',''),(214,1,'',''),(214,2,'',''),(215,1,'',''),(215,2,'',''),(216,1,'',''),(216,2,'',''),(217,1,'',''),(217,2,'',''),(218,1,'',''),(218,2,'',''),(219,1,'',''),(219,2,'',''),(220,1,'',''),(220,2,'',''),(221,1,'',''),(221,2,'',''),(222,1,'',''),(222,2,'',''),(223,1,'',''),(223,2,'',''),(224,1,'',''),(224,2,'',''),(225,1,'',''),(225,2,'',''),(227,1,'',''),(227,2,'',''),(228,1,'',''),(228,2,'',''),(229,1,'',''),(229,2,'',''),(230,1,'',''),(230,2,'',''),(231,1,'',''),(231,2,'',''),(232,1,'',''),(232,2,'',''),(233,1,'',''),(233,2,'',''),(234,1,'',''),(234,2,'',''),(235,1,'',''),(235,2,'',''),(236,1,'',''),(236,2,'',''),(237,1,'',''),(237,2,'',''),(238,1,'',''),(238,2,'',''),(239,1,'',''),(239,2,'',''),(255,1,'',''),(255,2,'',''),(256,1,'',''),(256,2,'',''),(257,1,'',''),(257,2,'',''),(258,1,'',''),(258,2,'',''),(259,1,'',''),(259,2,'',''),(260,1,'',''),(260,2,'',''),(261,1,'',''),(261,2,'',''),(262,1,'',''),(262,2,'',''),(263,1,'',''),(263,2,'',''),(264,1,'',''),(264,2,'',''),(265,1,'',''),(265,2,'',''),(266,1,'',''),(266,2,'',''),(303,1,'',''),(303,2,'',''),(304,1,'',''),(304,2,'',''),(307,1,'',''),(307,2,'',''),(308,1,'',''),(308,2,'',''),(309,1,'',''),(309,2,'',''),(310,1,'',''),(310,2,'',''),(311,1,'',''),(311,2,'',''),(312,1,'',''),(312,2,'',''),(313,1,'',''),(313,2,'',''),(314,1,'',''),(314,2,'',''),(315,1,'',''),(315,2,'',''),(322,1,'',''),(322,2,'',''),(339,1,'',''),(339,2,'',''),(362,1,'',''),(362,2,'',''),(378,1,'',''),(378,2,'',''),(403,1,'',''),(403,2,'',''),(597,1,'',''),(597,2,'',''),(1054,1,'',''),(1054,2,'',''),(1057,1,'',''),(1057,2,'',''),(1060,1,'',''),(1060,2,'',''),(1252,1,'',''),(1252,2,'',''),(1370,1,'',''),(1370,2,'',''),(1371,1,'',''),(1371,2,'',''),(1373,1,'',''),(1373,2,'',''),(1374,1,'',''),(1374,2,'',''),(1375,1,'',''),(1375,2,'',''),(1452,1,'',''),(1452,2,'',''),(1831,1,'',''),(1831,2,'',''),(1832,1,'',''),(1832,2,'',''),(1836,1,'',''),(1836,2,'',''),(1837,1,'',''),(1837,2,'',''),(1936,1,'',''),(1936,2,'',''),(2119,1,'',''),(2119,2,'',''),(2134,1,'',''),(2134,2,'',''),(2325,1,'',''),(2325,2,'',''),(2536,1,'',''),(2536,2,'',''),(3832,1,'',''),(3832,2,'',''),(3833,1,'',''),(3833,2,'',''),(3834,1,'',''),(3834,2,'',''),(3838,1,'',''),(3838,2,'',''),(3951,1,'',''),(3951,2,'',''),(4019,1,'',''),(4019,2,'',''),(4105,1,'',''),(4105,2,'',''),(5211,1,'',''),(5211,2,'',''),(5559,1,'',''),(5559,2,'','');

--
-- Table structure for table `pre3303_layered_price_index`
--

CREATE TABLE `pre3303_layered_price_index` (
  `id_product` int(11) NOT NULL,
  `id_currency` int(11) NOT NULL,
  `id_shop` int(11) NOT NULL,
  `price_min` int(11) NOT NULL,
  `price_max` int(11) NOT NULL,
  PRIMARY KEY (`id_product`,`id_currency`,`id_shop`),
  KEY `id_currency` (`id_currency`),
  KEY `price_min` (`price_min`),
  KEY `price_max` (`price_max`)
) ENGINE=InnoDB DEFAULT CHARSET=utf8;

--
-- Dumping data for table `pre3303_layered_price_index`
--

INSERT INTO `pre3303_layered_price_index` VALUES (1,1,1,16,20),(1,1,2,16,20),(2,1,1,26,32),(2,1,2,26,32),(3,1,1,25,31),(3,1,2,25,31),(4,1,1,50,61),(4,1,2,50,61),(5,1,1,28,35),(5,1,2,28,35),(6,1,1,30,37),(6,1,2,30,37),(7,1,1,16,20),(7,1,2,16,20),(8,1,1,1000,1000),(8,1,2,0,0),(9,1,1,4000,4000),(9,1,2,4000,4000),(10,1,1,0,0),(10,1,2,0,0),(11,1,1,0,0),(11,1,2,0,0),(12,1,1,0,0),(12,1,2,0,0),(13,1,1,0,0),(13,1,2,0,0),(14,1,1,0,0),(14,1,2,100,100),(15,1,1,100,100),(15,1,2,100,100),(16,1,1,1000,1000),(16,1,2,0,0),(18,1,2,0,0),(18,1,4,0,0),(19,1,2,0,0),(19,1,4,0,0),(20,1,2,0,0),(20,1,4,0,0),(21,1,2,0,0),(21,1,4,0,0),(22,1,2,0,0),(22,1,4,1000,1000),(2546,1,2,0,0),(2546,1,4,208,250),(2546,1,5,0,0),(2547,1,2,125,125),(2547,1,4,125,150),(2547,1,5,125,125),(2574,1,2,150,150),(2574,1,4,150,180),(2574,1,5,150,150),(2576,1,2,0,0),(2576,1,4,183,220),(2576,1,5,0,0),(2577,1,2,100,100),(2577,1,4,100,120),(2577,1,5,100,100),(2578,1,2,83,83),(2578,1,4,83,100),(2578,1,5,83,83),(2579,1,2,0,0),(2579,1,4,250,300),(2579,1,5,0,0),(2580,1,2,0,0),(2580,1,4,133,160),(2580,1,5,0,0),(2582,1,2,0,0),(2582,1,4,133,160),(2582,1,5,0,0),(2583,1,2,0,0),(2583,1,4,250,300),(2583,1,5,0,0),(2585,1,2,0,0),(2585,1,4,250,300),(2585,1,5,0,0),(2586,1,2,0,0),(2586,1,4,183,220),(2586,1,5,0,0),(2587,1,2,0,0),(2587,1,4,1250,1500),(2587,1,5,0,0),(2588,1,2,0,0),(2588,1,4,500,600),(2588,1,5,0,0),(2589,1,2,50,50),(2589,1,4,50,60),(2589,1,5,50,50),(2590,1,2,0,0),(2590,1,4,2083,2500),(2590,1,5,0,0),(2617,1,2,0,0),(2617,1,4,0,0),(2617,1,5,2000,2000),(2619,1,2,0,0),(2619,1,4,0,0),(2619,1,5,2500,2500),(2621,1,2,0,0),(2621,1,4,0,0),(2621,1,5,950,950),(2624,1,2,0,0),(2624,1,4,0,0),(2624,1,5,1380,1380),(2694,1,2,0,0),(2694,1,4,0,0),(2694,1,5,450,450),(2695,1,2,0,0),(2695,1,4,0,0),(2695,1,5,530,530),(2696,1,2,0,0),(2696,1,4,0,0),(2696,1,5,500,500),(2697,1,2,0,0),(2697,1,4,0,0),(2697,1,5,500,500),(2702,1,2,0,0),(2702,1,4,0,0),(2702,1,5,390,390),(2703,1,2,0,0),(2703,1,4,2083,2500),(2703,1,5,0,0),(2705,1,2,0,0),(2705,1,4,2083,2500),(2705,1,5,0,0),(2706,1,2,0,0),(2706,1,4,0,0),(2706,1,5,2500,2500),(2746,1,2,0,0),(2746,1,4,0,0),(2746,1,5,450,450),(2747,1,2,0,0),(2747,1,4,0,0),(2747,1,5,450,450),(2748,1,2,0,0),(2748,1,4,0,0),(2748,1,5,450,450),(2749,1,2,0,0),(2749,1,4,0,0),(2749,1,5,450,450),(2750,1,2,0,0),(2750,1,4,0,0),(2750,1,5,450,450),(2753,1,2,0,0),(2753,1,4,0,0),(2753,1,5,390,390),(2754,1,2,0,0),(2754,1,4,0,0),(2754,1,5,390,390),(2756,1,2,0,0),(2756,1,4,0,0),(2756,1,5,480,480),(2757,1,2,0,0),(2757,1,4,0,0),(2757,1,5,480,480),(2758,1,2,0,0),(2758,1,4,0,0),(2758,1,5,480,480),(2759,1,2,0,0),(2759,1,4,0,0),(2759,1,5,480,480),(2760,1,2,0,0),(2760,1,4,0,0),(2760,1,5,480,480),(2763,1,2,0,0),(2763,1,4,375,450),(2763,1,5,0,0),(2844,1,2,0,0),(2844,1,4,82,99),(2844,1,5,0,0),(2937,1,2,0,0),(2937,1,4,0,0),(2937,1,5,3200,3200),(2977,1,2,0,0),(2977,1,4,183,220),(2977,1,5,0,0),(3052,1,2,3200,3200),(3052,1,4,0,0),(3052,1,5,0,0),(3071,1,2,1200,1200),(3071,1,4,0,0),(3071,1,5,0,0),(3096,1,2,0,0),(3096,1,4,100,120),(3096,1,5,0,0),(3097,1,2,0,0),(3097,1,4,162,195),(3097,1,5,0,0),(3310,1,2,0,0),(3310,1,4,125,150),(3310,1,5,0,0),(3325,1,2,0,0),(3325,1,4,27,29),(3325,1,5,0,0),(3329,1,2,0,0),(3329,1,4,10,10),(3329,1,5,0,0),(3364,1,2,0,0),(3364,1,4,160,160),(3364,1,5,0,0),(3476,1,2,0,0),(3476,1,4,0,0),(3476,1,5,0,0),(3535,1,2,0,0),(3535,1,4,30,30),(3535,1,5,0,0),(3556,1,2,0,0),(3556,1,4,600,600),(3556,1,5,0,0),(3650,1,2,0,0),(3650,1,4,70,70),(3650,1,5,0,0),(3661,1,2,0,0),(3661,1,4,250,300),(3661,1,5,0,0),(3662,1,2,0,0),(3662,1,4,250,300),(3662,1,5,0,0),(3818,1,2,6800,6800),(3818,1,4,0,0),(3818,1,5,0,0),(3820,1,2,6800,6800),(3820,1,4,0,0),(3820,1,5,0,0),(3836,1,2,900,900),(3836,1,4,0,0),(3836,1,5,0,0),(3846,1,2,900,900),(3846,1,4,0,0),(3846,1,5,0,0),(3955,1,2,1700,1700),(3955,1,4,0,0),(3955,1,5,0,0),(3957,1,2,1700,1700),(3957,1,4,0,0),(3957,1,5,0,0),(3966,1,2,0,0),(3966,1,4,400,480),(3966,1,5,0,0),(3974,1,2,0,0),(3974,1,4,600,600),(3974,1,5,0,0),(3980,1,2,0,0),(3980,1,4,416,500),(3980,1,5,0,0),(3982,1,2,0,0),(3982,1,4,416,500),(3982,1,5,0,0),(3996,1,2,0,0),(3996,1,4,1083,1300),(3996,1,5,0,0),(4000,1,2,0,0),(4000,1,4,333,400),(4000,1,5,0,0),(4008,1,2,0,0),(4008,1,4,250,300),(4008,1,5,0,0),(4010,1,2,0,0),(4010,1,4,350,420),(4010,1,5,0,0),(4016,1,2,0,0),(4016,1,4,75,90),(4016,1,5,0,0),(4026,1,2,4300,4300),(4026,1,4,0,0),(4026,1,5,0,0),(4028,1,2,1200,1200),(4028,1,4,0,0),(4028,1,5,0,0),(4030,1,2,800,800),(4030,1,4,0,0),(4030,1,5,0,0),(4034,1,2,950,950),(4034,1,4,0,0),(4034,1,5,0,0),(4039,1,2,1200,1200),(4039,1,4,0,0),(4039,1,5,0,0),(4059,1,2,900,900),(4059,1,4,0,0),(4059,1,5,0,0),(4070,1,2,0,0),(4070,1,4,250,300),(4070,1,5,0,0),(4072,1,2,0,0),(4072,1,4,250,300),(4072,1,5,0,0),(4074,1,2,0,0),(4074,1,4,250,300),(4074,1,5,0,0),(4081,1,2,0,0),(4081,1,4,550,550),(4081,1,5,0,0),(4082,1,2,0,0),(4082,1,4,208,250),(4082,1,5,0,0),(4118,1,2,0,0),(4118,1,4,291,350),(4118,1,5,0,0),(4214,1,2,1500,1500),(4214,1,4,0,0),(4214,1,5,0,0),(4216,1,2,2300,2300),(4216,1,4,0,0),(4216,1,5,0,0),(4220,1,2,0,0),(4220,1,4,20,20),(4220,1,5,0,0),(4287,1,2,0,0),(4287,1,4,83,100),(4287,1,5,0,0),(4298,1,2,0,0),(4298,1,4,2000,2400),(4298,1,5,0,0),(4320,1,2,0,0),(4320,1,4,208,250),(4320,1,5,0,0),(4458,1,2,0,0),(4458,1,4,50,50),(4458,1,5,0,0),(4462,1,2,0,0),(4462,1,4,10,10),(4462,1,5,0,0),(4474,1,2,0,0),(4474,1,4,333,400),(4474,1,5,0,0),(4475,1,2,0,0),(4475,1,4,250,300),(4475,1,5,0,0),(4482,1,2,0,0),(4482,1,4,32,32),(4482,1,5,0,0),(4487,1,2,2500,2500),(4487,1,4,0,0),(4487,1,5,0,0),(4547,1,2,0,0),(4547,1,4,29,29),(4547,1,5,0,0),(4588,1,2,3800,3800),(4588,1,4,0,0),(4588,1,5,0,0),(4737,1,2,0,0),(4737,1,4,0,0),(4737,1,5,1250,1250),(4739,1,2,0,0),(4739,1,4,0,0),(4739,1,5,1450,1450),(4742,1,2,0,0),(4742,1,4,833,1000),(4742,1,5,0,0),(4744,1,2,0,0),(4744,1,4,833,1000),(4744,1,5,0,0),(4746,1,2,0,0),(4746,1,4,833,1000),(4746,1,5,0,0),(4748,1,2,0,0),(4748,1,4,833,1000),(4748,1,5,0,0),(4793,1,2,0,0),(4793,1,4,483,580),(4793,1,5,0,0),(4795,1,2,0,0),(4795,1,4,666,800),(4795,1,5,0,0),(4830,1,2,2300,2300),(4830,1,4,0,0),(4830,1,5,0,0),(4832,1,2,1600,1600),(4832,1,4,0,0),(4832,1,5,0,0),(4835,1,2,0,0),(4835,1,4,0,0),(4835,1,5,1500,1500),(4837,1,2,2400,2400),(4837,1,4,0,0),(4837,1,5,0,0),(4839,1,2,0,0),(4839,1,4,3500,3500),(4839,1,5,0,0),(4841,1,2,0,0),(4841,1,4,3600,3600),(4841,1,5,0,0),(4843,1,2,1200,1200),(4843,1,4,0,0),(4843,1,5,0,0),(4847,1,2,2500,2500),(4847,1,4,0,0),(4847,1,5,0,0),(4851,1,2,0,0),(4851,1,4,0,0),(4851,1,5,850,850),(4853,1,2,0,0),(4853,1,4,0,0),(4853,1,5,900,900),(4858,1,2,0,0),(4858,1,4,500,600),(4858,1,5,0,0),(4860,1,2,0,0),(4860,1,4,416,500),(4860,1,5,0,0),(4872,1,2,0,0),(4872,1,4,383,460),(4872,1,5,0,0),(4874,1,2,0,0),(4874,1,4,550,660),(4874,1,5,0,0),(4878,1,2,0,0),(4878,1,4,483,580),(4878,1,5,0,0),(4883,1,2,0,0),(4883,1,4,400,480),(4883,1,5,0,0),(4885,1,2,0,0),(4885,1,4,500,600),(4885,1,5,0,0),(4890,1,2,3200,3200),(4890,1,4,0,0),(4890,1,5,0,0),(4892,1,2,3200,3200),(4892,1,4,0,0),(4892,1,5,0,0),(4896,1,2,3200,3200),(4896,1,4,0,0),(4896,1,5,0,0),(4898,1,2,2400,2400),(4898,1,4,0,0),(4898,1,5,0,0),(4910,1,2,1200,1200),(4910,1,4,0,0),(4910,1,5,0,0),(4917,1,2,1200,1200),(4917,1,4,0,0),(4917,1,5,0,0),(4919,1,2,800,800),(4919,1,4,0,0),(4919,1,5,0,0),(4921,1,2,250,250),(4921,1,4,0,0),(4921,1,5,0,0),(4923,1,2,250,250),(4923,1,4,0,0),(4923,1,5,0,0),(4925,1,2,2600,2600),(4925,1,4,0,0),(4925,1,5,0,0),(4927,1,2,6500,6500),(4927,1,4,0,0),(4927,1,5,0,0),(4929,1,2,3300,3300),(4929,1,4,0,0),(4929,1,5,0,0),(4931,1,2,6000,6000),(4931,1,4,0,0),(4931,1,5,0,0),(4933,1,2,250,250),(4933,1,4,0,0),(4933,1,5,0,0),(4944,1,2,0,0),(4944,1,4,500,600),(4944,1,5,0,0),(4947,1,2,0,0),(4947,1,4,500,600),(4947,1,5,0,0),(4950,1,2,0,0),(4950,1,4,550,660),(4950,1,5,0,0),(4953,1,2,0,0),(4953,1,4,660,660),(4953,1,5,0,0),(4959,1,2,1600,1600),(4959,1,4,0,0),(4959,1,5,0,0),(4963,1,2,2000,2000),(4963,1,4,0,0),(4963,1,5,0,0),(4965,1,2,0,0),(4965,1,4,816,980),(4965,1,5,0,0),(4979,1,2,1600,1600),(4979,1,4,0,0),(4979,1,5,0,0),(4983,1,2,0,0),(4983,1,4,816,980),(4983,1,5,0,0),(4987,1,2,0,0),(4987,1,4,208,250),(4987,1,5,0,0),(5016,1,2,0,0),(5016,1,4,180,180),(5016,1,5,0,0),(5018,1,2,0,0),(5018,1,4,300,300),(5018,1,5,0,0),(5020,1,2,0,0),(5020,1,4,250,250),(5020,1,5,0,0),(5028,1,2,0,0),(5028,1,4,250,250),(5028,1,5,0,0),(5031,1,2,0,0),(5031,1,4,83,100),(5031,1,5,0,0),(5049,1,2,0,0),(5049,1,4,58,70),(5049,1,5,0,0),(5057,1,2,0,0),(5057,1,4,58,70),(5057,1,5,0,0),(5058,1,2,0,0),(5058,1,4,58,70),(5058,1,5,0,0),(5112,1,2,0,0),(5112,1,4,10,10),(5112,1,5,0,0),(5113,1,2,0,0),(5113,1,4,58,70),(5113,1,5,0,0),(5140,1,2,100,100),(5140,1,4,100,120),(5140,1,5,100,100),(5141,1,2,0,0),(5141,1,4,100,120),(5141,1,5,0,0),(5142,1,2,100,100),(5142,1,4,100,120),(5142,1,5,100,100),(5144,1,2,66,67),(5144,1,4,66,80),(5144,1,5,66,67),(5145,1,2,66,67),(5145,1,4,66,80),(5145,1,5,66,67),(5146,1,2,66,67),(5146,1,4,66,80),(5146,1,5,66,67),(5149,1,2,2800,2800),(5149,1,4,0,0),(5149,1,5,0,0),(5151,1,2,3200,3200),(5151,1,4,0,0),(5151,1,5,0,0),(5154,1,2,2800,2800),(5154,1,4,0,0),(5154,1,5,0,0),(5155,1,2,2800,2800),(5155,1,4,0,0),(5155,1,5,0,0),(5161,1,2,0,0),(5161,1,4,180,180),(5161,1,5,0,0),(5162,1,2,0,0),(5162,1,4,125,150),(5162,1,5,0,0),(5163,1,2,0,0),(5163,1,4,62,75),(5163,1,5,0,0),(5164,1,2,0,0),(5164,1,4,62,75),(5164,1,5,0,0),(5165,1,2,0,0),(5165,1,4,62,75),(5165,1,5,0,0),(5166,1,2,0,0),(5166,1,4,62,75),(5166,1,5,0,0),(5167,1,2,0,0),(5167,1,4,75,75),(5167,1,5,0,0),(5169,1,2,0,0),(5169,1,4,62,75),(5169,1,5,0,0),(5170,1,2,0,0),(5170,1,4,62,75),(5170,1,5,0,0),(5247,1,2,0,0),(5247,1,4,0,0),(5247,1,5,0,0),(5286,1,2,0,0),(5286,1,4,0,0),(5286,1,5,400,400),(5299,1,2,0,0),(5299,1,4,0,0),(5299,1,5,400,400),(5301,1,2,0,0),(5301,1,4,0,0),(5301,1,5,400,400),(5302,1,2,0,0),(5302,1,4,0,0),(5302,1,5,400,400),(5303,1,2,0,0),(5303,1,4,0,0),(5303,1,5,400,400),(5338,1,2,0,0),(5338,1,4,660,660),(5338,1,5,0,0),(5432,1,2,1600,1600),(5432,1,4,0,0),(5432,1,5,0,0),(5436,1,2,700,700),(5436,1,4,0,0),(5436,1,5,0,0),(5440,1,2,3800,3800),(5440,1,4,0,0),(5440,1,5,0,0),(5442,1,2,3800,3800),(5442,1,4,0,0),(5442,1,5,0,0),(5445,1,2,0,0),(5445,1,4,500,600),(5445,1,5,0,0),(5453,1,2,0,0),(5453,1,4,1000,1200),(5453,1,5,0,0),(5455,1,2,0,0),(5455,1,4,1000,1200),(5455,1,5,0,0),(5459,1,2,0,0),(5459,1,4,416,500),(5459,1,5,0,0),(5462,1,2,0,0),(5462,1,4,750,900),(5462,1,5,0,0),(5464,1,2,0,0),(5464,1,4,916,1100),(5464,1,5,0,0),(5487,1,2,0,0),(5487,1,4,233,280),(5487,1,5,0,0),(5497,1,2,0,0),(5497,1,4,233,280),(5497,1,5,0,0),(5498,1,2,0,0),(5498,1,4,320,320),(5498,1,5,0,0),(5499,1,2,0,0),(5499,1,4,233,280),(5499,1,5,0,0),(5500,1,2,0,0),(5500,1,4,233,280),(5500,1,5,0,0),(5501,1,2,0,0),(5501,1,4,320,320),(5501,1,5,0,0),(5502,1,2,0,0),(5502,1,4,233,280),(5502,1,5,0,0),(5503,1,2,0,0),(5503,1,4,233,280),(5503,1,5,0,0),(5520,1,2,0,0),(5520,1,4,0,0),(5520,1,5,0,0),(5521,1,2,0,0),(5521,1,4,0,0),(5521,1,5,0,0),(5522,1,2,0,0),(5522,1,4,316,380),(5522,1,5,0,0),(5523,1,2,0,0),(5523,1,4,83,100),(5523,1,5,0,0),(5524,1,2,0,0),(5524,1,4,41,50),(5524,1,5,0,0),(5525,1,2,0,0),(5525,1,4,150,150),(5525,1,5,0,0),(5526,1,2,0,0),(5526,1,4,20,20),(5526,1,5,0,0),(5527,1,2,0,0),(5527,1,4,1250,1500),(5527,1,5,0,0),(5530,1,2,0,0),(5530,1,4,408,490),(5530,1,5,0,0),(5533,1,2,0,0),(5533,1,4,490,490),(5533,1,5,0,0),(5537,1,2,0,0),(5537,1,4,490,490),(5537,1,5,0,0),(5560,1,2,0,0),(5560,1,4,541,650),(5560,1,5,0,0),(5562,1,2,0,0),(5562,1,4,1500,1500),(5562,1,5,0,0),(5564,1,2,0,0),(5564,1,4,1000,1200),(5564,1,5,0,0),(5566,1,2,0,0),(5566,1,4,416,500),(5566,1,5,0,0),(5568,1,2,0,0),(5568,1,4,416,500),(5568,1,5,0,0),(5578,1,2,3200,3200),(5578,1,4,0,0),(5578,1,5,0,0),(5580,1,2,5800,5800),(5580,1,4,0,0),(5580,1,5,0,0),(5582,1,2,8000,8000),(5582,1,4,0,0),(5582,1,5,0,0),(5584,1,2,0,0),(5584,1,4,0,0),(5584,1,5,1500,1500),(5586,1,2,0,0),(5586,1,4,0,0),(5586,1,5,2200,2200),(5589,1,2,0,0),(5589,1,4,25,30),(5589,1,5,0,0),(5595,1,2,0,0),(5595,1,4,25,30),(5595,1,5,0,0),(5683,1,2,0,0),(5683,1,4,125,150),(5683,1,5,0,0),(5703,1,2,0,0),(5703,1,4,166,200),(5703,1,5,0,0),(5722,1,2,0,0),(5722,1,4,125,150),(5722,1,5,0,0),(5740,1,2,0,0),(5740,1,4,50,60),(5740,1,5,0,0),(5744,1,2,0,0),(5744,1,4,50,60),(5744,1,5,0,0),(5756,1,2,0,0),(5756,1,4,125,150),(5756,1,5,0,0),(5757,1,2,0,0),(5757,1,4,125,150),(5757,1,5,0,0),(5758,1,2,0,0),(5758,1,4,125,150),(5758,1,5,0,0),(5759,1,2,0,0),(5759,1,4,125,150),(5759,1,5,0,0),(5763,1,2,0,0),(5763,1,4,208,250),(5763,1,5,0,0),(5776,1,2,0,0),(5776,1,4,83,100),(5776,1,5,0,0),(5777,1,2,0,0),(5777,1,4,83,100),(5777,1,5,0,0),(5778,1,2,0,0),(5778,1,4,66,80),(5778,1,5,0,0),(5779,1,2,0,0),(5779,1,4,66,80),(5779,1,5,0,0),(5824,1,2,0,0),(5824,1,4,541,650),(5824,1,5,0,0),(5864,1,2,0,0),(5864,1,4,400,480),(5864,1,5,0,0),(5865,1,2,0,0),(5865,1,4,400,480),(5865,1,5,0,0),(5867,1,2,0,0),(5867,1,4,316,380),(5867,1,5,0,0),(5875,1,2,0,0),(5875,1,4,316,380),(5875,1,5,0,0),(5876,1,2,0,0),(5876,1,4,316,380),(5876,1,5,0,0),(5877,1,2,0,0),(5877,1,4,316,380),(5877,1,5,0,0),(5878,1,2,0,0),(5878,1,4,316,380),(5878,1,5,0,0),(5879,1,2,0,0),(5879,1,4,2000,2400),(5879,1,5,0,0),(5881,1,2,0,0),(5881,1,4,383,460),(5881,1,5,0,0),(5884,1,2,0,0),(5884,1,4,383,460),(5884,1,5,0,0),(5885,1,2,0,0),(5885,1,4,500,600),(5885,1,5,0,0),(5899,1,2,0,0),(5899,1,4,416,500),(5899,1,5,0,0),(5902,1,2,2300,2300),(5902,1,4,0,0),(5902,1,5,0,0),(5903,1,2,2300,2300),(5903,1,4,0,0),(5903,1,5,0,0),(5905,1,2,650,650),(5905,1,4,0,0),(5905,1,5,0,0),(5909,1,2,2600,2600),(5909,1,4,0,0),(5909,1,5,0,0),(5911,1,2,1400,1400),(5911,1,4,0,0),(5911,1,5,0,0),(5935,1,2,0,0),(5935,1,4,62,75),(5935,1,5,0,0),(5943,1,2,4500,4500),(5943,1,4,0,0),(5943,1,5,0,0),(5944,1,2,900,900),(5944,1,4,0,0),(5944,1,5,0,0),(5945,1,2,1800,1800),(5945,1,4,0,0),(5945,1,5,0,0),(5956,1,2,5000,5000),(5956,1,4,0,0),(5956,1,5,0,0),(5960,1,2,0,0),(5960,1,4,166,200),(5960,1,5,0,0),(5975,1,2,3800,3800),(5975,1,4,0,0),(5975,1,5,0,0),(5977,1,2,2600,2600),(5977,1,4,0,0),(5977,1,5,0,0),(5980,1,2,3200,3200),(5980,1,4,0,0),(5980,1,5,0,0),(5982,1,2,3200,3200),(5982,1,4,0,0),(5982,1,5,0,0),(5983,1,2,2800,2800),(5983,1,4,0,0),(5983,1,5,0,0),(5988,1,2,900,900),(5988,1,4,0,0),(5988,1,5,0,0),(5993,1,2,900,900),(5993,1,4,0,0),(5993,1,5,0,0),(5994,1,2,900,900),(5994,1,4,0,0),(5994,1,5,0,0),(5995,1,2,900,900),(5995,1,4,0,0),(5995,1,5,0,0),(6012,1,2,0,0),(6012,1,4,350,420),(6012,1,5,0,0),(6017,1,2,0,0),(6017,1,4,375,450),(6017,1,5,0,0),(6019,1,2,0,0),(6019,1,4,333,400),(6019,1,5,0,0),(6025,1,2,0,0),(6025,1,4,660,660),(6025,1,5,0,0),(6026,1,2,0,0),(6026,1,4,500,500),(6026,1,5,0,0),(6027,1,2,0,0),(6027,1,4,100,100),(6027,1,5,0,0),(6028,1,2,0,0),(6028,1,4,125,150),(6028,1,5,0,0),(6029,1,2,0,0),(6029,1,4,0,0),(6029,1,5,0,0),(6030,1,2,0,0),(6030,1,4,375,450),(6030,1,5,0,0),(6031,1,2,0,0),(6031,1,4,325,390),(6031,1,5,0,0),(6032,1,2,0,0),(6032,1,4,8,10),(6032,1,5,0,0),(6033,1,2,0,0),(6033,1,4,83,100),(6033,1,5,0,0),(6034,1,2,0,0),(6034,1,4,1000,1200),(6034,1,5,0,0),(6035,1,2,0,0),(6035,1,4,1000,1200),(6035,1,5,0,0),(6036,1,2,0,0),(6036,1,4,208,250),(6036,1,5,0,0),(6037,1,2,0,0),(6037,1,4,541,650),(6037,1,5,0,0),(6038,1,2,0,0),(6038,1,4,166,200),(6038,1,5,0,0),(6039,1,2,0,0),(6039,1,4,0,0),(6039,1,5,0,0),(6040,1,2,0,0),(6040,1,4,1666,2000),(6040,1,5,0,0),(6041,1,2,0,0),(6041,1,4,0,0),(6041,1,5,0,0),(6042,1,2,0,0),(6042,1,4,491,590),(6042,1,5,0,0),(6043,1,2,0,0),(6043,1,4,400,480),(6043,1,5,0,0),(6044,1,2,0,0),(6044,1,4,250,300),(6044,1,5,0,0),(6045,1,2,0,0),(6045,1,4,100,120),(6045,1,5,0,0),(6046,1,2,0,0),(6046,1,4,100,120),(6046,1,5,0,0),(6047,1,2,0,0),(6047,1,4,291,350),(6047,1,5,0,0),(6048,1,2,0,0),(6048,1,4,791,950),(6048,1,5,0,0),(6049,1,2,0,0),(6049,1,4,0,0),(6049,1,5,0,0),(6050,1,2,0,0),(6050,1,4,166,200),(6050,1,5,0,0),(6051,1,2,0,0),(6051,1,4,458,550),(6051,1,5,0,0),(6052,1,2,0,0),(6052,1,4,458,550),(6052,1,5,0,0),(6053,1,2,0,0),(6053,1,4,291,350),(6053,1,5,0,0),(6054,1,2,0,0),(6054,1,4,483,580),(6054,1,5,0,0),(6055,1,2,0,0),(6055,1,4,0,0),(6055,1,5,0,0),(6056,1,2,0,0),(6056,1,4,66,80),(6056,1,5,0,0),(6057,1,2,0,0),(6057,1,4,133,160),(6057,1,5,0,0),(6058,1,2,0,0),(6058,1,4,133,160),(6058,1,5,0,0),(6059,1,2,0,0),(6059,1,4,1125,1350),(6059,1,5,0,0),(6060,1,2,0,0),(6060,1,4,0,0),(6060,1,5,0,0),(6061,1,2,0,0),(6061,1,4,125,150),(6061,1,5,0,0),(6062,1,2,0,0),(6062,1,4,0,0),(6062,1,5,0,0),(6063,1,2,0,0),(6063,1,4,0,0),(6063,1,5,0,0),(6064,1,2,0,0),(6064,1,4,0,0),(6064,1,5,0,0),(6065,1,2,0,0),(6065,1,4,1000,1200),(6065,1,5,0,0),(6066,1,2,0,0),(6066,1,4,1000,1200),(6066,1,5,0,0),(6067,1,2,0,0),(6067,1,4,0,0),(6067,1,5,0,0),(6068,1,2,0,0),(6068,1,4,0,0),(6068,1,5,0,0),(6069,1,2,0,0),(6069,1,4,0,0),(6069,1,5,0,0),(6070,1,2,0,0),(6070,1,4,0,0),(6070,1,5,0,0),(6071,1,2,0,0),(6071,1,4,0,0),(6071,1,5,0,0),(6072,1,2,0,0),(6072,1,4,0,0),(6072,1,5,0,0),(6073,1,2,0,0),(6073,1,4,0,0),(6073,1,5,0,0),(6074,1,2,0,0),(6074,1,4,1250,1500),(6074,1,5,0,0),(6075,1,2,0,0),(6075,1,4,0,0),(6075,1,5,0,0),(6076,1,2,0,0),(6076,1,4,0,0),(6076,1,5,0,0),(6077,1,2,0,0),(6077,1,4,750,900),(6077,1,5,0,0),(6078,1,2,0,0),(6078,1,4,0,0),(6078,1,5,0,0),(6079,1,2,0,0),(6079,1,4,291,350),(6079,1,5,0,0),(6080,1,2,0,0),(6080,1,4,291,350),(6080,1,5,0,0),(6081,1,2,0,0),(6081,1,4,291,350),(6081,1,5,0,0),(6082,1,2,0,0),(6082,1,4,291,350),(6082,1,5,0,0),(6083,1,2,0,0),(6083,1,4,291,350),(6083,1,5,0,0),(6084,1,2,0,0),(6084,1,4,125,150),(6084,1,5,0,0),(6085,1,2,0,0),(6085,1,4,0,0),(6085,1,5,0,0),(6086,1,2,0,0),(6086,1,4,0,0),(6086,1,5,0,0),(6087,1,2,0,0),(6087,1,4,150,150),(6087,1,5,0,0),(6088,1,2,0,0),(6088,1,4,200,200),(6088,1,5,0,0),(6089,1,2,0,0),(6089,1,4,316,380),(6089,1,5,0,0),(6090,1,2,0,0),(6090,1,4,125,150),(6090,1,5,0,0),(6091,1,2,0,0),(6091,1,4,350,350),(6091,1,5,0,0),(6092,1,2,0,0),(6092,1,4,666,800),(6092,1,5,0,0),(6093,1,2,0,0),(6093,1,4,666,800),(6093,1,5,0,0),(6094,1,2,0,0),(6094,1,4,166,200),(6094,1,5,0,0),(6095,1,2,0,0),(6095,1,4,125,150),(6095,1,5,0,0),(6096,1,2,0,0),(6096,1,4,125,150),(6096,1,5,0,0),(6097,1,2,0,0),(6097,1,4,166,200),(6097,1,5,0,0),(6098,1,2,0,0),(6098,1,4,291,350),(6098,1,5,0,0),(6099,1,2,0,0),(6099,1,4,166,200),(6099,1,5,0,0),(6100,1,2,0,0),(6100,1,4,125,150),(6100,1,5,0,0),(6101,1,2,0,0),(6101,1,4,291,350),(6101,1,5,0,0),(6102,1,2,0,0),(6102,1,4,291,350),(6102,1,5,0,0),(6103,1,2,0,0),(6103,1,4,291,350),(6103,1,5,0,0),(6104,1,2,0,0),(6104,1,4,291,350),(6104,1,5,0,0),(6105,1,2,0,0),(6105,1,4,350,350),(6105,1,5,0,0),(6106,1,2,0,0),(6106,1,4,491,590),(6106,1,5,0,0),(6107,1,2,0,0),(6107,1,4,375,450),(6107,1,5,0,0),(6108,1,2,0,0),(6108,1,4,350,350),(6108,1,5,0,0),(6109,1,2,0,0),(6109,1,4,125,150),(6109,1,5,0,0),(6110,1,2,0,0),(6110,1,4,125,150),(6110,1,5,0,0),(6111,1,2,0,0),(6111,1,4,291,350),(6111,1,5,0,0),(6112,1,2,0,0),(6112,1,4,0,0),(6112,1,5,750,750),(6113,1,2,0,0),(6113,1,4,0,0),(6113,1,5,450,450),(6114,1,2,0,0),(6114,1,4,458,550),(6114,1,5,0,0),(6115,1,2,0,0),(6115,1,4,458,550),(6115,1,5,0,0),(6116,1,2,0,0),(6116,1,4,166,200),(6116,1,5,0,0),(6117,1,2,0,0),(6117,1,4,41,50),(6117,1,5,0,0),(6118,1,2,0,0),(6118,1,4,0,0),(6118,1,5,450,450),(6119,1,2,0,0),(6119,1,4,125,150),(6119,1,5,0,0),(6120,1,2,0,0),(6120,1,4,125,150),(6120,1,5,0,0),(6121,1,2,0,0),(6121,1,4,125,150),(6121,1,5,0,0),(6122,1,2,0,0),(6122,1,4,150,150),(6122,1,5,0,0),(6123,1,2,0,0),(6123,1,4,125,150),(6123,1,5,0,0),(6124,1,2,0,0),(6124,1,4,166,200),(6124,1,5,0,0),(6125,1,2,0,0),(6125,1,4,125,150),(6125,1,5,0,0),(6126,1,2,0,0),(6126,1,4,166,200),(6126,1,5,0,0),(6127,1,2,0,0),(6127,1,4,125,150),(6127,1,5,0,0),(6128,1,2,1800,1800),(6128,1,4,0,0),(6128,1,5,0,0),(6129,1,2,950,950),(6129,1,4,0,0),(6129,1,5,0,0),(6130,1,2,800,800),(6130,1,4,0,0),(6130,1,5,0,0),(6131,1,2,1250,1250),(6131,1,4,0,0),(6131,1,5,0,0),(6132,1,2,3500,3500),(6132,1,4,0,0),(6132,1,5,0,0),(6133,1,2,2800,2800),(6133,1,4,0,0),(6133,1,5,0,0),(6134,1,2,1400,1400),(6134,1,4,0,0),(6134,1,5,0,0),(6135,1,2,800,800),(6135,1,4,0,0),(6135,1,5,0,0),(6136,1,2,800,800),(6136,1,4,0,0),(6136,1,5,0,0),(6137,1,2,800,800),(6137,1,4,0,0),(6137,1,5,0,0),(6138,1,2,1000,1000),(6138,1,4,0,0),(6138,1,5,0,0),(6139,1,2,1000,1000),(6139,1,4,0,0),(6139,1,5,0,0),(6140,1,2,800,800),(6140,1,4,0,0),(6140,1,5,0,0),(6141,1,2,600,600),(6141,1,4,0,0),(6141,1,5,0,0),(6142,1,2,600,600),(6142,1,4,0,0),(6142,1,5,0,0),(6143,1,2,600,600),(6143,1,4,0,0),(6143,1,5,0,0),(6144,1,2,600,600),(6144,1,4,0,0),(6144,1,5,0,0),(6145,1,2,600,600),(6145,1,4,0,0),(6145,1,5,0,0),(6146,1,2,600,600),(6146,1,4,0,0),(6146,1,5,0,0),(6147,1,2,600,600),(6147,1,4,0,0),(6147,1,5,0,0),(6148,1,2,8000,8000),(6148,1,4,0,0),(6148,1,5,0,0),(6149,1,2,3000,3000),(6149,1,4,0,0),(6149,1,5,0,0),(6150,1,2,3000,3000),(6150,1,4,0,0),(6150,1,5,0,0),(6151,1,2,1700,1700),(6151,1,4,0,0),(6151,1,5,0,0),(6152,1,2,2000,2000),(6152,1,4,0,0),(6152,1,5,0,0),(6153,1,2,3000,3000),(6153,1,4,0,0),(6153,1,5,0,0),(6154,1,2,1800,1800),(6154,1,4,0,0),(6154,1,5,0,0),(6155,1,2,1800,1800),(6155,1,4,0,0),(6155,1,5,0,0),(6156,1,2,2300,2300),(6156,1,4,0,0),(6156,1,5,0,0),(6157,1,2,0,0),(6157,1,4,0,0),(6157,1,5,15500,15500),(6158,1,2,1200,1200),(6158,1,4,0,0),(6158,1,5,0,0),(6159,1,2,0,0),(6159,1,4,0,0),(6159,1,5,3800,3800),(6160,1,2,0,0),(6160,1,4,0,0),(6160,1,5,0,0),(6161,1,2,0,0),(6161,1,4,0,0),(6161,1,5,0,0),(6162,1,2,700,700),(6162,1,4,0,0),(6162,1,5,0,0),(6163,1,2,700,700),(6163,1,4,0,0),(6163,1,5,0,0),(6164,1,2,700,700),(6164,1,4,0,0),(6164,1,5,0,0),(6165,1,2,800,800),(6165,1,4,0,0),(6165,1,5,0,0),(6166,1,2,450,450),(6166,1,4,0,0),(6166,1,5,0,0),(6167,1,2,1200,1200),(6167,1,4,0,0),(6167,1,5,0,0),(6168,1,2,1100,1100),(6168,1,4,0,0),(6168,1,5,0,0),(6169,1,2,1200,1200),(6169,1,4,0,0),(6169,1,5,0,0),(6170,1,2,1100,1100),(6170,1,4,0,0),(6170,1,5,0,0),(6171,1,2,1200,1200),(6171,1,4,0,0),(6171,1,5,0,0),(6172,1,2,1200,1200),(6172,1,4,0,0),(6172,1,5,0,0),(6173,1,2,1300,1300),(6173,1,4,0,0),(6173,1,5,0,0),(6174,1,2,1300,1300),(6174,1,4,0,0),(6174,1,5,0,0),(6175,1,2,300,300),(6175,1,4,0,0),(6175,1,5,0,0),(6176,1,2,300,300),(6176,1,4,0,0),(6176,1,5,0,0),(6177,1,2,800,800),(6177,1,4,0,0),(6177,1,5,0,0),(6178,1,2,1400,1400),(6178,1,4,0,0),(6178,1,5,0,0),(6179,1,2,450,450),(6179,1,4,0,0),(6179,1,5,0,0),(6180,1,2,460,460),(6180,1,4,0,0),(6180,1,5,0,0),(6181,1,2,0,0),(6181,1,4,208,250),(6181,1,5,0,0),(6182,1,2,0,0),(6182,1,4,208,250),(6182,1,5,0,0),(6183,1,2,0,0),(6183,1,4,208,250),(6183,1,5,0,0),(6184,1,2,0,0),(6184,1,4,208,250),(6184,1,5,0,0),(6185,1,2,460,460),(6185,1,4,0,0),(6185,1,5,0,0),(6186,1,2,0,0),(6186,1,4,0,0),(6186,1,5,3000,3000),(6187,1,2,3000,3000),(6187,1,4,0,0),(6187,1,5,0,0),(6188,1,2,0,0),(6188,1,4,0,0),(6188,1,5,0,0),(6189,1,2,0,0),(6189,1,4,375,450),(6189,1,5,0,0),(6190,1,2,0,0),(6190,1,4,375,450),(6190,1,5,0,0),(6191,1,2,0,0),(6191,1,4,516,620),(6191,1,5,0,0),(6192,1,2,0,0),(6192,1,4,333,400),(6192,1,5,0,0),(6193,1,2,0,0),(6193,1,4,433,520),(6193,1,5,0,0),(6194,1,2,0,0),(6194,1,4,416,500),(6194,1,5,0,0),(6195,1,2,0,0),(6195,1,4,166,200),(6195,1,5,0,0),(6196,1,2,0,0),(6196,1,4,291,350),(6196,1,5,0,0),(6197,1,2,0,0),(6197,1,4,325,390),(6197,1,5,0,0),(6198,1,2,0,0),(6198,1,4,158,190),(6198,1,5,0,0),(6199,1,2,0,0),(6199,1,4,375,450),(6199,1,5,0,0),(6200,1,2,2,2),(6200,1,4,2,3),(6200,1,5,2,2),(6201,1,2,0,0),(6201,1,4,1,2),(6201,1,5,0,0),(6202,1,2,0,0),(6202,1,4,0,0),(6202,1,5,620,620),(6203,1,2,8300,8300),(6203,1,4,0,0),(6203,1,5,0,0),(6204,1,2,8900,8900),(6204,1,4,0,0),(6204,1,5,0,0),(6205,1,2,8900,8900),(6205,1,4,0,0),(6205,1,5,0,0),(6206,1,2,10600,10600),(6206,1,4,0,0),(6206,1,5,0,0),(6207,1,2,7400,7400),(6207,1,4,0,0),(6207,1,5,0,0),(6208,1,2,6500,6500),(6208,1,4,0,0),(6208,1,5,0,0),(6209,1,2,6600,6600),(6209,1,4,0,0),(6209,1,5,0,0),(6210,1,2,6500,6500),(6210,1,4,0,0),(6210,1,5,0,0),(6211,1,2,0,0),(6211,1,4,0,0),(6211,1,5,0,0),(6212,1,2,1,1),(6212,1,4,0,0),(6212,1,5,0,0),(6213,1,2,6500,6500),(6213,1,4,0,0),(6213,1,5,0,0),(6214,1,2,6500,6500),(6214,1,4,0,0),(6214,1,5,0,0),(6215,1,2,6500,6500),(6215,1,4,0,0),(6215,1,5,0,0),(6216,1,2,6500,6500),(6216,1,4,0,0),(6216,1,5,0,0),(6217,1,2,0,0),(6217,1,4,0,0),(6217,1,5,0,0),(6218,1,2,150,150),(6218,1,4,0,0),(6218,1,5,0,0),(6219,1,2,150,150),(6219,1,4,0,0),(6219,1,5,0,0),(6220,1,2,150,150),(6220,1,4,0,0),(6220,1,5,0,0),(6221,1,2,150,150),(6221,1,4,0,0),(6221,1,5,0,0),(6222,1,2,150,150),(6222,1,4,0,0),(6222,1,5,0,0),(6223,1,2,150,150),(6223,1,4,0,0),(6223,1,5,0,0),(6224,1,2,150,150),(6224,1,4,0,0),(6224,1,5,0,0),(6225,1,2,150,150),(6225,1,4,0,0),(6225,1,5,0,0),(6226,1,2,150,150),(6226,1,4,0,0),(6226,1,5,0,0),(6227,1,2,150,150),(6227,1,4,0,0),(6227,1,5,0,0),(6228,1,2,150,150),(6228,1,4,0,0),(6228,1,5,0,0),(6229,1,2,150,150),(6229,1,4,0,0),(6229,1,5,0,0),(6230,1,2,150,150),(6230,1,4,0,0),(6230,1,5,0,0),(6231,1,2,150,150),(6231,1,4,0,0),(6231,1,5,0,0),(6232,1,2,4200,4200),(6232,1,4,0,0),(6232,1,5,0,0),(6233,1,2,4200,4200),(6233,1,4,0,0),(6233,1,5,0,0),(6234,1,2,4200,4200),(6234,1,4,0,0),(6234,1,5,0,0),(6235,1,2,5500,5500),(6235,1,4,0,0),(6235,1,5,0,0),(6236,1,2,5300,5300),(6236,1,4,0,0),(6236,1,5,0,0),(6237,1,2,5300,5300),(6237,1,4,0,0),(6237,1,5,0,0),(6238,1,2,5300,5300),(6238,1,4,0,0),(6238,1,5,0,0),(6239,1,2,5300,5300),(6239,1,4,0,0),(6239,1,5,0,0),(6240,1,2,0,0),(6240,1,4,0,0),(6240,1,5,0,0),(6241,1,2,5300,5300),(6241,1,4,0,0),(6241,1,5,0,0),(6242,1,2,5300,5300),(6242,1,4,0,0),(6242,1,5,0,0),(6243,1,2,5300,5300),(6243,1,4,0,0),(6243,1,5,0,0),(6244,1,2,5300,5300),(6244,1,4,0,0),(6244,1,5,0,0),(6245,1,2,3600,3600),(6245,1,4,0,0),(6245,1,5,0,0),(6246,1,2,4200,4200),(6246,1,4,0,0),(6246,1,5,0,0),(6247,1,2,0,0),(6247,1,4,0,0),(6247,1,5,0,0),(6248,1,2,5300,5300),(6248,1,4,0,0),(6248,1,5,0,0),(6249,1,2,3300,3300),(6249,1,4,0,0),(6249,1,5,0,0),(6250,1,2,3100,3100),(6250,1,4,0,0),(6250,1,5,0,0),(6251,1,2,3100,3100),(6251,1,4,0,0),(6251,1,5,0,0),(6252,1,2,3100,3100),(6252,1,4,0,0),(6252,1,5,0,0),(6253,1,2,1900,1900),(6253,1,4,0,0),(6253,1,5,0,0),(6254,1,2,1200,1200),(6254,1,4,0,0),(6254,1,5,0,0),(6255,1,2,1100,1100),(6255,1,4,0,0),(6255,1,5,0,0),(6256,1,2,3400,3400),(6256,1,4,0,0),(6256,1,5,0,0),(6257,1,2,6800,6800),(6257,1,4,0,0),(6257,1,5,0,0),(6258,1,2,6800,6800),(6258,1,4,0,0),(6258,1,5,0,0),(6259,1,2,4300,4300),(6259,1,4,0,0),(6259,1,5,0,0),(6260,1,2,4300,4300),(6260,1,4,0,0),(6260,1,5,0,0),(6261,1,2,480,480),(6261,1,4,0,0),(6261,1,5,0,0),(6262,1,2,480,480),(6262,1,4,0,0),(6262,1,5,0,0),(6263,1,2,480,480),(6263,1,4,0,0),(6263,1,5,0,0),(6264,1,2,480,480),(6264,1,4,0,0),(6264,1,5,0,0),(6265,1,2,650,650),(6265,1,4,0,0),(6265,1,5,0,0),(6266,1,2,650,650),(6266,1,4,0,0),(6266,1,5,0,0),(6267,1,2,650,650),(6267,1,4,0,0),(6267,1,5,0,0),(6268,1,2,650,650),(6268,1,4,0,0),(6268,1,5,0,0),(6269,1,2,650,650),(6269,1,4,0,0),(6269,1,5,0,0),(6270,1,2,650,650),(6270,1,4,0,0),(6270,1,5,0,0),(6271,1,2,1500,1500),(6271,1,4,0,0),(6271,1,5,0,0),(6272,1,2,1500,1500),(6272,1,4,0,0),(6272,1,5,0,0),(6273,1,2,1500,1500),(6273,1,4,0,0),(6273,1,5,0,0),(6274,1,2,1280,1280),(6274,1,4,0,0),(6274,1,5,0,0),(6275,1,2,1280,1280),(6275,1,4,0,0),(6275,1,5,0,0),(6276,1,2,1500,1500),(6276,1,4,0,0),(6276,1,5,0,0),(6277,1,2,1500,1500),(6277,1,4,0,0),(6277,1,5,0,0),(6278,1,2,1500,1500),(6278,1,4,0,0),(6278,1,5,0,0),(6279,1,2,1500,1500),(6279,1,4,0,0),(6279,1,5,0,0),(6280,1,2,1280,1280),(6280,1,4,0,0),(6280,1,5,0,0),(6281,1,2,1500,1500),(6281,1,4,0,0),(6281,1,5,0,0),(6282,1,2,1500,1500),(6282,1,4,0,0),(6282,1,5,0,0),(6283,1,2,3800,3800),(6283,1,4,0,0),(6283,1,5,0,0),(6284,1,2,3500,3500),(6284,1,4,0,0),(6284,1,5,0,0),(6285,1,2,0,0),(6285,1,4,0,0),(6285,1,5,0,0),(6286,1,2,0,0),(6286,1,4,0,0),(6286,1,5,0,0),(6287,1,2,0,0),(6287,1,4,0,0),(6287,1,5,0,0),(6288,1,2,0,0),(6288,1,4,666,800),(6288,1,5,0,0),(6289,1,2,0,0),(6289,1,4,666,800),(6289,1,5,0,0),(6290,1,2,0,0),(6290,1,4,666,800),(6290,1,5,0,0),(6291,1,2,0,0),(6291,1,4,666,800),(6291,1,5,0,0),(6292,1,2,0,0),(6292,1,4,666,800),(6292,1,5,0,0),(6293,1,2,0,0),(6293,1,4,666,800),(6293,1,5,0,0),(6294,1,2,0,0),(6294,1,4,500,600),(6294,1,5,0,0),(6295,1,2,0,0),(6295,1,4,1208,1450),(6295,1,5,0,0),(6296,1,2,0,0),(6296,1,4,1208,1450),(6296,1,5,0,0),(6297,1,2,0,0),(6297,1,4,1208,1450),(6297,1,5,0,0),(6298,1,2,0,0),(6298,1,4,1208,1450),(6298,1,5,0,0),(6299,1,2,0,0),(6299,1,4,1208,1450),(6299,1,5,0,0),(6300,1,2,0,0),(6300,1,4,1208,1450),(6300,1,5,0,0),(6301,1,2,0,0),(6301,1,4,208,250),(6301,1,5,0,0),(6302,1,2,6500,6500),(6302,1,4,0,0),(6302,1,5,0,0),(6303,1,2,9600,9600),(6303,1,4,0,0),(6303,1,5,0,0),(6304,1,2,0,0),(6304,1,4,1208,1450),(6304,1,5,0,0),(6305,1,2,0,0),(6305,1,4,1500,1800),(6305,1,5,0,0),(6306,1,2,2200,2200),(6306,1,4,0,0),(6306,1,5,0,0),(6307,1,2,2200,2200),(6307,1,4,0,0),(6307,1,5,0,0),(6308,1,2,2200,2200),(6308,1,4,0,0),(6308,1,5,0,0),(6309,1,2,2200,2200),(6309,1,4,0,0),(6309,1,5,0,0),(6310,1,2,1600,1600),(6310,1,4,0,0),(6310,1,5,0,0),(6311,1,2,1500,1500),(6311,1,4,0,0),(6311,1,5,0,0),(6312,1,2,2800,2800),(6312,1,4,0,0),(6312,1,5,0,0),(6313,1,2,2800,2800),(6313,1,4,0,0),(6313,1,5,0,0),(6314,1,2,0,0),(6314,1,4,0,0),(6314,1,5,0,0),(6315,1,2,2200,2200),(6315,1,4,0,0),(6315,1,5,0,0),(6316,1,2,0,0),(6316,1,4,0,0),(6316,1,5,0,0),(6317,1,2,1800,1800),(6317,1,4,0,0),(6317,1,5,0,0),(6318,1,2,2500,2500),(6318,1,4,0,0),(6318,1,5,0,0),(6319,1,2,2500,2500),(6319,1,4,0,0),(6319,1,5,0,0),(6320,1,2,2500,2500),(6320,1,4,0,0),(6320,1,5,0,0),(6321,1,2,2500,2500),(6321,1,4,0,0),(6321,1,5,0,0),(6322,1,2,2500,2500),(6322,1,4,0,0),(6322,1,5,0,0),(6323,1,2,1500,1500),(6323,1,4,0,0),(6323,1,5,0,0),(6324,1,2,2000,2000),(6324,1,4,0,0),(6324,1,5,0,0),(6325,1,2,1500,1500),(6325,1,4,0,0),(6325,1,5,0,0),(6326,1,2,3500,3500),(6326,1,4,0,0),(6326,1,5,0,0),(6327,1,2,2500,2500),(6327,1,4,0,0),(6327,1,5,0,0),(6328,1,2,1600,1600),(6328,1,4,0,0),(6328,1,5,0,0),(6329,1,2,2500,2500),(6329,1,4,0,0),(6329,1,5,0,0),(6330,1,2,2500,2500),(6330,1,4,0,0),(6330,1,5,0,0),(6331,1,2,2500,2500),(6331,1,4,0,0),(6331,1,5,0,0),(6332,1,2,2500,2500),(6332,1,4,0,0),(6332,1,5,0,0),(6333,1,2,0,0),(6333,1,4,0,0),(6333,1,5,0,0),(6334,1,2,4800,4800),(6334,1,4,0,0),(6334,1,5,0,0),(6335,1,2,5800,5800),(6335,1,4,0,0),(6335,1,5,0,0),(6336,1,2,1000,1000),(6336,1,4,0,0),(6336,1,5,0,0),(6337,1,2,1300,1300),(6337,1,4,0,0),(6337,1,5,0,0),(6338,1,2,1300,1300),(6338,1,4,0,0),(6338,1,5,0,0),(6339,1,2,2000,2000),(6339,1,4,0,0),(6339,1,5,0,0),(6340,1,2,2200,2200),(6340,1,4,0,0),(6340,1,5,0,0),(6341,1,2,3200,3200),(6341,1,4,0,0),(6341,1,5,0,0),(6342,1,2,400,400),(6342,1,4,0,0),(6342,1,5,0,0),(6343,1,2,700,700),(6343,1,4,0,0),(6343,1,5,0,0),(6344,1,2,100,120),(6344,1,4,162,195),(6344,1,5,100,120),(6345,1,2,3800,3800),(6345,1,4,0,0),(6345,1,5,0,0),(6346,1,2,0,0),(6346,1,4,0,0),(6346,1,5,0,0),(6347,1,2,0,0),(6347,1,4,0,0),(6347,1,5,0,0),(6348,1,2,208,250),(6348,1,4,208,250),(6348,1,5,208,250),(6349,1,2,208,250),(6349,1,4,208,250),(6349,1,5,208,250),(6350,1,2,250,300),(6350,1,4,266,320),(6350,1,5,208,250),(6351,1,2,0,0),(6351,1,4,0,0),(6351,1,5,0,0),(6352,1,2,0,0),(6352,1,4,0,0),(6352,1,5,0,0),(6353,1,2,0,0),(6353,1,4,791,950),(6353,1,5,0,0),(6354,1,2,0,0),(6354,1,4,166,200),(6354,1,5,0,0),(6356,1,2,0,0),(6356,1,4,30,30),(6356,1,5,0,0),(6357,1,2,8000,8000),(6357,1,4,0,0),(6357,1,5,0,0),(6358,1,2,8000,8000),(6358,1,4,0,0),(6358,1,5,0,0),(6359,1,2,8000,8000),(6359,1,4,0,0),(6359,1,5,0,0),(6360,1,2,8000,8000),(6360,1,4,0,0),(6360,1,5,0,0),(6361,1,2,16000,16000),(6361,1,4,0,0),(6361,1,5,0,0),(6362,1,2,18000,18000),(6362,1,4,0,0),(6362,1,5,0,0),(6363,1,2,2500,2500),(6363,1,4,0,0),(6363,1,5,0,0),(6364,1,2,1200,1200),(6364,1,4,0,0),(6364,1,5,0,0),(6365,1,2,1200,1200),(6365,1,4,0,0),(6365,1,5,0,0),(6366,1,2,750,750),(6366,1,4,0,0),(6366,1,5,0,0),(6367,1,2,580,580),(6367,1,4,0,0),(6367,1,5,0,0),(6368,1,2,580,580),(6368,1,4,0,0),(6368,1,5,0,0),(6369,1,2,580,580),(6369,1,4,0,0),(6369,1,5,0,0),(6370,1,2,580,580),(6370,1,4,0,0),(6370,1,5,0,0),(6371,1,2,580,580),(6371,1,4,0,0),(6371,1,5,0,0),(6372,1,2,580,580),(6372,1,4,0,0),(6372,1,5,0,0),(6373,1,2,580,580),(6373,1,4,0,0),(6373,1,5,0,0),(6374,1,2,580,580),(6374,1,4,0,0),(6374,1,5,0,0),(6375,1,2,580,580),(6375,1,4,0,0),(6375,1,5,0,0),(6376,1,2,580,580),(6376,1,4,0,0),(6376,1,5,0,0),(6377,1,2,5800,5800),(6377,1,4,0,0),(6377,1,5,0,0),(6378,1,2,5800,5800),(6378,1,4,0,0),(6378,1,5,0,0),(6379,1,2,5800,5800),(6379,1,4,0,0),(6379,1,5,0,0),(6380,1,2,4200,4200),(6380,1,4,0,0),(6380,1,5,0,0),(6381,1,2,4200,4200),(6381,1,4,0,0),(6381,1,5,0,0),(6382,1,2,4200,4200),(6382,1,4,0,0),(6382,1,5,0,0),(6383,1,2,4000,4000),(6383,1,4,0,0),(6383,1,5,0,0),(6384,1,2,0,0),(6384,1,4,0,0),(6384,1,5,0,0),(6385,1,2,0,0),(6385,1,4,100,120),(6385,1,5,0,0),(6386,1,2,1800,1800),(6386,1,4,0,0),(6386,1,5,0,0),(6387,1,2,1300,1300),(6387,1,4,0,0),(6387,1,5,0,0),(6388,1,2,2400,2400),(6388,1,4,0,0),(6388,1,5,0,0),(6389,1,2,3400,3400),(6389,1,4,0,0),(6389,1,5,0,0),(6390,1,2,4200,4200),(6390,1,4,0,0),(6390,1,5,0,0),(6391,1,2,3800,3800),(6391,1,4,0,0),(6391,1,5,0,0),(6392,1,2,0,0),(6392,1,4,4,5),(6392,1,5,0,0),(6393,1,2,400,400),(6393,1,4,0,0),(6393,1,5,0,0),(6394,1,2,400,400),(6394,1,4,0,0),(6394,1,5,0,0),(6395,1,2,0,0),(6395,1,4,28,30),(6395,1,5,0,0),(6396,1,2,0,0),(6396,1,4,47,50),(6396,1,5,0,0),(6398,1,2,125,150),(6398,1,4,0,0),(6398,1,5,0,0),(6399,1,2,0,0),(6399,1,4,166,200),(6399,1,5,0,0),(6400,1,2,166,200),(6400,1,4,166,200),(6400,1,5,125,150),(6401,1,2,0,0),(6401,1,4,80,96),(6401,1,5,0,0),(6402,1,2,0,0),(6402,1,4,125,150),(6402,1,5,0,0),(6403,1,2,350,350),(6403,1,4,0,0),(6403,1,5,0,0),(6404,1,2,0,0),(6404,1,4,0,0),(6404,1,5,0,0),(6405,1,2,0,0),(6405,1,4,75,90),(6405,1,5,0,0),(6406,1,2,0,0),(6406,1,4,0,0),(6406,1,5,0,0),(6407,1,2,0,0),(6407,1,4,125,150),(6407,1,5,0,0),(6409,1,2,0,0),(6409,1,4,250,300),(6409,1,5,0,0),(6410,1,2,0,0),(6410,1,4,75,90),(6410,1,5,0,0),(6411,1,2,0,0),(6411,1,4,208,250),(6411,1,5,0,0),(6412,1,2,0,0),(6412,1,4,166,200),(6412,1,5,0,0),(6413,1,2,0,0),(6413,1,4,166,200),(6413,1,5,0,0),(6414,1,2,0,0),(6414,1,4,316,380),(6414,1,5,0,0),(6415,1,2,0,0),(6415,1,4,316,380),(6415,1,5,0,0),(6416,1,2,0,0),(6416,1,4,816,980),(6416,1,5,0,0),(6417,1,2,0,0),(6417,1,4,816,980),(6417,1,5,0,0),(6419,1,2,0,0),(6419,1,4,816,980),(6419,1,5,0,0),(6420,1,2,0,0),(6420,1,4,458,550),(6420,1,5,0,0),(6421,1,2,0,0),(6421,1,4,400,480),(6421,1,5,0,0),(6422,1,2,400,400),(6422,1,4,400,480),(6422,1,5,400,400),(6423,1,2,0,0),(6423,1,4,400,480),(6423,1,5,0,0),(6424,1,2,0,0),(6424,1,4,600,720),(6424,1,5,0,0),(6425,1,2,0,0),(6425,1,4,2166,2600),(6425,1,5,0,0),(6427,1,2,0,0),(6427,1,4,12,14),(6427,1,5,0,0),(6429,1,2,150,150),(6429,1,4,0,0),(6429,1,5,0,0),(6430,1,2,900,900),(6430,1,4,0,0),(6430,1,5,0,0),(6431,1,2,13800,13800),(6431,1,4,0,0),(6431,1,5,0,0),(6432,1,2,4800,4800),(6432,1,4,0,0),(6432,1,5,0,0),(6433,1,2,5800,5800),(6433,1,4,0,0),(6433,1,5,0,0),(6434,1,2,4800,4800),(6434,1,4,0,0),(6434,1,5,0,0),(6435,1,2,0,0),(6435,1,4,1875,2250),(6435,1,5,0,0),(6436,1,2,1800,1800),(6436,1,4,0,0),(6436,1,5,0,0),(6437,1,2,4600,4600),(6437,1,4,0,0),(6437,1,5,0,0),(6438,1,2,5400,5400),(6438,1,4,0,0),(6438,1,5,0,0),(6439,1,2,5400,5400),(6439,1,4,0,0),(6439,1,5,0,0),(6440,1,2,1700,1700),(6440,1,4,0,0),(6440,1,5,0,0),(6441,1,2,5800,5800),(6441,1,4,0,0),(6441,1,5,0,0),(6442,1,2,3600,3600),(6442,1,4,0,0),(6442,1,5,0,0),(6443,1,2,900,900),(6443,1,4,0,0),(6443,1,5,0,0),(6444,1,2,0,0),(6444,1,4,75,90),(6444,1,5,0,0),(6445,1,2,0,0),(6445,1,4,75,90),(6445,1,5,0,0),(6446,1,2,0,0),(6446,1,4,75,90),(6446,1,5,0,0),(6447,1,2,0,0),(6447,1,4,291,350),(6447,1,5,0,0),(6450,1,2,46,49),(6450,1,4,46,49),(6450,1,5,46,49),(6451,1,2,0,0),(6451,1,4,408,490),(6451,1,5,0,0),(6452,1,2,0,0),(6452,1,4,408,490),(6452,1,5,0,0),(6453,1,2,0,0),(6453,1,4,408,490),(6453,1,5,0,0),(6454,1,2,0,0),(6454,1,4,375,450),(6454,1,5,0,0),(6455,1,2,0,0),(6455,1,4,375,450),(6455,1,5,0,0),(6456,1,2,0,0),(6456,1,4,491,590),(6456,1,5,0,0),(6457,1,2,0,0),(6457,1,4,491,590),(6457,1,5,0,0),(6458,1,2,0,0),(6458,1,4,291,350),(6458,1,5,0,0),(6459,1,2,0,0),(6459,1,4,291,350),(6459,1,5,0,0),(6460,1,2,0,0),(6460,1,4,291,350),(6460,1,5,0,0),(6461,1,2,0,0),(6461,1,4,291,350),(6461,1,5,0,0),(6462,1,2,0,0),(6462,1,4,375,450),(6462,1,5,0,0),(6466,1,2,0,0),(6466,1,4,833,1000),(6466,1,5,0,0),(6467,1,2,0,0),(6467,1,4,1800,1800),(6467,1,5,0,0),(6468,1,2,0,0),(6468,1,4,1500,1500),(6468,1,5,0,0),(6469,1,2,0,0),(6469,1,4,1500,1500),(6469,1,5,0,0),(6470,1,2,0,0),(6470,1,4,4000,4000),(6470,1,5,0,0),(6471,1,2,0,0),(6471,1,4,4000,4000),(6471,1,5,0,0),(6473,1,2,0,0),(6473,1,4,833,1000),(6473,1,5,0,0),(6474,1,2,0,0),(6474,1,4,3000,3000),(6474,1,5,0,0),(6475,1,2,0,0),(6475,1,4,816,980),(6475,1,5,0,0),(6482,1,2,4200,4200),(6482,1,4,0,0),(6482,1,5,0,0),(6483,1,2,3500,3500),(6483,1,4,0,0),(6483,1,5,0,0),(6484,1,2,2800,2800),(6484,1,4,0,0),(6484,1,5,0,0),(6485,1,2,2800,2800),(6485,1,4,0,0),(6485,1,5,0,0),(6486,1,2,4800,4800),(6486,1,4,0,0),(6486,1,5,0,0),(6487,1,2,800,800),(6487,1,4,0,0),(6487,1,5,0,0),(6488,1,2,2800,2800),(6488,1,4,0,0),(6488,1,5,0,0),(6489,1,2,1800,1800),(6489,1,4,0,0),(6489,1,5,0,0),(6490,1,2,2700,2700),(6490,1,4,0,0),(6490,1,5,0,0),(6491,1,2,2800,2800),(6491,1,4,0,0),(6491,1,5,0,0),(6492,1,2,800,800),(6492,1,4,0,0),(6492,1,5,0,0),(6493,1,2,1200,1200),(6493,1,4,0,0),(6493,1,5,0,0),(6494,1,2,1300,1300),(6494,1,4,0,0),(6494,1,5,0,0),(6495,1,2,0,0),(6495,1,4,333,400),(6495,1,5,0,0),(6496,1,2,1300,1300),(6496,1,4,0,0),(6496,1,5,0,0),(6500,1,2,33,40),(6500,1,4,33,40),(6500,1,5,0,0),(6501,1,2,7200,7200),(6501,1,4,0,0),(6501,1,5,0,0),(6502,1,2,7200,7200),(6502,1,4,0,0),(6502,1,5,0,0),(6504,1,2,2800,2800),(6504,1,4,0,0),(6504,1,5,0,0),(6505,1,2,1700,1700),(6505,1,4,0,0),(6505,1,5,0,0),(6506,1,2,1700,1700),(6506,1,4,0,0),(6506,1,5,0,0),(6508,1,2,1500,1500),(6508,1,4,0,0),(6508,1,5,0,0),(6510,1,2,1300,1300),(6510,1,4,0,0),(6510,1,5,0,0),(6511,1,2,33,40),(6511,1,4,33,40),(6511,1,5,0,0),(6512,1,2,33,40),(6512,1,4,33,40),(6512,1,5,0,0),(6513,1,2,4000,4000),(6513,1,4,0,0),(6513,1,5,0,0),(6514,1,2,8000,8000),(6514,1,4,0,0),(6514,1,5,0,0),(6515,1,2,3200,3200),(6515,1,4,0,0),(6515,1,5,0,0),(6516,1,2,3200,3200),(6516,1,4,0,0),(6516,1,5,0,0),(6517,1,2,4200,4200),(6517,1,4,0,0),(6517,1,5,0,0),(6518,1,2,5400,5400),(6518,1,4,0,0),(6518,1,5,0,0),(6519,1,2,5400,5400),(6519,1,4,0,0),(6519,1,5,0,0),(6520,1,2,4000,4000),(6520,1,4,0,0),(6520,1,5,0,0),(6521,1,2,0,0),(6521,1,4,0,0),(6521,1,5,0,0),(6522,1,2,33,40),(6522,1,4,33,40),(6522,1,5,0,0),(6523,1,2,0,0),(6523,1,4,0,0),(6523,1,5,0,0),(6524,1,2,0,0),(6524,1,4,0,0),(6524,1,5,0,0),(6525,1,2,100,120),(6525,1,4,100,120),(6525,1,5,0,0),(6526,1,2,3200,3200),(6526,1,4,0,0),(6526,1,5,0,0),(6527,1,2,3200,3200),(6527,1,4,0,0),(6527,1,5,0,0),(6528,1,2,3200,3200),(6528,1,4,0,0),(6528,1,5,0,0),(6529,1,2,3200,3200),(6529,1,4,0,0),(6529,1,5,0,0),(6530,1,2,2500,2500),(6530,1,4,0,0),(6530,1,5,0,0),(6531,1,2,2500,2500),(6531,1,4,0,0),(6531,1,5,0,0),(6532,1,2,6500,6500),(6532,1,4,0,0),(6532,1,5,0,0),(6533,1,2,900,900),(6533,1,4,0,0),(6533,1,5,0,0),(6534,1,2,900,900),(6534,1,4,0,0),(6534,1,5,0,0),(6535,1,2,2000,2000),(6535,1,4,0,0),(6535,1,5,0,0),(6536,1,2,8000,8000),(6536,1,4,0,0),(6536,1,5,0,0),(6537,1,2,1600,1600),(6537,1,4,0,0),(6537,1,5,0,0),(6538,1,2,1600,1600),(6538,1,4,0,0),(6538,1,5,0,0),(6539,1,2,1600,1600),(6539,1,4,0,0),(6539,1,5,0,0),(6540,1,2,1600,1600),(6540,1,4,0,0),(6540,1,5,0,0),(6541,1,2,4000,4000),(6541,1,4,0,0),(6541,1,5,0,0),(6542,1,2,4000,4000),(6542,1,4,0,0),(6542,1,5,0,0),(6543,1,2,0,0),(6543,1,4,13200,13200),(6543,1,5,0,0),(6544,1,2,0,0),(6544,1,4,0,0),(6544,1,5,0,0),(6545,1,2,0,0),(6545,1,4,833,1000),(6545,1,5,0,0),(6546,1,2,0,0),(6546,1,4,208,250),(6546,1,5,0,0),(6547,1,2,2800,2800),(6547,1,4,0,0),(6547,1,5,0,0),(6548,1,2,0,0),(6548,1,4,0,0),(6548,1,5,0,0),(6549,1,2,2800,2800),(6549,1,4,0,0),(6549,1,5,0,0),(6550,1,2,0,0),(6550,1,4,208,250),(6550,1,5,0,0),(6551,1,2,0,0),(6551,1,4,108,130),(6551,1,5,0,0),(6552,1,2,0,0),(6552,1,4,75,90),(6552,1,5,0,0),(6553,1,2,0,0),(6553,1,4,75,90),(6553,1,5,0,0),(6554,1,2,0,0),(6554,1,4,116,140),(6554,1,5,0,0),(6555,1,2,0,0),(6555,1,4,116,140),(6555,1,5,0,0),(6556,1,2,4200,4200),(6556,1,4,0,0),(6556,1,5,0,0),(6557,1,2,4200,4200),(6557,1,4,0,0),(6557,1,5,0,0),(6558,1,2,6400,6400),(6558,1,4,0,0),(6558,1,5,0,0),(6559,1,2,800,800),(6559,1,4,0,0),(6559,1,5,0,0),(6560,1,2,800,800),(6560,1,4,0,0),(6560,1,5,0,0),(6561,1,2,800,800),(6561,1,4,0,0),(6561,1,5,0,0),(6562,1,2,3400,3400),(6562,1,4,0,0),(6562,1,5,0,0),(6563,1,2,1700,1700),(6563,1,4,0,0),(6563,1,5,0,0),(6564,1,2,1700,1700),(6564,1,4,0,0),(6564,1,5,0,0),(6565,1,2,2300,2300),(6565,1,4,0,0),(6565,1,5,0,0),(6566,1,2,2300,2300),(6566,1,4,0,0),(6566,1,5,0,0),(6567,1,2,2300,2300),(6567,1,4,0,0),(6567,1,5,0,0),(6568,1,2,2300,2300),(6568,1,4,0,0),(6568,1,5,0,0),(6569,1,2,4200,4200),(6569,1,4,0,0),(6569,1,5,0,0),(6570,1,2,4200,4200),(6570,1,4,0,0),(6570,1,5,0,0),(6571,1,2,6700,6700),(6571,1,4,0,0),(6571,1,5,0,0),(6572,1,2,5800,5800),(6572,1,4,0,0),(6572,1,5,0,0),(6573,1,2,7800,7800),(6573,1,4,0,0),(6573,1,5,0,0),(6574,1,2,7800,7800),(6574,1,4,0,0),(6574,1,5,0,0),(6575,1,2,2400,2400),(6575,1,4,0,0),(6575,1,5,0,0),(6576,1,2,800,800),(6576,1,4,0,0),(6576,1,5,0,0),(6577,1,2,800,800),(6577,1,4,0,0),(6577,1,5,0,0),(6578,1,2,1800,1800),(6578,1,4,0,0),(6578,1,5,0,0),(6579,1,2,1800,1800),(6579,1,4,0,0),(6579,1,5,0,0),(6580,1,2,2800,2800),(6580,1,4,0,0),(6580,1,5,0,0),(6581,1,2,2800,2800),(6581,1,4,0,0),(6581,1,5,0,0),(6585,1,2,0,0),(6585,1,4,1780,1780),(6585,1,5,0,0),(6591,1,2,0,0),(6591,1,4,2200,2200),(6591,1,5,0,0),(6593,1,2,0,0),(6593,1,4,208,250),(6593,1,5,0,0),(6594,1,2,1800,1800),(6594,1,4,0,0),(6594,1,5,0,0),(6595,1,2,1000,1000),(6595,1,4,0,0),(6595,1,5,0,0),(6596,1,2,3200,3200),(6596,1,4,0,0),(6596,1,5,0,0),(6598,1,2,0,0),(6598,1,4,2200,2200),(6598,1,5,0,0),(6599,1,2,0,0),(6599,1,4,2200,2200),(6599,1,5,0,0),(6600,1,2,0,0),(6600,1,4,2200,2200),(6600,1,5,0,0),(6601,1,2,0,0),(6601,1,4,3200,3200),(6601,1,5,0,0),(6602,1,2,0,0),(6602,1,4,3200,3200),(6602,1,5,0,0),(6603,1,2,0,0),(6603,1,4,3200,3200),(6603,1,5,0,0),(6604,1,2,0,0),(6604,1,4,3200,3200),(6604,1,5,0,0),(6605,1,2,6500,6500),(6605,1,4,0,0),(6605,1,5,0,0),(6606,1,2,12000,12000),(6606,1,4,0,0),(6606,1,5,0,0),(6607,1,2,5800,5800),(6607,1,4,0,0),(6607,1,5,0,0),(6608,1,2,750,750),(6608,1,4,0,0),(6608,1,5,0,0),(6609,1,2,750,750),(6609,1,4,0,0),(6609,1,5,0,0),(6610,1,2,750,750),(6610,1,4,0,0),(6610,1,5,0,0),(6611,1,2,750,750),(6611,1,4,0,0),(6611,1,5,0,0),(6612,1,2,750,750),(6612,1,4,0,0),(6612,1,5,0,0),(6613,1,2,750,750),(6613,1,4,0,0),(6613,1,5,0,0),(6614,1,2,750,750),(6614,1,4,0,0),(6614,1,5,0,0),(6615,1,2,750,750),(6615,1,4,0,0),(6615,1,5,0,0),(6616,1,2,750,750),(6616,1,4,0,0),(6616,1,5,0,0),(6617,1,2,750,750),(6617,1,4,0,0),(6617,1,5,0,0),(6618,1,2,1400,1400),(6618,1,4,0,0),(6618,1,5,0,0),(6619,1,2,2000,2000),(6619,1,4,0,0),(6619,1,5,0,0),(6620,1,2,2000,2000),(6620,1,4,0,0),(6620,1,5,0,0),(6621,1,2,2000,2000),(6621,1,4,0,0),(6621,1,5,0,0),(6622,1,2,0,0),(6622,1,4,8,10),(6622,1,5,0,0),(6623,1,2,0,0),(6623,1,4,8,10),(6623,1,5,0,0),(6624,1,2,2000,2000),(6624,1,4,0,0),(6624,1,5,0,0),(6625,1,2,666,800),(6625,1,4,0,0),(6625,1,5,0,0),(6626,1,2,0,0),(6626,1,4,666,800),(6626,1,5,0,0),(6627,1,2,0,0),(6627,1,4,25,27),(6627,1,5,0,0),(6628,1,2,0,0),(6628,1,4,625,750),(6628,1,5,0,0),(6629,1,2,0,0),(6629,1,4,125,150),(6629,1,5,0,0),(6630,1,2,166,200),(6630,1,4,0,0),(6630,1,5,0,0),(6631,1,2,166,200),(6631,1,4,0,0),(6631,1,5,0,0),(6632,1,2,0,0),(6632,1,4,600,720),(6632,1,5,0,0),(6633,1,2,0,0),(6633,1,4,400,480),(6633,1,5,0,0),(6634,1,2,0,0),(6634,1,4,350,420),(6634,1,5,0,0),(6635,1,2,0,0),(6635,1,4,816,980),(6635,1,5,0,0),(6636,1,2,0,0),(6636,1,4,600,720),(6636,1,5,0,0),(6638,1,2,0,0),(6638,1,4,291,350),(6638,1,5,0,0),(6639,1,2,0,0),(6639,1,4,18,20),(6639,1,5,0,0),(6640,1,2,50,60),(6640,1,4,50,60),(6640,1,5,0,0),(6641,1,2,50,60),(6641,1,4,50,60),(6641,1,5,0,0),(6642,1,2,0,0),(6642,1,4,125,150),(6642,1,5,0,0),(6643,1,2,10600,10600),(6643,1,4,0,0),(6643,1,5,0,0),(6644,1,2,2000,2000),(6644,1,4,0,0),(6644,1,5,0,0),(6645,1,2,2000,2000),(6645,1,4,0,0),(6645,1,5,0,0),(6646,1,2,2500,2500),(6646,1,4,0,0),(6646,1,5,0,0),(6647,1,2,2000,2000),(6647,1,4,0,0),(6647,1,5,0,0),(6648,1,2,2000,2000),(6648,1,4,0,0),(6648,1,5,0,0),(6649,1,2,2000,2000),(6649,1,4,0,0),(6649,1,5,0,0),(6650,1,2,1800,1800),(6650,1,4,0,0),(6650,1,5,0,0),(6651,1,2,1600,1600),(6651,1,4,0,0),(6651,1,5,0,0),(6652,1,2,1600,1600),(6652,1,4,0,0),(6652,1,5,0,0),(6653,1,2,1200,1200),(6653,1,4,0,0),(6653,1,5,0,0),(6654,1,2,6500,6500),(6654,1,4,0,0),(6654,1,5,0,0),(6655,1,2,6500,6500),(6655,1,4,0,0),(6655,1,5,0,0),(6656,1,2,4800,4800),(6656,1,4,0,0),(6656,1,5,0,0),(6657,1,2,100,120),(6657,1,4,100,120),(6657,1,5,0,0),(6658,1,2,100,120),(6658,1,4,100,120),(6658,1,5,0,0),(6659,1,2,100,120),(6659,1,4,100,120),(6659,1,5,0,0),(6660,1,2,566,680),(6660,1,4,566,680),(6660,1,5,0,0),(6661,1,2,17500,17500),(6661,1,4,0,0),(6661,1,5,0,0),(6672,1,2,0,0),(6672,1,4,0,0),(6672,1,5,0,0),(6673,1,2,900,900),(6673,1,4,0,0),(6673,1,5,0,0),(6674,1,2,45,45),(6674,1,4,0,0),(6674,1,5,0,0),(6675,1,2,16,20),(6675,1,4,0,0),(6675,1,5,0,0),(6676,1,2,0,0),(6676,1,4,208,250),(6676,1,5,0,0),(6677,1,2,2800,2800),(6677,1,4,0,0),(6677,1,5,0,0),(6678,1,2,2800,2800),(6678,1,4,0,0),(6678,1,5,0,0),(6679,1,2,5800,5800),(6679,1,4,0,0),(6679,1,5,0,0),(6680,1,2,5800,5800),(6680,1,4,0,0),(6680,1,5,0,0),(6681,1,2,4600,4600),(6681,1,4,0,0),(6681,1,5,0,0),(6682,1,2,5800,5800),(6682,1,4,0,0),(6682,1,5,0,0),(6683,1,2,4600,4600),(6683,1,4,0,0),(6683,1,5,0,0),(6684,1,2,2800,2800),(6684,1,4,0,0),(6684,1,5,0,0),(6685,1,2,1600,1600),(6685,1,4,0,0),(6685,1,5,0,0),(6686,1,2,2800,2800),(6686,1,4,0,0),(6686,1,5,0,0),(6687,1,2,2800,2800),(6687,1,4,0,0),(6687,1,5,0,0),(6688,1,2,2800,2800),(6688,1,4,0,0),(6688,1,5,0,0),(6689,1,2,2800,2800),(6689,1,4,0,0),(6689,1,5,0,0),(6690,1,2,1600,1600),(6690,1,4,0,0),(6690,1,5,0,0),(6691,1,2,1600,1600),(6691,1,4,0,0),(6691,1,5,0,0),(6692,1,2,3200,3200),(6692,1,4,0,0),(6692,1,5,0,0),(6693,1,2,3200,3200),(6693,1,4,0,0),(6693,1,5,0,0),(6694,1,2,3200,3200),(6694,1,4,0,0),(6694,1,5,0,0),(6695,1,2,3200,3200),(6695,1,4,0,0),(6695,1,5,0,0),(6696,1,2,3200,3200),(6696,1,4,0,0),(6696,1,5,0,0),(6697,1,2,3200,3200),(6697,1,4,0,0),(6697,1,5,0,0),(6698,1,2,3200,3200),(6698,1,4,0,0),(6698,1,5,0,0),(6699,1,2,3200,3200),(6699,1,4,0,0),(6699,1,5,0,0),(6700,1,2,3200,3200),(6700,1,4,0,0),(6700,1,5,0,0),(6701,1,2,3200,3200),(6701,1,4,0,0),(6701,1,5,0,0),(6702,1,2,3200,3200),(6702,1,4,0,0),(6702,1,5,0,0),(6703,1,2,3200,3200),(6703,1,4,0,0),(6703,1,5,0,0),(6704,1,2,2800,2800),(6704,1,4,0,0),(6704,1,5,0,0),(6705,1,2,5800,5800),(6705,1,4,0,0),(6705,1,5,0,0),(6706,1,2,1600,1600),(6706,1,4,0,0),(6706,1,5,0,0),(6707,1,2,5800,5800),(6707,1,4,0,0),(6707,1,5,0,0),(6708,1,2,5800,5800),(6708,1,4,0,0),(6708,1,5,0,0),(6709,1,2,5800,5800),(6709,1,4,0,0),(6709,1,5,0,0),(6710,1,2,0,0),(6710,1,4,0,0),(6710,1,5,0,0),(6711,1,2,2800,2800),(6711,1,4,0,0),(6711,1,5,0,0),(6712,1,2,170,170),(6712,1,4,100,120),(6712,1,5,0,0),(6715,1,2,18,20),(6715,1,4,0,0),(6715,1,5,0,0),(6716,1,2,0,0),(6716,1,4,0,0),(6716,1,5,0,0),(6717,1,2,7800,7800),(6717,1,4,0,0),(6717,1,5,0,0),(6718,1,2,1300,1300),(6718,1,4,0,0),(6718,1,5,0,0),(6719,1,2,2200,2200),(6719,1,4,0,0),(6719,1,5,0,0),(6720,1,2,1500,1500),(6720,1,4,0,0),(6720,1,5,0,0),(6721,1,2,1100,1100),(6721,1,4,0,0),(6721,1,5,0,0),(6722,1,2,1300,1300),(6722,1,4,0,0),(6722,1,5,0,0),(6723,1,2,1500,1500),(6723,1,4,0,0),(6723,1,5,0,0),(6724,1,2,1500,1500),(6724,1,4,0,0),(6724,1,5,0,0),(6725,1,2,1600,1600),(6725,1,4,0,0),(6725,1,5,0,0),(6726,1,2,1600,1600),(6726,1,4,0,0),(6726,1,5,0,0),(6727,1,2,1400,1400),(6727,1,4,0,0),(6727,1,5,0,0),(6728,1,2,1800,1800),(6728,1,4,0,0),(6728,1,5,0,0),(6729,1,2,2000,2000),(6729,1,4,0,0),(6729,1,5,0,0),(6730,1,2,1800,1800),(6730,1,4,0,0),(6730,1,5,0,0),(6731,1,2,2500,2500),(6731,1,4,0,0),(6731,1,5,0,0),(6732,1,2,7500,7500),(6732,1,4,0,0),(6732,1,5,0,0),(6733,1,2,7500,7500),(6733,1,4,0,0),(6733,1,5,0,0),(6734,1,2,3000,3000),(6734,1,4,0,0),(6734,1,5,0,0),(6735,1,2,6500,6500),(6735,1,4,0,0),(6735,1,5,0,0),(6736,1,2,4000,4000),(6736,1,4,0,0),(6736,1,5,0,0),(6737,1,2,4000,4000),(6737,1,4,0,0),(6737,1,5,0,0),(6738,1,2,4000,4000),(6738,1,4,0,0),(6738,1,5,0,0),(6739,1,2,3200,3200),(6739,1,4,3200,3200),(6739,1,5,0,0),(6740,1,2,3200,3200),(6740,1,4,3200,3200),(6740,1,5,0,0),(6741,1,2,3200,3200),(6741,1,4,3200,3200),(6741,1,5,0,0),(6742,1,2,3200,3200),(6742,1,4,3200,3200),(6742,1,5,0,0),(6743,1,2,2200,2200),(6743,1,4,2200,2200),(6743,1,5,0,0),(6744,1,2,2200,2200),(6744,1,4,2200,2200),(6744,1,5,0,0),(6745,1,2,2200,2200),(6745,1,4,2200,2200),(6745,1,5,0,0),(6746,1,2,2200,2200),(6746,1,4,2200,2200),(6746,1,5,0,0),(6747,1,2,1250,1500),(6747,1,4,1250,1500),(6747,1,5,0,0),(6748,1,2,1250,1500),(6748,1,4,1250,1500),(6748,1,5,0,0),(6749,1,2,1250,1500),(6749,1,4,1250,1500),(6749,1,5,0,0),(6750,1,2,1250,1500),(6750,1,4,1250,1500),(6750,1,5,0,0),(6751,1,2,10000,10000),(6751,1,4,0,0),(6751,1,5,0,0),(6752,1,2,12000,12000),(6752,1,4,0,0),(6752,1,5,0,0),(6753,1,2,1800,1800),(6753,1,4,1800,1800),(6753,1,5,0,0),(6754,1,2,3600,3600),(6754,1,4,3600,3600),(6754,1,5,0,0),(6755,1,2,1000,1200),(6755,1,4,1000,1200),(6755,1,5,0,0),(6756,1,2,816,980),(6756,1,4,816,980),(6756,1,5,0,0),(6757,1,2,816,980),(6757,1,4,816,980),(6757,1,5,0,0),(6758,1,2,26500,26500),(6758,1,4,0,0),(6758,1,5,0,0),(6759,1,2,8800,8800),(6759,1,4,0,0),(6759,1,5,0,0);

--
